000
CDUS45 KLKN 200932
CLIP68


CLIMATE REPORT
NATIONAL WEATHER SERVICE ELKO NV
131 AM PST SAT DEC 20 2014


...................................

...THE EUREKA AIRPORT NV CLIMATE SUMMARY FOR DECEMBER 19 2014...

CLIMATE NORMAL PERIOD 1981 TO 2010
CLIMATE RECORD PERIOD 1963 TO 2014


WEATHER ITEM   OBSERVED TIME   RECORD YEAR NORMAL DEPARTURE LAST
                VALUE   (LST)  VALUE       VALUE  FROM      YEAR
                                                  NORMAL
..................................................................
TEMPERATURE (F)
 YESTERDAY
  MAXIMUM         44    113 PM  60    1979  37      7       34
  MINIMUM         23    102 AM  -9    1965  10     13       12
  AVERAGE         34                        24     10       23

PRECIPITATION (IN)
  YESTERDAY        0.00          0.31 2013   0.02  -0.02     0.31
  MONTH TO DATE    0.30                      0.36  -0.06     1.06
  SINCE OCT 1      0.63                      1.88  -1.25     2.39
  SINCE JAN 1      8.57                      8.75  -0.18     8.53

DEGREE DAYS
 HEATING
  YESTERDAY       31                        41    -10       42
  MONTH TO DATE  546                       746   -200      882
  SINCE DEC 1    546                       746   -200      882
  SINCE JUL 1   1886                      2505   -619     2493

 COOLING
  YESTERDAY        0                         0      0        0
  MONTH TO DATE    0                         0      0        0
  SINCE DEC 1      0                         0      0        0
  SINCE JAN 1    436                       288    148      585
..................................................................


WIND (MPH)
  HIGHEST WIND SPEED    13   HIGHEST WIND DIRECTION     W (270)
  HIGHEST GUST SPEED    15   HIGHEST GUST DIRECTION     W (270)
  AVERAGE WIND SPEED     5.3




RELATIVE HUMIDITY (PERCENT)
 HIGHEST    88           100 AM
 LOWEST     49           100 PM
 AVERAGE    69

..........................................................


THE EUREKA AIRPORT NV CLIMATE NORMALS FOR TODAY
                         NORMAL    RECORD    YEAR
 MAXIMUM TEMPERATURE (F)   37        62      1981
 MINIMUM TEMPERATURE (F)   10       -20      1990


SUNRISE AND SUNSET
DECEMBER 20 2014......SUNRISE   700 AM PST   SUNSET   423 PM PST
DECEMBER 21 2014......SUNRISE   701 AM PST   SUNSET   423 PM PST


-  INDICATES NEGATIVE NUMBERS.
R  INDICATES RECORD WAS SET OR TIED.
MM INDICATES DATA IS MISSING.
T  INDICATES TRACE AMOUNT.




$$
