000
CDUS45 KLKN 210945
CLIP68


CLIMATE REPORT
NATIONAL WEATHER SERVICE ELKO NV
245 AM PDT THU SEP 1  2017


...................................

...THE EUREKA AIRPORT NV CLIMATE SUMMARY FOR SEPTEMBER 20 2017...

CLIMATE NORMAL PERIOD 1981 TO 2010
CLIMATE RECORD PERIOD 1963 TO 2017


WEATHER ITEM   OBSERVED TIME   RECORD YEAR NORMAL DEPARTURE LAST
                VALUE   (LST)  VALUE       VALUE  FROM      YEAR
                                                  NORMAL
..................................................................
TEMPERATURE (F)
 YESTERDAY
  MAXIMUM         77        MM  85    2015  76      1       84
                                      2014
                                      2011
  MINIMUM         34        MM  16    1983  37     -3       41
  AVERAGE         56                        56      0       63

PRECIPITATION (IN)
  YESTERDAY        0.00          0.48 2014   0.02  -0.02     0.00
  MONTH TO DATE    0.15                      0.39  -0.24     0.08
  SINCE OCT 1     10.42                      8.81   1.61    12.19
  SINCE JAN 1      8.33                      6.68   1.65     7.92

DEGREE DAYS
 HEATING
  YESTERDAY        9                         9      0        2
  MONTH TO DATE   49                       109    -60      111
  SINCE SEP 1     49                       109    -60      111
  SINCE JUL 1     53                       156   -103      135

 COOLING
  YESTERDAY        0                         0      0        0
  MONTH TO DATE   61                         9     52        9
  SINCE SEP 1     61                         9     52        9
  SINCE JAN 1    570                       286    284      424
..................................................................


WIND (MPH)
  HIGHEST WIND SPEED    14   HIGHEST WIND DIRECTION     N (20)
  HIGHEST GUST SPEED    23   HIGHEST GUST DIRECTION    NW (320)
  AVERAGE WIND SPEED     9.0




RELATIVE HUMIDITY (PERCENT)
 HIGHEST    65          1000 PM
 LOWEST     20          1200 PM
 AVERAGE    43

..........................................................


THE EUREKA AIRPORT NV CLIMATE NORMALS FOR TODAY
                         NORMAL    RECORD    YEAR
 MAXIMUM TEMPERATURE (F)   76        88      1966
 MINIMUM TEMPERATURE (F)   37        13      1968


SUNRISE AND SUNSET
SEPTEMBER 21 2017.....SUNRISE   631 AM PDT   SUNSET   642 PM PDT
SEPTEMBER 22 2017.....SUNRISE   632 AM PDT   SUNSET   640 PM PDT


-  INDICATES NEGATIVE NUMBERS.
R  INDICATES RECORD WAS SET OR TIED.
MM INDICATES DATA IS MISSING.
T  INDICATES TRACE AMOUNT.




$$
