000
CDUS45 KLKN 240927
CLIP68


CLIMATE REPORT
NATIONAL WEATHER SERVICE ELKO NV
127 AM PST TUE JAN 24 2017


...................................

...THE EUREKA AIRPORT NV CLIMATE SUMMARY FOR JANUARY 23 2017...

CLIMATE NORMAL PERIOD 1981 TO 2010
CLIMATE RECORD PERIOD 1963 TO 2017


WEATHER ITEM   OBSERVED TIME   RECORD YEAR NORMAL DEPARTURE LAST
                VALUE   (LST)  VALUE       VALUE  FROM      YEAR
                                                  NORMAL
..................................................................
TEMPERATURE (F)
 YESTERDAY
  MAXIMUM         33    318 AM  60    1981  38     -5       41
  MINIMUM         -2    956 PM -16    1985  11    -13       18
  AVERAGE         16                        24     -8       30

PRECIPITATION (IN)
  YESTERDAY        0.42R         0.22 1997   0.02   0.40     0.15
  MONTH TO DATE    2.44                      0.54   1.90     0.83
  SINCE OCT 1      4.53                      2.67   1.86     5.10
  SINCE JAN 1      2.44                      0.54   1.90     0.83

DEGREE DAYS
 HEATING
  YESTERDAY       49                        41      8       35
  MONTH TO DATE  971                       958     13      969
  SINCE DEC 1   2196                      2205     -9     2195
  SINCE JUL 1   3609                      3964   -355     3681

 COOLING
  YESTERDAY        0                         0      0        0
  MONTH TO DATE    0                         0      0        0
  SINCE DEC 1      0                         0      0        0
  SINCE JAN 1      0                         0      0        0
..................................................................


WIND (MPH)
  HIGHEST WIND SPEED    25   HIGHEST WIND DIRECTION     W (250)
  HIGHEST GUST SPEED    32   HIGHEST GUST DIRECTION     W (250)
  AVERAGE WIND SPEED     5.7




RELATIVE HUMIDITY (PERCENT)
 HIGHEST    92           100 AM
 LOWEST     53           300 PM
 AVERAGE    73

..........................................................


THE EUREKA AIRPORT NV CLIMATE NORMALS FOR TODAY
                         NORMAL    RECORD    YEAR
 MAXIMUM TEMPERATURE (F)   38        59      1970
 MINIMUM TEMPERATURE (F)   11       -17      1964


SUNRISE AND SUNSET
JANUARY 24 2017.......SUNRISE   657 AM PST   SUNSET   455 PM PST
JANUARY 25 2017.......SUNRISE   657 AM PST   SUNSET   456 PM PST


-  INDICATES NEGATIVE NUMBERS.
R  INDICATES RECORD WAS SET OR TIED.
MM INDICATES DATA IS MISSING.
T  INDICATES TRACE AMOUNT.




$$
