759
CDUS45 KLKN 220033
CLIP68


CLIMATE REPORT
NATIONAL WEATHER SERVICE ELKO NV
428 PM PST TUE NOV 1  2017


...................................

...THE EUREKA AIRPORT NV CLIMATE SUMMARY FOR NOVEMBER 21 2017...
VALID TODAY AS OF 0400 PM LOCAL TIME.

CLIMATE NORMAL PERIOD 1981 TO 2010
CLIMATE RECORD PERIOD 1963 TO 2017


WEATHER ITEM   OBSERVED TIME   RECORD YEAR NORMAL DEPARTURE LAST
                VALUE   (LST)  VALUE       VALUE  FROM      YEAR
                                                  NORMAL
..................................................................
TEMPERATURE (F)
 TODAY
  MAXIMUM         63    347 PM  66    2002  47     16       42
  MINIMUM         39    659 AM  -2    1979  18     21       30
  AVERAGE         51                        32     19       36

PRECIPITATION (IN)
  TODAY            0.00          0.43 2013   0.03  -0.03     0.15
  MONTH TO DATE    0.24                      0.58  -0.34     0.26
  SINCE OCT 1      0.52                      1.32  -0.80     0.78
  SINCE JAN 1      9.56                      8.19   1.37     9.69

DEGREE DAYS
 HEATING
  TODAY           14                        33    -19       29
  MONTH TO DATE  511                       601    -90      442
  SINCE SEP 1   1374                      1401    -27     1077
  SINCE JUL 1   1378                      1448    -70     1101

 COOLING
  TODAY            0                         0      0        0
  MONTH TO DATE    0                         0      0        0
  SINCE SEP 1     61                        11     50        9
  SINCE JAN 1    570                       288    282      424
..................................................................


WIND (MPH)
  HIGHEST WIND SPEED    12   HIGHEST WIND DIRECTION    SW (240)
  HIGHEST GUST SPEED    13   HIGHEST GUST DIRECTION    SW (240)




RELATIVE HUMIDITY (PERCENT)
 HIGHEST    85           700 AM
 LOWEST     39           200 PM
 AVERAGE    62

..........................................................


THE EUREKA AIRPORT NV CLIMATE NORMALS FOR TOMORROW
                         NORMAL    RECORD    YEAR
 MAXIMUM TEMPERATURE (F)   46        61      2002
 MINIMUM TEMPERATURE (F)   18        -7      1967


SUNRISE AND SUNSET
NOVEMBER 21 2017......SUNRISE   635 AM PST   SUNSET   424 PM PST
NOVEMBER 22 2017......SUNRISE   636 AM PST   SUNSET   424 PM PST


-  INDICATES NEGATIVE NUMBERS.
R  INDICATES RECORD WAS SET OR TIED.
MM INDICATES DATA IS MISSING.
T  INDICATES TRACE AMOUNT.




$$
