000
CDUS45 KLKN 040930
CLIP68


CLIMATE REPORT
NATIONAL WEATHER SERVICE ELKO NV
229 AM PDT TUE AUG 4 2015


...................................

...THE EUREKA AIRPORT NV CLIMATE SUMMARY FOR AUGUST 3 2015...

CLIMATE NORMAL PERIOD 1981 TO 2010
CLIMATE RECORD PERIOD 1963 TO 2015


WEATHER ITEM   OBSERVED TIME   RECORD YEAR NORMAL DEPARTURE LAST
                VALUE   (LST)  VALUE       VALUE  FROM      YEAR
                                                  NORMAL
..................................................................
TEMPERATURE (F)
 YESTERDAY
  MAXIMUM         87    121 PM  97    1981  90     -3       86
  MINIMUM         52    507 AM  36    1985  50      2       59
                                      1981
  AVERAGE         70                        70      0       73

PRECIPITATION (IN)
  YESTERDAY        0.00          0.81 1991   0.02  -0.02     0.00
  MONTH TO DATE    0.00                      0.07  -0.07     0.00
  SINCE OCT 1      6.02                      7.91  -1.89     7.37
  SINCE JAN 1      4.90                      5.78  -0.88     4.97

DEGREE DAYS
 HEATING
  YESTERDAY        0                         0      0        0
  MONTH TO DATE    0                         0      0        0
  SINCE JUN 1     60                       173   -113      103
  SINCE JUL 1     21                        13      8        0

 COOLING
  YESTERDAY        5                         5      0        8
  MONTH TO DATE   21                        15      6       20
  SINCE JUN 1    299                       187    112      321
  SINCE JAN 1    307                       190    117      323
..................................................................


WIND (MPH)
  HIGHEST WIND SPEED    30   HIGHEST WIND DIRECTION    NW (310)
  HIGHEST GUST SPEED    38   HIGHEST GUST DIRECTION    NW (300)
  AVERAGE WIND SPEED     6.9




RELATIVE HUMIDITY (PERCENT)
 HIGHEST    64           400 AM
 LOWEST     17          1200 PM
 AVERAGE    41

..........................................................


THE EUREKA AIRPORT NV CLIMATE NORMALS FOR TODAY
                         NORMAL    RECORD    YEAR
 MAXIMUM TEMPERATURE (F)   90        97      1981
 MINIMUM TEMPERATURE (F)   50        36      1988
                                             1981


SUNRISE AND SUNSET
AUGUST  4 2015........SUNRISE   546 AM PDT   SUNSET   753 PM PDT
AUGUST  5 2015........SUNRISE   547 AM PDT   SUNSET   752 PM PDT


-  INDICATES NEGATIVE NUMBERS.
R  INDICATES RECORD WAS SET OR TIED.
MM INDICATES DATA IS MISSING.
T  INDICATES TRACE AMOUNT.




$$
