000
CDUS45 KLKN 270026
CLIP68


CLIMATE REPORT
NATIONAL WEATHER SERVICE ELKO NV
525 PM PDT FRI AUG 26 2016


...................................

...THE EUREKA AIRPORT NV CLIMATE SUMMARY FOR AUGUST 26 2016...
VALID TODAY AS OF 0500 PM LOCAL TIME.

CLIMATE NORMAL PERIOD 1981 TO 2010
CLIMATE RECORD PERIOD 1963 TO 2016


WEATHER ITEM   OBSERVED TIME   RECORD YEAR NORMAL DEPARTURE LAST
                VALUE   (LST)  VALUE       VALUE  FROM      YEAR
                                                  NORMAL
..................................................................
TEMPERATURE (F)
 TODAY
  MAXIMUM         86    206 PM  96    2011  85      1       86
                                      2010
  MINIMUM         39    425 AM  27    1992  45     -6       56
  AVERAGE         63                        65     -2       71

PRECIPITATION (IN)
  TODAY            0.00          0.46 1970   0.02  -0.02     0.00
  MONTH TO DATE    0.00                      0.48  -0.48     0.72
  SINCE OCT 1     12.11                      8.32   3.79     6.74
  SINCE JAN 1      7.84                      6.19   1.65     5.62

DEGREE DAYS
 HEATING
  TODAY            2                         2      0        0
  MONTH TO DATE   10                        22    -12        7
  SINCE JUN 1     77                       195   -118       67
  SINCE JUL 1     23                        35    -12       28

 COOLING
  TODAY            0                         2     -2        6
  MONTH TO DATE  110                        93     17      161
  SINCE JUN 1    400                       265    135      439
  SINCE JAN 1    400                       268    132      447
..................................................................


WIND (MPH)
  HIGHEST WIND SPEED    18   HIGHEST WIND DIRECTION     W (270)
  HIGHEST GUST SPEED    30   HIGHEST GUST DIRECTION     W (260)




RELATIVE HUMIDITY (PERCENT)
 HIGHEST    37          1200 AM
 LOWEST      9           200 PM
 AVERAGE    23

..........................................................


THE EUREKA AIRPORT NV CLIMATE NORMALS FOR TOMORROW
                         NORMAL    RECORD    YEAR
 MAXIMUM TEMPERATURE (F)   85        95      2001
 MINIMUM TEMPERATURE (F)   45        28      1992


SUNRISE AND SUNSET
AUGUST 26 2016........SUNRISE   607 AM PDT   SUNSET   723 PM PDT
AUGUST 27 2016........SUNRISE   608 AM PDT   SUNSET   722 PM PDT


-  INDICATES NEGATIVE NUMBERS.
R  INDICATES RECORD WAS SET OR TIED.
MM INDICATES DATA IS MISSING.
T  INDICATES TRACE AMOUNT.




$$
