000
CDUS45 KLKN 260927
CLIP68


CLIMATE REPORT
NATIONAL WEATHER SERVICE ELKO NV
227 AM PDT THU MAY 26 2016


...................................

...THE EUREKA AIRPORT NV CLIMATE SUMMARY FOR MAY 25 2016...

CLIMATE NORMAL PERIOD 1981 TO 2010
CLIMATE RECORD PERIOD 1963 TO 2016


WEATHER ITEM   OBSERVED TIME   RECORD YEAR NORMAL DEPARTURE LAST
                VALUE   (LST)  VALUE       VALUE  FROM      YEAR
                                                  NORMAL
..................................................................
TEMPERATURE (F)
 YESTERDAY
  MAXIMUM         62    220 PM  87    2001  73    -11       69
  MINIMUM         34    419 AM  22    1989  36     -2       38
  AVERAGE         48                        54     -6       54

PRECIPITATION (IN)
  YESTERDAY        0.20          1.00 1980   0.02   0.18     0.26
  MONTH TO DATE    1.70                      0.60   1.10     1.82
  SINCE OCT 1     11.40                      6.23   5.17     4.19
  SINCE JAN 1      7.13                      4.10   3.03     3.07

DEGREE DAYS
 HEATING
  YESTERDAY       17                        11      6       11
  MONTH TO DATE  350                       350      0      357
  SINCE MAR 1   1654                      1869   -215     1637
  SINCE JUL 1   6757                      7154   -397     5680

 COOLING
  YESTERDAY        0                         0      0        0
  MONTH TO DATE    0                         0      0        0
  SINCE MAR 1      0                         0      0        0
  SINCE JAN 1      0                         0      0        0
..................................................................


WIND (MPH)
  HIGHEST WIND SPEED    23   HIGHEST WIND DIRECTION     N (350)
  HIGHEST GUST SPEED    32   HIGHEST GUST DIRECTION     N (360)
  AVERAGE WIND SPEED     7.2




RELATIVE HUMIDITY (PERCENT)
 HIGHEST    89           500 AM
 LOWEST     33           200 PM
 AVERAGE    61

..........................................................


THE EUREKA AIRPORT NV CLIMATE NORMALS FOR TODAY
                         NORMAL    RECORD    YEAR
 MAXIMUM TEMPERATURE (F)   73        88      1986
 MINIMUM TEMPERATURE (F)   36        22      1989


SUNRISE AND SUNSET
MAY 26 2016...........SUNRISE   521 AM PDT   SUNSET   801 PM PDT
MAY 27 2016...........SUNRISE   521 AM PDT   SUNSET   802 PM PDT


-  INDICATES NEGATIVE NUMBERS.
R  INDICATES RECORD WAS SET OR TIED.
MM INDICATES DATA IS MISSING.
T  INDICATES TRACE AMOUNT.




$$
