000
CDUS43 KPAH 050635
CLIPAH


CLIMATE REPORT
NATIONAL WEATHER SERVICE PADUCAH KY
1234 AM CST THU MAR 5 2015


...................................

...THE PADUCAH KY CLIMATE SUMMARY FOR MARCH 4 2015...

CLIMATE NORMAL PERIOD 1981 TO 2010
CLIMATE RECORD PERIOD 1937 TO 2015


WEATHER ITEM   OBSERVED TIME   RECORD YEAR NORMAL DEPARTURE LAST
                VALUE   (LST)  VALUE       VALUE  FROM      YEAR
                                                  NORMAL
..................................................................
TEMPERATURE (F)
 YESTERDAY
  MAXIMUM         47   1216 AM  79    1983  55     -8       37
  MINIMUM         19   1159 PM   5    1960  34    -15        8
  AVERAGE         33                        45    -12       23

PRECIPITATION (IN)
  YESTERDAY        2.31          5.28 1964   0.11   2.20     0.00
  MONTH TO DATE    3.66                      0.45   3.21     1.57
  SINCE MAR 1      3.66                      0.45   3.21     1.57
  SINCE JAN 1     10.95                      8.04   2.91     6.75

SNOWFALL (IN)
  YESTERDAY        8.1 R         0.6  1993   0.1    8.0      0.0
  MONTH TO DATE    8.1                       0.2    7.9      5.4
  SINCE MAR 1      8.1                       0.2    7.9      5.4
  SINCE JUL 1     24.6                       8.7   15.9     18.3
  SNOW DEPTH       0

DEGREE DAYS
 HEATING
  YESTERDAY       32                        21     11       42
  MONTH TO DATE  113                        84     29      138
  SINCE MAR 1    113                        84     29      138
  SINCE JUL 1   3782                      3380    402     3793

 COOLING
  YESTERDAY        0                         0      0        0
  MONTH TO DATE    0                         0      0        0
  SINCE MAR 1      0                         0      0        0
  SINCE JAN 1      0                         0      0        0
..................................................................


WIND (MPH)
  HIGHEST WIND SPEED    24   HIGHEST WIND DIRECTION     N (20)
  HIGHEST GUST SPEED    34   HIGHEST GUST DIRECTION    NE (40)
  AVERAGE WIND SPEED    14.8


SKY COVER
  POSSIBLE SUNSHINE  MM
  AVERAGE SKY COVER 1.0


WEATHER CONDITIONS
 THE FOLLOWING WEATHER WAS RECORDED YESTERDAY.
  HEAVY RAIN
  RAIN
  LIGHT RAIN
  LT FREEZING RAIN
  HEAVY SNOW
  SNOW
  LIGHT SNOW
  SLEET
  FOG
  FOG W/VISIBILITY <= 1/4 MILE


RELATIVE HUMIDITY (PERCENT)
 HIGHEST   100          1200 AM
 LOWEST     81           300 PM
 AVERAGE    91

..........................................................


THE PADUCAH KY CLIMATE NORMALS FOR TODAY
                         NORMAL    RECORD    YEAR
 MAXIMUM TEMPERATURE (F)   55        78      1938
 MINIMUM TEMPERATURE (F)   35        -2      1960


SUNRISE AND SUNSET
MARCH  5 2015.........SUNRISE   621 AM CST   SUNSET   553 PM CST
MARCH  6 2015.........SUNRISE   619 AM CST   SUNSET   554 PM CST


-  INDICATES NEGATIVE NUMBERS.
R  INDICATES RECORD WAS SET OR TIED.
MM INDICATES DATA IS MISSING.
T  INDICATES TRACE AMOUNT.




$$
