000
CDUS43 KPAH 300633
CLIPAH


CLIMATE REPORT
NATIONAL WEATHER SERVICE PADUCAH KY
129 AM CDT SAT JUL 30 2016


...................................

...THE PADUCAH KY CLIMATE SUMMARY FOR JULY 29 2016...

CLIMATE NORMAL PERIOD 1981 TO 2010
CLIMATE RECORD PERIOD 1937 TO 2016


WEATHER ITEM   OBSERVED TIME   RECORD YEAR NORMAL DEPARTURE LAST
                VALUE   (LST)  VALUE       VALUE  FROM      YEAR
                                                  NORMAL
..................................................................
TEMPERATURE (F)
 YESTERDAY
  MAXIMUM         90    346 PM 100    1999  89      1       96
                                      1940
  MINIMUM         72   1159 PM  56    2014  68      4       74
                                      1994
  AVERAGE         81                        79      2       85

PRECIPITATION (IN)
  YESTERDAY        0.04          4.43 2000   0.13  -0.09     0.13
  MONTH TO DATE    8.15                      4.19   3.96    10.42
  SINCE JUN 1      9.87                      8.25   1.62    12.86
  SINCE JAN 1     33.07                     29.47   3.60    38.48

SNOWFALL (IN)
  YESTERDAY        0.0                       0.0    0.0      0.0
  MONTH TO DATE    0.0                       0.0    0.0      0.0
  SINCE JUN 1      0.0                       0.0    0.0      0.0
  SINCE JUL 1      0.0                       0.0    0.0      0.0
  SNOW DEPTH       0

DEGREE DAYS
 HEATING
  YESTERDAY        0                         0      0        0
  MONTH TO DATE    0                         0      0        0
  SINCE JUN 1      0                         4     -4        2
  SINCE JUL 1      0                         0      0        0

 COOLING
  YESTERDAY       16                        14      2       20
  MONTH TO DATE  476                       406     70      462
  SINCE JUN 1    892                       726    166      863
  SINCE JAN 1   1042                       898    144     1074
..................................................................


WIND (MPH)
  HIGHEST WIND SPEED    14   HIGHEST WIND DIRECTION     W (270)
  HIGHEST GUST SPEED    21   HIGHEST GUST DIRECTION     E (110)
  AVERAGE WIND SPEED     5.7


SKY COVER
  POSSIBLE SUNSHINE  MM
  AVERAGE SKY COVER 0.4


WEATHER CONDITIONS
 THE FOLLOWING WEATHER WAS RECORDED YESTERDAY.
  THUNDERSTORM
  LIGHT RAIN
  FOG


RELATIVE HUMIDITY (PERCENT)
 HIGHEST    93           100 AM
 LOWEST     63           200 PM
 AVERAGE    78

..........................................................


THE PADUCAH KY CLIMATE NORMALS FOR TODAY
                         NORMAL    RECORD    YEAR
 MAXIMUM TEMPERATURE (F)   89       102      1941
 MINIMUM TEMPERATURE (F)   68        54      1965


SUNRISE AND SUNSET
JULY 30 2016..........SUNRISE   559 AM CDT   SUNSET   804 PM CDT
JULY 31 2016..........SUNRISE   600 AM CDT   SUNSET   803 PM CDT


-  INDICATES NEGATIVE NUMBERS.
R  INDICATES RECORD WAS SET OR TIED.
MM INDICATES DATA IS MISSING.
T  INDICATES TRACE AMOUNT.

&&
...................................................
***** AFRICULTURAL DATA *****

SOIL TEMERATURERES AT A DEPTH OF FOUR INCHES

UNDER GRASS..  MAX: 82  MIN: 81

$$
