000
CDUS43 KPAH 210631
CLIPAH

CLIMATE REPORT
NATIONAL WEATHER SERVICE PADUCAH KY
1228 AM CST SUN DEC 21 2014

...................................

...THE PADUCAH KY CLIMATE SUMMARY FOR DECEMBER 20 2014...

CLIMATE NORMAL PERIOD 1981 TO 2010
CLIMATE RECORD PERIOD 1937 TO 2014

WEATHER ITEM   OBSERVED TIME   RECORD YEAR NORMAL DEPARTURE LAST
                VALUE   (LST)  VALUE       VALUE  FROM      YEAR
                                                  NORMAL
..................................................................
TEMPERATURE (F)
 YESTERDAY
  MAXIMUM         46    222 PM  68    1949  45      1       65
  MINIMUM         28   1155 PM   4    1989  28      0       58
                                      1945
  AVERAGE         37                        36      1       62

PRECIPITATION (IN)
  YESTERDAY        0.00          0.96 1956   0.15  -0.15     0.19
  MONTH TO DATE    1.82                      3.05  -1.23     2.68
  SINCE DEC 1      1.82                      3.05  -1.23     2.68
  SINCE JAN 1     45.77                     47.54  -1.77    54.88

SNOWFALL (IN)
  YESTERDAY        0.0           3.0  1960   0.1   -0.1      0.0
  MONTH TO DATE    0.2                       1.3   -1.1      5.2
  SINCE DEC 1      0.2                       1.3   -1.1      5.2
  SINCE JUL 1      3.0                       1.4    1.6      5.2
  SNOW DEPTH       0

DEGREE DAYS
 HEATING
  YESTERDAY       28                        29     -1        3
  MONTH TO DATE  476                       528    -52      531
  SINCE DEC 1    476                       528    -52      531
  SINCE JUL 1   1413                      1305    108     1333

 COOLING
  YESTERDAY        0                         0      0        0
  MONTH TO DATE    0                         0      0        0
  SINCE DEC 1      0                         0      0        0
  SINCE JAN 1   1722                      1542    180     1478
..................................................................

WIND (MPH)
  HIGHEST WIND SPEED     7   HIGHEST WIND DIRECTION    NE (60)
  HIGHEST GUST SPEED     9   HIGHEST GUST DIRECTION     E (90)
  AVERAGE WIND SPEED     2.4

SKY COVER
  POSSIBLE SUNSHINE  MM
  AVERAGE SKY COVER 0.6

WEATHER CONDITIONS
 THE FOLLOWING WEATHER WAS RECORDED YESTERDAY.
  NO SIGNIFICANT WEATHER WAS OBSERVED.

RELATIVE HUMIDITY (PERCENT)
 HIGHEST    85           700 PM
 LOWEST     53           200 PM
 AVERAGE    69
..........................................................

THE PADUCAH KY CLIMATE NORMALS FOR TODAY
                         NORMAL    RECORD    YEAR
 MAXIMUM TEMPERATURE (F)   45        70      1967
                                             1949
 MINIMUM TEMPERATURE (F)   27        -7      1989

SUNRISE AND SUNSET
DECEMBER 21 2014......SUNRISE   705 AM CST   SUNSET   442 PM CST
DECEMBER 22 2014......SUNRISE   705 AM CST   SUNSET   442 PM CST

-  INDICATES NEGATIVE NUMBERS.
R  INDICATES RECORD WAS SET OR TIED.
MM INDICATES DATA IS MISSING.
T  INDICATES TRACE AMOUNT.

&&
.........................................................
***** AGRICULTURAL DATA *****

SOIL TEMPERATURES AT A DEPTH OF FOUR INCHES

UNDER BARE GROUND...  MAX: MM  MIN: MM
UNDER GRASS.........  MAX: 46  MIN: 45

$$
