000
CDUS44 KLZK 230635
CLIPBF


CLIMATE REPORT
NATIONAL WEATHER SERVICE LITTLE ROCK AR
135 AM CDT THU MAR 23 2017


...................................

...THE PINE BLUFF CLIMATE SUMMARY FOR MARCH 22 2017...

CLIMATE NORMAL PERIOD 1981 TO 2010
CLIMATE RECORD PERIOD 1883 TO 2017


WEATHER ITEM   OBSERVED TIME   RECORD YEAR NORMAL DEPARTURE LAST
                VALUE   (LST)  VALUE       VALUE  FROM      YEAR
                                                  NORMAL
..................................................................
TEMPERATURE (F)
 YESTERDAY
  MAXIMUM         66    447 PM  88    1907  67     -1       71
  MINIMUM         50    719 AM  24    1915  45      5       41
  AVERAGE         58                        56      2       56

PRECIPITATION (IN)
  YESTERDAY        0.00          3.86 1948   0.17  -0.17     0.00
  MONTH TO DATE    1.66                      3.89  -2.23    10.16
  SINCE MAR 1      1.66                      3.89  -2.23    10.16
  SINCE JAN 1      7.96                     11.71  -3.75    16.21

SNOWFALL (IN)
  YESTERDAY        0.0           T    1968   0.0    0.0      0.0
  MONTH TO DATE    0.0                       0.0    0.0      0.0
  SINCE MAR 1      0.0                       0.0    0.0      0.0
  SINCE JUL 1      1.5                       3.1   -1.6      3.6
  SNOW DEPTH       0

DEGREE DAYS
 HEATING
  YESTERDAY        7                        10     -3        9
  MONTH TO DATE  236                       273    -37      171
  SINCE MAR 1    236                       273    -37      171
  SINCE JUL 1   1947                      2661   -714     2078

 COOLING
  YESTERDAY        0                         1     -1        0
  MONTH TO DATE   15                         7      8       14
  SINCE MAR 1     15                         7      8       14
  SINCE JAN 1     36                        10     26       18
..................................................................


WIND (MPH)
  HIGHEST WIND SPEED    18   HIGHEST WIND DIRECTION    NE (30)
  HIGHEST GUST SPEED    25   HIGHEST GUST DIRECTION    NE (40)
  AVERAGE WIND SPEED    10.7


SKY COVER
  POSSIBLE SUNSHINE  MM
  AVERAGE SKY COVER 0.3


WEATHER CONDITIONS
 THE FOLLOWING WEATHER WAS RECORDED YESTERDAY.
  NO SIGNIFICANT WEATHER WAS OBSERVED.


RELATIVE HUMIDITY (PERCENT)
 HIGHEST    77          1200 AM
 LOWEST     56           200 PM
 AVERAGE    67

..........................................................


THE PINE BLUFF CLIMATE NORMALS FOR TODAY
                         NORMAL    RECORD    YEAR
 MAXIMUM TEMPERATURE (F)   67        94      1929
 MINIMUM TEMPERATURE (F)   45        25      1915


SUNRISE AND SUNSET
MARCH 23 2017.........SUNRISE   707 AM CDT   SUNSET   722 PM CDT
MARCH 24 2017.........SUNRISE   706 AM CDT   SUNSET   723 PM CDT


-  INDICATES NEGATIVE NUMBERS.
R  INDICATES RECORD WAS SET OR TIED.
MM INDICATES DATA IS MISSING.
T  INDICATES TRACE AMOUNT.




$$
