000
CDUS44 KLZK 270910
CLIPBF


CLIMATE REPORT
NATIONAL WEATHER SERVICE LITTLE ROCK AR
409 AM CDT FRI MAR 27 2015


...................................

...THE PINE BLUFF CLIMATE SUMMARY FOR MARCH 26 2015...

CLIMATE NORMAL PERIOD 1981 TO 2010
CLIMATE RECORD PERIOD 1883 TO 2015


WEATHER ITEM   OBSERVED TIME   RECORD YEAR NORMAL DEPARTURE LAST
                VALUE   (LST)  VALUE       VALUE  FROM      YEAR
                                                  NORMAL
..................................................................
TEMPERATURE (F)
 YESTERDAY
  MAXIMUM         67    146 AM  89    1928  68     -1       61
  MINIMUM         41   1136 PM  20    1955  46     -5       31
  AVERAGE         54                        57     -3       46

PRECIPITATION (IN)
  YESTERDAY        0.19          5.00 1934   0.16   0.03      T
  MONTH TO DATE    8.04                      4.56   3.48     3.56
  SINCE MAR 1      8.04                      4.56   3.48     3.56
  SINCE JAN 1     14.97                     12.38   2.59     8.99

SNOWFALL (IN)
  YESTERDAY        0.0          MM      MM   0.0    0.0      0.0
  MONTH TO DATE    2.0                       0.0    2.0       T
  SINCE MAR 1      2.0                       0.0    2.0       T
  SINCE JUL 1      9.2                       3.1    6.1      3.7
  SNOW DEPTH       0

DEGREE DAYS
 HEATING
  YESTERDAY       11                         9      2       19
  MONTH TO DATE  369                       309     60      449
  SINCE MAR 1    369                       309     60      449
  SINCE JUL 1   3103                      2697    406     3218

 COOLING
  YESTERDAY        0                         1     -1        0
  MONTH TO DATE    5                        11     -6        0
  SINCE MAR 1      5                        11     -6        0
  SINCE JAN 1      5                        14     -9        0
..................................................................


WIND (MPH)
  HIGHEST WIND SPEED    30   HIGHEST WIND DIRECTION    NW (330)
  HIGHEST GUST SPEED    35   HIGHEST GUST DIRECTION    NW (330)
  AVERAGE WIND SPEED     8.7


SKY COVER
  POSSIBLE SUNSHINE  MM
  AVERAGE SKY COVER 0.6


WEATHER CONDITIONS
 THE FOLLOWING WEATHER WAS RECORDED YESTERDAY.
  HEAVY RAIN
  RAIN
  LIGHT RAIN
  FOG


RELATIVE HUMIDITY (PERCENT)
 HIGHEST    96          1100 PM
 LOWEST     68          1200 AM
 AVERAGE    82

..........................................................


THE PINE BLUFF CLIMATE NORMALS FOR TODAY
                         NORMAL    RECORD    YEAR
 MAXIMUM TEMPERATURE (F)   69        88      1935
                                             1918
 MINIMUM TEMPERATURE (F)   46        20      1955


SUNRISE AND SUNSET
MARCH 27 2015.........SUNRISE   702 AM CDT   SUNSET   725 PM CDT
MARCH 28 2015.........SUNRISE   701 AM CDT   SUNSET   725 PM CDT


-  INDICATES NEGATIVE NUMBERS.
R  INDICATES RECORD WAS SET OR TIED.
MM INDICATES DATA IS MISSING.
T  INDICATES TRACE AMOUNT.




$$
