000
CDUS42 KMFL 282119
CLIPBI


CLIMATE REPORT
NATIONAL WEATHER SERVICE MIAMI, FL
419 PM EST SUN DEC 28 2014


...................................

...THE WEST PALM BEACH CLIMATE SUMMARY FOR DECEMBER 28 2014...
VALID TODAY AS OF 0400 PM LOCAL TIME.

CLIMATE NORMAL PERIOD 1981 TO 2010
CLIMATE RECORD PERIOD 1888 TO 2014


WEATHER ITEM   OBSERVED TIME   RECORD YEAR NORMAL DEPARTURE LAST
                VALUE   (LST)  VALUE       VALUE  FROM      YEAR
                                                  NORMAL
..................................................................
TEMPERATURE (F)
 TODAY
  MAXIMUM         83    211 PM  85    1968  75      8       81
  MINIMUM         64    742 AM  34    2010  58      6       75
  AVERAGE         74                        66      8       78

PRECIPITATION (IN)
  TODAY            0.00          1.85 1949   0.12  -0.12     0.04
  MONTH TO DATE    1.38                      3.07  -1.69     4.25
  SINCE NOV 1      3.32                      7.82  -4.50     7.03
  SINCE JAN 1     60.91                     62.02  -1.11    64.89

SNOWFALL (IN)
  TODAY            0.0
  MONTH TO DATE    0.0
  SINCE DEC 1      0.0
  SINCE JUL 1      0.0
  SNOW DEPTH       0

DEGREE DAYS
 HEATING
  TODAY            0                         3     -3
  MONTH TO DATE   25                        49    -24
  SINCE DEC 1     25                        49    -24
  SINCE JUL 1     42                        61    -19

 COOLING
  TODAY            9                         4      5
  MONTH TO DATE  166                       143     23
  SINCE DEC 1    166                       143     23
  SINCE JAN 1   4306                      4009    297
..................................................................


WIND (MPH)
  HIGHEST WIND SPEED    13   HIGHEST WIND DIRECTION    SE (130)
  HIGHEST GUST SPEED    18   HIGHEST GUST DIRECTION    SE (130)
  AVERAGE WIND SPEED     4.2


SKY COVER
  AVERAGE SKY COVER 0.6


WEATHER CONDITIONS
 THE FOLLOWING WEATHER WAS RECORDED TODAY.
  FOG


RELATIVE HUMIDITY (PERCENT)
 HIGHEST   100
 LOWEST     63
 AVERAGE    82

..........................................................


THE WEST PALM BEACH CLIMATE NORMALS FOR TOMORROW
                         NORMAL    RECORD    YEAR
 MAXIMUM TEMPERATURE (F)   75        88      1926
 MINIMUM TEMPERATURE (F)   58        24      1894


SUNRISE AND SUNSET
DECEMBER 28 2014......SUNRISE   708 AM EST   SUNSET   536 PM EST
DECEMBER 29 2014......SUNRISE   708 AM EST   SUNSET   537 PM EST


-  INDICATES NEGATIVE NUMBERS.
R  INDICATES RECORD WAS SET OR TIED.
MM INDICATES DATA IS MISSING.
T  INDICATES TRACE AMOUNT.




$$
