000
CDUS42 KMFL 222122
CLIPBI


CLIMATE REPORT
NATIONAL WEATHER SERVICE MIAMI, FL
421 PM EST WED NOV 22 2017


...................................

...THE WEST PALM BEACH CLIMATE SUMMARY FOR NOVEMBER 22 2017...
VALID TODAY AS OF 0400 PM LOCAL TIME.

CLIMATE NORMAL PERIOD 1981 TO 2010
CLIMATE RECORD PERIOD 1888 TO 2017


WEATHER ITEM   OBSERVED TIME   RECORD YEAR NORMAL DEPARTURE LAST
                VALUE   (LST)  VALUE       VALUE  FROM      YEAR
                                                  NORMAL
..................................................................
TEMPERATURE (F)
 TODAY
  MAXIMUM         81   1248 PM  89    1920  79      2       78
  MINIMUM         69    747 AM  40    2006  64      5       54
  AVERAGE         75                        72      3       66

PRECIPITATION (IN)
  TODAY            0.00          7.41 1984   0.14  -0.14     0.00
  MONTH TO DATE    2.52                      3.70  -1.18     0.97
  SINCE NOV 1      2.52                      3.70  -1.18     0.97
  SINCE JAN 1     58.21                     57.90   0.31    47.58

SNOWFALL (IN)
  TODAY            0.0
  MONTH TO DATE    0.0
  SINCE SEP 1      0.0
  SINCE JUL 1      0.0
  SNOW DEPTH       0

DEGREE DAYS
 HEATING
  TODAY            0                         1     -1        0
  MONTH TO DATE    0                         1     -1        1
  SINCE SEP 1      4                         2      2        1
  SINCE JUL 1      4                         2      2        1

 COOLING
  TODAY           10                         7      3        1
  MONTH TO DATE  238                       190     48      175
  SINCE SEP 1   1235                      1105    130     1205
  SINCE JAN 1   4296                      3811    485     4326
..................................................................


WIND (MPH)
  HIGHEST WIND SPEED    13   HIGHEST WIND DIRECTION    NE (60)
  HIGHEST GUST SPEED    13   HIGHEST GUST DIRECTION    NE (60)
  AVERAGE WIND SPEED     3.6


SKY COVER
  AVERAGE SKY COVER 0.3


WEATHER CONDITIONS
 THE FOLLOWING WEATHER WAS RECORDED TODAY.
  FOG


RELATIVE HUMIDITY (PERCENT)
 HIGHEST    90
 LOWEST     62
 AVERAGE    76

..........................................................


THE WEST PALM BEACH CLIMATE NORMALS FOR TOMORROW
                         NORMAL    RECORD    YEAR
 MAXIMUM TEMPERATURE (F)   79        89      1948
 MINIMUM TEMPERATURE (F)   64        44      1944


SUNRISE AND SUNSET
NOVEMBER 22 2017......SUNRISE   645 AM EST   SUNSET   528 PM EST
NOVEMBER 23 2017......SUNRISE   646 AM EST   SUNSET   528 PM EST


-  INDICATES NEGATIVE NUMBERS.
R  INDICATES RECORD WAS SET OR TIED.
MM INDICATES DATA IS MISSING.
T  INDICATES TRACE AMOUNT.




$$
