679
CDUS42 KMFL 292016
CLIPBI


CLIMATE REPORT
NATIONAL WEATHER SERVICE MIAMI, FL
416 PM EDT FRI APR 29 2016


...................................

...THE WEST PALM BEACH CLIMATE SUMMARY FOR APRIL 29 2016...
VALID TODAY AS OF 0400 PM LOCAL TIME.

CLIMATE NORMAL PERIOD 1981 TO 2010
CLIMATE RECORD PERIOD 1888 TO 2016


WEATHER ITEM   OBSERVED TIME   RECORD YEAR NORMAL DEPARTURE LAST
                VALUE   (LST)  VALUE       VALUE  FROM      YEAR
                                                  NORMAL
..................................................................
TEMPERATURE (F)
 TODAY
  MAXIMUM         86   1153 AM  95    2011  83      3       82
  MINIMUM         69    616 AM  44    1928  68      1       72
  AVERAGE         78                        76      2       77

PRECIPITATION (IN)
  TODAY            0.00          3.17 1964   0.09  -0.09     0.49
  MONTH TO DATE    1.46                      3.57  -2.11     8.05
  SINCE NOV 1     26.84                     22.24   4.60    15.89
  SINCE JAN 1     16.44                     14.11   2.33    12.19

SNOWFALL (IN)
  TODAY            0.0
  MONTH TO DATE    0.0
  SINCE MAR 1      0.0
  SINCE JUL 1      0.0
  SNOW DEPTH       0

DEGREE DAYS
 HEATING
  TODAY            0                         0      0        0
  MONTH TO DATE    0                         0      0        0
  SINCE MAR 1      2                        24    -22        2
  SINCE JUL 1    135                       229    -94      126

 COOLING
  TODAY           13                        11      2       12
  MONTH TO DATE  319                       255     64      424
  SINCE MAR 1    634                       448    186      777
  SINCE JAN 1    836                       683    153     1055
..................................................................


WIND (MPH)
  HIGHEST WIND SPEED    15   HIGHEST WIND DIRECTION     E (110)
  HIGHEST GUST SPEED    21   HIGHEST GUST DIRECTION    SE (120)
  AVERAGE WIND SPEED     5.5


SKY COVER
  AVERAGE SKY COVER 0.3


WEATHER CONDITIONS
 THE FOLLOWING WEATHER WAS RECORDED TODAY.
  NO SIGNIFICANT WEATHER WAS OBSERVED.


RELATIVE HUMIDITY (PERCENT)
 HIGHEST    93
 LOWEST     51
 AVERAGE    72

..........................................................


THE WEST PALM BEACH CLIMATE NORMALS FOR TOMORROW
                         NORMAL    RECORD    YEAR
 MAXIMUM TEMPERATURE (F)   84        99      1971
 MINIMUM TEMPERATURE (F)   68        53      1916


SUNRISE AND SUNSET
APRIL 29 2016.........SUNRISE   644 AM EDT   SUNSET   752 PM EDT
APRIL 30 2016.........SUNRISE   643 AM EDT   SUNSET   753 PM EDT


-  INDICATES NEGATIVE NUMBERS.
R  INDICATES RECORD WAS SET OR TIED.
MM INDICATES DATA IS MISSING.
T  INDICATES TRACE AMOUNT.




$$
