000
CDUS42 KMFL 112117
CLIPBI


CLIMATE REPORT
NATIONAL WEATHER SERVICE MIAMI, FL
417 PM EST THU FEB 11 2016


...................................

...THE WEST PALM BEACH CLIMATE SUMMARY FOR FEBRUARY 11 2016...
VALID TODAY AS OF 0400 PM LOCAL TIME.

CLIMATE NORMAL PERIOD 1981 TO 2010
CLIMATE RECORD PERIOD 1888 TO 2016


WEATHER ITEM   OBSERVED TIME   RECORD YEAR NORMAL DEPARTURE LAST
                VALUE   (LST)  VALUE       VALUE  FROM      YEAR
                                                  NORMAL
..................................................................
TEMPERATURE (F)
 TODAY
  MAXIMUM         67    346 PM  88    1986  76     -9       73
                                      1960
                                      1940
  MINIMUM         42    609 AM  38    1974  59    -17       51
  AVERAGE         55                        68    -13       62

PRECIPITATION (IN)
  TODAY            0.00          2.80 1934   0.10  -0.10     0.00
  MONTH TO DATE    0.88                      1.04  -0.16     1.58
  SINCE NOV 1     21.18                     12.30   8.88     6.33
  SINCE JAN 1     10.78                      4.17   6.61     2.63

SNOWFALL (IN)
  TODAY            0.0
  MONTH TO DATE    0.0
  SINCE DEC 1      0.0
  SINCE JUL 1      0.0
  SNOW DEPTH       0

DEGREE DAYS
 HEATING
  TODAY           10                         2      8        3
  MONTH TO DATE   42                        22     20        4
  SINCE DEC 1    108                       167    -59       57
  SINCE JUL 1    108                       179    -71       74

 COOLING
  TODAY            0                         4     -4        0
  MONTH TO DATE   46                        44      2       40
  SINCE DEC 1    493                       307    186      402
  SINCE JAN 1    137                       152    -15      204
..................................................................


WIND (MPH)
  HIGHEST WIND SPEED    16   HIGHEST WIND DIRECTION     N (350)
  HIGHEST GUST SPEED    20   HIGHEST GUST DIRECTION     N (350)
  AVERAGE WIND SPEED     8.9


SKY COVER
  AVERAGE SKY COVER 0.4


WEATHER CONDITIONS
 THE FOLLOWING WEATHER WAS RECORDED TODAY.
  NO SIGNIFICANT WEATHER WAS OBSERVED.


RELATIVE HUMIDITY (PERCENT)
 HIGHEST    76
 LOWEST     21
 AVERAGE    49

..........................................................


THE WEST PALM BEACH CLIMATE NORMALS FOR TOMORROW
                         NORMAL    RECORD    YEAR
 MAXIMUM TEMPERATURE (F)   76        87      1975
                                             1940
                                             1913
 MINIMUM TEMPERATURE (F)   59        33      1919


SUNRISE AND SUNSET
FEBRUARY 11 2016......SUNRISE   700 AM EST   SUNSET   610 PM EST
FEBRUARY 12 2016......SUNRISE   659 AM EST   SUNSET   611 PM EST


-  INDICATES NEGATIVE NUMBERS.
R  INDICATES RECORD WAS SET OR TIED.
MM INDICATES DATA IS MISSING.
T  INDICATES TRACE AMOUNT.




$$
