000
CDUS42 KMFL 212018
CLIPBI


CLIMATE REPORT
NATIONAL WEATHER SERVICE MIAMI, FL
418 PM EDT THU AUG 21 2014


...................................

...THE WEST PALM BEACH CLIMATE SUMMARY FOR AUGUST 21 2014...
VALID TODAY AS OF 0400 PM LOCAL TIME.

CLIMATE NORMAL PERIOD 1981 TO 2010
CLIMATE RECORD PERIOD 1894 TO 2014


WEATHER ITEM   OBSERVED TIME   RECORD YEAR NORMAL DEPARTURE LAST
                VALUE   (LST)  VALUE       VALUE  FROM      YEAR
                                                  NORMAL
..................................................................
TEMPERATURE (F)
 TODAY
  MAXIMUM         92    210 PM  96    1993  90      2       91
                                      1991
                                      1949
  MINIMUM         78    316 AM  68    1969  76      2       79
  AVERAGE         85                        83      2       85

PRECIPITATION (IN)
  TODAY            0.00          2.85 1991   0.26  -0.26     0.17
  MONTH TO DATE    9.37                      5.19   4.18     3.06
  SINCE JUN 1     25.08                     19.25   5.83    21.63
  SINCE JAN 1     42.80                     37.96   4.84    46.58

SNOWFALL (IN)
  TODAY            0.0
  MONTH TO DATE    0.0
  SINCE JUN 1      0.0
  SINCE JUL 1      0.0
  SNOW DEPTH       0

DEGREE DAYS
 HEATING
  TODAY            0                         0      0
  MONTH TO DATE    0                         0      0
  SINCE JUN 1      0                         0      0
  SINCE JUL 1      0                         0      0

 COOLING
  TODAY           20                        18      2
  MONTH TO DATE  401                       378     23
  SINCE JUN 1   1453                      1417     36
  SINCE JAN 1   2805                      2526    279
..................................................................


WIND (MPH)
  HIGHEST WIND SPEED    15   HIGHEST WIND DIRECTION     E (110)
  HIGHEST GUST SPEED    19   HIGHEST GUST DIRECTION    SE (130)
  AVERAGE WIND SPEED     3.7


SKY COVER
  AVERAGE SKY COVER 0.4


WEATHER CONDITIONS
 THE FOLLOWING WEATHER WAS RECORDED TODAY.
  NO SIGNIFICANT WEATHER WAS OBSERVED.


RELATIVE HUMIDITY (PERCENT)
 HIGHEST    91
 LOWEST     64
 AVERAGE    78

..........................................................


THE WEST PALM BEACH CLIMATE NORMALS FOR TOMORROW
                         NORMAL    RECORD    YEAR
 MAXIMUM TEMPERATURE (F)   90        94      2005
                                             1981
                                             1969
 MINIMUM TEMPERATURE (F)   76        67      1921


SUNRISE AND SUNSET
AUGUST 21 2014........SUNRISE   655 AM EDT   SUNSET   752 PM EDT
AUGUST 22 2014........SUNRISE   656 AM EDT   SUNSET   751 PM EDT


-  INDICATES NEGATIVE NUMBERS.
R  INDICATES RECORD WAS SET OR TIED.
MM INDICATES DATA IS MISSING.
T  INDICATES TRACE AMOUNT.

$$
