000
CDUS42 KMFL 222023
CLIPBI


CLIMATE REPORT
NATIONAL WEATHER SERVICE MIAMI, FL
423 PM EDT FRI MAY 22 2015


...................................

...THE WEST PALM BEACH CLIMATE SUMMARY FOR MAY 22 2015...
VALID TODAY AS OF 0400 PM LOCAL TIME.

CLIMATE NORMAL PERIOD 1981 TO 2010
CLIMATE RECORD PERIOD 1888 TO 2015


WEATHER ITEM   OBSERVED TIME   RECORD YEAR NORMAL DEPARTURE LAST
                VALUE   (LST)  VALUE       VALUE  FROM      YEAR
                                                  NORMAL
..................................................................
TEMPERATURE (F)
 TODAY
  MAXIMUM         89    122 PM  95    1962  87      2       85
                                      1961
  MINIMUM         74    551 AM  56    1919  72      2       66
  AVERAGE         82                        79      3       76

PRECIPITATION (IN)
  TODAY            0.00          5.49 2003   0.18  -0.18     0.00
  MONTH TO DATE    1.42                      2.62  -1.20     2.58
  SINCE NOV 1     17.31                     24.95  -7.64    24.62
  SINCE JAN 1     13.61                     16.82  -3.21    17.50

SNOWFALL (IN)
  TODAY            0.0
  MONTH TO DATE    0.0
  SINCE MAR 1      0.0
  SINCE JUL 1      0.0
  SNOW DEPTH       0

DEGREE DAYS
 HEATING
  TODAY            0                         0      0        0
  MONTH TO DATE    0                         0      0        0
  SINCE MAR 1      2                        28    -26        7
  SINCE JUL 1    126                       233   -107      122

 COOLING
  TODAY           17                        14      3       11
  MONTH TO DATE  315                       278     37      314
  SINCE MAR 1   1102                       738    364      857
  SINCE JAN 1   1380                       973    407     1203
..................................................................


WIND (MPH)
  HIGHEST WIND SPEED    14   HIGHEST WIND DIRECTION     E (90)
  HIGHEST GUST SPEED    22   HIGHEST GUST DIRECTION     E (80)
  AVERAGE WIND SPEED     5.0


SKY COVER
  AVERAGE SKY COVER 0.4


WEATHER CONDITIONS
 THE FOLLOWING WEATHER WAS RECORDED TODAY.
  THUNDERSTORM


RELATIVE HUMIDITY (PERCENT)
 HIGHEST    87
 LOWEST     54
 AVERAGE    71

..........................................................


THE WEST PALM BEACH CLIMATE NORMALS FOR TOMORROW
                         NORMAL    RECORD    YEAR
 MAXIMUM TEMPERATURE (F)   87        93      1961
                                             1951
 MINIMUM TEMPERATURE (F)   72        56      1919


SUNRISE AND SUNSET
MAY 22 2015...........SUNRISE   630 AM EDT   SUNSET   804 PM EDT
MAY 23 2015...........SUNRISE   630 AM EDT   SUNSET   805 PM EDT


-  INDICATES NEGATIVE NUMBERS.
R  INDICATES RECORD WAS SET OR TIED.
MM INDICATES DATA IS MISSING.
T  INDICATES TRACE AMOUNT.




$$
