097
CDUS42 KMFL 232016
CLIPBI


CLIMATE REPORT
NATIONAL WEATHER SERVICE MIAMI, FL
415 PM EDT MON MAY 23 2016


...................................

...THE WEST PALM BEACH CLIMATE SUMMARY FOR MAY 23 2016...
VALID TODAY AS OF 0400 PM LOCAL TIME.

CLIMATE NORMAL PERIOD 1981 TO 2010
CLIMATE RECORD PERIOD 1888 TO 2016


WEATHER ITEM   OBSERVED TIME   RECORD YEAR NORMAL DEPARTURE LAST
                VALUE   (LST)  VALUE       VALUE  FROM      YEAR
                                                  NORMAL
..................................................................
TEMPERATURE (F)
 TODAY
  MAXIMUM         85    259 PM  93    1961  87     -2       89
                                      1951
  MINIMUM         73    552 AM  56    1919  72      1       74
  AVERAGE         79                        80     -1       82

PRECIPITATION (IN)
  TODAY            0.01          5.33 2009   0.18  -0.17     0.02
  MONTH TO DATE    4.48                      2.80   1.68     1.44
  SINCE NOV 1     31.32                     25.13   6.19    17.33
  SINCE JAN 1     20.92                     17.00   3.92    13.63

SNOWFALL (IN)
  TODAY            0.0
  MONTH TO DATE    0.0
  SINCE MAR 1      0.0
  SINCE JUL 1      0.0
  SNOW DEPTH       0

DEGREE DAYS
 HEATING
  TODAY            0                         0      0        0
  MONTH TO DATE    0                         0      0        0
  SINCE MAR 1      2                        28    -26        2
  SINCE JUL 1    135                       233    -98      126

 COOLING
  TODAY           14                        14      0       17
  MONTH TO DATE  309                       292     17      332
  SINCE MAR 1    957                       752    205     1119
  SINCE JAN 1   1159                       987    172     1397
..................................................................


WIND (MPH)
  HIGHEST WIND SPEED    14   HIGHEST WIND DIRECTION    NW (300)
  HIGHEST GUST SPEED    19   HIGHEST GUST DIRECTION     N (340)
  AVERAGE WIND SPEED     7.8


SKY COVER
  AVERAGE SKY COVER 0.7


WEATHER CONDITIONS
 THE FOLLOWING WEATHER WAS RECORDED TODAY.
  LIGHT RAIN


RELATIVE HUMIDITY (PERCENT)
 HIGHEST    79
 LOWEST     51
 AVERAGE    65

..........................................................


THE WEST PALM BEACH CLIMATE NORMALS FOR TOMORROW
                         NORMAL    RECORD    YEAR
 MAXIMUM TEMPERATURE (F)   87        96      1917
 MINIMUM TEMPERATURE (F)   73        57      1892


SUNRISE AND SUNSET
MAY 23 2016...........SUNRISE   629 AM EDT   SUNSET   805 PM EDT
MAY 24 2016...........SUNRISE   629 AM EDT   SUNSET   806 PM EDT


-  INDICATES NEGATIVE NUMBERS.
R  INDICATES RECORD WAS SET OR TIED.
MM INDICATES DATA IS MISSING.
T  INDICATES TRACE AMOUNT.




$$
