000
CDUS46 KPDT 230845
CLIPDT

CLIMATE REPORT
NATIONAL WEATHER SERVICE PENDLETON OR
144 AM PDT SAT MAY 23 2015


...................................

...THE PENDLETON OR CLIMATE SUMMARY FOR MAY 22 2015...

CLIMATE NORMAL PERIOD 1981 TO 2010
CLIMATE RECORD PERIOD 1890 TO 2015


WEATHER ITEM   OBSERVED TIME   RECORD YEAR NORMAL DEPARTURE LAST
                VALUE   (LST)  VALUE       VALUE  FROM      YEAR
                                                  NORMAL
..................................................................
TEMPERATURE (F)
 YESTERDAY
  MAXIMUM         74   1221 PM  94    1951  72      2       87
                                      1904
  MINIMUM         55   1101 PM  32    1920  47      8       49
                                      1918
  AVERAGE         65                        59      6       68

PRECIPITATION (IN)
  YESTERDAY        0.03          0.96 1898   0.05  -0.02     0.00
  MONTH TO DATE    1.28                      0.92   0.36     0.78
  SINCE OCT 1      9.11                      9.98  -0.87     8.21
  SINCE JAN 1      4.41                      5.98  -1.57     6.42

SNOWFALL (IN)
  YESTERDAY        0.0           0.0  2002   0.0    0.0      0.0
                                      2001
                                      2000
  MONTH TO DATE    0.0                       0.0    0.0      0.0
  SINCE JAN 1      0.4                       7.7   -7.3     15.2
  SINCE JUL 1      7.2                      15.2   -8.0     21.7
  SNOW DEPTH       0

DEGREE DAYS
 HEATING
  YESTERDAY        0                         6     -6        0
  MONTH TO DATE  150                       196    -46      134
  SINCE MAR 1   1096                      1244   -148     1147
  SINCE JUL 1   4589                      5143   -554     5412

 COOLING
  YESTERDAY        0                         1     -1        3
  MONTH TO DATE    3                        13    -10       15
  SINCE MAR 1      3                        14    -11       15
  SINCE JAN 1      3                        14    -11       15
..................................................................


WIND (MPH)
  HIGHEST WIND SPEED    17   HIGHEST WIND DIRECTION    NW (300)
  HIGHEST GUST SPEED    23   HIGHEST GUST DIRECTION    NW (310)
  AVERAGE WIND SPEED     8.3


SKY COVER
  POSSIBLE SUNSHINE  MM
  AVERAGE SKY COVER 0.6


WEATHER CONDITIONS
 THE FOLLOWING WEATHER WAS RECORDED YESTERDAY.
  LIGHT RAIN
  FOG


RELATIVE HUMIDITY (PERCENT)
 HIGHEST    80          1200 AM
 LOWEST     57          1200 PM
 AVERAGE    69

..........................................................


THE PENDLETON OR CLIMATE NORMALS FOR TODAY
                         NORMAL    RECORD    YEAR
 MAXIMUM TEMPERATURE (F)   72        95      2001
                                             1934
 MINIMUM TEMPERATURE (F)   47        23      1903


SUNRISE AND SUNSET
MAY 23 2015...........SUNRISE   516 AM PDT   SUNSET   829 PM PDT
MAY 24 2015...........SUNRISE   515 AM PDT   SUNSET   830 PM PDT


-  INDICATES NEGATIVE NUMBERS.
R  INDICATES RECORD WAS SET OR TIED.
MM INDICATES DATA IS MISSING.
T  INDICATES TRACE AMOUNT.




$$
