000
CDUS46 KPDT 270029
CLIPDT

CLIMATE REPORT
NATIONAL WEATHER SERVICE PENDLETON OR
528 PM PDT SUN MAR 26 2017


...................................

...THE PENDLETON OR CLIMATE SUMMARY FOR MARCH 26 2017...
VALID TODAY AS OF 0500 PM LOCAL TIME.

CLIMATE NORMAL PERIOD 1981 TO 2010
CLIMATE RECORD PERIOD 1890 TO 2017


WEATHER ITEM   OBSERVED TIME   RECORD YEAR NORMAL DEPARTURE LAST
                VALUE   (LST)  VALUE       VALUE  FROM      YEAR
                                                  NORMAL
..................................................................
TEMPERATURE (F)
 TODAY
  MAXIMUM         53    325 PM  73    2015  58     -5       60
                                      1946
  MINIMUM         36    516 AM  21    1913  37     -1       32
  AVERAGE         45                        48     -3       46

PRECIPITATION (IN)
  TODAY            0.01          0.37 1903   0.04  -0.03     0.00
  MONTH TO DATE    2.06                      1.13   0.93     1.59
  SINCE OCT 1     11.50                      7.67   3.83     8.23
  SINCE JAN 1      5.98                      3.67   2.31     3.96

SNOWFALL (IN)
  TODAY            0.0           1.3  1965   0.1   -0.1      0.0
  MONTH TO DATE    0.3                       0.7   -0.4       T
  SINCE JAN 1     25.9                       7.7   18.2       T
  SINCE JUL 1     44.4                      15.2   29.2      4.1
  SNOW DEPTH       0

DEGREE DAYS
 HEATING
  TODAY           20                        18      2       19
  MONTH TO DATE  500                       532    -32      473
  SINCE MAR 1    500                       532    -32      473
  SINCE JUL 1   4802                      4431    371     4065

 COOLING
  TODAY            0                         0      0        0
  MONTH TO DATE    0                         0      0        0
  SINCE MAR 1      0                         0      0        0
  SINCE JAN 1      0                         0      0        0
..................................................................


WIND (MPH)
  HIGHEST WIND SPEED    22   HIGHEST WIND DIRECTION     W (280)
  HIGHEST GUST SPEED    26   HIGHEST GUST DIRECTION     W (290)
  AVERAGE WIND SPEED     6.7


SKY COVER
  POSSIBLE SUNSHINE  MM
  AVERAGE SKY COVER 0.5


WEATHER CONDITIONS
 THE FOLLOWING WEATHER WAS RECORDED TODAY.
  LIGHT RAIN


RELATIVE HUMIDITY (PERCENT)
 HIGHEST   100           500 AM
 LOWEST     71           900 AM
 AVERAGE    86

..........................................................


THE PENDLETON OR CLIMATE NORMALS FOR TOMORROW
                         NORMAL    RECORD    YEAR
 MAXIMUM TEMPERATURE (F)   58        76      1952
                                             1895
 MINIMUM TEMPERATURE (F)   37        23      1975
                                             1944


SUNRISE AND SUNSET
MARCH 26 2017.........SUNRISE   646 AM PDT   SUNSET   716 PM PDT
MARCH 27 2017.........SUNRISE   644 AM PDT   SUNSET   718 PM PDT


-  INDICATES NEGATIVE NUMBERS.
R  INDICATES RECORD WAS SET OR TIED.
MM INDICATES DATA IS MISSING.
T  INDICATES TRACE AMOUNT.




$$
