000
CDUS46 KPDT 170855
CLIPDT

CLIMATE REPORT
NATIONAL WEATHER SERVICE PENDLETON OR
155 AM PDT WED SEP 17 2014


...................................

...THE PENDLETON OR CLIMATE SUMMARY FOR SEPTEMBER 16 2014...

CLIMATE NORMAL PERIOD 1981 TO 2010
CLIMATE RECORD PERIOD 1890 TO 2014


WEATHER ITEM   OBSERVED TIME   RECORD YEAR NORMAL DEPARTURE LAST
                VALUE   (LST)  VALUE       VALUE  FROM      YEAR
                                                  NORMAL
..................................................................
TEMPERATURE (F)
 YESTERDAY
  MAXIMUM         87    258 PM  96    1909  78      9       77
  MINIMUM         53    544 AM  31    1897  49      4       54
  AVERAGE         70                        63      7       66

PRECIPITATION (IN)
  YESTERDAY        0.00          0.55 1954   0.02  -0.02      T
  MONTH TO DATE    0.00                      0.27  -0.27     1.13
  SINCE OCT 1     10.11                     12.36  -2.25    10.86
  SINCE JAN 1      8.32                      8.36  -0.04     6.42

SNOWFALL (IN)
  YESTERDAY        0.0           0.0  2002   0.0    0.0      0.0
                                      2001
                                      1999
  MONTH TO DATE    0.0                       0.0    0.0      0.0
  SINCE JAN 1     15.2                       7.7    7.5      0.2
  SINCE JUL 1      0.0                       0.0    0.0       T
  SNOW DEPTH       0

DEGREE DAYS
 HEATING
  YESTERDAY        0                         4     -4        0
  MONTH TO DATE   38                        35      3        2
  SINCE SEP 1     38                        35      3        2
  SINCE JUL 1     41                        57    -16        2

 COOLING
  YESTERDAY        5                         2      3        1
  MONTH TO DATE   25                        47    -22      120
  SINCE SEP 1     25                        47    -22      120
  SINCE JAN 1    786                       617    169      830
..................................................................


WIND (MPH)
  HIGHEST WIND SPEED    13   HIGHEST WIND DIRECTION    NW (330)
  HIGHEST GUST SPEED    17   HIGHEST GUST DIRECTION     W (290)
  AVERAGE WIND SPEED     6.4


SKY COVER
  POSSIBLE SUNSHINE  MM
  AVERAGE SKY COVER 0.0


WEATHER CONDITIONS
THE FOLLOWING WEATHER WAS RECORDED YESTERDAY.
  HAZE


RELATIVE HUMIDITY (PERCENT)
 HIGHEST    47           300 AM
 LOWEST     15           200 PM
 AVERAGE    31

..........................................................


THE PENDLETON OR CLIMATE NORMALS FOR TODAY
                         NORMAL    RECORD    YEAR
 MAXIMUM TEMPERATURE (F)   77        97      1938
                                             1898
 MINIMUM TEMPERATURE (F)   49        30      1965


SUNRISE AND SUNSET
SEPTEMBER 17 2014.....SUNRISE   636 AM PDT   SUNSET   703 PM PDT
SEPTEMBER 18 2014.....SUNRISE   637 AM PDT   SUNSET   701 PM PDT


-  INDICATES NEGATIVE NUMBERS.
R  INDICATES RECORD WAS SET OR TIED.
MM INDICATES DATA IS MISSING.
T  INDICATES TRACE AMOUNT.

$$
