000
CDUS46 KPDT 220841
CLIPDT

CLIMATE REPORT
NATIONAL WEATHER SERVICE PENDLETON OR
140 AM PDT FRI SEP 22 2017


...................................

...THE PENDLETON OR CLIMATE SUMMARY FOR SEPTEMBER 21 2017...

CLIMATE NORMAL PERIOD 1981 TO 2010
CLIMATE RECORD PERIOD 1890 TO 2017


WEATHER ITEM   OBSERVED TIME   RECORD YEAR NORMAL DEPARTURE LAST
                VALUE   (LST)  VALUE       VALUE  FROM      YEAR
                                                  NORMAL
..................................................................
TEMPERATURE (F)
 YESTERDAY
  MAXIMUM         62    323 PM  94    1897  76    -14       67
  MINIMUM         43    435 AM  27    1895  48     -5       41
  AVERAGE         53                        62     -9       54

PRECIPITATION (IN)
  YESTERDAY        0.00          0.59 1944   0.02  -0.02     0.00
  MONTH TO DATE    0.91                      0.37   0.54     0.49
  SINCE OCT 1     17.80                     12.46   5.34    12.15
  SINCE JAN 1     12.28                      8.46   3.82     7.88

SNOWFALL (IN)
  YESTERDAY        0.0           0.0  2002   0.0    0.0      0.0
                                      2001
                                      1999
  MONTH TO DATE    0.0                       0.0    0.0      0.0
  SINCE JAN 1     25.9                       7.7   18.2       T
  SINCE JUL 1      0.0                       0.0    0.0      0.0
  SNOW DEPTH       0

DEGREE DAYS
 HEATING
  YESTERDAY       12                         5      7       11
  MONTH TO DATE   68                        57     11       77
  SINCE SEP 1     68                        57     11       77
  SINCE JUL 1     70                        79     -9       79

 COOLING
  YESTERDAY        0                         1     -1        0
  MONTH TO DATE  110                        56     54        8
  SINCE SEP 1    110                        56     54        8
  SINCE JAN 1    891                       626    265      596
..................................................................


WIND (MPH)
  HIGHEST WIND SPEED    16   HIGHEST WIND DIRECTION    NE (30)
  HIGHEST GUST SPEED    20   HIGHEST GUST DIRECTION    NW (300)
  AVERAGE WIND SPEED     5.8


SKY COVER
  POSSIBLE SUNSHINE  MM
  AVERAGE SKY COVER 0.7


WEATHER CONDITIONS
 THE FOLLOWING WEATHER WAS RECORDED YESTERDAY.
  HAZE


RELATIVE HUMIDITY (PERCENT)
 HIGHEST    86           800 PM
 LOWEST     39           400 PM
 AVERAGE    63

..........................................................


THE PENDLETON OR CLIMATE NORMALS FOR TODAY
                         NORMAL    RECORD    YEAR
 MAXIMUM TEMPERATURE (F)   75        91      1975
 MINIMUM TEMPERATURE (F)   47        31      1902
                                             1892


SUNRISE AND SUNSET
SEPTEMBER 22 2017.....SUNRISE   643 AM PDT   SUNSET   652 PM PDT
SEPTEMBER 23 2017.....SUNRISE   644 AM PDT   SUNSET   650 PM PDT


-  INDICATES NEGATIVE NUMBERS.
R  INDICATES RECORD WAS SET OR TIED.
MM INDICATES DATA IS MISSING.
T  INDICATES TRACE AMOUNT.




$$
