000
CDUS46 KPDT 060026
CLIPDT

CLIMATE REPORT
NATIONAL WEATHER SERVICE PENDLETON OR
425 PM PST THU MAR 5 2015


...................................

...THE PENDLETON OR CLIMATE SUMMARY FOR MARCH 5 2015...
VALID TODAY AS OF 0400 PM LOCAL TIME.

CLIMATE NORMAL PERIOD 1981 TO 2010
CLIMATE RECORD PERIOD 1890 TO 2015


WEATHER ITEM   OBSERVED TIME   RECORD YEAR NORMAL DEPARTURE LAST
                VALUE   (LST)  VALUE       VALUE  FROM      YEAR
                                                  NORMAL
..................................................................
TEMPERATURE (F)
 TODAY
  MAXIMUM         58    250 PM  74    1972  52      6       62
  MINIMUM         29    254 AM  10    1955  33     -4       45
  AVERAGE         44                        42      2       54

PRECIPITATION (IN)
  TODAY            0.00          0.44 1916   0.05  -0.05     0.12
  MONTH TO DATE    0.00                      0.23  -0.23     0.41
  SINCE OCT 1      6.25                      6.77  -0.52     4.56
  SINCE JAN 1      1.55                      2.77  -1.22     2.77

SNOWFALL (IN)
  TODAY            0.0           3.8  1980   0.0    0.0      0.0
  MONTH TO DATE    0.0                       0.2   -0.2      1.0
  SINCE JAN 1      0.4                       7.2   -6.8     15.2
  SINCE JUL 1      7.2                      14.7   -7.5     21.7
  SNOW DEPTH       0

DEGREE DAYS
 HEATING
  TODAY           21                        23     -2       11
  MONTH TO DATE  136                       116     20      126
  SINCE MAR 1    136                       116     20      126
  SINCE JUL 1   3629                      4015   -386     4391

 COOLING
  TODAY            0                         0      0        0
  MONTH TO DATE    0                         0      0        0
  SINCE MAR 1      0                         0      0        0
  SINCE JAN 1      0                         0      0        0
..................................................................


WIND (MPH)
  HIGHEST WIND SPEED    10   HIGHEST WIND DIRECTION    NW (320)
  HIGHEST GUST SPEED    16   HIGHEST GUST DIRECTION    NW (310)
  AVERAGE WIND SPEED     5.7


SKY COVER
  POSSIBLE SUNSHINE  MM
  AVERAGE SKY COVER 0.0


WEATHER CONDITIONS
 THE FOLLOWING WEATHER WAS RECORDED TODAY.
  HAZE


RELATIVE HUMIDITY (PERCENT)
 HIGHEST    63           300 AM
 LOWEST     23           300 PM
 AVERAGE    43

..........................................................


THE PENDLETON OR CLIMATE NORMALS FOR TOMORROW
                         NORMAL    RECORD    YEAR
 MAXIMUM TEMPERATURE (F)   52        68      1979
 MINIMUM TEMPERATURE (F)   33        19      1943


SUNRISE AND SUNSET
MARCH  5 2015.........SUNRISE   627 AM PST   SUNSET   548 PM PST
MARCH  6 2015.........SUNRISE   625 AM PST   SUNSET   549 PM PST


-  INDICATES NEGATIVE NUMBERS.
R  INDICATES RECORD WAS SET OR TIED.
MM INDICATES DATA IS MISSING.
T  INDICATES TRACE AMOUNT.




$$
