000
CDUS46 KPDT 250839
CLIPDT

CLIMATE REPORT
NATIONAL WEATHER SERVICE PENDLETON OR
125 AM PDT FRI JUL 25 2014


...................................

...THE PENDLETON OR CLIMATE SUMMARY FOR JULY 24 2014...

CLIMATE NORMAL PERIOD 1981 TO 2010
CLIMATE RECORD PERIOD 1890 TO 2014


WEATHER ITEM   OBSERVED TIME   RECORD YEAR NORMAL DEPARTURE LAST
                VALUE   (LST)  VALUE       VALUE  FROM      YEAR
                                                  NORMAL
..................................................................
TEMPERATURE (F)
 YESTERDAY
  MAXIMUM         77    415 PM 112    1928  90    -13       97
  MINIMUM         49    455 AM  45    1917  59    -10       61
  AVERAGE         63                        74    -11       79

PRECIPITATION (IN)
  YESTERDAY        0.00          1.10 1913   0.01  -0.01     0.00
  MONTH TO DATE    0.22                      0.26  -0.04     0.06
  SINCE OCT 1      9.50                     11.65  -2.15     9.41
  SINCE JAN 1      7.71                      7.65   0.06     4.97

SNOWFALL (IN)
  YESTERDAY        0.0           0.0  2002   0.0    0.0      0.0
                                      2001
                                      2000
  MONTH TO DATE    0.0                       0.0    0.0      0.0
  SINCE JAN 1     15.2                       7.7    7.5      0.2
  SINCE JUL 1      0.0                       0.0    0.0      0.0
  SNOW DEPTH       0

DEGREE DAYS
 HEATING
  YESTERDAY        2                         0      2        0
  MONTH TO DATE    2                         7     -5        0
  SINCE JUN 1     45                        90    -45       80
  SINCE JUL 1      2                         7     -5        0

 COOLING
  YESTERDAY        0                         9     -9       14
  MONTH TO DATE  304                       179    125      265
  SINCE JUN 1    364                       258    106      360
  SINCE JAN 1    386                       281    105      391
..................................................................


WIND (MPH)
  HIGHEST WIND SPEED    26   HIGHEST WIND DIRECTION     W (280)
  HIGHEST GUST SPEED    36   HIGHEST GUST DIRECTION     W (270)
  AVERAGE WIND SPEED    11.6


SKY COVER
  POSSIBLE SUNSHINE  MM
  AVERAGE SKY COVER 0.2


WEATHER CONDITIONS
 THE FOLLOWING WEATHER WAS RECORDED YESTERDAY.
  NO SIGNIFICANT WEATHER WAS OBSERVED.


RELATIVE HUMIDITY (PERCENT)
 HIGHEST    93           500 AM
 LOWEST     27           100 PM
 AVERAGE    60

..........................................................


THE PENDLETON OR CLIMATE NORMALS FOR TODAY
                         NORMAL    RECORD    YEAR
 MAXIMUM TEMPERATURE (F)   90       114      1928
 MINIMUM TEMPERATURE (F)   59        42      1897


SUNRISE AND SUNSET
JULY 25 2014..........SUNRISE   531 AM PDT   SUNSET   832 PM PDT
JULY 26 2014..........SUNRISE   532 AM PDT   SUNSET   831 PM PDT


-  INDICATES NEGATIVE NUMBERS.
R  INDICATES RECORD WAS SET OR TIED.
MM INDICATES DATA IS MISSING.
T  INDICATES TRACE AMOUNT.




$$
