000
CDUS46 KPDT 240835
CLIPDT

CLIMATE REPORT
NATIONAL WEATHER SERVICE PENDLETON OR
1235 AM PST WED DEC 24 2014


...................................

...THE PENDLETON OR CLIMATE SUMMARY FOR DECEMBER 23 2014...

CLIMATE NORMAL PERIOD 1981 TO 2010
CLIMATE RECORD PERIOD 1890 TO 2014


WEATHER ITEM   OBSERVED TIME   RECORD YEAR NORMAL DEPARTURE LAST
                VALUE   (LST)  VALUE       VALUE  FROM      YEAR
                                                  NORMAL
..................................................................
TEMPERATURE (F)
 YESTERDAY
  MAXIMUM         53    801 PM  64    1950  39     14       56
                                      1925
  MINIMUM         35    321 AM -19    1983  26      9       39
  AVERAGE         44                        32     12       48

PRECIPITATION (IN)
  YESTERDAY        0.00          0.50 1922   0.04  -0.04     0.08
  MONTH TO DATE    1.89                      1.10   0.79     0.79
  SINCE OCT 1      3.79                      3.63   0.16     1.78
  SINCE JAN 1     12.33                     12.29   0.04     9.27

SNOWFALL (IN)
  YESTERDAY        0.0           3.7  1977   0.2   -0.2      0.0
  MONTH TO DATE    T                         4.3   -4.3      6.5
  SINCE JAN 1     19.8                      13.5    6.3      6.7
  SINCE JUL 1      4.6                       5.8   -1.2      6.5
  SNOW DEPTH       0

DEGREE DAYS
 HEATING
  YESTERDAY       21                        33    -12       17
  MONTH TO DATE  617                       727   -110      817
  SINCE DEC 1    617                       727   -110      817
  SINCE JUL 1   1747                      1980   -233     2200

 COOLING
  YESTERDAY        0                         0      0        0
  MONTH TO DATE    0                         0      0        0
  SINCE DEC 1      0                         0      0        0
  SINCE JAN 1    839                       636    203      831
..................................................................


WIND (MPH)
  HIGHEST WIND SPEED    21   HIGHEST WIND DIRECTION    SW (210)
  HIGHEST GUST SPEED    26   HIGHEST GUST DIRECTION     S (200)
  AVERAGE WIND SPEED     8.7


SKY COVER
  POSSIBLE SUNSHINE  MM
  AVERAGE SKY COVER 0.9


WEATHER CONDITIONS
 THE FOLLOWING WEATHER WAS RECORDED YESTERDAY.
  NO SIGNIFICANT WEATHER WAS OBSERVED.


RELATIVE HUMIDITY (PERCENT)
 HIGHEST    76          1200 AM
 LOWEST     49          1000 AM
 AVERAGE    63

..........................................................


THE PENDLETON OR CLIMATE NORMALS FOR TODAY
                         NORMAL    RECORD    YEAR
 MAXIMUM TEMPERATURE (F)   39        62      1919
                                             1899
 MINIMUM TEMPERATURE (F)   26       -19      1924


SUNRISE AND SUNSET
DECEMBER 24 2014......SUNRISE   734 AM PST   SUNSET   416 PM PST
DECEMBER 25 2014......SUNRISE   735 AM PST   SUNSET   416 PM PST


-  INDICATES NEGATIVE NUMBERS.
R  INDICATES RECORD WAS SET OR TIED.
MM INDICATES DATA IS MISSING.
T  INDICATES TRACE AMOUNT.


$$
