000
CDUS46 KPQR 301141
CLIPDX


CLIMATE REPORT
NATIONAL WEATHER SERVICE PORTLAND OREGON
440 AM PDT SAT APR 30 2016


...................................

...THE PORTLAND OR CLIMATE SUMMARY FOR APRIL 29 2016...

CLIMATE NORMAL PERIOD 1981 TO 2010
CLIMATE RECORD PERIOD 1940 TO 2016


WEATHER ITEM   OBSERVED TIME   RECORD YEAR NORMAL DEPARTURE LAST
                VALUE   (LST)  VALUE       VALUE  FROM      YEAR
                                                  NORMAL
..................................................................
TEMPERATURE (F)
 YESTERDAY
  MAXIMUM         60    231 PM  87    1957  64     -4       64
  MINIMUM         49    951 AM  33    1952  45      4       43
  AVERAGE         55                        55      0       54

PRECIPITATION (IN)
  YESTERDAY        0.08          0.62 1992   0.07   0.01     0.00
  MONTH TO DATE    1.96                      2.65  -0.69     1.75
  SINCE OCT 1     41.44                     28.99  12.45    28.48
  SINCE JAN 1     18.02                     14.87   3.15    13.50

DEGREE DAYS
 HEATING
  YESTERDAY       10                        11     -1       11
  MONTH TO DATE  218                       374   -156      354
  SINCE MAR 1    667                       896   -229      736
  SINCE JUL 1   3270                      3954   -684     3208

 COOLING
  YESTERDAY        0                         0      0        0
  MONTH TO DATE   18                         0     18        2
  SINCE MAR 1     18                         0     18        2
  SINCE JAN 1     18                         0     18        2
..................................................................


WIND (MPH)
  HIGHEST WIND SPEED    13   HIGHEST WIND DIRECTION    NW (310)
  HIGHEST GUST SPEED    15   HIGHEST GUST DIRECTION    NW (310)
  AVERAGE WIND SPEED     5.1


SKY COVER
  POSSIBLE SUNSHINE  MM
  AVERAGE SKY COVER 0.9


WEATHER CONDITIONS
 THE FOLLOWING WEATHER WAS RECORDED YESTERDAY.
  LIGHT RAIN
  FOG
  HAZE


RELATIVE HUMIDITY (PERCENT)
 HIGHEST    86          1000 AM
 LOWEST     66          1200 AM
 AVERAGE    76

..........................................................


THE PORTLAND OR CLIMATE NORMALS FOR TODAY
                         NORMAL    RECORD    YEAR
 MAXIMUM TEMPERATURE (F)   64        90      1998
 MINIMUM TEMPERATURE (F)   45        33      1986
                                             1969
                                             1964


SUNRISE AND SUNSET
APRIL 30 2016.........SUNRISE   559 AM PDT   SUNSET   817 PM PDT
MAY  1 2016...........SUNRISE   557 AM PDT   SUNSET   818 PM PDT


-  INDICATES NEGATIVE NUMBERS.
R  INDICATES RECORD WAS SET OR TIED.
MM INDICATES DATA IS MISSING.
T  INDICATES TRACE AMOUNT.




$$
