000
CDUS46 KPQR 020228
CLIPDX


CLIMATE REPORT
NATIONAL WEATHER SERVICE PORTLAND OREGON
728 PM PDT WED OCT 1 2014


...................................

...THE PORTLAND OR CLIMATE SUMMARY FOR OCTOBER 1 2014...
VALID TODAY AS OF 0700 PM LOCAL TIME.

CLIMATE NORMAL PERIOD 1981 TO 2010
CLIMATE RECORD PERIOD 1940 TO 2014


WEATHER ITEM   OBSERVED TIME   RECORD YEAR NORMAL DEPARTURE LAST
                VALUE   (LST)  VALUE       VALUE  FROM      YEAR
                                                  NORMAL
..................................................................
TEMPERATURE (F)
 TODAY
  MAXIMUM         67    417 PM  92    1987  70     -3       61
  MINIMUM         49    359 AM  33    1950  49      0       46
  AVERAGE         58                        60     -2       54

PRECIPITATION (IN)
  TODAY            0.00          0.98 1997   0.06  -0.06     0.33
  MONTH TO DATE    0.00                      0.06  -0.06     0.33
  SINCE OCT 1      0.00                      0.06  -0.06     0.33
  SINCE JAN 1     25.13                     21.97   3.16    21.23

DEGREE DAYS
 HEATING
  TODAY            7                         6      1       11
  MONTH TO DATE    7                         6      1       11
  SINCE SEP 1     24                        82    -58       96
  SINCE JUL 1     25                       109    -84      101

 COOLING
  TODAY            0                         0      0        0
  MONTH TO DATE    0                         0      0        0
  SINCE SEP 1    101                        59     42       86
  SINCE JAN 1    636                       422    214      539
..................................................................


WIND (MPH)
  HIGHEST WIND SPEED    10   HIGHEST WIND DIRECTION    NW (300)
  HIGHEST GUST SPEED    13   HIGHEST GUST DIRECTION     W (270)
  AVERAGE WIND SPEED     3.0



WEATHER CONDITIONS
 THE FOLLOWING WEATHER WAS RECORDED TODAY.
  NO SIGNIFICANT WEATHER WAS OBSERVED.


RELATIVE HUMIDITY (PERCENT)
 HIGHEST   100           200 AM
 LOWEST     48           400 PM
 AVERAGE    74

..........................................................


THE PORTLAND OR CLIMATE NORMALS FOR TOMORROW
                         NORMAL    RECORD    YEAR
 MAXIMUM TEMPERATURE (F)   70        90      1970
 MINIMUM TEMPERATURE (F)   49        37      1954
                                             1950


SUNRISE AND SUNSET
OCTOBER  1 2014.......SUNRISE   709 AM PDT   SUNSET   650 PM PDT
OCTOBER  2 2014.......SUNRISE   710 AM PDT   SUNSET   648 PM PDT


-  INDICATES NEGATIVE NUMBERS.
R  INDICATES RECORD WAS SET OR TIED.
MM INDICATES DATA IS MISSING.
T  INDICATES TRACE AMOUNT.




$$
