000
CDUS46 KPQR 020223
CLIPDX


CLIMATE REPORT
NATIONAL WEATHER SERVICE PORTLAND OREGON
723 PM PDT FRI AUG 1 2014


...................................

...THE PORTLAND OR CLIMATE SUMMARY FOR AUGUST 1 2014...
VALID TODAY AS OF 0700 PM LOCAL TIME.

CLIMATE NORMAL PERIOD 1981 TO 2010
CLIMATE RECORD PERIOD 1940 TO 2014


WEATHER ITEM   OBSERVED TIME   RECORD YEAR NORMAL DEPARTURE LAST
                VALUE   (LST)  VALUE       VALUE  FROM      YEAR
                                                  NORMAL
..................................................................
TEMPERATURE (F)
 TODAY
  MAXIMUM         90    413 PM  95    2009  82      8       66
  MINIMUM         66    832 AM  47    1963  59      7       58
                                      1957
  AVERAGE         78                        71      7       62

PRECIPITATION (IN)
  TODAY            T             0.39 1989   0.01  -0.01     0.06
  MONTH TO DATE    T                         0.01  -0.01     0.06
  SINCE OCT 1     29.96                     33.90  -3.94    36.49
  SINCE JAN 1     24.14                     19.78   4.36    14.56

DEGREE DAYS
 HEATING
  TODAY            0                         0      0        3
  MONTH TO DATE    0                         0      0        3
  SINCE JUN 1     63                       108    -45       54
  SINCE JUL 1      1                        17    -16        5

 COOLING
  TODAY           13                         6      7        0
  MONTH TO DATE   13                         6      7        0
  SINCE JUN 1    262                       200     62      235
  SINCE JAN 1    290                       217     73      250
..................................................................


WIND (MPH)
  HIGHEST WIND SPEED    16   HIGHEST WIND DIRECTION    NW (320)
  HIGHEST GUST SPEED    22   HIGHEST GUST DIRECTION    NW (320)
  AVERAGE WIND SPEED     8.3



WEATHER CONDITIONS
 THE FOLLOWING WEATHER WAS RECORDED TODAY.
  THUNDERSTORM
  LIGHT RAIN


RELATIVE HUMIDITY (PERCENT)
 HIGHEST    63           500 AM
 LOWEST     34           500 PM
 AVERAGE    49

..........................................................


THE PORTLAND OR CLIMATE NORMALS FOR TOMORROW
                         NORMAL    RECORD    YEAR
 MAXIMUM TEMPERATURE (F)   82        96      1986
 MINIMUM TEMPERATURE (F)   59        50      1959


SUNRISE AND SUNSET
AUGUST  1 2014........SUNRISE   554 AM PDT   SUNSET   839 PM PDT
AUGUST  2 2014........SUNRISE   555 AM PDT   SUNSET   837 PM PDT


-  INDICATES NEGATIVE NUMBERS.
R  INDICATES RECORD WAS SET OR TIED.
MM INDICATES DATA IS MISSING.
T  INDICATES TRACE AMOUNT.




$$
