000
CDUS46 KPQR 261155
CLIPDX


CLIMATE REPORT
NATIONAL WEATHER SERVICE PORTLAND OREGON
354 AM PST SUN FEB 26 2017


...................................

...THE PORTLAND OR CLIMATE SUMMARY FOR FEBRUARY 25 2017...

CLIMATE NORMAL PERIOD 1981 TO 2010
CLIMATE RECORD PERIOD 1940 TO 2017


WEATHER ITEM   OBSERVED TIME   RECORD YEAR NORMAL DEPARTURE LAST
                VALUE   (LST)  VALUE       VALUE  FROM      YEAR
                                                  NORMAL
..................................................................
TEMPERATURE (F)
 YESTERDAY
  MAXIMUM         48    429 PM  66    1991  53     -5       64
                                      1968
  MINIMUM         31    654 AM  23    1969  37     -6       37
  AVERAGE         40                        45     -5       51

PRECIPITATION (IN)
  YESTERDAY        0.05          1.30 1957   0.13  -0.08     0.00
  MONTH TO DATE   10.17                      3.27   6.90     3.19
  SINCE OCT 1     34.05                     22.27  11.78    33.84
  SINCE JAN 1     14.30                      8.15   6.15    10.42

SNOWFALL (IN)
  YESTERDAY        0.0           0.3  1971
  MONTH TO DATE    T
  SINCE DEC 1     11.2
  SINCE JUL 1     11.2

DEGREE DAYS
 HEATING
  YESTERDAY       25                        20      5       14
  MONTH TO DATE  600                       534     66      395
  SINCE DEC 1   2423                      2029    394     1742
  SINCE JUL 1   3133                      2998    135     2550

 COOLING
  YESTERDAY        0                         0      0        0
  MONTH TO DATE    0                         0      0        0
  SINCE DEC 1      0                         0      0        0
  SINCE JAN 1      0                         0      0        0
..................................................................


WIND (MPH)
  HIGHEST WIND SPEED     9   HIGHEST WIND DIRECTION     S (160)
  HIGHEST GUST SPEED    11   HIGHEST GUST DIRECTION    NW (310)
  AVERAGE WIND SPEED     3.0


SKY COVER
  POSSIBLE SUNSHINE  MM
  AVERAGE SKY COVER 0.8


WEATHER CONDITIONS
 THE FOLLOWING WEATHER WAS RECORDED YESTERDAY.
  LIGHT RAIN
  FOG


RELATIVE HUMIDITY (PERCENT)
 HIGHEST   100           800 AM
 LOWEST     53           400 PM
 AVERAGE    77

..........................................................


THE PORTLAND OR CLIMATE NORMALS FOR TODAY
                         NORMAL    RECORD    YEAR
 MAXIMUM TEMPERATURE (F)   53        68      1968
 MINIMUM TEMPERATURE (F)   37        18      2011


SUNRISE AND SUNSET
FEBRUARY 26 2017......SUNRISE   653 AM PST   SUNSET   554 PM PST
FEBRUARY 27 2017......SUNRISE   652 AM PST   SUNSET   555 PM PST


-  INDICATES NEGATIVE NUMBERS.
R  INDICATES RECORD WAS SET OR TIED.
MM INDICATES DATA IS MISSING.
T  INDICATES TRACE AMOUNT.




$$
