000
CDUS46 KPQR 231147
CLIPDX


CLIMATE REPORT
NATIONAL WEATHER SERVICE PORTLAND OREGON
447 AM PDT THU OCT 23 2014


...................................

...THE PORTLAND OR CLIMATE SUMMARY FOR OCTOBER 22 2014...

CLIMATE NORMAL PERIOD 1981 TO 2010
CLIMATE RECORD PERIOD 1940 TO 2014


WEATHER ITEM   OBSERVED TIME   RECORD YEAR NORMAL DEPARTURE LAST
                VALUE   (LST)  VALUE       VALUE  FROM      YEAR
                                                  NORMAL
..................................................................
TEMPERATURE (F)
 YESTERDAY
  MAXIMUM         60    547 AM  75    1965  61     -1       73
  MINIMUM         54   1227 AM  33    1980  45      9       42
  AVERAGE         57                        53      4       58

PRECIPITATION (IN)
  YESTERDAY        1.88R         1.31 1951   0.11   1.77     0.00
  MONTH TO DATE    3.36                      1.82   1.54     0.87
  SINCE OCT 1      3.36                      1.82   1.54     0.87
  SINCE JAN 1     28.49                     23.73   4.76    21.77

DEGREE DAYS
 HEATING
  YESTERDAY        8                        12     -4        7
  MONTH TO DATE   79                       195   -116      233
  SINCE SEP 1     96                       271   -175      318
  SINCE JUL 1     97                       298   -201      323

 COOLING
  YESTERDAY        0                         0      0        0
  MONTH TO DATE   17                         0     17        0
  SINCE SEP 1    118                        59     59       86
  SINCE JAN 1    653                       422    231      539
..................................................................


WIND (MPH)
  HIGHEST WIND SPEED    18   HIGHEST WIND DIRECTION     E (110)
  HIGHEST GUST SPEED    23   HIGHEST GUST DIRECTION     E (110)
  AVERAGE WIND SPEED     9.0


SKY COVER
  POSSIBLE SUNSHINE  MM
  AVERAGE SKY COVER 0.8


WEATHER CONDITIONS
 THE FOLLOWING WEATHER WAS RECORDED YESTERDAY.
  HEAVY RAIN
  RAIN
  LIGHT RAIN
  FOG


RELATIVE HUMIDITY (PERCENT)
 HIGHEST   100          1100 AM
 LOWEST     72           500 AM
 AVERAGE    86

..........................................................


THE PORTLAND OR CLIMATE NORMALS FOR TODAY
                         NORMAL    RECORD    YEAR
 MAXIMUM TEMPERATURE (F)   61        75      2007
 MINIMUM TEMPERATURE (F)   45        32      1964


SUNRISE AND SUNSET
OCTOBER 23 2014.......SUNRISE   738 AM PDT   SUNSET   611 PM PDT
OCTOBER 24 2014.......SUNRISE   739 AM PDT   SUNSET   609 PM PDT


-  INDICATES NEGATIVE NUMBERS.
R  INDICATES RECORD WAS SET OR TIED.
MM INDICATES DATA IS MISSING.
T  INDICATES TRACE AMOUNT.




$$
