000
CDUS46 KPQR 020221
CLIPDX


CLIMATE REPORT
NATIONAL WEATHER SERVICE PORTLAND OREGON
720 PM PDT MON JUN 1 2015


...................................

...THE PORTLAND OR CLIMATE SUMMARY FOR JUNE 1 2015...
VALID TODAY AS OF 0700 PM LOCAL TIME.

CLIMATE NORMAL PERIOD 1981 TO 2010
CLIMATE RECORD PERIOD 1940 TO 2015


WEATHER ITEM   OBSERVED TIME   RECORD YEAR NORMAL DEPARTURE LAST
                VALUE   (LST)  VALUE       VALUE  FROM      YEAR
                                                  NORMAL
..................................................................
TEMPERATURE (F)
 TODAY
  MAXIMUM         65   1207 AM  94    1970  71     -6       74
  MINIMUM         55   1048 AM  39    1966  52      3       51
  AVERAGE         60                        61     -1       63

PRECIPITATION (IN)
  TODAY            0.28          0.97 1968   0.08   0.20     0.00
  MONTH TO DATE    0.28                      0.08   0.20     0.00
  SINCE OCT 1     29.35                     31.62  -2.27    26.58
  SINCE JAN 1     14.37                     17.50  -3.13    20.76

DEGREE DAYS
 HEATING
  TODAY            5                         5      0        2
  MONTH TO DATE    5                         5      0        2
  SINCE JUN 1      5                         5      0        2
  SINCE JUL 1   3353                      4192   -839     4252

 COOLING
  TODAY            0                         1     -1        0
  MONTH TO DATE    0                         1     -1        0
  SINCE JUN 1      0                         1     -1        0
  SINCE JAN 1     22                        18      4       28
..................................................................


WIND (MPH)
  HIGHEST WIND SPEED    20   HIGHEST WIND DIRECTION     S (200)
  HIGHEST GUST SPEED    25   HIGHEST GUST DIRECTION     S (200)
  AVERAGE WIND SPEED     7.5



WEATHER CONDITIONS
 THE FOLLOWING WEATHER WAS RECORDED TODAY.
  THUNDERSTORM
  RAIN
  LIGHT RAIN
  FOG


RELATIVE HUMIDITY (PERCENT)
 HIGHEST    93           600 AM
 LOWEST     60           100 AM
 AVERAGE    77

..........................................................


THE PORTLAND OR CLIMATE NORMALS FOR TOMORROW
                         NORMAL    RECORD    YEAR
 MAXIMUM TEMPERATURE (F)   71        98      1970
 MINIMUM TEMPERATURE (F)   52        41      1977


SUNRISE AND SUNSET
JUNE  1 2015..........SUNRISE   525 AM PDT   SUNSET   852 PM PDT
JUNE  2 2015..........SUNRISE   524 AM PDT   SUNSET   853 PM PDT


-  INDICATES NEGATIVE NUMBERS.
R  INDICATES RECORD WAS SET OR TIED.
MM INDICATES DATA IS MISSING.
T  INDICATES TRACE AMOUNT.




$$
