000
CDUS46 KPQR 181157
CLIPDX


CLIMATE REPORT
NATIONAL WEATHER SERVICE PORTLAND OREGON
356 AM PST WED JAN 18 2017


...................................

...THE PORTLAND OR CLIMATE SUMMARY FOR JANUARY 17 2017...

CLIMATE NORMAL PERIOD 1981 TO 2010
CLIMATE RECORD PERIOD 1940 TO 2017


WEATHER ITEM   OBSERVED TIME   RECORD YEAR NORMAL DEPARTURE LAST
                VALUE   (LST)  VALUE       VALUE  FROM      YEAR
                                                  NORMAL
..................................................................
TEMPERATURE (F)
 YESTERDAY
  MAXIMUM         34    551 PM  59    2015  47    -13       47
                                      1975
  MINIMUM         24   1216 AM   8    1950  36    -12       42
  AVERAGE         29                        42    -13       45

PRECIPITATION (IN)
  YESTERDAY        0.70          1.80 2015   0.16   0.54     0.87
  MONTH TO DATE    2.30                      2.83  -0.53     4.20
  SINCE OCT 1     22.05                     16.95   5.10    27.62
  SINCE JAN 1      2.30                      2.83  -0.53     4.20

SNOWFALL (IN)
  YESTERDAY        0.0           1.3  2012
  MONTH TO DATE    8.4
  SINCE DEC 1     11.7
  SINCE JUL 1     11.7

DEGREE DAYS
 HEATING
  YESTERDAY       36                        23     13       20
  MONTH TO DATE  617                       413    204      439
  SINCE DEC 1   1471                      1176    295     1098
  SINCE JUL 1   2181                      2145     36     1906

 COOLING
  YESTERDAY        0                         0      0        0
  MONTH TO DATE    0                         0      0        0
  SINCE DEC 1      0                         0      0        0
  SINCE JAN 1      0                         0      0        0
..................................................................


WIND (MPH)
  HIGHEST WIND SPEED    32   HIGHEST WIND DIRECTION    SE (120)
  HIGHEST GUST SPEED    36   HIGHEST GUST DIRECTION     E (110)
  AVERAGE WIND SPEED    18.2


SKY COVER
  POSSIBLE SUNSHINE  MM
  AVERAGE SKY COVER 0.9


WEATHER CONDITIONS
 THE FOLLOWING WEATHER WAS RECORDED YESTERDAY.
  LIGHT RAIN
  FREEZING RAIN
  LT FREEZING RAIN
  FOG


RELATIVE HUMIDITY (PERCENT)
 HIGHEST    92           500 PM
 LOWEST     63           400 AM
 AVERAGE    78

..........................................................


THE PORTLAND OR CLIMATE NORMALS FOR TODAY
                         NORMAL    RECORD    YEAR
 MAXIMUM TEMPERATURE (F)   47        66      2005
 MINIMUM TEMPERATURE (F)   36        10      1943


SUNRISE AND SUNSET
JANUARY 18 2017.......SUNRISE   745 AM PST   SUNSET   458 PM PST
JANUARY 19 2017.......SUNRISE   744 AM PST   SUNSET   459 PM PST


-  INDICATES NEGATIVE NUMBERS.
R  INDICATES RECORD WAS SET OR TIED.
MM INDICATES DATA IS MISSING.
T  INDICATES TRACE AMOUNT.




$$
