000
CDUS46 KPQR 050221
CLIPDX


CLIMATE REPORT
NATIONAL WEATHER SERVICE PORTLAND OREGON
721 PM PDT TUE AUG 4 2015


...................................

...THE PORTLAND OR CLIMATE SUMMARY FOR AUGUST 4 2015...
VALID TODAY AS OF 0700 PM LOCAL TIME.

CLIMATE NORMAL PERIOD 1981 TO 2010
CLIMATE RECORD PERIOD 1940 TO 2015


WEATHER ITEM   OBSERVED TIME   RECORD YEAR NORMAL DEPARTURE LAST
                VALUE   (LST)  VALUE       VALUE  FROM      YEAR
                                                  NORMAL
..................................................................
TEMPERATURE (F)
 TODAY
  MAXIMUM         83    332 PM 102    2012  82      1       93
  MINIMUM         59    451 AM  51    1954  59      0       64
                                      1950
  AVERAGE         71                        70      1       79

PRECIPITATION (IN)
  TODAY            0.00          0.05 1943   0.01  -0.01     0.00
  MONTH TO DATE    T                         0.05  -0.05      T
  SINCE OCT 1     30.04                     33.94  -3.90    29.96
  SINCE JAN 1     15.06                     19.82  -4.76    24.14

DEGREE DAYS
 HEATING
  TODAY            0                         0      0        0
  MONTH TO DATE    0                         0      0        0
  SINCE JUN 1     19                       108    -89       63
  SINCE JUL 1      0                        17    -17        1

 COOLING
  TODAY            6                         6      0       14
  MONTH TO DATE   39                        24     15       49
  SINCE JUN 1    511                       218    293      298
  SINCE JAN 1    533                       235    298      326
..................................................................


WIND (MPH)
  HIGHEST WIND SPEED    18   HIGHEST WIND DIRECTION    NW (310)
  HIGHEST GUST SPEED    23   HIGHEST GUST DIRECTION    NW (320)
  AVERAGE WIND SPEED     8.1



WEATHER CONDITIONS
 THE FOLLOWING WEATHER WAS RECORDED TODAY.
  NO SIGNIFICANT WEATHER WAS OBSERVED.


RELATIVE HUMIDITY (PERCENT)
 HIGHEST    80           400 AM
 LOWEST     31           400 PM
 AVERAGE    56

..........................................................


THE PORTLAND OR CLIMATE NORMALS FOR TOMORROW
                         NORMAL    RECORD    YEAR
 MAXIMUM TEMPERATURE (F)   82       100      1945
 MINIMUM TEMPERATURE (F)   59        48      1960
                                             1950


SUNRISE AND SUNSET
AUGUST  4 2015........SUNRISE   557 AM PDT   SUNSET   835 PM PDT
AUGUST  5 2015........SUNRISE   559 AM PDT   SUNSET   833 PM PDT


-  INDICATES NEGATIVE NUMBERS.
R  INDICATES RECORD WAS SET OR TIED.
MM INDICATES DATA IS MISSING.
T  INDICATES TRACE AMOUNT.




$$
