000
CDUS46 KPQR 221141
CLIPDX


CLIMATE REPORT
NATIONAL WEATHER SERVICE PORTLAND OREGON
441 AM PDT MON MAY 22 2017


...................................

...THE PORTLAND OR CLIMATE SUMMARY FOR MAY 21 2017...

CLIMATE NORMAL PERIOD 1981 TO 2010
CLIMATE RECORD PERIOD 1940 TO 2017


WEATHER ITEM   OBSERVED TIME   RECORD YEAR NORMAL DEPARTURE LAST
                VALUE   (LST)  VALUE       VALUE  FROM      YEAR
                                                  NORMAL
..................................................................
TEMPERATURE (F)
 YESTERDAY
  MAXIMUM         83    351 PM  87    1988  69     14       58
  MINIMUM         52    418 AM  38    1955  50      2       53
  AVERAGE         68                        59      9       56

PRECIPITATION (IN)
  YESTERDAY        0.00          0.74 2006   0.08  -0.08     0.25
  MONTH TO DATE    1.92                      1.63   0.29     1.51
  SINCE OCT 1     47.93                     30.70  17.23    42.95
  SINCE JAN 1     28.18                     16.58  11.60    19.53

SNOWFALL (IN)
  YESTERDAY        0.0          MM      MM
  MONTH TO DATE    0.0
  SINCE MAR 1      T
  SINCE JUL 1     11.2

DEGREE DAYS
 HEATING
  YESTERDAY        0                         6     -6        9
  MONTH TO DATE  176                       169      7       70
  SINCE MAR 1   1127                      1074     53      746
  SINCE JUL 1   4332                      4132    200     3349

 COOLING
  YESTERDAY        3                         1      2        0
  MONTH TO DATE   13                         2     11       25
  SINCE MAR 1     13                         3     10       43
  SINCE JAN 1     13                         3     10       43
..................................................................


WIND (MPH)
  HIGHEST WIND SPEED    15   HIGHEST WIND DIRECTION    NW (300)
  HIGHEST GUST SPEED    19   HIGHEST GUST DIRECTION    NW (310)
  AVERAGE WIND SPEED     6.0


SKY COVER
  POSSIBLE SUNSHINE  MM
  AVERAGE SKY COVER 0.4


WEATHER CONDITIONS
 THE FOLLOWING WEATHER WAS RECORDED YESTERDAY.
  NO SIGNIFICANT WEATHER WAS OBSERVED.


RELATIVE HUMIDITY (PERCENT)
 HIGHEST    93           500 AM
 LOWEST     36           400 PM
 AVERAGE    65

..........................................................


THE PORTLAND OR CLIMATE NORMALS FOR TODAY
                         NORMAL    RECORD    YEAR
 MAXIMUM TEMPERATURE (F)   69        95      2001
 MINIMUM TEMPERATURE (F)   50        33      1960


SUNRISE AND SUNSET
MAY 22 2017...........SUNRISE   532 AM PDT   SUNSET   843 PM PDT
MAY 23 2017...........SUNRISE   531 AM PDT   SUNSET   844 PM PDT


-  INDICATES NEGATIVE NUMBERS.
R  INDICATES RECORD WAS SET OR TIED.
MM INDICATES DATA IS MISSING.
T  INDICATES TRACE AMOUNT.




$$
