000
CDUS46 KPQR 280222
CLIPDX


CLIMATE REPORT
NATIONAL WEATHER SERVICE PORTLAND OREGON
721 PM PDT FRI MAY 27 2016


...................................

...THE PORTLAND OR CLIMATE SUMMARY FOR MAY 27 2016...
VALID TODAY AS OF 0700 PM LOCAL TIME.

CLIMATE NORMAL PERIOD 1981 TO 2010
CLIMATE RECORD PERIOD 1940 TO 2016


WEATHER ITEM   OBSERVED TIME   RECORD YEAR NORMAL DEPARTURE LAST
                VALUE   (LST)  VALUE       VALUE  FROM      YEAR
                                                  NORMAL
..................................................................
TEMPERATURE (F)
 TODAY
  MAXIMUM         63    442 PM  95    2005  70     -7       80
  MINIMUM         49    457 AM  39    1966  51     -2       54
  AVERAGE         56                        60     -4       67

PRECIPITATION (IN)
  TODAY            0.06          0.88 2013   0.08  -0.02     0.00
  MONTH TO DATE    1.72                      2.13  -0.41     0.59
  SINCE OCT 1     43.16                     31.20  11.96    29.07
  SINCE JAN 1     19.74                     17.08   2.66    14.09

DEGREE DAYS
 HEATING
  TODAY            9                         5      4        0
  MONTH TO DATE  101                       203   -102      133
  SINCE MAR 1    777                      1108   -331      876
  SINCE JUL 1   3380                      4166   -786     3348

 COOLING
  TODAY            0                         1     -1        2
  MONTH TO DATE   25                         8     17        5
  SINCE MAR 1     43                         9     34        7
  SINCE JAN 1     43                         9     34        7
..................................................................


WIND (MPH)
  HIGHEST WIND SPEED    17   HIGHEST WIND DIRECTION    NW (310)
  HIGHEST GUST SPEED    21   HIGHEST GUST DIRECTION    NW (310)
  AVERAGE WIND SPEED     4.1



WEATHER CONDITIONS
 THE FOLLOWING WEATHER WAS RECORDED TODAY.
  LIGHT RAIN
  FOG


RELATIVE HUMIDITY (PERCENT)
 HIGHEST    93           400 AM
 LOWEST     52           400 PM
 AVERAGE    73

..........................................................


THE PORTLAND OR CLIMATE NORMALS FOR TOMORROW
                         NORMAL    RECORD    YEAR
 MAXIMUM TEMPERATURE (F)   70       100      1983
 MINIMUM TEMPERATURE (F)   51        38      1954


SUNRISE AND SUNSET
MAY 27 2016...........SUNRISE   528 AM PDT   SUNSET   848 PM PDT
MAY 28 2016...........SUNRISE   527 AM PDT   SUNSET   849 PM PDT


-  INDICATES NEGATIVE NUMBERS.
R  INDICATES RECORD WAS SET OR TIED.
MM INDICATES DATA IS MISSING.
T  INDICATES TRACE AMOUNT.




$$
