000
CDUS46 KPQR 231141
CLIPDX


CLIMATE REPORT
NATIONAL WEATHER SERVICE PORTLAND OREGON
440 AM PDT SAT JUL 23 2016


...................................

...THE PORTLAND OR CLIMATE SUMMARY FOR JULY 22 2016...

CLIMATE NORMAL PERIOD 1981 TO 2010
CLIMATE RECORD PERIOD 1940 TO 2016


WEATHER ITEM   OBSERVED TIME   RECORD YEAR NORMAL DEPARTURE LAST
                VALUE   (LST)  VALUE       VALUE  FROM      YEAR
                                                  NORMAL
..................................................................
TEMPERATURE (F)
 YESTERDAY
  MAXIMUM         71    604 PM  98    2004  82    -11       72
                                      1978
  MINIMUM         60    724 AM  49    2011  59      1       57
                                      1954
  AVERAGE         66                        70     -4       65

PRECIPITATION (IN)
  YESTERDAY        0.30          0.41 2014   0.02   0.28     0.00
  MONTH TO DATE    0.66                      0.51   0.15     0.03
  SINCE OCT 1     45.24                     33.75  11.49    29.50
  SINCE JAN 1     21.82                     19.63   2.19    14.52

DEGREE DAYS
 HEATING
  YESTERDAY        0                         0      0        0
  MONTH TO DATE    3                        15    -12        0
  SINCE JUN 1     70                       106    -36       19
  SINCE JUL 1      3                        15    -12        0

 COOLING
  YESTERDAY        1                         6     -5        0
  MONTH TO DATE   68                        95    -27      218
  SINCE JUN 1    173                       142     31      403
  SINCE JAN 1    222                       159     63      425
..................................................................


WIND (MPH)
  HIGHEST WIND SPEED    10   HIGHEST WIND DIRECTION     N (360)
  HIGHEST GUST SPEED    14   HIGHEST GUST DIRECTION     N (340)
  AVERAGE WIND SPEED     4.0


SKY COVER
  POSSIBLE SUNSHINE  MM
  AVERAGE SKY COVER 0.8


WEATHER CONDITIONS
 THE FOLLOWING WEATHER WAS RECORDED YESTERDAY.
  RAIN
  LIGHT RAIN
  FOG
  HAZE


RELATIVE HUMIDITY (PERCENT)
 HIGHEST    84           900 AM
 LOWEST     61           200 PM
 AVERAGE    73

..........................................................


THE PORTLAND OR CLIMATE NORMALS FOR TODAY
                         NORMAL    RECORD    YEAR
 MAXIMUM TEMPERATURE (F)   82       103      2004
 MINIMUM TEMPERATURE (F)   59        46      1963


SUNRISE AND SUNSET
JULY 23 2016..........SUNRISE   545 AM PDT   SUNSET   849 PM PDT
JULY 24 2016..........SUNRISE   546 AM PDT   SUNSET   847 PM PDT


-  INDICATES NEGATIVE NUMBERS.
R  INDICATES RECORD WAS SET OR TIED.
MM INDICATES DATA IS MISSING.
T  INDICATES TRACE AMOUNT.




$$
