000
CDUS46 KPQR 171141
CLIPDX


CLIMATE REPORT
NATIONAL WEATHER SERVICE PORTLAND OREGON
440 AM PDT THU APR 17 2014


...................................

...THE PORTLAND OR CLIMATE SUMMARY FOR APRIL 16 2014...

CLIMATE NORMAL PERIOD 1981 TO 2010
CLIMATE RECORD PERIOD 1940 TO 2014


WEATHER ITEM   OBSERVED TIME   RECORD YEAR NORMAL DEPARTURE LAST
                VALUE   (LST)  VALUE       VALUE  FROM      YEAR
                                                  NORMAL
..................................................................
TEMPERATURE (F)
 YESTERDAY
  MAXIMUM         59    202 PM  81    1947  61     -2       59
  MINIMUM         48    639 AM  32    1964  43      5       37
  AVERAGE         54                        52      2       48

PRECIPITATION (IN)
  YESTERDAY        0.13          0.71 1992   0.09   0.04     0.01
  MONTH TO DATE    0.88                      1.54  -0.66     1.60
  SINCE OCT 1     22.04                     27.88  -5.84    29.74
  SINCE JAN 1     16.22                     13.76   2.46     7.81

DEGREE DAYS
 HEATING
  YESTERDAY       11                        13     -2       17
  MONTH TO DATE  168                       221    -53      225
  SINCE MAR 1    652                       743    -91      723
  SINCE JUL 1   3950                      3801    149     3620

 COOLING
  YESTERDAY        0                         0      0        0
  MONTH TO DATE    0                         0      0        0
  SINCE MAR 1      0                         0      0        0
  SINCE JAN 1      0                         0      0        0
..................................................................


WIND (MPH)
  HIGHEST WIND SPEED    14   HIGHEST WIND DIRECTION     S (190)
  HIGHEST GUST SPEED    18   HIGHEST GUST DIRECTION     S (190)
  AVERAGE WIND SPEED     6.0


SKY COVER
  POSSIBLE SUNSHINE  MM
  AVERAGE SKY COVER 1.0


WEATHER CONDITIONS
 THE FOLLOWING WEATHER WAS RECORDED YESTERDAY.
  LIGHT RAIN
  FOG


RELATIVE HUMIDITY (PERCENT)
 HIGHEST    96          1000 PM
 LOWEST     57           200 PM
 AVERAGE    77

..........................................................


THE PORTLAND OR CLIMATE NORMALS FOR TODAY
                         NORMAL    RECORD    YEAR
 MAXIMUM TEMPERATURE (F)   62        78      1983
 MINIMUM TEMPERATURE (F)   43        31      1977


SUNRISE AND SUNSET
APRIL 17 2014.........SUNRISE   621 AM PDT   SUNSET   800 PM PDT
APRIL 18 2014.........SUNRISE   619 AM PDT   SUNSET   801 PM PDT


-  INDICATES NEGATIVE NUMBERS.
R  INDICATES RECORD WAS SET OR TIED.
MM INDICATES DATA IS MISSING.
T  INDICATES TRACE AMOUNT.




$$
