000
CDUS46 KPQR 031141
CLIPDX


CLIMATE REPORT
NATIONAL WEATHER SERVICE PORTLAND OREGON
441 AM PDT THU SEP 3 2015


...................................

...THE PORTLAND OR CLIMATE SUMMARY FOR SEPTEMBER 2 2015...

CLIMATE NORMAL PERIOD 1981 TO 2010
CLIMATE RECORD PERIOD 1940 TO 2015


WEATHER ITEM   OBSERVED TIME   RECORD YEAR NORMAL DEPARTURE LAST
                VALUE   (LST)  VALUE       VALUE  FROM      YEAR
                                                  NORMAL
..................................................................
TEMPERATURE (F)
 YESTERDAY
  MAXIMUM         73    353 PM 105    1988  79     -6       76
  MINIMUM         58   1159 PM  42    1960  56      2       59
  AVERAGE         66                        68     -2       68

PRECIPITATION (IN)
  YESTERDAY        0.05          0.86 1979   0.04   0.01     0.00
  MONTH TO DATE    0.11                      0.07   0.04     0.00
  SINCE OCT 1     30.81                     34.63  -3.82    29.97
  SINCE JAN 1     15.83                     20.51  -4.68    24.15

DEGREE DAYS
 HEATING
  YESTERDAY        0                         1     -1        0
  MONTH TO DATE    0                         2     -2        0
  SINCE SEP 1      0                         2     -2        0
  SINCE JUL 1      0                        29    -29        1

 COOLING
  YESTERDAY        1                         3     -2        3
  MONTH TO DATE    3                         6     -3        5
  SINCE SEP 1      3                         6     -3        5
  SINCE JAN 1    732                       369    363      540
..................................................................


WIND (MPH)
  HIGHEST WIND SPEED    17   HIGHEST WIND DIRECTION    NW (310)
  HIGHEST GUST SPEED    22   HIGHEST GUST DIRECTION    NW (320)
  AVERAGE WIND SPEED     4.5


SKY COVER
  POSSIBLE SUNSHINE  MM
  AVERAGE SKY COVER 0.7


WEATHER CONDITIONS
 THE FOLLOWING WEATHER WAS RECORDED YESTERDAY.
  LIGHT RAIN
  FOG


RELATIVE HUMIDITY (PERCENT)
 HIGHEST   100          1200 AM
 LOWEST     35           400 PM
 AVERAGE    68

..........................................................


THE PORTLAND OR CLIMATE NORMALS FOR TODAY
                         NORMAL    RECORD    YEAR
 MAXIMUM TEMPERATURE (F)   79        94      2003
 MINIMUM TEMPERATURE (F)   56        45      1980


SUNRISE AND SUNSET
SEPTEMBER  3 2015.....SUNRISE   634 AM PDT   SUNSET   745 PM PDT
SEPTEMBER  4 2015.....SUNRISE   635 AM PDT   SUNSET   743 PM PDT


-  INDICATES NEGATIVE NUMBERS.
R  INDICATES RECORD WAS SET OR TIED.
MM INDICATES DATA IS MISSING.
T  INDICATES TRACE AMOUNT.




$$
