000
CDUS41 KPBZ 280715
CLIPHD


CLIMATE REPORT
NATIONAL WEATHER SERVICE PITTSBURGH PA
314 AM EDT THU MAY 28 2015


...................................

...THE NEW PHILADELPHIA OH CLIMATE SUMMARY FOR MAY 27 2015...

CLIMATE NORMAL PERIOD 1981 TO 2010
CLIMATE RECORD PERIOD 1946 TO 2015


WEATHER ITEM   OBSERVED TIME   RECORD YEAR NORMAL DEPARTURE LAST
                VALUE   (LST)  VALUE       VALUE  FROM      YEAR
                                                  NORMAL
..................................................................
TEMPERATURE (F)
 YESTERDAY
  MAXIMUM         85    443 PM  92    2012  75     10       85
  MINIMUM         66            30    1961  51     15       63
  AVERAGE         76                        63     13       74

PRECIPITATION (IN)
  YESTERDAY        0.00         MM      MM   0.15  -0.15     0.03
  MONTH TO DATE    2.79                      3.57  -0.78     3.21
  SINCE JUN 1     37.77                     38.30  -0.53    39.64
  SINCE JAN 1     13.04                     15.00  -1.96    15.00

DEGREE DAYS
 HEATING
  YESTERDAY        0                         4     -4        0
  MONTH TO DATE   87                       180    -93      156
  SINCE MAR 1   1279                      1388   -109     1527
  SINCE JUL 1   5897                      5595    302     6160

 COOLING
  YESTERDAY       11                         2      9        9
  MONTH TO DATE  127                        25    102       50
  SINCE MAR 1    130                        32     98       51
  SINCE JAN 1    130                        32     98       51
..................................................................


WIND (MPH)
  HIGHEST WIND SPEED    16   HIGHEST WIND DIRECTION     S (160)
  HIGHEST GUST SPEED    22   HIGHEST GUST DIRECTION    SW (220)
  AVERAGE WIND SPEED     6.9


SKY COVER
  POSSIBLE SUNSHINE  MM
  AVERAGE SKY COVER 0.3


WEATHER CONDITIONS
 THE FOLLOWING WEATHER WAS RECORDED YESTERDAY.
  THUNDERSTORM
  FOG


RELATIVE HUMIDITY (PERCENT)
 HIGHEST    81          1100 PM
 LOWEST     47           300 PM
 AVERAGE    64

..........................................................


THE NEW PHILADELPHIA OH CLIMATE NORMALS FOR TODAY
                         NORMAL    RECORD    YEAR
 MAXIMUM TEMPERATURE (F)   76        91      1967
 MINIMUM TEMPERATURE (F)   52        35      1992


SUNRISE AND SUNSET
MAY 28 2015...........SUNRISE   600 AM EDT   SUNSET   847 PM EDT
MAY 29 2015...........SUNRISE   559 AM EDT   SUNSET   847 PM EDT


-  INDICATES NEGATIVE NUMBERS.
R  INDICATES RECORD WAS SET OR TIED.
MM INDICATES DATA IS MISSING.
T  INDICATES TRACE AMOUNT.




$$
