000
CDUS41 KPBZ 190824
CLIPHD


CLIMATE REPORT
NATIONAL WEATHER SERVICE PITTSBURGH PA
324 AM EST FRI DEC 19 2014


...................................

...THE NEW PHILADELPHIA OH CLIMATE SUMMARY FOR DECEMBER 18 2014...

CLIMATE NORMAL PERIOD 1981 TO 2010
CLIMATE RECORD PERIOD 1946 TO 2014


WEATHER ITEM   OBSERVED TIME   RECORD YEAR NORMAL DEPARTURE LAST
                VALUE   (LST)  VALUE       VALUE  FROM      YEAR
                                                  NORMAL
..................................................................
TEMPERATURE (F)
 YESTERDAY
  MAXIMUM         30    334 PM  65    1984  40    -10       33
  MINIMUM         29            -9    1989  24      5       22
  AVERAGE         30                        32     -2       28

PRECIPITATION (IN)
  YESTERDAY        0.00         MM      MM   0.08  -0.08     0.03
  MONTH TO DATE    1.97                      1.58   0.39     1.40
  SINCE JUN 1     23.88                     22.21   1.67    22.60
  SINCE JAN 1     39.06                     37.81   1.25    32.64

DEGREE DAYS
 HEATING
  YESTERDAY       35                        33      2       37
  MONTH TO DATE  508                       552    -44      620
  SINCE DEC 1    508                       552    -44      620
  SINCE JUL 1   1742                      1710     32     1856

 COOLING
  YESTERDAY        0                         0      0        0
  MONTH TO DATE    0                         0      0        0
  SINCE DEC 1      0                         0      0        0
  SINCE JAN 1    630                       697    -67      755
..................................................................


WIND (MPH)
  HIGHEST WIND SPEED    15   HIGHEST WIND DIRECTION     W (290)
  HIGHEST GUST SPEED    19   HIGHEST GUST DIRECTION     W (280)
  AVERAGE WIND SPEED     5.7


SKY COVER
  POSSIBLE SUNSHINE  MM
  AVERAGE SKY COVER 1.0


WEATHER CONDITIONS
 THE FOLLOWING WEATHER WAS RECORDED YESTERDAY.
  NO SIGNIFICANT WEATHER WAS OBSERVED.


RELATIVE HUMIDITY (PERCENT)
 HIGHEST    78          1100 PM
 LOWEST     63          1200 PM
 AVERAGE    71

..........................................................


THE NEW PHILADELPHIA OH CLIMATE NORMALS FOR TODAY
                         NORMAL    RECORD    YEAR
 MAXIMUM TEMPERATURE (F)   40        63      1967
 MINIMUM TEMPERATURE (F)   23        -9      1989


SUNRISE AND SUNSET
DECEMBER 19 2014......SUNRISE   744 AM EST   SUNSET   501 PM EST
DECEMBER 20 2014......SUNRISE   745 AM EST   SUNSET   502 PM EST


-  INDICATES NEGATIVE NUMBERS.
R  INDICATES RECORD WAS SET OR TIED.
MM INDICATES DATA IS MISSING.
T  INDICATES TRACE AMOUNT.




$$
