000
CDUS41 KPBZ 232115
CLIPHD


CLIMATE REPORT
NATIONAL WEATHER SERVICE PITTSBURGH PA
513 PM EDT SAT JUL 23 2016


...................................

...THE NEW PHILADELPHIA OH CLIMATE SUMMARY FOR JULY 23 2016...
VALID TODAY AS OF 0500 PM LOCAL TIME.

CLIMATE NORMAL PERIOD 1981 TO 2010
CLIMATE RECORD PERIOD 1946 TO 2016


WEATHER ITEM   OBSERVED TIME   RECORD YEAR NORMAL DEPARTURE LAST
                VALUE   (LST)  VALUE       VALUE  FROM      YEAR
                                                  NORMAL
..................................................................
TEMPERATURE (F)
 TODAY
  MAXIMUM         98R   247 PM  97    1965  84     14       81
  MINIMUM         72    534 AM  47    1981  62     10       55
  AVERAGE         85                        73     12       68

PRECIPITATION (IN)
  TODAY            0.00         MM      MM   0.14  -0.14     0.00
  MONTH TO DATE    1.17                      2.86  -1.69     3.10
  SINCE JUN 1      2.34                      6.59  -4.25     8.18
  SINCE JAN 1     16.99                     22.19  -5.20    21.40

DEGREE DAYS
 HEATING
  TODAY            0                         0      0        0
  MONTH TO DATE    0                         0      0        0
  SINCE JUN 1      7                        35    -28       23
  SINCE JUL 1      0                         0      0        0

 COOLING
  TODAY           20                         8     12        3
  MONTH TO DATE  271                       175     96      112
  SINCE JUN 1    541                       318    223      338
  SINCE JAN 1    620                       361    259      499
..................................................................


WIND (MPH)
  HIGHEST WIND SPEED    12   HIGHEST WIND DIRECTION    SW (240)
  HIGHEST GUST SPEED    18   HIGHEST GUST DIRECTION    SW (240)
  AVERAGE WIND SPEED     2.9


SKY COVER
  POSSIBLE SUNSHINE  MM
  AVERAGE SKY COVER 0.3


WEATHER CONDITIONS
 THE FOLLOWING WEATHER WAS RECORDED TODAY.
  FOG


RELATIVE HUMIDITY (PERCENT)
 HIGHEST    90           500 AM
 LOWEST     39           200 PM
 AVERAGE    65

..........................................................


THE NEW PHILADELPHIA OH CLIMATE NORMALS FOR TOMORROW
                         NORMAL    RECORD    YEAR
 MAXIMUM TEMPERATURE (F)   84        93      1991
 MINIMUM TEMPERATURE (F)   62        49      1985


SUNRISE AND SUNSET
JULY 23 2016..........SUNRISE   615 AM EDT   SUNSET   849 PM EDT
JULY 24 2016..........SUNRISE   616 AM EDT   SUNSET   848 PM EDT


-  INDICATES NEGATIVE NUMBERS.
R  INDICATES RECORD WAS SET OR TIED.
MM INDICATES DATA IS MISSING.
T  INDICATES TRACE AMOUNT.




$$
