000
CDUS41 KPBZ 272112
CLIPHD


CLIMATE REPORT
NATIONAL WEATHER SERVICE PITTSBURGH PA
511 PM EDT TUE SEP 27 2016


...................................

...THE NEW PHILADELPHIA OH CLIMATE SUMMARY FOR SEPTEMBER 27 2016...
VALID TODAY AS OF 0500 PM LOCAL TIME.

CLIMATE NORMAL PERIOD 1981 TO 2010
CLIMATE RECORD PERIOD 1946 TO 2016


WEATHER ITEM   OBSERVED TIME   RECORD YEAR NORMAL DEPARTURE LAST
                VALUE   (LST)  VALUE       VALUE  FROM      YEAR
                                                  NORMAL
..................................................................
TEMPERATURE (F)
 TODAY
  MAXIMUM         74    359 PM  88    1986  72      2       77
  MINIMUM         46    636 AM  34    1989  48     -2       62
  AVERAGE         60                        60      0       70

PRECIPITATION (IN)
  TODAY            0.00         MM      MM   0.08  -0.08     0.16
  MONTH TO DATE    1.72                      3.00  -1.28     1.41
  SINCE JUN 1      9.58                     14.35  -4.77     9.82
  SINCE JAN 1     24.23                     29.95  -5.72    23.04

DEGREE DAYS
 HEATING
  TODAY            5                         6     -1        0
  MONTH TO DATE    8                        76    -68       28
  SINCE SEP 1      8                        76    -68       28
  SINCE JUL 1      8                        86    -78       41

 COOLING
  TODAY            0                         1     -1        5
  MONTH TO DATE  184                        63    121      137
  SINCE SEP 1    184                        63    121      137
  SINCE JAN 1   1312                       685    627      856
..................................................................


WIND (MPH)
  HIGHEST WIND SPEED    17   HIGHEST WIND DIRECTION     S (200)
  HIGHEST GUST SPEED    26   HIGHEST GUST DIRECTION     S (200)
  AVERAGE WIND SPEED     5.5


SKY COVER
  POSSIBLE SUNSHINE  MM
  AVERAGE SKY COVER 0.1


WEATHER CONDITIONS
 THE FOLLOWING WEATHER WAS RECORDED TODAY.
  FOG
  FOG W/VISIBILITY <= 1/4 MILE


RELATIVE HUMIDITY (PERCENT)
 HIGHEST   100          1200 AM
 LOWEST     27           200 PM
 AVERAGE    64

..........................................................


THE NEW PHILADELPHIA OH CLIMATE NORMALS FOR TOMORROW
                         NORMAL    RECORD    YEAR
 MAXIMUM TEMPERATURE (F)   71        84      1998
 MINIMUM TEMPERATURE (F)   47        33      1991


SUNRISE AND SUNSET
SEPTEMBER 27 2016.....SUNRISE   719 AM EDT   SUNSET   714 PM EDT
SEPTEMBER 28 2016.....SUNRISE   720 AM EDT   SUNSET   712 PM EDT


-  INDICATES NEGATIVE NUMBERS.
R  INDICATES RECORD WAS SET OR TIED.
MM INDICATES DATA IS MISSING.
T  INDICATES TRACE AMOUNT.




$$
