000
CDUS41 KPBZ 120723
CLIPHD


CLIMATE REPORT
NATIONAL WEATHER SERVICE PITTSBURGH PA
323 AM EDT SAT JUL 12 2014


...................................

...THE NEW PHILADELPHIA OH CLIMATE SUMMARY FOR JULY 11 2014...

CLIMATE NORMAL PERIOD 1981 TO 2010
CLIMATE RECORD PERIOD 1946 TO 2014


WEATHER ITEM   OBSERVED TIME   RECORD YEAR NORMAL DEPARTURE LAST
                VALUE   (LST)  VALUE       VALUE  FROM      YEAR
                                                  NORMAL
..................................................................
TEMPERATURE (F)
 YESTERDAY
  MAXIMUM         84    336 PM  94    1984  83      1       86
  MINIMUM         60            47    1996  62     -2       59
  AVERAGE         72                        72      0       73

PRECIPITATION (IN)
  YESTERDAY        0.00         MM      MM   0.13  -0.13     0.00
  MONTH TO DATE    1.26                      1.22   0.04     2.04
  SINCE JUN 1      6.13                      4.95   1.18     9.60
  SINCE JAN 1     21.31                     20.55   0.76    19.64

DEGREE DAYS
 HEATING
  YESTERDAY        0                         0      0        0
  MONTH TO DATE    3                         0      3        0
  SINCE JUN 1     13                        35    -22       22
  SINCE JUL 1      3                         0      3        0

 COOLING
  YESTERDAY        7                         8     -1        8
  MONTH TO DATE   69                        79    -10       92
  SINCE JUN 1    246                       222     24      237
  SINCE JAN 1    312                       265     47      335
..................................................................


WIND (MPH)
  HIGHEST WIND SPEED     8   HIGHEST WIND DIRECTION    NE (30)
  HIGHEST GUST SPEED    11   HIGHEST GUST DIRECTION    NE (40)
  AVERAGE WIND SPEED     1.0


SKY COVER
  POSSIBLE SUNSHINE  MM
  AVERAGE SKY COVER 0.1


WEATHER CONDITIONS
 THE FOLLOWING WEATHER WAS RECORDED YESTERDAY.
  FOG


RELATIVE HUMIDITY (PERCENT)
 HIGHEST    97           600 AM
 LOWEST     46           200 PM
 AVERAGE    72

..........................................................


THE NEW PHILADELPHIA OH CLIMATE NORMALS FOR TODAY
                         NORMAL    RECORD    YEAR
 MAXIMUM TEMPERATURE (F)   83        91      2012
                                             1989
 MINIMUM TEMPERATURE (F)   62        45      1978


SUNRISE AND SUNSET
JULY 12 2014..........SUNRISE   606 AM EDT   SUNSET   856 PM EDT
JULY 13 2014..........SUNRISE   607 AM EDT   SUNSET   856 PM EDT


-  INDICATES NEGATIVE NUMBERS.
R  INDICATES RECORD WAS SET OR TIED.
MM INDICATES DATA IS MISSING.
T  INDICATES TRACE AMOUNT.




$$
