000
CDUS41 KPBZ 050704
CLIPHD


CLIMATE REPORT
NATIONAL WEATHER SERVICE PITTSBURGH PA
304 AM EDT THU MAY 5 2016


...................................

...THE NEW PHILADELPHIA OH CLIMATE SUMMARY FOR MAY 4 2016...

CLIMATE NORMAL PERIOD 1981 TO 2010
CLIMATE RECORD PERIOD 1946 TO 2016


WEATHER ITEM   OBSERVED TIME   RECORD YEAR NORMAL DEPARTURE LAST
                VALUE   (LST)  VALUE       VALUE  FROM      YEAR
                                                  NORMAL
..................................................................
TEMPERATURE (F)
 YESTERDAY
  MAXIMUM         65    259 PM  86    2001  69     -4       85
  MINIMUM         47            27    1971  44      3       48
  AVERAGE         56                        56      0       67

PRECIPITATION (IN)
  YESTERDAY        0.07         MM      MM   0.11  -0.04     0.15
  MONTH TO DATE    0.41                      0.44  -0.03     0.16
  SINCE JUN 1     30.01                     35.17  -5.16    35.14
  SINCE JAN 1     11.93                     11.87   0.06    10.41

DEGREE DAYS
 HEATING
  YESTERDAY        9                         9      0        0
  MONTH TO DATE   30                        37     -7       13
  SINCE MAR 1   1054                      1245   -191     1205
  SINCE JUL 1   4668                      5452   -784     5823

 COOLING
  YESTERDAY        0                         0      0        2
  MONTH TO DATE    0                         0      0        2
  SINCE MAR 1      0                         7     -7        5
  SINCE JAN 1      0                         7     -7        5
..................................................................


WIND (MPH)
  HIGHEST WIND SPEED    16   HIGHEST WIND DIRECTION     W (250)
  HIGHEST GUST SPEED    25   HIGHEST GUST DIRECTION     W (250)
  AVERAGE WIND SPEED     4.1


SKY COVER
  POSSIBLE SUNSHINE  MM
  AVERAGE SKY COVER 0.8


WEATHER CONDITIONS
 THE FOLLOWING WEATHER WAS RECORDED YESTERDAY.
  LIGHT RAIN


RELATIVE HUMIDITY (PERCENT)
 HIGHEST    93           500 AM
 LOWEST     36          1200 PM
 AVERAGE    65

..........................................................


THE NEW PHILADELPHIA OH CLIMATE NORMALS FOR TODAY
                         NORMAL    RECORD    YEAR
 MAXIMUM TEMPERATURE (F)   69        85      2001
 MINIMUM TEMPERATURE (F)   44        29      2005


SUNRISE AND SUNSET
MAY  5 2016...........SUNRISE   619 AM EDT   SUNSET   826 PM EDT
MAY  6 2016...........SUNRISE   618 AM EDT   SUNSET   827 PM EDT


-  INDICATES NEGATIVE NUMBERS.
R  INDICATES RECORD WAS SET OR TIED.
MM INDICATES DATA IS MISSING.
T  INDICATES TRACE AMOUNT.




$$
