000
CDUS41 KPBZ 190802
CLIPHD


CLIMATE REPORT
NATIONAL WEATHER SERVICE PITTSBURGH PA
302 AM EST SUN NOV 19 2017


...................................

...THE NEW PHILADELPHIA OH CLIMATE SUMMARY FOR NOVEMBER 18 2017...

CLIMATE NORMAL PERIOD 1981 TO 2010
CLIMATE RECORD PERIOD 1948 TO 2017


WEATHER ITEM   OBSERVED TIME   RECORD YEAR NORMAL DEPARTURE LAST
                VALUE   (LST)  VALUE       VALUE  FROM      YEAR
                                                  NORMAL
..................................................................
TEMPERATURE (F)
 YESTERDAY
  MAXIMUM         60    637 PM  74    2016  52      8       74
  MINIMUM         39            14    2014  33      6       38
  AVERAGE         50                        42      8       56

PRECIPITATION (IN)
  YESTERDAY        3.08R         1.96 1993   0.13   2.95     0.00
  MONTH TO DATE    4.55                      1.86   2.69     0.41
  SINCE JUN 1     19.10                     19.22  -0.12    16.01
  SINCE JAN 1     39.85                     34.82   5.03    30.66

DEGREE DAYS
 HEATING
  YESTERDAY       15                        23     -8        9
  MONTH TO DATE  382                       358     24      284
  SINCE SEP 1    709                       847   -138      572
  SINCE JUL 1    719                       857   -138      572

 COOLING
  YESTERDAY        0                         0      0        0
  MONTH TO DATE    0                         0      0        2
  SINCE SEP 1    163                        75     88      211
  SINCE JAN 1    831                       697    134     1339
..................................................................


WIND (MPH)
  HIGHEST WIND SPEED    26   HIGHEST WIND DIRECTION    NW (310)
  HIGHEST GUST SPEED    37   HIGHEST GUST DIRECTION     W (290)
  AVERAGE WIND SPEED     7.2


SKY COVER
  POSSIBLE SUNSHINE  MM
  AVERAGE SKY COVER 0.9


WEATHER CONDITIONS
 THE FOLLOWING WEATHER WAS RECORDED YESTERDAY.
  THUNDERSTORM
  HEAVY RAIN
  RAIN
  LIGHT RAIN
  FOG


RELATIVE HUMIDITY (PERCENT)
 HIGHEST   100           800 PM
 LOWEST     42           300 AM
 AVERAGE    71

..........................................................


THE NEW PHILADELPHIA OH CLIMATE NORMALS FOR TODAY
                         NORMAL    RECORD    YEAR
 MAXIMUM TEMPERATURE (F)   51        71      1971
 MINIMUM TEMPERATURE (F)   33        13      2014


SUNRISE AND SUNSET
NOVEMBER 19 2017......SUNRISE   717 AM EST   SUNSET   505 PM EST
NOVEMBER 20 2017......SUNRISE   718 AM EST   SUNSET   504 PM EST


-  INDICATES NEGATIVE NUMBERS.
R  INDICATES RECORD WAS SET OR TIED.
MM INDICATES DATA IS MISSING.
T  INDICATES TRACE AMOUNT.




$$
