000
CDUS41 KPBZ 270704
CLIPHD


CLIMATE REPORT
NATIONAL WEATHER SERVICE PITTSBURGH PA
303 AM EDT TUE JUN 27 2017


...................................

...THE NEW PHILADELPHIA OH CLIMATE SUMMARY FOR JUNE 26 2017...

CLIMATE NORMAL PERIOD 1981 TO 2010
CLIMATE RECORD PERIOD 1948 TO 2017


WEATHER ITEM   OBSERVED TIME   RECORD YEAR NORMAL DEPARTURE LAST
                VALUE   (LST)  VALUE       VALUE  FROM      YEAR
                                                  NORMAL
..................................................................
TEMPERATURE (F)
 YESTERDAY
  MAXIMUM         74    233 PM  99    1988  82     -8       91
  MINIMUM         50            44    1979  60    -10       64
                                      1967
  AVERAGE         62                        71     -9       78

PRECIPITATION (IN)
  YESTERDAY        0.00          1.99 2008   0.10  -0.10     0.00
  MONTH TO DATE    1.83                      3.41  -1.58     1.17
  SINCE JUN 1      1.83                      3.41  -1.58     1.17
  SINCE JAN 1     22.58                     19.01   3.57    15.82

DEGREE DAYS
 HEATING
  YESTERDAY        3                         0      3        0
  MONTH TO DATE   22                        33    -11        7
  SINCE JUN 1     22                        33    -11        7
  SINCE JUL 1   4706                      5642   -936     4818

 COOLING
  YESTERDAY        0                         6     -6       13
  MONTH TO DATE  168                       117     51      240
  SINCE JUN 1    168                       117     51      240
  SINCE JAN 1    235                       160     75      319
..................................................................


WIND (MPH)
  HIGHEST WIND SPEED    16   HIGHEST WIND DIRECTION     W (250)
  HIGHEST GUST SPEED    23   HIGHEST GUST DIRECTION    SW (240)
  AVERAGE WIND SPEED     5.4


SKY COVER
  POSSIBLE SUNSHINE  MM
  AVERAGE SKY COVER 0.3


WEATHER CONDITIONS
 THE FOLLOWING WEATHER WAS RECORDED YESTERDAY.
  NO SIGNIFICANT WEATHER WAS OBSERVED.


RELATIVE HUMIDITY (PERCENT)
 HIGHEST    96           200 AM
 LOWEST     41           300 PM
 AVERAGE    69

..........................................................


THE NEW PHILADELPHIA OH CLIMATE NORMALS FOR TODAY
                         NORMAL    RECORD    YEAR
 MAXIMUM TEMPERATURE (F)   83        95      1966
 MINIMUM TEMPERATURE (F)   60        43      1981


SUNRISE AND SUNSET
JUNE 27 2017..........SUNRISE   557 AM EDT   SUNSET   900 PM EDT
JUNE 28 2017..........SUNRISE   558 AM EDT   SUNSET   900 PM EDT


-  INDICATES NEGATIVE NUMBERS.
R  INDICATES RECORD WAS SET OR TIED.
MM INDICATES DATA IS MISSING.
T  INDICATES TRACE AMOUNT.




$$
