000
CDUS41 KPHI 300639
CLIPHL


CLIMATE REPORT
NATIONAL WEATHER SERVICE MOUNT HOLLY NJ
237 AM EDT FRI SEP 30 2016


...................................

...THE PHILADELPHIA PA CLIMATE SUMMARY FOR SEPTEMBER 29 2016...

CLIMATE NORMAL PERIOD 1981 TO 2010
CLIMATE RECORD PERIOD 1872 TO 2016


WEATHER ITEM   OBSERVED TIME   RECORD YEAR NORMAL DEPARTURE LAST
                VALUE   (LST)  VALUE       VALUE  FROM      YEAR
                                                  NORMAL
..................................................................
TEMPERATURE (F)
 YESTERDAY
  MAXIMUM         65   1257 PM  89    1921  73     -8       85
  MINIMUM         60   1159 PM  37    1942  55      5       68
  AVERAGE         63                        64     -1       77

PRECIPITATION (IN)
  YESTERDAY        0.78          1.87 1963   0.14   0.64     1.21
  MONTH TO DATE    2.75                      3.65  -0.90     6.00
  SINCE SEP 1      2.75                      3.65  -0.90     6.00
  SINCE JAN 1     27.60                     31.67  -4.07    36.19

SNOWFALL (IN)
  YESTERDAY        0.0           0.0    MM   0.0    0.0      0.0
  MONTH TO DATE    0.0                       0.0    0.0      0.0
  SINCE SEP 1      0.0                       0.0    0.0      0.0
  SINCE JUL 1      0.0                       0.0    0.0      0.0
  SNOW DEPTH       0

DEGREE DAYS
 HEATING
  YESTERDAY        2                         3     -1        0
  MONTH TO DATE    5                        31    -26        0
  SINCE SEP 1      5                        31    -26        0
  SINCE JUL 1      5                        32    -27        0

 COOLING
  YESTERDAY        0                         2     -2       12
  MONTH TO DATE  272                       160    112      284
  SINCE SEP 1    272                       160    112      284
  SINCE JAN 1   1684                      1277    407     1690
..................................................................


WIND (MPH)
  HIGHEST WIND SPEED    29   HIGHEST WIND DIRECTION     E (80)
  HIGHEST GUST SPEED    39   HIGHEST GUST DIRECTION     E (80)
  AVERAGE WIND SPEED    17.3


SKY COVER
  POSSIBLE SUNSHINE  MM
  AVERAGE SKY COVER 1.0


WEATHER CONDITIONS
 THE FOLLOWING WEATHER WAS RECORDED YESTERDAY.
  HEAVY RAIN
  RAIN
  LIGHT RAIN
  FOG


RELATIVE HUMIDITY (PERCENT)
 HIGHEST    97           100 AM
 LOWEST     87           900 AM
 AVERAGE    92

..........................................................


THE PHILADELPHIA PA CLIMATE NORMALS FOR TODAY
                         NORMAL    RECORD    YEAR
 MAXIMUM TEMPERATURE (F)   72        88      1881
 MINIMUM TEMPERATURE (F)   54        38      1942


SUNRISE AND SUNSET
SEPTEMBER 30 2016.....SUNRISE   657 AM EDT   SUNSET   644 PM EDT
OCTOBER  1 2016.......SUNRISE   658 AM EDT   SUNSET   643 PM EDT


-  INDICATES NEGATIVE NUMBERS.
R  INDICATES RECORD WAS SET OR TIED.
MM INDICATES DATA IS MISSING.
T  INDICATES TRACE AMOUNT.




$$
