000
CDUS41 KPHI 270629
CLIPHL


CLIMATE REPORT
NATIONAL WEATHER SERVICE MOUNT HOLLY NJ
129 AM EST FRI FEB 27 2015


...................................

...THE PHILADELPHIA PA CLIMATE SUMMARY FOR FEBRUARY 26 2015...

CLIMATE NORMAL PERIOD 1981 TO 2010
CLIMATE RECORD PERIOD 1872 TO 2015


WEATHER ITEM   OBSERVED TIME   RECORD YEAR NORMAL DEPARTURE LAST
                VALUE   (LST)  VALUE       VALUE  FROM      YEAR
                                                  NORMAL
..................................................................
TEMPERATURE (F)
 YESTERDAY
  MAXIMUM         32    451 PM  69    1890  47    -15       33
  MINIMUM         26    811 AM  10    1990  30     -4       20
                                      1970
  AVERAGE         29                        38     -9       27

PRECIPITATION (IN)
  YESTERDAY        T             2.16 1912   0.10  -0.10     0.09
  MONTH TO DATE    2.36                      2.46  -0.10     5.12
  SINCE DEC 1     10.15                      9.05   1.10    13.87
  SINCE JAN 1      6.88                      5.49   1.39     8.67

SNOWFALL (IN)
  YESTERDAY        T             5.1  1934   0.2   -0.2      1.1
  MONTH TO DATE   10.6                       8.4    2.2     22.4
  SINCE DEC 1     15.0                      18.3   -3.3     59.5
  SINCE JUL 1     15.0                      18.6   -3.6     59.5
  SNOW DEPTH       0

DEGREE DAYS
 HEATING
  YESTERDAY       36                        27      9       38
  MONTH TO DATE 1014                       766    248      826
  SINCE DEC 1   2796                      2613    183     2764
  SINCE JUL 1   3574                      3429    145     3570

 COOLING
  YESTERDAY        0                         0      0        0
  MONTH TO DATE    0                         0      0        0
  SINCE DEC 1      0                         0      0        0
  SINCE JAN 1      0                         0      0        0
..................................................................


WIND (MPH)
  HIGHEST WIND SPEED    21   HIGHEST WIND DIRECTION    NE (40)
  HIGHEST GUST SPEED    28   HIGHEST GUST DIRECTION     N (360)
  AVERAGE WIND SPEED     9.2


SKY COVER
  POSSIBLE SUNSHINE  MM
  AVERAGE SKY COVER 0.9


WEATHER CONDITIONS
 THE FOLLOWING WEATHER WAS RECORDED YESTERDAY.
  LIGHT SNOW


RELATIVE HUMIDITY (PERCENT)
 HIGHEST    75           100 AM
 LOWEST     45           200 PM
 AVERAGE    60

..........................................................


THE PHILADELPHIA PA CLIMATE NORMALS FOR TODAY
                         NORMAL    RECORD    YEAR
 MAXIMUM TEMPERATURE (F)   47        74      1997
 MINIMUM TEMPERATURE (F)   30         6      1900


SUNRISE AND SUNSET
FEBRUARY 27 2015......SUNRISE   638 AM EST   SUNSET   550 PM EST
FEBRUARY 28 2015......SUNRISE   636 AM EST   SUNSET   552 PM EST


-  INDICATES NEGATIVE NUMBERS.
R  INDICATES RECORD WAS SET OR TIED.
MM INDICATES DATA IS MISSING.
T  INDICATES TRACE AMOUNT.




$$
