000
CDUS41 KPHI 210546
CLIPHL


CLIMATE REPORT
NATIONAL WEATHER SERVICE MOUNT HOLLY NJ
146 AM EDT SAT OCT 21 2017


...................................

...THE PHILADELPHIA PA CLIMATE SUMMARY FOR OCTOBER 20 2017...

CLIMATE NORMAL PERIOD 1981 TO 2010
CLIMATE RECORD PERIOD 1872 TO 2017


WEATHER ITEM   OBSERVED TIME   RECORD YEAR NORMAL DEPARTURE LAST
                VALUE   (LST)  VALUE       VALUE  FROM      YEAR
                                                  NORMAL
..................................................................
TEMPERATURE (F)
 YESTERDAY
  MAXIMUM         74    356 PM  81    2016  65      9       81
  MINIMUM         55   1147 PM  27    1974  47      8       63
  AVERAGE         65                        56      9       72

PRECIPITATION (IN)
  YESTERDAY        0.00          2.72 1873   0.10  -0.10     0.00
  MONTH TO DATE    0.96                      2.11  -1.15     1.17
  SINCE SEP 1      4.82                      5.89  -1.07     4.69
  SINCE JAN 1     36.03                     33.91   2.12    29.54

SNOWFALL (IN)
  YESTERDAY        0.0           1.5  1940   0.0    0.0      0.0
  MONTH TO DATE    0.0                       0.0    0.0      0.0
  SINCE SEP 1      0.0                       0.0    0.0      0.0
  SINCE JUL 1      0.0                       0.0    0.0      0.0
  SNOW DEPTH       0

DEGREE DAYS
 HEATING
  YESTERDAY        0                         9     -9        0
  MONTH TO DATE   41                       132    -91       66
  SINCE SEP 1     55                       169   -114       76
  SINCE JUL 1     55                       170   -115       76

 COOLING
  YESTERDAY        0                         0      0        7
  MONTH TO DATE   79                        19     60       37
  SINCE SEP 1    293                       180    113      309
  SINCE JAN 1   1483                      1297    186     1721
..................................................................


WIND (MPH)
  HIGHEST WIND SPEED    16   HIGHEST WIND DIRECTION    NW (330)
  HIGHEST GUST SPEED    21   HIGHEST GUST DIRECTION    NW (310)
  AVERAGE WIND SPEED     7.0


SKY COVER
  POSSIBLE SUNSHINE  MM
  AVERAGE SKY COVER 0.3


WEATHER CONDITIONS
 THE FOLLOWING WEATHER WAS RECORDED YESTERDAY.
  NO SIGNIFICANT WEATHER WAS OBSERVED.


RELATIVE HUMIDITY (PERCENT)
 HIGHEST    93           200 AM
 LOWEST     25           400 PM
 AVERAGE    59

..........................................................


THE PHILADELPHIA PA CLIMATE NORMALS FOR TODAY
                         NORMAL    RECORD    YEAR
 MAXIMUM TEMPERATURE (F)   65        86      1947
 MINIMUM TEMPERATURE (F)   47        28      1952


SUNRISE AND SUNSET
OCTOBER 21 2017.......SUNRISE   718 AM EDT   SUNSET   613 PM EDT
OCTOBER 22 2017.......SUNRISE   719 AM EDT   SUNSET   611 PM EDT


-  INDICATES NEGATIVE NUMBERS.
R  INDICATES RECORD WAS SET OR TIED.
MM INDICATES DATA IS MISSING.
T  INDICATES TRACE AMOUNT.




$$
