996
CDUS41 KPHI 240627
CLIPHL


CLIMATE REPORT
NATIONAL WEATHER SERVICE MOUNT HOLLY NJ
227 AM EDT MON APR 24 2017


...................................

...THE PHILADELPHIA PA CLIMATE SUMMARY FOR APRIL 23 2017...

CLIMATE NORMAL PERIOD 1981 TO 2010
CLIMATE RECORD PERIOD 1872 TO 2017


WEATHER ITEM   OBSERVED TIME   RECORD YEAR NORMAL DEPARTURE LAST
                VALUE   (LST)  VALUE       VALUE  FROM      YEAR
                                                  NORMAL
..................................................................
TEMPERATURE (F)
 YESTERDAY
  MAXIMUM         66    405 PM  91    1960  67     -1       70
  MINIMUM         46    633 AM  33    1982  47     -1       52
  AVERAGE         56                        57     -1       61

PRECIPITATION (IN)
  YESTERDAY        0.00          1.55 1928   0.12  -0.12     0.11
  MONTH TO DATE    2.45                      2.78  -0.33     1.47
  SINCE MAR 1      6.71                      6.57   0.14     3.48
  SINCE JAN 1     10.92                     12.25  -1.33    10.47

SNOWFALL (IN)
  YESTERDAY        0.0           T    1986   0.0    0.0      0.0
  MONTH TO DATE    0.0                       0.5   -0.5      0.3
  SINCE MAR 1      7.0                       3.4    3.6      1.3
  SINCE JUL 1     15.0                      22.4   -7.4     27.5
  SNOW DEPTH       0

DEGREE DAYS
 HEATING
  YESTERDAY        9                         9      0        4
  MONTH TO DATE  175                       289   -114      264
  SINCE MAR 1    878                       954    -76      696
  SINCE JUL 1   3704                      4436   -732     3382

 COOLING
  YESTERDAY        0                         1     -1        0
  MONTH TO DATE   13                         5      8       14
  SINCE MAR 1     13                         6      7       19
  SINCE JAN 1     13                         6      7       19
..................................................................


WIND (MPH)
  HIGHEST WIND SPEED    16   HIGHEST WIND DIRECTION     S (190)
  HIGHEST GUST SPEED    20   HIGHEST GUST DIRECTION     N (20)
  AVERAGE WIND SPEED     6.9


SKY COVER
  POSSIBLE SUNSHINE  MM
  AVERAGE SKY COVER 0.7


WEATHER CONDITIONS
 THE FOLLOWING WEATHER WAS RECORDED YESTERDAY.
  NO SIGNIFICANT WEATHER WAS OBSERVED.


RELATIVE HUMIDITY (PERCENT)
 HIGHEST    77          1000 PM
 LOWEST     37           400 PM
 AVERAGE    57

..........................................................


THE PHILADELPHIA PA CLIMATE NORMALS FOR TODAY
                         NORMAL    RECORD    YEAR
 MAXIMUM TEMPERATURE (F)   67        86      2001
                                             1960
 MINIMUM TEMPERATURE (F)   47        33      1930


SUNRISE AND SUNSET
APRIL 24 2017.........SUNRISE   610 AM EDT   SUNSET   749 PM EDT
APRIL 25 2017.........SUNRISE   609 AM EDT   SUNSET   750 PM EDT


-  INDICATES NEGATIVE NUMBERS.
R  INDICATES RECORD WAS SET OR TIED.
MM INDICATES DATA IS MISSING.
T  INDICATES TRACE AMOUNT.




$$
