533
CDUS41 KPHI 182128
CLIPHL


CLIMATE REPORT
NATIONAL WEATHER SERVICE MOUNT HOLLY NJ
427 PM EST WED JAN 18 2017


...................................

...THE PHILADELPHIA PA CLIMATE SUMMARY FOR JANUARY 18 2017...
VALID TODAY AS OF 0400 PM LOCAL TIME.

CLIMATE NORMAL PERIOD 1981 TO 2010
CLIMATE RECORD PERIOD 1872 TO 2017


WEATHER ITEM   OBSERVED TIME   RECORD YEAR NORMAL DEPARTURE LAST
                VALUE   (LST)  VALUE       VALUE  FROM      YEAR
                                                  NORMAL
..................................................................
TEMPERATURE (F)
 TODAY
  MAXIMUM         49    253 PM  64    2006  40      9       31
                                      1990
  MINIMUM         41    833 AM  -4    1982  25     16       18
  AVERAGE         45                        33     12       25

PRECIPITATION (IN)
  TODAY            0.22          1.84 2015   0.10   0.12     0.00
  MONTH TO DATE    1.75                      1.76  -0.01     1.03
  SINCE DEC 1      4.47                      5.32  -0.85     6.17
  SINCE JAN 1      1.75                      1.76  -0.01     1.03

SNOWFALL (IN)
  TODAY            0.0           3.5  1984   0.2   -0.2      0.0
                                      1918
  MONTH TO DATE    4.9                       3.3    1.6      0.5
  SINCE DEC 1      5.2                       6.7   -1.5      0.5
  SINCE JUL 1      5.2                       7.0   -1.8      0.5
  SNOW DEPTH       0

DEGREE DAYS
 HEATING
  TODAY           20                        32    -12       40
  MONTH TO DATE  507                       574    -67      517
  SINCE DEC 1   1311                      1428   -117      938
  SINCE JUL 1   1942                      2244   -302     1498

 COOLING
  TODAY            0                         0      0        0
  MONTH TO DATE    0                         0      0        0
  SINCE DEC 1      0                         0      0        2
  SINCE JAN 1      0                         0      0        0
..................................................................


WIND (MPH)
  HIGHEST WIND SPEED    12   HIGHEST WIND DIRECTION     N (360)
  HIGHEST GUST SPEED    18   HIGHEST GUST DIRECTION     N (350)
  AVERAGE WIND SPEED     8.2


SKY COVER
  POSSIBLE SUNSHINE  MM
  AVERAGE SKY COVER 0.8


WEATHER CONDITIONS
 THE FOLLOWING WEATHER WAS RECORDED TODAY.
  HEAVY RAIN
  RAIN
  LIGHT RAIN
  FOG


RELATIVE HUMIDITY (PERCENT)
 HIGHEST    96           300 AM
 LOWEST     76           100 PM
 AVERAGE    86

..........................................................


THE PHILADELPHIA PA CLIMATE NORMALS FOR TOMORROW
                         NORMAL    RECORD    YEAR
 MAXIMUM TEMPERATURE (F)   40        65      1951
 MINIMUM TEMPERATURE (F)   25        -5      1994


SUNRISE AND SUNSET
JANUARY 18 2017.......SUNRISE   719 AM EST   SUNSET   504 PM EST
JANUARY 19 2017.......SUNRISE   719 AM EST   SUNSET   505 PM EST


-  INDICATES NEGATIVE NUMBERS.
R  INDICATES RECORD WAS SET OR TIED.
MM INDICATES DATA IS MISSING.
T  INDICATES TRACE AMOUNT.




$$
