000
CDUS41 KPHI 270627
CLIPHL


CLIMATE REPORT
NATIONAL WEATHER SERVICE MOUNT HOLLY NJ
126 AM EST SAT DEC 27 2014


...................................

...THE PHILADELPHIA PA CLIMATE SUMMARY FOR DECEMBER 26 2014...

CLIMATE NORMAL PERIOD 1981 TO 2010
CLIMATE RECORD PERIOD 1872 TO 2014


WEATHER ITEM   OBSERVED TIME   RECORD YEAR NORMAL DEPARTURE LAST
                VALUE   (LST)  VALUE       VALUE  FROM      YEAR
                                                  NORMAL
..................................................................
TEMPERATURE (F)
 YESTERDAY
  MAXIMUM         50    318 PM  68    1964  42      8       42
                                      1889
  MINIMUM         34    532 AM   3    1983  28      6       24
  AVERAGE         42                        35      7       33

PRECIPITATION (IN)
  YESTERDAY        0.00          1.90 1909   0.11  -0.11      T
  MONTH TO DATE    3.25                      3.08   0.17     4.01
  SINCE DEC 1      3.25                      3.08   0.17     4.01
  SINCE JAN 1     47.35                     41.05   6.30    54.69

SNOWFALL (IN)
  YESTERDAY        0.0          15.5  1909   0.2   -0.2       T
  MONTH TO DATE    0.1                       2.6   -2.5     11.2
  SINCE DEC 1      0.1                       2.6   -2.5     11.2
  SINCE JUL 1      0.1                       2.9   -2.8     11.2
  SNOW DEPTH       0

DEGREE DAYS
 HEATING
  YESTERDAY       23                        30     -7       32
  MONTH TO DATE  607                       700    -93      673
  SINCE DEC 1    607                       700    -93      673
  SINCE JUL 1   1385                      1516   -131     1479

 COOLING
  YESTERDAY        0                         0      0        0
  MONTH TO DATE    0                         0      0        0
  SINCE DEC 1      0                         0      0        0
  SINCE JAN 1   1311                      1301     10     1411
..................................................................


WIND (MPH)
  HIGHEST WIND SPEED    14   HIGHEST WIND DIRECTION    SW (240)
  HIGHEST GUST SPEED    17   HIGHEST GUST DIRECTION    NW (320)
  AVERAGE WIND SPEED     8.2


SKY COVER
  POSSIBLE SUNSHINE  MM
  AVERAGE SKY COVER 0.2


WEATHER CONDITIONS
 THE FOLLOWING WEATHER WAS RECORDED YESTERDAY.
  NO SIGNIFICANT WEATHER WAS OBSERVED.


RELATIVE HUMIDITY (PERCENT)
 HIGHEST    82           400 AM
 LOWEST     46           300 PM
 AVERAGE    64

..........................................................


THE PHILADELPHIA PA CLIMATE NORMALS FOR TODAY
                         NORMAL    RECORD    YEAR
 MAXIMUM TEMPERATURE (F)   42        64      1949
 MINIMUM TEMPERATURE (F)   27         8      1989
                                             1914


SUNRISE AND SUNSET
DECEMBER 27 2014......SUNRISE   721 AM EST   SUNSET   443 PM EST
DECEMBER 28 2014......SUNRISE   722 AM EST   SUNSET   444 PM EST


-  INDICATES NEGATIVE NUMBERS.
R  INDICATES RECORD WAS SET OR TIED.
MM INDICATES DATA IS MISSING.
T  INDICATES TRACE AMOUNT.




$$
