000
CDUS41 KPHI 230627
CLIPHL


CLIMATE REPORT
NATIONAL WEATHER SERVICE MOUNT HOLLY NJ
227 AM EDT FRI JUN 23 2017


...................................

...THE PHILADELPHIA PA CLIMATE SUMMARY FOR JUNE 22 2017...

CLIMATE NORMAL PERIOD 1981 TO 2010
CLIMATE RECORD PERIOD 1872 TO 2017


WEATHER ITEM   OBSERVED TIME   RECORD YEAR NORMAL DEPARTURE LAST
                VALUE   (LST)  VALUE       VALUE  FROM      YEAR
                                                  NORMAL
..................................................................
TEMPERATURE (F)
 YESTERDAY
  MAXIMUM         89    421 PM 100    1988  85      4       87
  MINIMUM         69    210 AM  48    1963  66      3       71
  AVERAGE         79                        75      4       79

PRECIPITATION (IN)
  YESTERDAY        0.00          2.47 1967   0.11  -0.11     0.00
  MONTH TO DATE    0.92                      2.53  -1.61     1.08
  SINCE JUN 1      0.92                      2.53  -1.61     1.08
  SINCE JAN 1     18.87                     19.27  -0.40    18.48

SNOWFALL (IN)
  YESTERDAY        0.0           0.0    MM   0.0    0.0      0.0
  MONTH TO DATE    0.0                       0.0    0.0      0.0
  SINCE JUN 1      0.0                       0.0    0.0      0.0
  SINCE JUL 1     15.0                      22.4   -7.4     27.5
  SNOW DEPTH       0

DEGREE DAYS
 HEATING
  YESTERDAY        0                         0      0        0
  MONTH TO DATE    8                         9     -1        0
  SINCE JUN 1      8                         9     -1        0
  SINCE JUL 1   3858                      4611   -753     3587

 COOLING
  YESTERDAY       14                        10      4       14
  MONTH TO DATE  208                       169     39      190
  SINCE JUN 1    208                       169     39      190
  SINCE JAN 1    319                       260     59      304
..................................................................


WIND (MPH)
  HIGHEST WIND SPEED    17   HIGHEST WIND DIRECTION    SW (230)
  HIGHEST GUST SPEED    22   HIGHEST GUST DIRECTION    SW (240)
  AVERAGE WIND SPEED     7.7


SKY COVER
  POSSIBLE SUNSHINE  MM
  AVERAGE SKY COVER 0.8


WEATHER CONDITIONS
 THE FOLLOWING WEATHER WAS RECORDED YESTERDAY.
  NO SIGNIFICANT WEATHER WAS OBSERVED.


RELATIVE HUMIDITY (PERCENT)
 HIGHEST    90           200 AM
 LOWEST     44          1000 AM
 AVERAGE    67

..........................................................


THE PHILADELPHIA PA CLIMATE NORMALS FOR TODAY
                         NORMAL    RECORD    YEAR
 MAXIMUM TEMPERATURE (F)   85        97      1888
 MINIMUM TEMPERATURE (F)   66        47      1963


SUNRISE AND SUNSET
JUNE 23 2017..........SUNRISE   533 AM EDT   SUNSET   833 PM EDT
JUNE 24 2017..........SUNRISE   534 AM EDT   SUNSET   833 PM EDT


-  INDICATES NEGATIVE NUMBERS.
R  INDICATES RECORD WAS SET OR TIED.
MM INDICATES DATA IS MISSING.
T  INDICATES TRACE AMOUNT.




$$
