980
CDUS41 KPHI 120629
CLIPHL


CLIMATE REPORT
NATIONAL WEATHER SERVICE MOUNT HOLLY NJ
128 AM EST FRI FEB 12 2016


...................................

...THE PHILADELPHIA PA CLIMATE SUMMARY FOR FEBRUARY 11 2016...

CLIMATE NORMAL PERIOD 1981 TO 2010
CLIMATE RECORD PERIOD 1872 TO 2016


WEATHER ITEM   OBSERVED TIME   RECORD YEAR NORMAL DEPARTURE LAST
                VALUE   (LST)  VALUE       VALUE  FROM      YEAR
                                                  NORMAL
..................................................................
TEMPERATURE (F)
 YESTERDAY
  MAXIMUM         28   1206 AM  69    2009  43    -15       39
  MINIMUM         21   1159 PM  -6    1899  27     -6       26
  AVERAGE         25                        35    -10       33

PRECIPITATION (IN)
  YESTERDAY        0.00          1.85 1983   0.09  -0.09     0.00
  MONTH TO DATE    1.07                      1.05   0.02     1.02
  SINCE DEC 1      8.84                      7.64   1.20     8.81
  SINCE JAN 1      3.70                      4.08  -0.38     5.54

SNOWFALL (IN)
  YESTERDAY        0.0          21.1  1983   0.3   -0.3      0.0
  MONTH TO DATE    2.1                       3.8   -1.7      0.8
  SINCE DEC 1     25.0                      13.7   11.3      5.2
  SINCE JUL 1     25.0                      14.0   11.0      5.2
  SNOW DEPTH       0

DEGREE DAYS
 HEATING
  YESTERDAY       40                        30     10       32
  MONTH TO DATE  283                       339    -56      365
  SINCE DEC 1   1651                      2186   -535     2147
  SINCE JUL 1   2211                      3002   -791     2925

 COOLING
  YESTERDAY        0                         0      0        0
  MONTH TO DATE    0                         0      0        0
  SINCE DEC 1      2                         0      2        0
  SINCE JAN 1      0                         0      0        0
..................................................................


WIND (MPH)
  HIGHEST WIND SPEED    31   HIGHEST WIND DIRECTION     W (270)
  HIGHEST GUST SPEED    40   HIGHEST GUST DIRECTION     W (280)
  AVERAGE WIND SPEED    17.7


SKY COVER
  POSSIBLE SUNSHINE  MM
  AVERAGE SKY COVER 0.5


WEATHER CONDITIONS
 THE FOLLOWING WEATHER WAS RECORDED YESTERDAY.
  NO SIGNIFICANT WEATHER WAS OBSERVED.


RELATIVE HUMIDITY (PERCENT)
 HIGHEST    55           300 AM
 LOWEST     26           100 PM
 AVERAGE    41

..........................................................


THE PHILADELPHIA PA CLIMATE NORMALS FOR TODAY
                         NORMAL    RECORD    YEAR
 MAXIMUM TEMPERATURE (F)   43        70      1999
 MINIMUM TEMPERATURE (F)   27         2      1979


SUNRISE AND SUNSET
FEBRUARY 12 2016......SUNRISE   658 AM EST   SUNSET   533 PM EST
FEBRUARY 13 2016......SUNRISE   657 AM EST   SUNSET   534 PM EST


-  INDICATES NEGATIVE NUMBERS.
R  INDICATES RECORD WAS SET OR TIED.
MM INDICATES DATA IS MISSING.
T  INDICATES TRACE AMOUNT.




$$
