000
CDUS41 KPHI 230628
CLIPHL


CLIMATE REPORT
NATIONAL WEATHER SERVICE MOUNT HOLLY NJ
228 AM EDT WED APR 23 2014


...................................

...THE PHILADELPHIA PA CLIMATE SUMMARY FOR APRIL 22 2014...

CLIMATE NORMAL PERIOD 1981 TO 2010
CLIMATE RECORD PERIOD 1872 TO 2014


WEATHER ITEM   OBSERVED TIME   RECORD YEAR NORMAL DEPARTURE LAST
                VALUE   (LST)  VALUE       VALUE  FROM      YEAR
                                                  NORMAL
..................................................................
TEMPERATURE (F)
 YESTERDAY
  MAXIMUM         76    134 PM  90    1985  66     10       55
  MINIMUM         48    456 AM  30    1875  46      2       38
  AVERAGE         62                        56      6       47

PRECIPITATION (IN)
  YESTERDAY        T             1.87 2012   0.11  -0.11     0.00
  MONTH TO DATE    1.38                      2.66  -1.28     2.02
  SINCE MAR 1      5.61                      6.45  -0.84     4.44
  SINCE JAN 1     14.28                     12.13   2.15     9.90

SNOWFALL (IN)
  YESTERDAY        0.0           T    1993   0.0    0.0      0.0
                                      1984
  MONTH TO DATE    T                         0.5   -0.5      0.0
  SINCE MAR 1      8.5                       3.4    5.1      1.3
  SINCE JUL 1     68.0                      22.4   45.6      8.3
  SNOW DEPTH       0

DEGREE DAYS
 HEATING
  YESTERDAY        3                         9     -6       18
  MONTH TO DATE  253                       280    -27      249
  SINCE MAR 1   1054                       945    109      979
  SINCE JUL 1   4710                      4427    283     4186

 COOLING
  YESTERDAY        0                         1     -1        0
  MONTH TO DATE    9                         4      5       17
  SINCE MAR 1      9                         5      4       17
  SINCE JAN 1      9                         5      4       17
..................................................................


WIND (MPH)
  HIGHEST WIND SPEED    31   HIGHEST WIND DIRECTION    NW (300)
  HIGHEST GUST SPEED    40   HIGHEST GUST DIRECTION    NW (310)
  AVERAGE WIND SPEED    10.5


SKY COVER
  POSSIBLE SUNSHINE  MM
  AVERAGE SKY COVER 0.7


WEATHER CONDITIONS
 THE FOLLOWING WEATHER WAS RECORDED YESTERDAY.
  THUNDERSTORM
  LIGHT RAIN


RELATIVE HUMIDITY (PERCENT)
 HIGHEST    86           300 AM
 LOWEST     35           100 PM
 AVERAGE    61

..........................................................


THE PHILADELPHIA PA CLIMATE NORMALS FOR TODAY
                         NORMAL    RECORD    YEAR
 MAXIMUM TEMPERATURE (F)   67        91      1960
 MINIMUM TEMPERATURE (F)   47        33      1982


SUNRISE AND SUNSET
APRIL 23 2014.........SUNRISE   612 AM EDT   SUNSET   747 PM EDT
APRIL 24 2014.........SUNRISE   610 AM EDT   SUNSET   748 PM EDT


-  INDICATES NEGATIVE NUMBERS.
R  INDICATES RECORD WAS SET OR TIED.
MM INDICATES DATA IS MISSING.
T  INDICATES TRACE AMOUNT.




$$
