333
CDUS41 KPHI 230634
CLIPHL


CLIMATE REPORT
NATIONAL WEATHER SERVICE MOUNT HOLLY NJ
233 AM EDT TUE MAY 23 2017


...................................

...THE PHILADELPHIA PA CLIMATE SUMMARY FOR MAY 22 2017...

CLIMATE NORMAL PERIOD 1981 TO 2010
CLIMATE RECORD PERIOD 1872 TO 2017


WEATHER ITEM   OBSERVED TIME   RECORD YEAR NORMAL DEPARTURE LAST
                VALUE   (LST)  VALUE       VALUE  FROM      YEAR
                                                  NORMAL
..................................................................
TEMPERATURE (F)
 YESTERDAY
  MAXIMUM         66    914 PM  96    1941  76    -10       66
  MINIMUM         55    526 AM  43    1895  56     -1       52
  AVERAGE         61                        66     -5       59

PRECIPITATION (IN)
  YESTERDAY        0.51          1.67 1947   0.13   0.38     0.11
  MONTH TO DATE    3.80                      2.59   1.21     5.03
  SINCE MAR 1     11.21                      9.94   1.27     8.79
  SINCE JAN 1     15.42                     15.62  -0.20    15.78

SNOWFALL (IN)
  YESTERDAY        0.0           0.0    MM   0.0    0.0      0.0
  MONTH TO DATE    0.0                       0.0    0.0      0.0
  SINCE MAR 1      7.0                       3.4    3.6      1.3
  SINCE JUL 1     15.0                      22.4   -7.4     27.5
  SNOW DEPTH       0

DEGREE DAYS
 HEATING
  YESTERDAY        4                         2      2        6
  MONTH TO DATE  108                        95     13      145
  SINCE MAR 1   1011                      1103    -92      901
  SINCE JUL 1   3837                      4585   -748     3587

 COOLING
  YESTERDAY        0                         3     -3        0
  MONTH TO DATE   58                        40     18        1
  SINCE MAR 1     98                        53     45       24
  SINCE JAN 1     98                        53     45       24
..................................................................


WIND (MPH)
  HIGHEST WIND SPEED    10   HIGHEST WIND DIRECTION     W (290)
  HIGHEST GUST SPEED    17   HIGHEST GUST DIRECTION    NW (330)
  AVERAGE WIND SPEED     4.4


SKY COVER
  POSSIBLE SUNSHINE  MM
  AVERAGE SKY COVER 1.0


WEATHER CONDITIONS
 THE FOLLOWING WEATHER WAS RECORDED YESTERDAY.
  HEAVY RAIN
  RAIN
  LIGHT RAIN
  FOG


RELATIVE HUMIDITY (PERCENT)
 HIGHEST    93           700 AM
 LOWEST     72          1200 AM
 AVERAGE    83

..........................................................


THE PHILADELPHIA PA CLIMATE NORMALS FOR TODAY
                         NORMAL    RECORD    YEAR
 MAXIMUM TEMPERATURE (F)   76        96      1925
 MINIMUM TEMPERATURE (F)   56        41      1961


SUNRISE AND SUNSET
MAY 23 2017...........SUNRISE   539 AM EDT   SUNSET   817 PM EDT
MAY 24 2017...........SUNRISE   539 AM EDT   SUNSET   817 PM EDT


-  INDICATES NEGATIVE NUMBERS.
R  INDICATES RECORD WAS SET OR TIED.
MM INDICATES DATA IS MISSING.
T  INDICATES TRACE AMOUNT.




$$
