000
CDUS43 KUNR 180835
CLIPHP


CLIMATE REPORT
NATIONAL WEATHER SERVICE RAPID CITY SD
135 AM MST SUN FEB 18 2018


...................................

...THE PHILIP SD CLIMATE SUMMARY FOR FEBRUARY 17 2018...

CLIMATE NORMAL PERIOD 1981 TO 2010
CLIMATE RECORD PERIOD 9999 TO 9999


WEATHER ITEM   OBSERVED TIME   NORMAL DEPARTURE LAST
                VALUE   (LST)  VALUE  FROM      YEAR
                                      NORMAL
......................................................
TEMPERATURE (F)
 YESTERDAY
  MAXIMUM         32    155 PM  39     -7       63
  MINIMUM         14    343 AM  13      1       26
  AVERAGE         23            26     -3       45

PRECIPITATION (IN)
  YESTERDAY        T             0.01  -0.01     0.00
  MONTH TO DATE    0.59          0.21   0.38     0.13
  SINCE DEC 1      1.28          0.94   0.34     1.36
  SINCE JAN 1      0.89          0.51   0.38     0.94

DEGREE DAYS
 HEATING
  YESTERDAY       42            39      3       20
  MONTH TO DATE  892           688    204      633
  SINCE DEC 1   3503          3318    185     3629
  SINCE JUL 1   4952          4953     -1     4767

 COOLING
  YESTERDAY        0             0      0        0
  MONTH TO DATE    0             0      0        0
  SINCE DEC 1      0             0      0        0
  SINCE JAN 1      0             0      0        0
......................................................


WIND (MPH)
  HIGHEST WIND SPEED    22   HIGHEST WIND DIRECTION    NW (320)
  HIGHEST GUST SPEED    27   HIGHEST GUST DIRECTION    NW (320)
  AVERAGE WIND SPEED    10.1


SKY COVER
  AVERAGE SKY COVER 0.4


WEATHER CONDITIONS
 THE FOLLOWING WEATHER WAS RECORDED YESTERDAY.
  NO SIGNIFICANT WEATHER WAS OBSERVED.


RELATIVE HUMIDITY (PERCENT)
 HIGHEST    92          1100 PM
 LOWEST     63          1200 PM
 AVERAGE    78

..........................................................




SUNRISE AND SUNSET
FEBRUARY 18 2018......SUNRISE   641 AM MST   SUNSET   520 PM MST
FEBRUARY 19 2018......SUNRISE   639 AM MST   SUNSET   522 PM MST


-  INDICATES NEGATIVE NUMBERS.
R  INDICATES RECORD WAS SET OR TIED.
MM INDICATES DATA IS MISSING.
T  INDICATES TRACE AMOUNT.




$$
