000
CDUS43 KUNR 220832
CLIPHP


CLIMATE REPORT
NATIONAL WEATHER SERVICE RAPID CITY SD
231 AM MDT MON SEP 22 2014


...................................

...THE PHILIP SD CLIMATE SUMMARY FOR SEPTEMBER 21 2014...

CLIMATE NORMAL PERIOD 1981 TO 2010
CLIMATE RECORD PERIOD 9999 TO 9999


WEATHER ITEM   OBSERVED TIME   NORMAL DEPARTURE LAST
                VALUE   (LST)  VALUE  FROM      YEAR
                                      NORMAL
......................................................
TEMPERATURE (F)
 YESTERDAY
  MAXIMUM         76    357 PM  75      1       94
  MINIMUM         39    554 AM  44     -5       39
  AVERAGE         58            60     -2       67

PRECIPITATION (IN)
  YESTERDAY        0.00          0.05  -0.05     0.00
  MONTH TO DATE    0.50          1.05  -0.55     0.42
  SINCE SEP 1      0.50          1.05  -0.55     0.42
  SINCE JAN 1     13.93         14.43  -0.50    10.83

DEGREE DAYS
 HEATING
  YESTERDAY        7             7      0        0
  MONTH TO DATE  147            85     62       23
  SINCE SEP 1    147            85     62       23
  SINCE JUL 1    166           110     56       26

 COOLING
  YESTERDAY        0             2     -2        2
  MONTH TO DATE   35            71    -36      161
  SINCE SEP 1     35            71    -36      161
  SINCE JAN 1    614           806   -192      924
......................................................


WIND (MPH)
  HIGHEST WIND SPEED    10   HIGHEST WIND DIRECTION    NE (30)
  HIGHEST GUST SPEED    14   HIGHEST GUST DIRECTION     N (360)
  AVERAGE WIND SPEED     5.5


SKY COVER
  AVERAGE SKY COVER 0.0


WEATHER CONDITIONS
 THE FOLLOWING WEATHER WAS RECORDED YESTERDAY.
  NO SIGNIFICANT WEATHER WAS OBSERVED.


RELATIVE HUMIDITY (PERCENT)
 HIGHEST    85           600 AM
 LOWEST     21           300 PM
 AVERAGE    53

..........................................................




SUNRISE AND SUNSET
SEPTEMBER 22 2014.....SUNRISE   634 AM MDT   SUNSET   644 PM MDT
SEPTEMBER 23 2014.....SUNRISE   635 AM MDT   SUNSET   642 PM MDT


-  INDICATES NEGATIVE NUMBERS.
R  INDICATES RECORD WAS SET OR TIED.
MM INDICATES DATA IS MISSING.
T  INDICATES TRACE AMOUNT.




$$
