000
CDUS43 KUNR 290835
CLIPHP


CLIMATE REPORT
NATIONAL WEATHER SERVICE RAPID CITY SD
134 AM MST MON DEC 29 2014


...................................

...THE PHILIP SD CLIMATE SUMMARY FOR DECEMBER 28 2014...

CLIMATE NORMAL PERIOD 1981 TO 2010
CLIMATE RECORD PERIOD 9999 TO 9999


WEATHER ITEM   OBSERVED TIME   NORMAL DEPARTURE LAST
                VALUE   (LST)  VALUE  FROM      YEAR
                                      NORMAL
......................................................
TEMPERATURE (F)
 YESTERDAY
  MAXIMUM         22    218 PM  34    -12       42
  MINIMUM          0    746 AM   9     -9        4
  AVERAGE         11            21    -10       23

PRECIPITATION (IN)
  YESTERDAY        0.06          0.02   0.04      T
  MONTH TO DATE    0.27          0.39  -0.12     0.92
  SINCE DEC 1      0.27          0.39  -0.12     0.92
  SINCE JAN 1     16.48         17.31  -0.83    16.19

DEGREE DAYS
 HEATING
  YESTERDAY       54            44     10       42
  MONTH TO DATE  997          1170   -173     1365
  SINCE DEC 1    997          1170   -173     1365
  SINCE JUL 1   2652          2805   -153     2876

 COOLING
  YESTERDAY        0             0      0        0
  MONTH TO DATE    0             0      0        0
  SINCE DEC 1      0             0      0        0
  SINCE JAN 1    649           818   -169      945
......................................................


WIND (MPH)
  HIGHEST WIND SPEED    17   HIGHEST WIND DIRECTION    NE (60)
  HIGHEST GUST SPEED    22   HIGHEST GUST DIRECTION     E (80)
  AVERAGE WIND SPEED     6.9


SKY COVER
  AVERAGE SKY COVER 0.7


WEATHER CONDITIONS
 THE FOLLOWING WEATHER WAS RECORDED YESTERDAY.
  LIGHT SNOW
  FOG


RELATIVE HUMIDITY (PERCENT)
 HIGHEST    88           500 AM
 LOWEST     68           100 PM
 AVERAGE    78

..........................................................




SUNRISE AND SUNSET
DECEMBER 29 2014......SUNRISE   721 AM MST   SUNSET   416 PM MST
DECEMBER 30 2014......SUNRISE   721 AM MST   SUNSET   417 PM MST


-  INDICATES NEGATIVE NUMBERS.
R  INDICATES RECORD WAS SET OR TIED.
MM INDICATES DATA IS MISSING.
T  INDICATES TRACE AMOUNT.




$$
