000
CDUS43 KUNR 210840
CLIPHP


CLIMATE REPORT
NATIONAL WEATHER SERVICE RAPID CITY SD
239 AM MDT THU SEP 21 2017


...................................

...THE PHILIP SD CLIMATE SUMMARY FOR SEPTEMBER 20 2017...

CLIMATE NORMAL PERIOD 1981 TO 2010
CLIMATE RECORD PERIOD 9999 TO 9999


WEATHER ITEM   OBSERVED TIME   NORMAL DEPARTURE LAST
                VALUE   (LST)  VALUE  FROM      YEAR
                                      NORMAL
......................................................
TEMPERATURE (F)
 YESTERDAY
  MAXIMUM         79    335 PM  76      3       86
  MINIMUM         36    528 AM  45     -9       54
  AVERAGE         58            60     -2       70

PRECIPITATION (IN)
  YESTERDAY        0.00          0.05  -0.05     0.00
  MONTH TO DATE    0.36          1.00  -0.64     0.15
  SINCE SEP 1      0.36          1.00  -0.64     0.15
  SINCE JAN 1      8.22         14.38  -6.16    12.16

DEGREE DAYS
 HEATING
  YESTERDAY        7             6      1        0
  MONTH TO DATE   68            78    -10       52
  SINCE SEP 1     68            78    -10       52
  SINCE JUL 1     74           103    -29       71

 COOLING
  YESTERDAY        0             2     -2        5
  MONTH TO DATE   97            69     28       56
  SINCE SEP 1     97            69     28       56
  SINCE JAN 1    893           804     89      886
......................................................


WIND (MPH)
  HIGHEST WIND SPEED    26   HIGHEST WIND DIRECTION    SW (240)
  HIGHEST GUST SPEED    34   HIGHEST GUST DIRECTION    SW (240)
  AVERAGE WIND SPEED     7.9


SKY COVER
  AVERAGE SKY COVER 0.0


WEATHER CONDITIONS
 THE FOLLOWING WEATHER WAS RECORDED YESTERDAY.
  NO SIGNIFICANT WEATHER WAS OBSERVED.


RELATIVE HUMIDITY (PERCENT)
 HIGHEST   100           100 AM
 LOWEST     12           300 PM
 AVERAGE    56

..........................................................




SUNRISE AND SUNSET
SEPTEMBER 21 2017.....SUNRISE   633 AM MDT   SUNSET   645 PM MDT
SEPTEMBER 22 2017.....SUNRISE   634 AM MDT   SUNSET   643 PM MDT


-  INDICATES NEGATIVE NUMBERS.
R  INDICATES RECORD WAS SET OR TIED.
MM INDICATES DATA IS MISSING.
T  INDICATES TRACE AMOUNT.




$$
