000
CDUS43 KUNR 200831
CLIPHP


CLIMATE REPORT
NATIONAL WEATHER SERVICE RAPID CITY SD
231 AM MDT WED AUG 20 2014


...................................

...THE PHILIP SD CLIMATE SUMMARY FOR AUGUST 19 2014...

CLIMATE NORMAL PERIOD 1981 TO 2010
CLIMATE RECORD PERIOD 9999 TO 9999


WEATHER ITEM   OBSERVED TIME   NORMAL DEPARTURE LAST
                VALUE   (LST)  VALUE  FROM      YEAR
                                      NORMAL
......................................................
TEMPERATURE (F)
 YESTERDAY
  MAXIMUM         93    333 PM  89      4       94
  MINIMUM         55    529 AM  58     -3       64
  AVERAGE         74            73      1       79

PRECIPITATION (IN)
  YESTERDAY        0.00          0.05  -0.05     0.00
  MONTH TO DATE    1.56          0.92   0.64     1.20
  SINCE JUN 1      5.67          5.88  -0.21     4.79
  SINCE JAN 1     10.49         12.80  -2.31    10.35

DEGREE DAYS
 HEATING
  YESTERDAY        0             0      0        0
  MONTH TO DATE    0             0      0        0
  SINCE JUN 1     94            71     23       67
  SINCE JUL 1     16             8      8        3

 COOLING
  YESTERDAY        9             9      0       14
  MONTH TO DATE  176           194    -18      115
  SINCE JUN 1    482           622   -140      575
  SINCE JAN 1    522           649   -127      596
......................................................


WIND (MPH)
  HIGHEST WIND SPEED    20   HIGHEST WIND DIRECTION     E (100)
  HIGHEST GUST SPEED    26   HIGHEST GUST DIRECTION     E (110)
  AVERAGE WIND SPEED     8.5


SKY COVER
  AVERAGE SKY COVER 0.0


WEATHER CONDITIONS
 THE FOLLOWING WEATHER WAS RECORDED YESTERDAY.
  NO SIGNIFICANT WEATHER WAS OBSERVED.


RELATIVE HUMIDITY (PERCENT)
 HIGHEST    93           100 AM
 LOWEST     28           300 PM
 AVERAGE    61

..........................................................




SUNRISE AND SUNSET
AUGUST 20 2014........SUNRISE   556 AM MDT   SUNSET   743 PM MDT
AUGUST 21 2014........SUNRISE   557 AM MDT   SUNSET   741 PM MDT


-  INDICATES NEGATIVE NUMBERS.
R  INDICATES RECORD WAS SET OR TIED.
MM INDICATES DATA IS MISSING.
T  INDICATES TRACE AMOUNT.




$$
