000
CDUS43 KUNR 030842
CLIPHP


CLIMATE REPORT
NATIONAL WEATHER SERVICE RAPID CITY SD
138 AM MST TUE MAR 3 2015


...................................

...THE PHILIP SD CLIMATE SUMMARY FOR MARCH 2 2015...

CLIMATE NORMAL PERIOD 1981 TO 2010
CLIMATE RECORD PERIOD 9999 TO 9999


WEATHER ITEM   OBSERVED TIME   NORMAL DEPARTURE LAST
                VALUE   (LST)  VALUE  FROM      YEAR
                                      NORMAL
......................................................
TEMPERATURE (F)
 YESTERDAY
  MAXIMUM         50    329 PM  42      8        0
  MINIMUM          1    150 AM  17    -16      -23
  AVERAGE         26            30     -4      -11

PRECIPITATION (IN)
  YESTERDAY        0.08          0.03   0.05      T
  MONTH TO DATE    0.08          0.07   0.01     0.23
  SINCE MAR 1      0.08          0.07   0.01     0.23
  SINCE JAN 1      0.19          0.85  -0.66     0.71

DEGREE DAYS
 HEATING
  YESTERDAY       39            35      4       76
  MONTH TO DATE   85            71     14      147
  SINCE MAR 1     85            71     14      147
  SINCE JUL 1   5225          5436   -211     5750

 COOLING
  YESTERDAY        0             0      0        0
  MONTH TO DATE    0             0      0        0
  SINCE MAR 1      0             0      0        0
  SINCE JAN 1      0             0      0        0
......................................................


WIND (MPH)
  HIGHEST WIND SPEED    31   HIGHEST WIND DIRECTION     S (190)
  HIGHEST GUST SPEED    40   HIGHEST GUST DIRECTION     S (180)
  AVERAGE WIND SPEED    11.4


SKY COVER
  AVERAGE SKY COVER 0.3


WEATHER CONDITIONS
 THE FOLLOWING WEATHER WAS RECORDED YESTERDAY.
  LIGHT RAIN
  LIGHT SNOW
  FOG


RELATIVE HUMIDITY (PERCENT)
 HIGHEST    87           100 AM
 LOWEST     24           300 PM
 AVERAGE    56

..........................................................




SUNRISE AND SUNSET
MARCH  3 2015.........SUNRISE   620 AM MST   SUNSET   537 PM MST
MARCH  4 2015.........SUNRISE   619 AM MST   SUNSET   538 PM MST


-  INDICATES NEGATIVE NUMBERS.
R  INDICATES RECORD WAS SET OR TIED.
MM INDICATES DATA IS MISSING.
T  INDICATES TRACE AMOUNT.




$$
