000
CDUS43 KUNR 300835
CLIPHP


CLIMATE REPORT
NATIONAL WEATHER SERVICE RAPID CITY SD
235 AM MDT MON MAY 30 2016


...................................

...THE PHILIP SD CLIMATE SUMMARY FOR MAY 29 2016...

CLIMATE NORMAL PERIOD 1981 TO 2010
CLIMATE RECORD PERIOD 9999 TO 9999


WEATHER ITEM   OBSERVED TIME   NORMAL DEPARTURE LAST
                VALUE   (LST)  VALUE  FROM      YEAR
                                      NORMAL
......................................................
TEMPERATURE (F)
 YESTERDAY
  MAXIMUM         79    313 PM  74      5       59
  MINIMUM         47    428 AM  49     -2       37
  AVERAGE         63            62      1       48

PRECIPITATION (IN)
  YESTERDAY        0.00          0.09  -0.09      T
  MONTH TO DATE    1.34          2.83  -1.49     6.44
  SINCE MAR 1      6.01          5.94   0.07     6.87
  SINCE JAN 1      6.69          6.72  -0.03     6.98

DEGREE DAYS
 HEATING
  YESTERDAY        2             5     -3       17
  MONTH TO DATE  257           258     -1      283
  SINCE MAR 1   1496          1760   -264     1514
  SINCE JUL 1   6308          7125   -817     6654

 COOLING
  YESTERDAY        0             1     -1        0
  MONTH TO DATE   10            24    -14        3
  SINCE MAR 1     11            27    -16        6
  SINCE JAN 1     11            27    -16        6
......................................................


WIND (MPH)
  HIGHEST WIND SPEED    16   HIGHEST WIND DIRECTION    SE (150)
  HIGHEST GUST SPEED    19   HIGHEST GUST DIRECTION    SE (130)
  AVERAGE WIND SPEED     8.0


SKY COVER
  AVERAGE SKY COVER 0.1


WEATHER CONDITIONS
 THE FOLLOWING WEATHER WAS RECORDED YESTERDAY.
  NO SIGNIFICANT WEATHER WAS OBSERVED.


RELATIVE HUMIDITY (PERCENT)
 HIGHEST   100           200 AM
 LOWEST     39           200 PM
 AVERAGE    70

..........................................................




SUNRISE AND SUNSET
MAY 30 2016...........SUNRISE   507 AM MDT   SUNSET   821 PM MDT
MAY 31 2016...........SUNRISE   507 AM MDT   SUNSET   822 PM MDT


-  INDICATES NEGATIVE NUMBERS.
R  INDICATES RECORD WAS SET OR TIED.
MM INDICATES DATA IS MISSING.
T  INDICATES TRACE AMOUNT.




$$
