198
CDUS43 KUNR 210838
CLIPHP


CLIMATE REPORT
NATIONAL WEATHER SERVICE RAPID CITY SD
237 AM MDT FRI JUL 21 2017


...................................

...THE PHILIP SD CLIMATE SUMMARY FOR JULY 20 2017...

CLIMATE NORMAL PERIOD 1981 TO 2010
CLIMATE RECORD PERIOD 9999 TO 9999


WEATHER ITEM   OBSERVED TIME   NORMAL DEPARTURE LAST
                VALUE   (LST)  VALUE  FROM      YEAR
                                      NORMAL
......................................................
TEMPERATURE (F)
 YESTERDAY
  MAXIMUM        101    314 PM  90     11      109
  MINIMUM         70    506 AM  61      9       65
  AVERAGE         86            76     10       87

PRECIPITATION (IN)
  YESTERDAY        0.00          0.06  -0.06     0.00
  MONTH TO DATE    0.10          1.46  -1.36     1.03
  SINCE JUN 1      2.17          4.39  -2.22     1.75
  SINCE JAN 1      7.01         11.31  -4.30     8.47

DEGREE DAYS
 HEATING
  YESTERDAY        0             0      0        0
  MONTH TO DATE    0             3     -3        4
  SINCE JUN 1     23            66    -43       11
  SINCE JUL 1      0             3     -3        4

 COOLING
  YESTERDAY       21            11     10       22
  MONTH TO DATE  300           183    117      191
  SINCE JUN 1    450           306    144      418
  SINCE JAN 1    463           333    130      432
......................................................


WIND (MPH)
  HIGHEST WIND SPEED    22   HIGHEST WIND DIRECTION    NE (50)
  HIGHEST GUST SPEED    28   HIGHEST GUST DIRECTION    NE (50)
  AVERAGE WIND SPEED     9.4


SKY COVER
  AVERAGE SKY COVER 0.1


WEATHER CONDITIONS
 THE FOLLOWING WEATHER WAS RECORDED YESTERDAY.
  NO SIGNIFICANT WEATHER WAS OBSERVED.


RELATIVE HUMIDITY (PERCENT)
 HIGHEST   100           500 AM
 LOWEST     24           300 PM
 AVERAGE    62

..........................................................




SUNRISE AND SUNSET
JULY 21 2017..........SUNRISE   523 AM MDT   SUNSET   822 PM MDT
JULY 22 2017..........SUNRISE   524 AM MDT   SUNSET   821 PM MDT


-  INDICATES NEGATIVE NUMBERS.
R  INDICATES RECORD WAS SET OR TIED.
MM INDICATES DATA IS MISSING.
T  INDICATES TRACE AMOUNT.




$$
