000
CDUS43 KUNR 290833
CLIPHP


CLIMATE REPORT
NATIONAL WEATHER SERVICE RAPID CITY SD
233 AM MDT MON MAY 29 2017


...................................

...THE PHILIP SD CLIMATE SUMMARY FOR MAY 28 2017...

CLIMATE NORMAL PERIOD 1981 TO 2010
CLIMATE RECORD PERIOD 9999 TO 9999


WEATHER ITEM   OBSERVED TIME   NORMAL DEPARTURE LAST
                VALUE   (LST)  VALUE  FROM      YEAR
                                      NORMAL
......................................................
TEMPERATURE (F)
 YESTERDAY
  MAXIMUM         80    224 PM  74      6       76
  MINIMUM         46   1142 PM  48     -2       46
  AVERAGE         63            61      2       61

PRECIPITATION (IN)
  YESTERDAY        0.02          0.10  -0.08     0.00
  MONTH TO DATE    1.21          2.74  -1.53     1.34
  SINCE MAR 1      3.77          5.85  -2.08     6.01
  SINCE JAN 1      4.84          6.63  -1.79     6.69

DEGREE DAYS
 HEATING
  YESTERDAY        2             5     -3        4
  MONTH TO DATE  233           253    -20      255
  SINCE MAR 1   1565          1755   -190     1494
  SINCE JUL 1   6625          7120   -495     6306

 COOLING
  YESTERDAY        0             1     -1        0
  MONTH TO DATE   13            23    -10       10
  SINCE MAR 1     13            26    -13       11
  SINCE JAN 1     13            26    -13       11
......................................................


WIND (MPH)
  HIGHEST WIND SPEED    43   HIGHEST WIND DIRECTION     N (10)
  HIGHEST GUST SPEED    54   HIGHEST GUST DIRECTION     N (10)
  AVERAGE WIND SPEED    12.4


SKY COVER
  AVERAGE SKY COVER 0.3


WEATHER CONDITIONS
 THE FOLLOWING WEATHER WAS RECORDED YESTERDAY.
  THUNDERSTORM
  LIGHT RAIN


RELATIVE HUMIDITY (PERCENT)
 HIGHEST    86           400 AM
 LOWEST     19           100 PM
 AVERAGE    53

..........................................................




SUNRISE AND SUNSET
MAY 29 2017...........SUNRISE   508 AM MDT   SUNSET   820 PM MDT
MAY 30 2017...........SUNRISE   507 AM MDT   SUNSET   821 PM MDT


-  INDICATES NEGATIVE NUMBERS.
R  INDICATES RECORD WAS SET OR TIED.
MM INDICATES DATA IS MISSING.
T  INDICATES TRACE AMOUNT.




$$
