000
CDUS45 KPSR 020823
CLIPHX

CLIMATE REPORT
NATIONAL WEATHER SERVICE PHOENIX AZ
122 AM MST TUE JUN 2 2015


...................................

...THE PHOENIX AZ CLIMATE SUMMARY FOR JUNE 1 2015...

CLIMATE NORMAL PERIOD 1981 TO 2010
CLIMATE RECORD PERIOD 1895 TO 2015


WEATHER ITEM   OBSERVED TIME   RECORD YEAR NORMAL DEPARTURE LAST
                VALUE   (LST)  VALUE       VALUE  FROM      YEAR
                                                  NORMAL
..................................................................
TEMPERATURE (F)
 YESTERDAY
  MAXIMUM        105    456 PM 111    2012 100      5      106
  MINIMUM         78    447 AM  50    1917  74      4       78
  AVERAGE         92                        87      5       92

PRECIPITATION (IN)
  YESTERDAY        0.00          0.02 1914   0.00   0.00     0.00
  MONTH TO DATE    0.00                      0.00   0.00     0.00
  SINCE OCT 1      3.54                      5.32  -1.78     3.81
  SINCE JAN 1      2.50                      3.21  -0.71     0.99

SNOWFALL (IN)
  YESTERDAY        0.0
  MONTH TO DATE    0.0
  SINCE JAN 1      0.0
  SINCE JUL 1      0.0
  SNOW DEPTH       0

DEGREE DAYS
 HEATING
  YESTERDAY        0                         0      0        0
  MONTH TO DATE    0                         0      0        0
  SINCE JUN 1      0                         0      0        0
  SINCE JUL 1    520                       935   -415      546

 COOLING
  YESTERDAY       27                        22      5       27
  MONTH TO DATE   27                        22      5       27
  SINCE JUN 1     27                        22      5       27
  SINCE JAN 1   1052                       908    144     1102
..................................................................


WIND (MPH)
  HIGHEST WIND SPEED    21   HIGHEST WIND DIRECTION    NW (300)
  HIGHEST GUST SPEED    28   HIGHEST GUST DIRECTION    NW (300)
  AVERAGE WIND SPEED     9.1


SKY COVER
  AVERAGE SKY COVER 0.2


WEATHER CONDITIONS
 THE FOLLOWING WEATHER WAS RECORDED YESTERDAY.
  NO SIGNIFICANT WEATHER WAS OBSERVED.


RELATIVE HUMIDITY (PERCENT)
 HIGHEST    21           600 AM
 LOWEST      5           400 PM
 AVERAGE    13

..........................................................


THE PHOENIX AZ CLIMATE NORMALS FOR TODAY
                         NORMAL    RECORD    YEAR
 MAXIMUM TEMPERATURE (F)  100       110      2014
                                             2006
                                             1977
 MINIMUM TEMPERATURE (F)   74        53      1917


SUNRISE AND SUNSET
JUNE  2 2015..........SUNRISE   519 AM MST   SUNSET   733 PM MST
JUNE  3 2015..........SUNRISE   519 AM MST   SUNSET   734 PM MST


-  INDICATES NEGATIVE NUMBERS.
R  INDICATES RECORD WAS SET OR TIED.
MM INDICATES DATA IS MISSING.
T  INDICATES TRACE AMOUNT.

&&
.....................................................................

DEW POINT
  HIGHEST DEW POINT    37
   LOWEST DEW POINT    20
  AVERAGE DEW POINT    28
.....................................................................

$$
