000
CDUS45 KPSR 280024
CLIPHX

CLIMATE REPORT
NATIONAL WEATHER SERVICE PHOENIX AZ
522 PM MST TUE JUN 27 2017


...................................

...THE PHOENIX AZ CLIMATE SUMMARY FOR JUNE 27 2017...
VALID TODAY AS OF 0500 PM LOCAL TIME.

CLIMATE NORMAL PERIOD 1981 TO 2010
CLIMATE RECORD PERIOD 1895 TO 2017


WEATHER ITEM   OBSERVED TIME   RECORD YEAR NORMAL DEPARTURE LAST
                VALUE   (LST)  VALUE       VALUE  FROM      YEAR
                                                  NORMAL
..................................................................
TEMPERATURE (F)
 TODAY
  MAXIMUM        110    435 PM 118    1990 106      4      110
  MINIMUM         86    602 AM  55    1965  81      5       90
  AVERAGE         98                        94      4      100

PRECIPITATION (IN)
  TODAY            0.00          0.04 1962   0.00   0.00     0.01
  MONTH TO DATE    0.00                      0.01  -0.01     0.01
  SINCE OCT 1      4.24                      5.33  -1.09     3.05
  SINCE JAN 1      2.41                      3.22  -0.81     1.88

SNOWFALL (IN)
  TODAY            0.0
  MONTH TO DATE    0.0
  SINCE JAN 1      0.0
  SINCE JUL 1      0.0
  SNOW DEPTH       0

DEGREE DAYS
 HEATING
  TODAY            0                         0      0        0
  MONTH TO DATE    0                         0      0        0
  SINCE JUN 1      0                         0      0        0
  SINCE JUL 1    693                       935   -242      829

 COOLING
  TODAY           33                        29      4       35
  MONTH TO DATE  806                       687    119      810
  SINCE JUN 1    806                       687    119      810
  SINCE JAN 1   1880                      1573    307     1817
..................................................................


WIND (MPH)
  HIGHEST WIND SPEED    20   HIGHEST WIND DIRECTION     W (270)
  HIGHEST GUST SPEED    24   HIGHEST GUST DIRECTION     W (280)
  AVERAGE WIND SPEED     8.6


SKY COVER
  AVERAGE SKY COVER 0.1


WEATHER CONDITIONS
 THE FOLLOWING WEATHER WAS RECORDED TODAY.
  NO SIGNIFICANT WEATHER WAS OBSERVED.


RELATIVE HUMIDITY (PERCENT)
 HIGHEST    22           600 AM
 LOWEST      5           100 PM
 AVERAGE    14

..........................................................


THE PHOENIX AZ CLIMATE NORMALS FOR TOMORROW
                         NORMAL    RECORD    YEAR
 MAXIMUM TEMPERATURE (F)  106       118      1990
 MINIMUM TEMPERATURE (F)   81        59      1965


SUNRISE AND SUNSET
JUNE 27 2017..........SUNRISE   521 AM MST   SUNSET   742 PM MST
JUNE 28 2017..........SUNRISE   521 AM MST   SUNSET   742 PM MST


-  INDICATES NEGATIVE NUMBERS.
R  INDICATES RECORD WAS SET OR TIED.
MM INDICATES DATA IS MISSING.
T  INDICATES TRACE AMOUNT.

$$
