000
CDUS45 KPSR 060807
CLIPHX

CLIMATE REPORT
NATIONAL WEATHER SERVICE PHOENIX AZ
106 AM MST TUE DEC 6 2016

...................................

...THE PHOENIX AZ CLIMATE SUMMARY FOR DECEMBER 5 2016...

CLIMATE NORMAL PERIOD 1981 TO 2010
CLIMATE RECORD PERIOD 1895 TO 2016


WEATHER ITEM   OBSERVED TIME   RECORD YEAR NORMAL DEPARTURE LAST
                VALUE   (LST)  VALUE       VALUE  FROM      YEAR
                                                  NORMAL
..................................................................
TEMPERATURE (F)
 YESTERDAY
  MAXIMUM         69    333 PM  82    2012  68      1       75
                                      1965
                                      1939
  MINIMUM         44    714 AM  25    1909  46     -2       46
  AVERAGE         57                        57      0       61

PRECIPITATION (IN)
  YESTERDAY        0.00          0.67 1994   0.03  -0.03     0.00
  MONTH TO DATE    0.00                      0.14  -0.14     0.00
  SINCE OCT 1      0.88                      1.37  -0.49     0.96
  SINCE JAN 1      5.24                      7.29  -2.05     6.94

SNOWFALL (IN)
  YESTERDAY        0.0
  MONTH TO DATE    0.0
  SINCE JAN 1      0.0
  SINCE JUL 1      0.0
  SNOW DEPTH       0

DEGREE DAYS
 HEATING
  YESTERDAY        8                         8      0        4
  MONTH TO DATE   49                        39     10       37
  SINCE DEC 1     49                        39     10       37
  SINCE JUL 1    107                       142    -35      158

 COOLING
  YESTERDAY        0                         0      0        0
  MONTH TO DATE    0                         0      0        0
  SINCE DEC 1      0                         0      0        0
  SINCE JAN 1   5042                      4606    436     5065
..................................................................


WIND (MPH)
  HIGHEST WIND SPEED    12   HIGHEST WIND DIRECTION     E (110)
  HIGHEST GUST SPEED    19   HIGHEST GUST DIRECTION    NW (320)
  AVERAGE WIND SPEED     4.8


SKY COVER
  AVERAGE SKY COVER 0.5


WEATHER CONDITIONS
 THE FOLLOWING WEATHER WAS RECORDED YESTERDAY.
  NO SIGNIFICANT WEATHER WAS OBSERVED.


RELATIVE HUMIDITY (PERCENT)
 HIGHEST    53           600 AM
 LOWEST     15           400 PM
 AVERAGE    34

..........................................................


THE PHOENIX AZ CLIMATE NORMALS FOR TODAY
                         NORMAL    RECORD    YEAR
 MAXIMUM TEMPERATURE (F)   67        83      1939
 MINIMUM TEMPERATURE (F)   46        27      1960


SUNRISE AND SUNSET
DECEMBER  6 2016......SUNRISE   719 AM MST   SUNSET   520 PM MST
DECEMBER  7 2016......SUNRISE   719 AM MST   SUNSET   520 PM MST


-  INDICATES NEGATIVE NUMBERS.
R  INDICATES RECORD WAS SET OR TIED.
MM INDICATES DATA IS MISSING.
T  INDICATES TRACE AMOUNT.

&&
.....................................................................

DEW POINT
  HIGHEST DEW POINT    30
   LOWEST DEW POINT    16
  AVERAGE DEW POINT    25
.....................................................................

$$
