000
CDUS45 KPSR 010833
CLIPHX

CLIMATE REPORT
NATIONAL WEATHER SERVICE PHOENIX AZ
133 AM MST MON SEP 1 2014


...................................

...THE PHOENIX AZ CLIMATE SUMMARY FOR AUGUST 31 2014...

CLIMATE NORMAL PERIOD 1981 TO 2010
CLIMATE RECORD PERIOD 1895 TO 2014


WEATHER ITEM   OBSERVED TIME   RECORD YEAR NORMAL DEPARTURE LAST
                VALUE   (LST)  VALUE       VALUE  FROM      YEAR
                                                  NORMAL
..................................................................
TEMPERATURE (F)
 YESTERDAY
  MAXIMUM        109    316 PM 113    1950 104      5      101
  MINIMUM         83    647 AM  62    1962  81      2       81
  AVERAGE         96                        92      4       91

PRECIPITATION (IN)
  YESTERDAY        0.00          0.61 1919   0.02  -0.02      T
  MONTH TO DATE    1.17                      1.00   0.17     0.36
  SINCE OCT 1      5.04                      7.39  -2.35     5.66
  SINCE JAN 1      2.22                      5.28  -3.06     4.74

SNOWFALL (IN)
  YESTERDAY        0.0
  MONTH TO DATE    0.0
  SINCE JAN 1      0.0
  SINCE JUL 1      0.0
  SNOW DEPTH       0

DEGREE DAYS
 HEATING
  YESTERDAY        0                         0      0        0
  MONTH TO DATE    0                         0      0        0
  SINCE JUN 1      0                         0      0        0
  SINCE JUL 1      0                         0      0        0

 COOLING
  YESTERDAY       31                        27      4       26
  MONTH TO DATE  831                       885    -54      929
  SINCE JUN 1   2670                      2583     87     2790
  SINCE JAN 1   3745                      3469    276     3888
..................................................................


WIND (MPH)
  HIGHEST WIND SPEED    15   HIGHEST WIND DIRECTION     W (250)
  HIGHEST GUST SPEED    20   HIGHEST GUST DIRECTION     W (280)
  AVERAGE WIND SPEED     7.8


SKY COVER
  AVERAGE SKY COVER 0.3


WEATHER CONDITIONS
 THE FOLLOWING WEATHER WAS RECORDED YESTERDAY.
  NO SIGNIFICANT WEATHER WAS OBSERVED.


RELATIVE HUMIDITY (PERCENT)
 HIGHEST    29           400 AM
 LOWEST      9           500 PM
 AVERAGE    19

..........................................................


THE PHOENIX AZ CLIMATE NORMALS FOR TODAY
                         NORMAL    RECORD    YEAR
 MAXIMUM TEMPERATURE (F)  104       116      1950
 MINIMUM TEMPERATURE (F)   81        63      1962


SUNRISE AND SUNSET
SEPTEMBER  1 2014.....SUNRISE   602 AM MST   SUNSET   653 PM MST
SEPTEMBER  2 2014.....SUNRISE   603 AM MST   SUNSET   652 PM MST


-  INDICATES NEGATIVE NUMBERS.
R  INDICATES RECORD WAS SET OR TIED.
MM INDICATES DATA IS MISSING.
T  INDICATES TRACE AMOUNT.

&&
.....................................................................

DEW POINT
  HIGHEST DEW POINT    51
   LOWEST DEW POINT    36
  AVERAGE DEW POINT    44
.....................................................................

$$
