000
CDUS43 KILX 302149
CLIPIA


CLIMATE REPORT
NATIONAL WEATHER SERVICE LINCOLN IL
449 PM CDT MON MAY 30 2016


...................................

...THE PEORIA IL CLIMATE SUMMARY FOR MAY 30 2016...
VALID TODAY AS OF 0400 PM LOCAL TIME.

CLIMATE NORMAL PERIOD 1981 TO 2010
CLIMATE RECORD PERIOD 1883 TO 2016


WEATHER ITEM   OBSERVED TIME   RECORD YEAR NORMAL DEPARTURE LAST
                VALUE   (LST)  VALUE       VALUE  FROM      YEAR
                                                  NORMAL
..................................................................
TEMPERATURE (F)
 TODAY
  MAXIMUM         90    202 PM  98    1934  78     12       74
  MINIMUM         62    501 AM  37    1930  56      6       52
  AVERAGE         76                        67      9       63

PRECIPITATION (IN)
  TODAY            0.00          1.46 2004   0.13  -0.13     0.58
  MONTH TO DATE    2.82                      4.20  -1.38     5.02
  SINCE MAR 1      7.69                     10.63  -2.94     9.05
  SINCE JAN 1      9.07                     14.20  -5.13    12.77

SNOWFALL (IN)
  TODAY            0.0           0.0    MM   0.0    0.0      0.0
  MONTH TO DATE    0.0                       0.0    0.0      0.0
  SINCE MAR 1      0.2                       3.3   -3.1      2.7
  SINCE JUL 1     15.3                      24.6   -9.3     27.0
  SNOW DEPTH       0

DEGREE DAYS
 HEATING
  TODAY            0                         2     -2        2
  MONTH TO DATE  147                       145      2       76
  SINCE MAR 1   1058                      1294   -236     1093
  SINCE JUL 1   4641                      5810  -1169     5799

 COOLING
  TODAY           11                         4      7        0
  MONTH TO DATE   80                        63     17      143
  SINCE MAR 1     98                        77     21      154
  SINCE JAN 1     98                        77     21      154
..................................................................


WIND (MPH)
  HIGHEST WIND SPEED    14   HIGHEST WIND DIRECTION     W (290)
  HIGHEST GUST SPEED    20   HIGHEST GUST DIRECTION     W (280)
  AVERAGE WIND SPEED     3.7


SKY COVER
  POSSIBLE SUNSHINE  MM
  AVERAGE SKY COVER 0.0


WEATHER CONDITIONS
 THE FOLLOWING WEATHER WAS RECORDED TODAY.
  NO SIGNIFICANT WEATHER WAS OBSERVED.


RELATIVE HUMIDITY (PERCENT)
 HIGHEST    90           500 AM
 LOWEST     29           200 PM
 AVERAGE    60

..........................................................


THE PEORIA IL CLIMATE NORMALS FOR TOMORROW
                         NORMAL    RECORD    YEAR
 MAXIMUM TEMPERATURE (F)   78       104      1934
 MINIMUM TEMPERATURE (F)   56        36      1897


SUNRISE AND SUNSET
MAY 30 2016...........SUNRISE   531 AM CDT   SUNSET   822 PM CDT
MAY 31 2016...........SUNRISE   530 AM CDT   SUNSET   823 PM CDT


-  INDICATES NEGATIVE NUMBERS.
R  INDICATES RECORD WAS SET OR TIED.
MM INDICATES DATA IS MISSING.
T  INDICATES TRACE AMOUNT.




$$
