000
CDUS43 KILX 300708
CLIPIA


CLIMATE REPORT
NATIONAL WEATHER SERVICE LINCOLN IL
208 AM CDT TUE AUG 30 2016


...................................

...THE PEORIA IL CLIMATE SUMMARY FOR AUGUST 29 2016...

CLIMATE NORMAL PERIOD 1981 TO 2010
CLIMATE RECORD PERIOD 1883 TO 2016


WEATHER ITEM   OBSERVED TIME   RECORD YEAR NORMAL DEPARTURE LAST
                VALUE   (LST)  VALUE       VALUE  FROM      YEAR
                                                  NORMAL
..................................................................
TEMPERATURE (F)
 YESTERDAY
  MAXIMUM         89    347 PM  96    1984  83      6       83
  MINIMUM         69    607 AM  43    1986  62      7       68
  AVERAGE         79                        72      7       76

PRECIPITATION (IN)
  YESTERDAY        0.32          4.32 1955   0.10   0.22     0.02
  MONTH TO DATE    6.69                      3.02   3.67     2.03
  SINCE JUN 1     15.14                     10.40   4.74    19.47
  SINCE JAN 1     24.25                     24.73  -0.48    32.24

SNOWFALL (IN)
  YESTERDAY        0.0           0.0    MM   0.0    0.0      0.0
  MONTH TO DATE    0.0                       0.0    0.0      0.0
  SINCE JUN 1      0.0                       0.0    0.0      0.0
  SINCE JUL 1      0.0                       0.0    0.0      0.0
  SNOW DEPTH       0

DEGREE DAYS
 HEATING
  YESTERDAY        0                         0      0        0
  MONTH TO DATE    0                         0      0        0
  SINCE JUN 1      4                        19    -15       12
  SINCE JUL 1      4                         1      3        5

 COOLING
  YESTERDAY       14                         8      6       11
  MONTH TO DATE  341                       263     78      276
  SINCE JUN 1   1032                       813    219      932
  SINCE JAN 1   1138                       894    244     1086
..................................................................


WIND (MPH)
  HIGHEST WIND SPEED    10   HIGHEST WIND DIRECTION    SE (120)
  HIGHEST GUST SPEED    13   HIGHEST GUST DIRECTION    SE (150)
  AVERAGE WIND SPEED     4.0


SKY COVER
  POSSIBLE SUNSHINE  MM
  AVERAGE SKY COVER 0.2


WEATHER CONDITIONS
 THE FOLLOWING WEATHER WAS RECORDED YESTERDAY.
  HEAVY RAIN
  LIGHT RAIN
  FOG


RELATIVE HUMIDITY (PERCENT)
 HIGHEST   100          1200 AM
 LOWEST     63           100 PM
 AVERAGE    82

..........................................................


THE PEORIA IL CLIMATE NORMALS FOR TODAY
                         NORMAL    RECORD    YEAR
 MAXIMUM TEMPERATURE (F)   82        99      2013
 MINIMUM TEMPERATURE (F)   62        44      1915


SUNRISE AND SUNSET
AUGUST 30 2016........SUNRISE   624 AM CDT   SUNSET   733 PM CDT
AUGUST 31 2016........SUNRISE   625 AM CDT   SUNSET   732 PM CDT


-  INDICATES NEGATIVE NUMBERS.
R  INDICATES RECORD WAS SET OR TIED.
MM INDICATES DATA IS MISSING.
T  INDICATES TRACE AMOUNT.




$$
