000
CDUS43 KILX 170647
CLIPIA


CLIMATE REPORT
NATIONAL WEATHER SERVICE LINCOLN IL
1247 AM CST SUN DEC 17 2017


...................................

...THE PEORIA IL CLIMATE SUMMARY FOR DECEMBER 16 2017...

CLIMATE NORMAL PERIOD 1981 TO 2010
CLIMATE RECORD PERIOD 1883 TO 2017


WEATHER ITEM   OBSERVED TIME   RECORD YEAR NORMAL DEPARTURE LAST
                VALUE   (LST)  VALUE       VALUE  FROM      YEAR
                                                  NORMAL
..................................................................
TEMPERATURE (F)
 YESTERDAY
  MAXIMUM         53    305 PM  62    1984  35     18       26
  MINIMUM         27    719 AM -14    1951  21      6       16
  AVERAGE         40                        28     12       21

PRECIPITATION (IN)
  YESTERDAY        0.00          0.73 1921   0.07  -0.07     0.05
  MONTH TO DATE    0.06                      1.38  -1.32     0.61
  SINCE DEC 1      0.06                      1.38  -1.32     0.61
  SINCE JAN 1     33.20                     35.45  -2.25    36.63

SNOWFALL (IN)
  YESTERDAY        0.0           5.1  1911   0.3   -0.3       T
  MONTH TO DATE    T                         3.4   -3.4      4.6
  SINCE DEC 1      T                         3.4   -3.4      4.6
  SINCE JUL 1      T                         4.5   -4.5      4.6
  SNOW DEPTH       0

DEGREE DAYS
 HEATING
  YESTERDAY       25                        37    -12       44
  MONTH TO DATE  489                       550    -61      602
  SINCE DEC 1    489                       550    -61      602
  SINCE JUL 1   1476                      1698   -222     1340

 COOLING
  YESTERDAY        0                         0      0        0
  MONTH TO DATE    0                         0      0        0
  SINCE DEC 1      0                         0      0        0
  SINCE JAN 1   1157                      1039    118     1423
..................................................................


WIND (MPH)
  HIGHEST WIND SPEED    15   HIGHEST WIND DIRECTION    SW (220)
  HIGHEST GUST SPEED    19   HIGHEST GUST DIRECTION    SW (220)
  AVERAGE WIND SPEED     6.7


SKY COVER
  POSSIBLE SUNSHINE  MM
  AVERAGE SKY COVER 0.1


WEATHER CONDITIONS
 THE FOLLOWING WEATHER WAS RECORDED YESTERDAY.
  NO SIGNIFICANT WEATHER WAS OBSERVED.


RELATIVE HUMIDITY (PERCENT)
 HIGHEST    78           400 AM
 LOWEST     38           200 PM
 AVERAGE    58

..........................................................


THE PEORIA IL CLIMATE NORMALS FOR TODAY
                         NORMAL    RECORD    YEAR
 MAXIMUM TEMPERATURE (F)   35        59      1895
 MINIMUM TEMPERATURE (F)   20        -8      1945


SUNRISE AND SUNSET
DECEMBER 17 2017......SUNRISE   717 AM CST   SUNSET   433 PM CST
DECEMBER 18 2017......SUNRISE   718 AM CST   SUNSET   433 PM CST


-  INDICATES NEGATIVE NUMBERS.
R  INDICATES RECORD WAS SET OR TIED.
MM INDICATES DATA IS MISSING.
T  INDICATES TRACE AMOUNT.




$$
