000
CDUS43 KILX 260633
CLIPIA


CLIMATE REPORT
NATIONAL WEATHER SERVICE LINCOLN IL
132 AM CDT MON SEP 26 2016


...................................

...THE PEORIA IL CLIMATE SUMMARY FOR SEPTEMBER 25 2016...

CLIMATE NORMAL PERIOD 1981 TO 2010
CLIMATE RECORD PERIOD 1883 TO 2016


WEATHER ITEM   OBSERVED TIME   RECORD YEAR NORMAL DEPARTURE LAST
                VALUE   (LST)  VALUE       VALUE  FROM      YEAR
                                                  NORMAL
..................................................................
TEMPERATURE (F)
 YESTERDAY
  MAXIMUM         87    302 PM  92    1891  73     14       86
  MINIMUM         63   1159 PM  33    1907  51     12       60
  AVERAGE         75                        62     13       73

PRECIPITATION (IN)
  YESTERDAY        T             1.71 1941   0.10  -0.10     0.00
  MONTH TO DATE    3.86                      2.67   1.19     3.24
  SINCE SEP 1      3.86                      2.67   1.19     3.24
  SINCE JAN 1     28.87                     27.62   1.25    35.48

SNOWFALL (IN)
  YESTERDAY        0.0           1.0  1942   0.0    0.0      0.0
  MONTH TO DATE    0.0                       0.0    0.0      0.0
  SINCE SEP 1      0.0                       0.0    0.0      0.0
  SINCE JUL 1      0.0                       0.0    0.0      0.0
  SNOW DEPTH       0

DEGREE DAYS
 HEATING
  YESTERDAY        0                         5     -5        0
  MONTH TO DATE    0                        55    -55       11
  SINCE SEP 1      0                        55    -55       11
  SINCE JUL 1      4                        61    -57       16

 COOLING
  YESTERDAY       10                         2      8        8
  MONTH TO DATE  212                       108    104      252
  SINCE SEP 1    212                       108    104      252
  SINCE JAN 1   1369                      1015    354     1364
..................................................................


WIND (MPH)
  HIGHEST WIND SPEED    22   HIGHEST WIND DIRECTION    NW (300)
  HIGHEST GUST SPEED    29   HIGHEST GUST DIRECTION     W (290)
  AVERAGE WIND SPEED     9.1


SKY COVER
  POSSIBLE SUNSHINE  MM
  AVERAGE SKY COVER 0.2


WEATHER CONDITIONS
 THE FOLLOWING WEATHER WAS RECORDED YESTERDAY.
  LIGHT RAIN
  FOG


RELATIVE HUMIDITY (PERCENT)
 HIGHEST    97           500 AM
 LOWEST     50           300 PM
 AVERAGE    74

..........................................................


THE PEORIA IL CLIMATE NORMALS FOR TODAY
                         NORMAL    RECORD    YEAR
 MAXIMUM TEMPERATURE (F)   73        93      1897
 MINIMUM TEMPERATURE (F)   51        29      1928


SUNRISE AND SUNSET
SEPTEMBER 26 2016.....SUNRISE   651 AM CDT   SUNSET   648 PM CDT
SEPTEMBER 27 2016.....SUNRISE   652 AM CDT   SUNSET   647 PM CDT


-  INDICATES NEGATIVE NUMBERS.
R  INDICATES RECORD WAS SET OR TIED.
MM INDICATES DATA IS MISSING.
T  INDICATES TRACE AMOUNT.




$$
