000
CDUS43 KILX 040636
CLIPIA


CLIMATE REPORT
NATIONAL WEATHER SERVICE LINCOLN IL
136 AM CDT WED MAY 4 2016


...................................

...THE PEORIA IL CLIMATE SUMMARY FOR MAY 3 2016...

CLIMATE NORMAL PERIOD 1981 TO 2010
CLIMATE RECORD PERIOD 1883 TO 2016


WEATHER ITEM   OBSERVED TIME   RECORD YEAR NORMAL DEPARTURE LAST
                VALUE   (LST)  VALUE       VALUE  FROM      YEAR
                                                  NORMAL
..................................................................
TEMPERATURE (F)
 YESTERDAY
  MAXIMUM         69    255 PM  92    1895  69      0       86
  MINIMUM         41    535 AM  28    2005  48     -7       58
  AVERAGE         55                        58     -3       72

PRECIPITATION (IN)
  YESTERDAY        0.00          1.21 2013   0.13  -0.13     0.00
  MONTH TO DATE    T                         0.40  -0.40     0.00
  SINCE MAR 1      4.87                      6.83  -1.96     4.03
  SINCE JAN 1      6.25                     10.40  -4.15     7.75

SNOWFALL (IN)
  YESTERDAY        0.0           T    1954   0.0    0.0      0.0
                                      1907
  MONTH TO DATE    0.0                       0.0    0.0      0.0
  SINCE MAR 1      0.2                       3.3   -3.1      2.7
  SINCE JUL 1     15.3                      24.6   -9.3     27.0
  SNOW DEPTH       0

DEGREE DAYS
 HEATING
  YESTERDAY       10                         7      3        0
  MONTH TO DATE   35                        23     12       13
  SINCE MAR 1    946                      1172   -226     1030
  SINCE JUL 1   4529                      5688  -1159     5736

 COOLING
  YESTERDAY        0                         1     -1        7
  MONTH TO DATE    0                         3     -3        7
  SINCE MAR 1     18                        17      1       18
  SINCE JAN 1     18                        17      1       18
..................................................................


WIND (MPH)
  HIGHEST WIND SPEED    20   HIGHEST WIND DIRECTION     W (270)
  HIGHEST GUST SPEED    23   HIGHEST GUST DIRECTION     W (280)
  AVERAGE WIND SPEED     6.7


SKY COVER
  POSSIBLE SUNSHINE  MM
  AVERAGE SKY COVER 0.3


WEATHER CONDITIONS
 THE FOLLOWING WEATHER WAS RECORDED YESTERDAY.
  FOG


RELATIVE HUMIDITY (PERCENT)
 HIGHEST    96           200 AM
 LOWEST     28           300 PM
 AVERAGE    62

..........................................................


THE PEORIA IL CLIMATE NORMALS FOR TODAY
                         NORMAL    RECORD    YEAR
 MAXIMUM TEMPERATURE (F)   70        90      1959
                                             1952
 MINIMUM TEMPERATURE (F)   48        30      2005
                                             1907


SUNRISE AND SUNSET
MAY  4 2016...........SUNRISE   553 AM CDT   SUNSET   758 PM CDT
MAY  5 2016...........SUNRISE   552 AM CDT   SUNSET   759 PM CDT


-  INDICATES NEGATIVE NUMBERS.
R  INDICATES RECORD WAS SET OR TIED.
MM INDICATES DATA IS MISSING.
T  INDICATES TRACE AMOUNT.




$$
