000
CDUS43 KILX 292149
CLIPIA


CLIMATE REPORT
NATIONAL WEATHER SERVICE LINCOLN IL
448 PM CDT MON MAY 29 2017


...................................

...THE PEORIA IL CLIMATE SUMMARY FOR MAY 29 2017...
VALID TODAY AS OF 0400 PM LOCAL TIME.

CLIMATE NORMAL PERIOD 1981 TO 2010
CLIMATE RECORD PERIOD 1883 TO 2017


WEATHER ITEM   OBSERVED TIME   RECORD YEAR NORMAL DEPARTURE LAST
                VALUE   (LST)  VALUE       VALUE  FROM      YEAR
                                                  NORMAL
..................................................................
TEMPERATURE (F)
 TODAY
  MAXIMUM         79    215 PM  99    1934  77      2       83
  MINIMUM         55    452 AM  33    1965  56     -1       62
  AVERAGE         67                        66      1       73

PRECIPITATION (IN)
  TODAY            0.00          1.62 1889   0.12  -0.12     0.00
  MONTH TO DATE    3.62                      4.07  -0.45     2.82
  SINCE MAR 1     15.83                     10.50   5.33     7.69
  SINCE JAN 1     18.49                     14.07   4.42     9.07

SNOWFALL (IN)
  TODAY            0.0           0.0    MM   0.0    0.0      0.0
  MONTH TO DATE    0.0                       0.0    0.0      0.0
  SINCE MAR 1      4.2                       3.3    0.9      0.2
  SINCE JUL 1     13.9                      24.6  -10.7     15.3
  SNOW DEPTH       0

DEGREE DAYS
 HEATING
  TODAY            0                         2     -2        0
  MONTH TO DATE  149                       143      6      147
  SINCE MAR 1   1093                      1292   -199     1058
  SINCE JUL 1   4700                      5808  -1108     4641

 COOLING
  TODAY            2                         4     -2        8
  MONTH TO DATE   62                        59      3       69
  SINCE MAR 1     80                        73      7       87
  SINCE JAN 1     80                        73      7       87
..................................................................


WIND (MPH)
  HIGHEST WIND SPEED    18   HIGHEST WIND DIRECTION    NW (300)
  HIGHEST GUST SPEED    24   HIGHEST GUST DIRECTION    NW (300)
  AVERAGE WIND SPEED     7.2


SKY COVER
  POSSIBLE SUNSHINE  MM
  AVERAGE SKY COVER 0.3


WEATHER CONDITIONS
 THE FOLLOWING WEATHER WAS RECORDED TODAY.
  NO SIGNIFICANT WEATHER WAS OBSERVED.


RELATIVE HUMIDITY (PERCENT)
 HIGHEST    83           500 AM
 LOWEST     30           300 PM
 AVERAGE    57

..........................................................


THE PEORIA IL CLIMATE NORMALS FOR TOMORROW
                         NORMAL    RECORD    YEAR
 MAXIMUM TEMPERATURE (F)   78        98      1934
 MINIMUM TEMPERATURE (F)   56        37      1930


SUNRISE AND SUNSET
MAY 29 2017...........SUNRISE   531 AM CDT   SUNSET   822 PM CDT
MAY 30 2017...........SUNRISE   531 AM CDT   SUNSET   822 PM CDT


-  INDICATES NEGATIVE NUMBERS.
R  INDICATES RECORD WAS SET OR TIED.
MM INDICATES DATA IS MISSING.
T  INDICATES TRACE AMOUNT.




$$
