000
CDUS45 KPIH 252323
CLIPIH


CLIMATE REPORT
NATIONAL WEATHER SERVICE POCATELLO ID
521 PM MDT TUE APR 25 2017


...................................

...THE POCATELLO ID CLIMATE SUMMARY FOR APRIL 25 2017...
VALID TODAY AS OF 0500 PM LOCAL TIME.

CLIMATE NORMAL PERIOD 1981 TO 2010
CLIMATE RECORD PERIOD 1939 TO 2017


WEATHER ITEM   OBSERVED TIME   RECORD YEAR NORMAL DEPARTURE LAST
                VALUE   (LST)  VALUE       VALUE  FROM      YEAR
                                                  NORMAL
..................................................................
TEMPERATURE (F)
 TODAY
  MAXIMUM         55    246 PM  86    1946  61     -6       61
  MINIMUM         38    821 AM  24    2013  35      3       34
                                      2009
  AVERAGE         47                        48     -1       48

PRECIPITATION (IN)
  TODAY            0.02          0.72 1971   0.04  -0.02     0.07
  MONTH TO DATE    2.16                      0.92   1.24     0.90
  SINCE OCT 1     15.61                      7.36   8.25     9.08
  SINCE JAN 1      9.05                      4.14   4.91     5.51

SNOWFALL (IN)
  TODAY           0.00
  MONTH TO DATE    T
  SINCE MAR 1      3.3
  SINCE JUL 1     86.8
  SNOW DEPTH       0

DEGREE DAYS
 HEATING
  TODAY           18                        17      1       17
  MONTH TO DATE  490                       500    -10      372
  SINCE MAR 1   1158                      1339   -181     1084
  SINCE JUL 1   6407                      6612   -205     5926

 COOLING
  TODAY            0                         0      0        0
  MONTH TO DATE    0                         0      0        0
  SINCE MAR 1      0                         0      0        0
  SINCE JAN 1      0                         0      0        0
..................................................................


WIND (MPH)
  HIGHEST WIND SPEED    29   HIGHEST WIND DIRECTION    SW (240)
  HIGHEST GUST SPEED    34   HIGHEST GUST DIRECTION    SW (230)
  AVERAGE WIND SPEED    19.1


SKY COVER
  POSSIBLE SUNSHINE  MM
  AVERAGE SKY COVER 0.9


WEATHER CONDITIONS
 THE FOLLOWING WEATHER WAS RECORDED TODAY.
  LIGHT RAIN
  FOG


RELATIVE HUMIDITY (PERCENT)
 HIGHEST    92          1200 AM
 LOWEST     50           300 PM
 AVERAGE    71

..........................................................


THE POCATELLO ID CLIMATE NORMALS FOR TOMORROW
                         NORMAL    RECORD    YEAR
 MAXIMUM TEMPERATURE (F)   62        85      1992
                                             1987
 MINIMUM TEMPERATURE (F)   35        16      2008


SUNRISE AND SUNSET
APRIL 25 2017.........SUNRISE   633 AM MDT   SUNSET   825 PM MDT
APRIL 26 2017.........SUNRISE   631 AM MDT   SUNSET   826 PM MDT


-  INDICATES NEGATIVE NUMBERS.
R  INDICATES RECORD WAS SET OR TIED.
MM INDICATES DATA IS MISSING.
T  INDICATES TRACE AMOUNT.




$$
