000
CDUS45 KPIH 250741
CLIPIH


CLIMATE REPORT
NATIONAL WEATHER SERVICE POCATELLO ID
1234 AM MST SAT FEB 25 2017


...................................

...THE POCATELLO ID CLIMATE SUMMARY FOR FEBRUARY 24 2017...

CLIMATE NORMAL PERIOD 1981 TO 2010
CLIMATE RECORD PERIOD 1939 TO 2017


WEATHER ITEM   OBSERVED TIME   RECORD YEAR NORMAL DEPARTURE LAST
                VALUE   (LST)  VALUE       VALUE  FROM      YEAR
                                                  NORMAL
..................................................................
TEMPERATURE (F)
 YESTERDAY
  MAXIMUM         24    356 PM  63    1995  41    -17       47
  MINIMUM          8   1149 PM  -1    1952  21    -13       19
  AVERAGE         16                        31    -15       33

PRECIPITATION (IN)
  YESTERDAY        0.38          0.43 2000   0.03   0.35     0.00
  MONTH TO DATE    3.30                      0.81   2.49     0.20
  SINCE OCT 1     12.71                      5.02   7.69     5.18
  SINCE JAN 1      6.15                      1.80   4.35     1.61

SNOWFALL (IN)
  YESTERDAY        5.7
  MONTH TO DATE   22.5
  SINCE DEC 1     83.2
  SINCE JUL 1     85.8
  SNOW DEPTH       8

DEGREE DAYS
 HEATING
  YESTERDAY       49                        34     15       32
  MONTH TO DATE  739                       895   -156      824
  SINCE DEC 1   3637                      3414    223     3272
  SINCE JUL 1   5072                      5142    -70     4716

 COOLING
  YESTERDAY        0                         0      0        0
  MONTH TO DATE    0                         0      0        0
  SINCE DEC 1      0                         0      0        0
  SINCE JAN 1      0                         0      0        0
..................................................................


WIND (MPH)
  HIGHEST WIND SPEED    28   HIGHEST WIND DIRECTION    SW (240)
  HIGHEST GUST SPEED    32   HIGHEST GUST DIRECTION    SW (230)
  AVERAGE WIND SPEED    17.3


SKY COVER
  POSSIBLE SUNSHINE  MM
  AVERAGE SKY COVER 0.8


WEATHER CONDITIONS
 THE FOLLOWING WEATHER WAS RECORDED YESTERDAY.
  SNOW
  LIGHT SNOW
  FOG


RELATIVE HUMIDITY (PERCENT)
 HIGHEST    96           100 AM
 LOWEST     67           700 PM
 AVERAGE    82

..........................................................


THE POCATELLO ID CLIMATE NORMALS FOR TODAY
                         NORMAL    RECORD    YEAR
 MAXIMUM TEMPERATURE (F)   41        62      1986
 MINIMUM TEMPERATURE (F)   22        -4      1952


SUNRISE AND SUNSET
FEBRUARY 25 2017......SUNRISE   712 AM MST   SUNSET   615 PM MST
FEBRUARY 26 2017......SUNRISE   711 AM MST   SUNSET   616 PM MST


-  INDICATES NEGATIVE NUMBERS.
R  INDICATES RECORD WAS SET OR TIED.
MM INDICATES DATA IS MISSING.
T  INDICATES TRACE AMOUNT.




$$
