000
CDUS45 KPIH 252330
CLIPIH


CLIMATE REPORT
NATIONAL WEATHER SERVICE POCATELLO ID
529 PM MDT SAT MAR 25 2017


...................................

...THE POCATELLO ID CLIMATE SUMMARY FOR MARCH 25 2017...
VALID TODAY AS OF 0500 PM LOCAL TIME.

CLIMATE NORMAL PERIOD 1981 TO 2010
CLIMATE RECORD PERIOD 1939 TO 2017


WEATHER ITEM   OBSERVED TIME   RECORD YEAR NORMAL DEPARTURE LAST
                VALUE   (LST)  VALUE       VALUE  FROM      YEAR
                                                  NORMAL
..................................................................
TEMPERATURE (F)
 TODAY
  MAXIMUM         52    354 PM  72    1999  52      0       47
  MINIMUM         41    754 AM   7    1965  29     12       28
  AVERAGE         47                        41      6       38

PRECIPITATION (IN)
  TODAY            0.08          0.58 1975   0.04   0.04     0.19
  MONTH TO DATE    0.60                      1.03  -0.43     2.42
  SINCE OCT 1     13.11                      6.21   6.90     7.60
  SINCE JAN 1      6.55                      2.99   3.56     4.03

SNOWFALL (IN)
  TODAY            0.0
  MONTH TO DATE    2.9
  SINCE MAR 1      2.9
  SINCE JUL 1     86.4
  SNOW DEPTH       0

DEGREE DAYS
 HEATING
  TODAY           18                        24     -6       27
  MONTH TO DATE  536                       697   -161      566
  SINCE MAR 1    536                       697   -161      566
  SINCE JUL 1   5785                      5970   -185     5408

 COOLING
  TODAY            0                         0      0        0
  MONTH TO DATE    0                         0      0        0
  SINCE MAR 1      0                         0      0        0
  SINCE JAN 1      0                         0      0        0
..................................................................


WIND (MPH)
  HIGHEST WIND SPEED    18   HIGHEST WIND DIRECTION     W (250)
  HIGHEST GUST SPEED    22   HIGHEST GUST DIRECTION    SW (230)
  AVERAGE WIND SPEED    12.9


SKY COVER
  POSSIBLE SUNSHINE  MM
  AVERAGE SKY COVER 0.7


WEATHER CONDITIONS
 THE FOLLOWING WEATHER WAS RECORDED TODAY.
  LIGHT RAIN


RELATIVE HUMIDITY (PERCENT)
 HIGHEST   100           200 AM
 LOWEST     44           400 PM
 AVERAGE    72

..........................................................


THE POCATELLO ID CLIMATE NORMALS FOR TOMORROW
                         NORMAL    RECORD    YEAR
 MAXIMUM TEMPERATURE (F)   52        69      2007
                                             1960
 MINIMUM TEMPERATURE (F)   30        12      1955


SUNRISE AND SUNSET
MARCH 25 2017.........SUNRISE   724 AM MDT   SUNSET   749 PM MDT
MARCH 26 2017.........SUNRISE   722 AM MDT   SUNSET   750 PM MDT


-  INDICATES NEGATIVE NUMBERS.
R  INDICATES RECORD WAS SET OR TIED.
MM INDICATES DATA IS MISSING.
T  INDICATES TRACE AMOUNT.




$$
