000
CDUS45 KPIH 190731
CLIPIH


CLIMATE REPORT
NATIONAL WEATHER SERVICE POCATELLO ID
131 AM MDT FRI SEP 19 2014


...................................

...THE POCATELLO ID CLIMATE SUMMARY FOR SEPTEMBER 18 2014...

CLIMATE NORMAL PERIOD 1981 TO 2010
CLIMATE RECORD PERIOD 1939 TO 2014


WEATHER ITEM   OBSERVED TIME   RECORD YEAR NORMAL DEPARTURE LAST
                VALUE   (LST)  VALUE       VALUE  FROM      YEAR
                                                  NORMAL
..................................................................
TEMPERATURE (F)
 YESTERDAY
  MAXIMUM         84    148 PM  92    1979  75      9       63
  MINIMUM         57   1154 PM  23    1971  41     16       42
                                      1965
  AVERAGE         71                        58     13       53

PRECIPITATION (IN)
  YESTERDAY        0.15          1.05 1961   0.03   0.12     0.02
  MONTH TO DATE    0.21                      0.48  -0.27     0.74
  SINCE OCT 1     10.36                     11.77  -1.41     8.93
  SINCE JAN 1      8.99                      8.55   0.44     4.77

SNOWFALL (IN)
  YESTERDAY        0.0
  MONTH TO DATE    0.0
  SINCE SEP 1      0.0
  SINCE JUL 1      0.0
  SNOW DEPTH       0

DEGREE DAYS
 HEATING
  YESTERDAY        0                         7     -7       12
  MONTH TO DATE   85                        84      1       14
  SINCE SEP 1     85                        84      1       14
  SINCE JUL 1    120                       130    -10       14

 COOLING
  YESTERDAY        6                         0      6        0
  MONTH TO DATE   26                        20      6       61
  SINCE SEP 1     26                        20      6       61
  SINCE JAN 1    412                       390     22      688
..................................................................


WIND (MPH)
  HIGHEST WIND SPEED    25   HIGHEST WIND DIRECTION    SW (220)
  HIGHEST GUST SPEED    31   HIGHEST GUST DIRECTION     S (180)
  AVERAGE WIND SPEED    10.4


SKY COVER
  POSSIBLE SUNSHINE  MM
  AVERAGE SKY COVER 0.5


WEATHER CONDITIONS
 THE FOLLOWING WEATHER WAS RECORDED YESTERDAY.
  THUNDERSTORM
  LIGHT RAIN


RELATIVE HUMIDITY (PERCENT)
 HIGHEST    93          1100 PM
 LOWEST     28           500 AM
 AVERAGE    61

..........................................................


THE POCATELLO ID CLIMATE NORMALS FOR TODAY
                         NORMAL    RECORD    YEAR
 MAXIMUM TEMPERATURE (F)   74        90      1984
                                             1956
 MINIMUM TEMPERATURE (F)   41        21      1965


SUNRISE AND SUNSET
SEPTEMBER 19 2014.....SUNRISE   714 AM MDT   SUNSET   733 PM MDT
SEPTEMBER 20 2014.....SUNRISE   716 AM MDT   SUNSET   731 PM MDT


-  INDICATES NEGATIVE NUMBERS.
R  INDICATES RECORD WAS SET OR TIED.
MM INDICATES DATA IS MISSING.
T  INDICATES TRACE AMOUNT.




$$
