000
CDUS45 KPIH 222324
CLIPIH


CLIMATE REPORT
NATIONAL WEATHER SERVICE POCATELLO ID
521 PM MDT MON MAY 22 2017


...................................

...THE POCATELLO ID CLIMATE SUMMARY FOR MAY 22 2017...
VALID TODAY AS OF 0500 PM LOCAL TIME.

CLIMATE NORMAL PERIOD 1981 TO 2010
CLIMATE RECORD PERIOD 1939 TO 2017


WEATHER ITEM   OBSERVED TIME   RECORD YEAR NORMAL DEPARTURE LAST
                VALUE   (LST)  VALUE       VALUE  FROM      YEAR
                                                  NORMAL
..................................................................
TEMPERATURE (F)
 TODAY
  MAXIMUM         75    348 PM  87    1967  70      5       60
  MINIMUM         41    451 AM  30    2010  41      0       33
  AVERAGE         58                        55      3       47

PRECIPITATION (IN)
  TODAY            0.00          0.31 2008   0.05  -0.05     0.00
  MONTH TO DATE    0.36                      1.03  -0.67     1.19
  SINCE OCT 1     16.27                      8.62   7.65    10.62
  SINCE JAN 1      9.71                      5.40   4.31     7.05

SNOWFALL (IN)
  TODAY            0.0
  MONTH TO DATE    T
  SINCE MAR 1      4.1
  SINCE JUL 1     87.6
  SNOW DEPTH       0

DEGREE DAYS
 HEATING
  TODAY            7                        10     -3       18
  MONTH TO DATE  275                       276     -1      239
  SINCE MAR 1   1540                      1697   -157     1412
  SINCE JUL 1   6789                      6970   -181     6254

 COOLING
  TODAY            0                         0      0        0
  MONTH TO DATE    0                         0      0        0
  SINCE MAR 1      0                         0      0        0
  SINCE JAN 1      0                         0      0        0
..................................................................


WIND (MPH)
  HIGHEST WIND SPEED    17   HIGHEST WIND DIRECTION    SW (230)
  HIGHEST GUST SPEED    22   HIGHEST GUST DIRECTION    SW (220)
  AVERAGE WIND SPEED     5.6


SKY COVER
  POSSIBLE SUNSHINE  MM
  AVERAGE SKY COVER 0.2


WEATHER CONDITIONS
 THE FOLLOWING WEATHER WAS RECORDED TODAY.
  NO SIGNIFICANT WEATHER WAS OBSERVED.


RELATIVE HUMIDITY (PERCENT)
 HIGHEST    89           400 AM
 LOWEST     27           100 PM
 AVERAGE    58

..........................................................


THE POCATELLO ID CLIMATE NORMALS FOR TOMORROW
                         NORMAL    RECORD    YEAR
 MAXIMUM TEMPERATURE (F)   70        88      1967
 MINIMUM TEMPERATURE (F)   41        23      1966


SUNRISE AND SUNSET
MAY 22 2017...........SUNRISE   601 AM MDT   SUNSET   854 PM MDT
MAY 23 2017...........SUNRISE   600 AM MDT   SUNSET   855 PM MDT


-  INDICATES NEGATIVE NUMBERS.
R  INDICATES RECORD WAS SET OR TIED.
MM INDICATES DATA IS MISSING.
T  INDICATES TRACE AMOUNT.




$$
