000
CDUS45 KPIH 272325
CLIPIH


CLIMATE REPORT
NATIONAL WEATHER SERVICE POCATELLO ID
524 PM MDT THU AUG 27 2015


...................................

...THE POCATELLO ID CLIMATE SUMMARY FOR AUGUST 27 2015...
VALID TODAY AS OF 0500 PM LOCAL TIME.

CLIMATE NORMAL PERIOD 1981 TO 2010
CLIMATE RECORD PERIOD 1939 TO 2015


WEATHER ITEM   OBSERVED TIME   RECORD YEAR NORMAL DEPARTURE LAST
                VALUE   (LST)  VALUE       VALUE  FROM      YEAR
                                                  NORMAL
..................................................................
TEMPERATURE (F)
 TODAY
  MAXIMUM         91    343 PM  96    2012  84      7       82
  MINIMUM         51    443 AM  34    1993  49      2       48
  AVERAGE         71                        66      5       65

PRECIPITATION (IN)
  TODAY            0.00          0.57 1991   0.02  -0.02     0.00
  MONTH TO DATE    0.48                      0.52  -0.04     2.18
  SINCE OCT 1      9.16                     11.20  -2.04    10.15
  SINCE JAN 1      6.77                      7.98  -1.21     8.78

SNOWFALL (IN)
  TODAY            0.0
  MONTH TO DATE    0.0
  SINCE JUN 1      0.0
  SINCE JUL 1      0.0
  SNOW DEPTH       0

DEGREE DAYS
 HEATING
  TODAY            0                         2     -2        0
  MONTH TO DATE   15                        15      0       29
  SINCE JUN 1     66                       166   -100      141
  SINCE JUL 1     38                        35      3       31

 COOLING
  TODAY            6                         3      3        0
  MONTH TO DATE  134                       134      0      109
  SINCE JUN 1    430                       352     78      376
  SINCE JAN 1    434                       357     77      376
..................................................................


WIND (MPH)
  HIGHEST WIND SPEED    23   HIGHEST WIND DIRECTION     W (250)
  HIGHEST GUST SPEED    27   HIGHEST GUST DIRECTION     W (260)
  AVERAGE WIND SPEED     7.6


SKY COVER
  POSSIBLE SUNSHINE  MM
  AVERAGE SKY COVER 0.1


WEATHER CONDITIONS
 THE FOLLOWING WEATHER WAS RECORDED TODAY.
  LIGHT RAIN


RELATIVE HUMIDITY (PERCENT)
 HIGHEST    89           600 AM
 LOWEST     14           400 PM
 AVERAGE    52

..........................................................


THE POCATELLO ID CLIMATE NORMALS FOR TOMORROW
                         NORMAL    RECORD    YEAR
 MAXIMUM TEMPERATURE (F)   84        97      2012
 MINIMUM TEMPERATURE (F)   48        38      2004


SUNRISE AND SUNSET
AUGUST 27 2015........SUNRISE   649 AM MDT   SUNSET   814 PM MDT
AUGUST 28 2015........SUNRISE   650 AM MDT   SUNSET   812 PM MDT


-  INDICATES NEGATIVE NUMBERS.
R  INDICATES RECORD WAS SET OR TIED.
MM INDICATES DATA IS MISSING.
T  INDICATES TRACE AMOUNT.




$$
