000
CDUS45 KPIH 040729
CLIPIH


CLIMATE REPORT
NATIONAL WEATHER SERVICE POCATELLO ID
1229 AM MST SUN DEC 4 2016


...................................

...THE POCATELLO ID CLIMATE SUMMARY FOR DECEMBER 3 2016...

CLIMATE NORMAL PERIOD 1981 TO 2010
CLIMATE RECORD PERIOD 1939 TO 2016


WEATHER ITEM   OBSERVED TIME   RECORD YEAR NORMAL DEPARTURE LAST
                VALUE   (LST)  VALUE       VALUE  FROM      YEAR
                                                  NORMAL
..................................................................
TEMPERATURE (F)
 YESTERDAY
  MAXIMUM         36   1105 PM  58    1987  35      1       37
  MINIMUM         25    214 AM -17    1992  18      7       11
  AVERAGE         31                        27      4       24

PRECIPITATION (IN)
  YESTERDAY        0.00          0.81 1941   0.04  -0.04     0.00
  MONTH TO DATE    0.09                      0.13  -0.04     0.00
  SINCE OCT 1      3.79                      2.11   1.68     2.63
  SINCE JAN 1     13.47                     11.02   2.45    10.37

SNOWFALL (IN)
  YESTERDAY        0.0
  MONTH TO DATE    1.3
  SINCE DEC 1      1.3
  SINCE JUL 1      3.9
  SNOW DEPTH       2

DEGREE DAYS
 HEATING
  YESTERDAY       34                        38     -4       41
  MONTH TO DATE  112                       114     -2      146
  SINCE DEC 1    112                       114     -2      146
  SINCE JUL 1   1547                      1842   -295     1590

 COOLING
  YESTERDAY        0                         0      0        0
  MONTH TO DATE    0                         0      0        0
  SINCE DEC 1      0                         0      0        0
  SINCE JAN 1    416                       392     24      502
..................................................................


WIND (MPH)
  HIGHEST WIND SPEED    20   HIGHEST WIND DIRECTION     S (190)
  HIGHEST GUST SPEED    24   HIGHEST GUST DIRECTION     S (190)
  AVERAGE WIND SPEED    11.9


SKY COVER
  POSSIBLE SUNSHINE  MM
  AVERAGE SKY COVER 0.9


WEATHER CONDITIONS
 THE FOLLOWING WEATHER WAS RECORDED YESTERDAY.
  NO SIGNIFICANT WEATHER WAS OBSERVED.


RELATIVE HUMIDITY (PERCENT)
 HIGHEST    75           600 PM
 LOWEST     58           600 AM
 AVERAGE    67

..........................................................


THE POCATELLO ID CLIMATE NORMALS FOR TODAY
                         NORMAL    RECORD    YEAR
 MAXIMUM TEMPERATURE (F)   35        57      1946
 MINIMUM TEMPERATURE (F)   18       -22      1992


SUNRISE AND SUNSET
DECEMBER  4 2016......SUNRISE   745 AM MST   SUNSET   456 PM MST
DECEMBER  5 2016......SUNRISE   746 AM MST   SUNSET   456 PM MST


-  INDICATES NEGATIVE NUMBERS.
R  INDICATES RECORD WAS SET OR TIED.
MM INDICATES DATA IS MISSING.
T  INDICATES TRACE AMOUNT.




$$
