000
CDUS45 KPIH 312321
CLIPIH


CLIMATE REPORT
NATIONAL WEATHER SERVICE POCATELLO ID
521 PM MDT TUE MAY 31 2016


...................................

...THE POCATELLO ID CLIMATE SUMMARY FOR MAY 31 2016...
VALID TODAY AS OF 0500 PM LOCAL TIME.

CLIMATE NORMAL PERIOD 1981 TO 2010
CLIMATE RECORD PERIOD 1939 TO 2016


WEATHER ITEM   OBSERVED TIME   RECORD YEAR NORMAL DEPARTURE LAST
                VALUE   (LST)  VALUE       VALUE  FROM      YEAR
                                                  NORMAL
..................................................................
TEMPERATURE (F)
 TODAY
  MAXIMUM         74    335 PM  90    1997  72      2       86
  MINIMUM         37    452 AM  27    1978  43     -6       52
  AVERAGE         56                        58     -2       69

PRECIPITATION (IN)
  TODAY            0.00          0.55 1944   0.05  -0.05     0.01
  MONTH TO DATE    1.28                      1.46  -0.18     2.94
  SINCE OCT 1     10.71                      9.05   1.66     7.09
  SINCE JAN 1      7.14                      5.83   1.31     4.70

SNOWFALL (IN)
  TODAY            0.0
  MONTH TO DATE    T
  SINCE MAR 1      5.3
  SINCE JUL 1     33.5
  SNOW DEPTH       0

DEGREE DAYS
 HEATING
  TODAY            9                         8      1        0
  MONTH TO DATE  334                       353    -19      283
  SINCE MAR 1   1507                      1774   -267     1473
  SINCE JUL 1   6349                      7047   -698     5814

 COOLING
  TODAY            0                         0      0        4
  MONTH TO DATE    0                         5     -5        4
  SINCE MAR 1      0                         5     -5        4
  SINCE JAN 1      0                         5     -5        4
..................................................................


WIND (MPH)
  HIGHEST WIND SPEED    18   HIGHEST WIND DIRECTION    NE (30)
  HIGHEST GUST SPEED    23   HIGHEST GUST DIRECTION     N (360)
  AVERAGE WIND SPEED     8.1


SKY COVER
  POSSIBLE SUNSHINE  MM
  AVERAGE SKY COVER 0.1


WEATHER CONDITIONS
 THE FOLLOWING WEATHER WAS RECORDED TODAY.
  NO SIGNIFICANT WEATHER WAS OBSERVED.


RELATIVE HUMIDITY (PERCENT)
 HIGHEST    76           500 AM
 LOWEST     19           100 PM
 AVERAGE    48

..........................................................


THE POCATELLO ID CLIMATE NORMALS FOR TOMORROW
                         NORMAL    RECORD    YEAR
 MAXIMUM TEMPERATURE (F)   73        92      2001
 MINIMUM TEMPERATURE (F)   43        33      2000
                                             1984
                                             1978


SUNRISE AND SUNSET
MAY 31 2016...........SUNRISE   555 AM MDT   SUNSET   902 PM MDT
JUNE  1 2016..........SUNRISE   554 AM MDT   SUNSET   903 PM MDT


-  INDICATES NEGATIVE NUMBERS.
R  INDICATES RECORD WAS SET OR TIED.
MM INDICATES DATA IS MISSING.
T  INDICATES TRACE AMOUNT.




$$
