000
CDUS45 KPIH 040742
CLIPIH


CLIMATE REPORT
NATIONAL WEATHER SERVICE POCATELLO ID
132 AM MDT TUE AUG 4 2015


...................................

...THE POCATELLO ID CLIMATE SUMMARY FOR AUGUST 3 2015...

CLIMATE NORMAL PERIOD 1981 TO 2010
CLIMATE RECORD PERIOD 1939 TO 2015


WEATHER ITEM   OBSERVED TIME   RECORD YEAR NORMAL DEPARTURE LAST
                VALUE   (LST)  VALUE       VALUE  FROM      YEAR
                                                  NORMAL
..................................................................
TEMPERATURE (F)
 YESTERDAY
  MAXIMUM         79    306 AM  99    1961  90    -11       97
  MINIMUM         63   1159 PM  43    1981  53     10       50
  AVERAGE         71                        71      0       74

PRECIPITATION (IN)
  YESTERDAY        0.01          0.77 1945   0.02  -0.01      T
  MONTH TO DATE    0.01                      0.05  -0.04      T
  SINCE OCT 1      8.69                     10.73  -2.04     7.97
  SINCE JAN 1      6.30                      7.51  -1.21     6.60

SNOWFALL (IN)
  YESTERDAY        0.0
  MONTH TO DATE    0.0
  SINCE JUN 1      0.0
  SINCE JUL 1      0.0
  SNOW DEPTH       0

DEGREE DAYS
 HEATING
  YESTERDAY        0                         0      0        0
  MONTH TO DATE    0                         0      0        0
  SINCE JUN 1     51                       151   -100      112
  SINCE JUL 1     23                        20      3        2

 COOLING
  YESTERDAY        6                         6      0        9
  MONTH TO DATE   23                        18      5       24
  SINCE JUN 1    319                       236     83      291
  SINCE JAN 1    323                       241     82      291
..................................................................


WIND (MPH)
  HIGHEST WIND SPEED    23   HIGHEST WIND DIRECTION     S (200)
  HIGHEST GUST SPEED    30   HIGHEST GUST DIRECTION     S (190)
  AVERAGE WIND SPEED    10.7


SKY COVER
  POSSIBLE SUNSHINE  MM
  AVERAGE SKY COVER 0.4


WEATHER CONDITIONS
 THE FOLLOWING WEATHER WAS RECORDED YESTERDAY.
  LIGHT RAIN


RELATIVE HUMIDITY (PERCENT)
 HIGHEST    73          1000 PM
 LOWEST     29           200 AM
 AVERAGE    51

..........................................................


THE POCATELLO ID CLIMATE NORMALS FOR TODAY
                         NORMAL    RECORD    YEAR
 MAXIMUM TEMPERATURE (F)   90       102      1994
 MINIMUM TEMPERATURE (F)   53        40      1980


SUNRISE AND SUNSET
AUGUST  4 2015........SUNRISE   624 AM MDT   SUNSET   848 PM MDT
AUGUST  5 2015........SUNRISE   626 AM MDT   SUNSET   847 PM MDT


-  INDICATES NEGATIVE NUMBERS.
R  INDICATES RECORD WAS SET OR TIED.
MM INDICATES DATA IS MISSING.
T  INDICATES TRACE AMOUNT.




$$
