000
CDUS45 KPIH 280732
CLIPIH


CLIMATE REPORT
NATIONAL WEATHER SERVICE POCATELLO ID
131 AM MDT WED SEP 28 2016


...................................

...THE POCATELLO ID CLIMATE SUMMARY FOR SEPTEMBER 27 2016...

CLIMATE NORMAL PERIOD 1981 TO 2010
CLIMATE RECORD PERIOD 1939 TO 2016


WEATHER ITEM   OBSERVED TIME   RECORD YEAR NORMAL DEPARTURE LAST
                VALUE   (LST)  VALUE       VALUE  FROM      YEAR
                                                  NORMAL
..................................................................
TEMPERATURE (F)
 YESTERDAY
  MAXIMUM         81    355 PM  89    2001  70     11       78
  MINIMUM         38    639 AM  26    1964  38      0       48
  AVERAGE         60                        54      6       63

PRECIPITATION (IN)
  YESTERDAY        0.00          1.00 1983   0.03  -0.03     0.00
  MONTH TO DATE    2.10                      0.75   1.35     0.82
  SINCE OCT 1     13.25                     12.04   1.21    10.13
  SINCE JAN 1      9.68                      8.82   0.86     7.74

SNOWFALL (IN)
  YESTERDAY        0.0
  MONTH TO DATE    0.0
  SINCE SEP 1      0.0
  SINCE JUL 1      0.0
  SNOW DEPTH       0

DEGREE DAYS
 HEATING
  YESTERDAY        5                        11     -6        2
  MONTH TO DATE  200                       168     32       99
  SINCE SEP 1    200                       168     32       99
  SINCE JUL 1    238                       214     24      138

 COOLING
  YESTERDAY        0                         0      0        0
  MONTH TO DATE   16                        20     -4       37
  SINCE SEP 1     16                        20     -4       37
  SINCE JAN 1    415                       390     25      498
..................................................................


WIND (MPH)
  HIGHEST WIND SPEED    12   HIGHEST WIND DIRECTION     N (20)
  HIGHEST GUST SPEED    12   HIGHEST GUST DIRECTION     N (20)
  AVERAGE WIND SPEED     3.0


SKY COVER
  POSSIBLE SUNSHINE  MM
  AVERAGE SKY COVER 0.0


WEATHER CONDITIONS
 THE FOLLOWING WEATHER WAS RECORDED YESTERDAY.
  NO SIGNIFICANT WEATHER WAS OBSERVED.


RELATIVE HUMIDITY (PERCENT)
 HIGHEST    93           500 AM
 LOWEST     26           400 PM
 AVERAGE    60

..........................................................


THE POCATELLO ID CLIMATE NORMALS FOR TODAY
                         NORMAL    RECORD    YEAR
 MAXIMUM TEMPERATURE (F)   70        90      1994
 MINIMUM TEMPERATURE (F)   38        22      1999


SUNRISE AND SUNSET
SEPTEMBER 28 2016.....SUNRISE   725 AM MDT   SUNSET   716 PM MDT
SEPTEMBER 29 2016.....SUNRISE   726 AM MDT   SUNSET   714 PM MDT


-  INDICATES NEGATIVE NUMBERS.
R  INDICATES RECORD WAS SET OR TIED.
MM INDICATES DATA IS MISSING.
T  INDICATES TRACE AMOUNT.




$$
