000
CDUS43 KABR 011040
CLIPIR


CLIMATE REPORT
NATIONAL WEATHER SERVICE ABERDEEN SD
538 AM CDT WED JUL 1 2015


...................................

...THE PIERRE SD CLIMATE SUMMARY FOR JUNE 30 2015...

CLIMATE NORMAL PERIOD 1981 TO 2010
CLIMATE RECORD PERIOD 1892 TO 2015


WEATHER ITEM   OBSERVED TIME   RECORD YEAR NORMAL DEPARTURE LAST
                VALUE   (LST)  VALUE       VALUE  FROM      YEAR
                                                  NORMAL
..................................................................
TEMPERATURE (F)
 YESTERDAY
  MAXIMUM         79   1058 AM 103    1980  86     -7       77
  MINIMUM         65    139 AM  47    1987  60      5       57
  AVERAGE         72                        73     -1       67

PRECIPITATION (IN)
  YESTERDAY        T             1.91 1988   0.09  -0.09     0.00
  MONTH TO DATE    6.16                      3.57   2.59     4.39
  SINCE JUN 1      6.16                      3.57   2.59     4.39
  SINCE JAN 1     13.51                     10.77   2.74    12.32

DEGREE DAYS
 HEATING
  YESTERDAY        0                         0      0        0
  MONTH TO DATE    5                        55    -50       67
  SINCE JUN 1      5                        53    -48       67
  SINCE JUL 1   7019                      7290   -271     8027

 COOLING
  YESTERDAY        7                         8     -1        2
  MONTH TO DATE  135                       134      1       59
  SINCE JUN 1    135                       134      1       59
  SINCE JAN 1    149                       166    -17      107
..................................................................


WIND (MPH)
  RESULTANT WIND SPEED  11   RESULTANT WIND DIRECTION   E (110)
  HIGHEST WIND SPEED    22   HIGHEST WIND DIRECTION    SE (130)
  HIGHEST GUST SPEED    27   HIGHEST GUST DIRECTION    SE (130)
  AVERAGE WIND SPEED    10.3




RELATIVE HUMIDITY (PERCENT)
 HIGHEST    93          1000 PM
 LOWEST     62          1100 AM
 AVERAGE    78

..........................................................


THE PIERRE SD CLIMATE NORMALS FOR TODAY
                         NORMAL    RECORD    YEAR
 MAXIMUM TEMPERATURE (F)   86       103      1974
 MINIMUM TEMPERATURE (F)   60        42      1959


SUNRISE AND SUNSET
JULY  1 2015..........SUNRISE   601 AM CDT   SUNSET   929 PM CDT
JULY  2 2015..........SUNRISE   601 AM CDT   SUNSET   929 PM CDT


-  INDICATES NEGATIVE NUMBERS.
R  INDICATES RECORD WAS SET OR TIED.
MM INDICATES DATA IS MISSING.
T  INDICATES TRACE AMOUNT.




$$
