000
CDUS43 KABR 211036
CLIPIR


CLIMATE REPORT
NATIONAL WEATHER SERVICE ABERDEEN SD
536 AM CDT TUE OCT 21 2014


...................................

...THE PIERRE SD CLIMATE SUMMARY FOR OCTOBER 20 2014...

CLIMATE NORMAL PERIOD 1981 TO 2010
CLIMATE RECORD PERIOD 1892 TO 2014


WEATHER ITEM   OBSERVED TIME   RECORD YEAR NORMAL DEPARTURE LAST
                VALUE   (LST)  VALUE       VALUE  FROM      YEAR
                                                  NORMAL
..................................................................
TEMPERATURE (F)
 YESTERDAY
  MAXIMUM         76    352 PM  92    1947  59     17       53
  MINIMUM         33    641 AM  19    2011  35     -2       31
  AVERAGE         55                        47      8       42

PRECIPITATION (IN)
  YESTERDAY        0.00          2.20 1906   0.05  -0.05      T
  MONTH TO DATE    0.18                      1.21  -1.03     4.55
  SINCE SEP 1      0.79                      3.08  -2.29     5.71
  SINCE JAN 1     17.01                     18.26  -1.25    22.63

SNOWFALL (IN)
  YESTERDAY        0.0           0.6  1898   0.1   -0.1      0.0
  MONTH TO DATE    0.0                       0.4   -0.4       T
  SINCE OCT 1      0.0                       0.4   -0.4       T
  SINCE JUL 1      0.0                       0.4   -0.4       T
  SNOW DEPTH       0

DEGREE DAYS
 HEATING
  YESTERDAY       10                        18     -8       23
  MONTH TO DATE  246                       282    -36      317
  SINCE SEP 1    373                       433    -60      373
  SINCE JUL 1    401                       453    -52      382

 COOLING
  YESTERDAY        0                         0      0        0
  MONTH TO DATE    0                         2     -2        0
  SINCE SEP 1     84                        88     -4      167
  SINCE JAN 1    620                       865   -245      853
..................................................................


WIND (MPH)
  RESULTANT WIND SPEED   7   RESULTANT WIND DIRECTION  SE (140)
  HIGHEST WIND SPEED    17   HIGHEST WIND DIRECTION    SE (130)
  HIGHEST GUST SPEED    24   HIGHEST GUST DIRECTION    SE (120)
  AVERAGE WIND SPEED     8.1




RELATIVE HUMIDITY (PERCENT)
 HIGHEST    89           600 AM
 LOWEST     25           300 PM
 AVERAGE    57

..........................................................


THE PIERRE SD CLIMATE NORMALS FOR TODAY
                         NORMAL    RECORD    YEAR
 MAXIMUM TEMPERATURE (F)   59        93      1947
 MINIMUM TEMPERATURE (F)   35        14      1987


SUNRISE AND SUNSET
OCTOBER 21 2014.......SUNRISE   804 AM CDT   SUNSET   647 PM CDT
OCTOBER 22 2014.......SUNRISE   805 AM CDT   SUNSET   645 PM CDT


-  INDICATES NEGATIVE NUMBERS.
R  INDICATES RECORD WAS SET OR TIED.
MM INDICATES DATA IS MISSING.
T  INDICATES TRACE AMOUNT.




$$
