842
CDUS43 KABR 111601
CLIPIR


CLIMATE REPORT
NATIONAL WEATHER SERVICE ABERDEEN SD
1001 AM CST THU FEB 11 2016


...................................

...THE PIERRE SD CLIMATE SUMMARY FOR FEBRUARY 10 2016...

CLIMATE NORMAL PERIOD 1981 TO 2010
CLIMATE RECORD PERIOD 1892 TO 2016


WEATHER ITEM   OBSERVED TIME   RECORD YEAR NORMAL DEPARTURE LAST
                VALUE   (LST)  VALUE       VALUE  FROM      YEAR
                                                  NORMAL
..................................................................
TEMPERATURE (F)
 YESTERDAY
  MAXIMUM         47    243 PM  73    1951  34     13       49
  MINIMUM         20    745 AM -21    1936  12      8       23
  AVERAGE         34                        23     11       36

PRECIPITATION (IN)
  YESTERDAY        0.00          0.54 1944   0.01  -0.01     0.01
  MONTH TO DATE    T                         0.15  -0.15     0.15
  SINCE DEC 1      1.18                      1.12   0.06     1.10
  SINCE JAN 1      0.17                      0.57  -0.40     0.28

SNOWFALL (IN)
  YESTERDAY        0.0           5.4  1944   0.2   -0.2      0.0
  MONTH TO DATE    T                         1.7   -1.7      1.5
  SINCE OCT 1     22.9                      17.6    5.3     22.3
  SINCE JUL 1     22.9                      17.6    5.3     22.3
  SNOW DEPTH       T

DEGREE DAYS
 HEATING
  YESTERDAY       31                        42    -11       29
  MONTH TO DATE  346                       430    -84      398
  SINCE DEC 1   2971                      3170   -199     2943
  SINCE JUL 1   4268                      4790   -522     4665

 COOLING
  YESTERDAY        0                         0      0        0
  MONTH TO DATE    0                         0      0        0
  SINCE DEC 1      0                         0      0        0
  SINCE JAN 1      0                         0      0        0
..................................................................


WIND (MPH)
  RESULTANT WIND SPEED   5   RESULTANT WIND DIRECTION  NE (30)
  HIGHEST WIND SPEED    25   HIGHEST WIND DIRECTION     N (10)
  HIGHEST GUST SPEED    32   HIGHEST GUST DIRECTION     N (10)
  AVERAGE WIND SPEED     7.9




RELATIVE HUMIDITY (PERCENT)
 HIGHEST    96           600 AM
 LOWEST     53           100 PM
 AVERAGE    75

..........................................................


THE PIERRE SD CLIMATE NORMALS FOR TODAY
                         NORMAL    RECORD    YEAR
 MAXIMUM TEMPERATURE (F)   34        64      1987
 MINIMUM TEMPERATURE (F)   13       -26      1988


SUNRISE AND SUNSET
FEBRUARY 11 2016......SUNRISE   747 AM CST   SUNSET   604 PM CST
FEBRUARY 12 2016......SUNRISE   746 AM CST   SUNSET   605 PM CST


-  INDICATES NEGATIVE NUMBERS.
R  INDICATES RECORD WAS SET OR TIED.
MM INDICATES DATA IS MISSING.
T  INDICATES TRACE AMOUNT.




$$
