000
CDUS43 KABR 271031
CLIPIR


CLIMATE REPORT
NATIONAL WEATHER SERVICE ABERDEEN SD
531 AM CDT WED MAY 27 2015


...................................

...THE PIERRE SD CLIMATE SUMMARY FOR MAY 26 2015...

CLIMATE NORMAL PERIOD 1981 TO 2010
CLIMATE RECORD PERIOD 1892 TO 2015


WEATHER ITEM   OBSERVED TIME   RECORD YEAR NORMAL DEPARTURE LAST
                VALUE   (LST)  VALUE       VALUE  FROM      YEAR
                                                  NORMAL
..................................................................
TEMPERATURE (F)
 YESTERDAY
  MAXIMUM         78    349 PM  96    2006  73      5       80
  MINIMUM         50    526 AM  29    1992  49      1       57
  AVERAGE         64                        61      3       69

PRECIPITATION (IN)
  YESTERDAY        0.00          1.81 1955   0.11  -0.11     0.00
  MONTH TO DATE    3.62                      2.57   1.05     2.38
  SINCE MAR 1      4.44                      5.61  -1.17     5.34
  SINCE JAN 1      4.79                      6.62  -1.83     5.91

DEGREE DAYS
 HEATING
  YESTERDAY        1                         5     -4        0
  MONTH TO DATE  261                       224     37      293
  SINCE MAR 1   1464                      1716   -252     1965
  SINCE JUL 1   6973                      7214   -241     7960

 COOLING
  YESTERDAY        0                         1     -1        4
  MONTH TO DATE    5                        24    -19       19
  SINCE MAR 1     10                        28    -18       19
  SINCE JAN 1     10                        28    -18       19
..................................................................


WIND (MPH)
  RESULTANT WIND SPEED   8   RESULTANT WIND DIRECTION  NW (320)
  HIGHEST WIND SPEED    18   HIGHEST WIND DIRECTION     W (290)
  HIGHEST GUST SPEED    28   HIGHEST GUST DIRECTION    NW (310)
  AVERAGE WIND SPEED     9.7




RELATIVE HUMIDITY (PERCENT)
 HIGHEST   100           500 AM
 LOWEST     38           600 PM
 AVERAGE    69

..........................................................


THE PIERRE SD CLIMATE NORMALS FOR TODAY
                         NORMAL    RECORD    YEAR
 MAXIMUM TEMPERATURE (F)   73       105      1969
 MINIMUM TEMPERATURE (F)   50        32      1992


SUNRISE AND SUNSET
MAY 27 2015...........SUNRISE   603 AM CDT   SUNSET   914 PM CDT
MAY 28 2015...........SUNRISE   603 AM CDT   SUNSET   915 PM CDT


-  INDICATES NEGATIVE NUMBERS.
R  INDICATES RECORD WAS SET OR TIED.
MM INDICATES DATA IS MISSING.
T  INDICATES TRACE AMOUNT.




$$
