000
CDUS43 KABR 051155
CLIPIR


CLIMATE REPORT
NATIONAL WEATHER SERVICE ABERDEEN SD
655 AM CDT WED AUG 5 2015


...................................

...THE PIERRE SD CLIMATE SUMMARY FOR AUGUST 4 2015...

CLIMATE NORMAL PERIOD 1981 TO 2010
CLIMATE RECORD PERIOD 1892 TO 2015


WEATHER ITEM   OBSERVED TIME   RECORD YEAR NORMAL DEPARTURE LAST
                VALUE   (LST)  VALUE       VALUE  FROM      YEAR
                                                  NORMAL
..................................................................
TEMPERATURE (F)
 YESTERDAY
  MAXIMUM         86    357 PM 110    1947  89     -3       86
  MINIMUM         64    508 AM  46    1978  62      2       62
  AVERAGE         75                        76     -1       74

PRECIPITATION (IN)
  YESTERDAY        0.00          2.59 1995   0.07  -0.07     0.04
  MONTH TO DATE    0.00                      0.31  -0.31     0.06
  SINCE JUN 1      8.31                      6.49   1.82     5.32
  SINCE JAN 1     15.66                     13.69   1.97    13.25

DEGREE DAYS
 HEATING
  YESTERDAY        0                         0      0        0
  MONTH TO DATE    0                         0      0        0
  SINCE JUN 1      7                        59    -52       86
  SINCE JUL 1      2                         6     -4       19

 COOLING
  YESTERDAY       10                        11     -1        9
  MONTH TO DATE   41                        44     -3       40
  SINCE JUN 1    470                       505    -35      329
  SINCE JAN 1    484                       537    -53      377
..................................................................


WIND (MPH)
  RESULTANT WIND SPEED  10   RESULTANT WIND DIRECTION  SE (120)
  HIGHEST WIND SPEED    21   HIGHEST WIND DIRECTION     E (110)
  HIGHEST GUST SPEED    26   HIGHEST GUST DIRECTION    SE (120)
  AVERAGE WIND SPEED    10.9




RELATIVE HUMIDITY (PERCENT)
 HIGHEST    81           800 AM
 LOWEST     37           400 PM
 AVERAGE    59

..........................................................


THE PIERRE SD CLIMATE NORMALS FOR TODAY
                         NORMAL    RECORD    YEAR
 MAXIMUM TEMPERATURE (F)   89       109      1941
 MINIMUM TEMPERATURE (F)   62        48      2012


SUNRISE AND SUNSET
AUGUST  5 2015........SUNRISE   632 AM CDT   SUNSET   901 PM CDT
AUGUST  6 2015........SUNRISE   634 AM CDT   SUNSET   900 PM CDT


-  INDICATES NEGATIVE NUMBERS.
R  INDICATES RECORD WAS SET OR TIED.
MM INDICATES DATA IS MISSING.
T  INDICATES TRACE AMOUNT.




$$
