000
CDUS43 KABR 301038
CLIPIR


CLIMATE REPORT
NATIONAL WEATHER SERVICE ABERDEEN SD
437 AM CST FRI JAN 30 2015


...................................

...THE PIERRE SD CLIMATE SUMMARY FOR JANUARY 29 2015...

CLIMATE NORMAL PERIOD 1981 TO 2010
CLIMATE RECORD PERIOD 1892 TO 2015


WEATHER ITEM   OBSERVED TIME   RECORD YEAR NORMAL DEPARTURE LAST
                VALUE   (LST)  VALUE       VALUE  FROM      YEAR
                                                  NORMAL
..................................................................
TEMPERATURE (F)
 YESTERDAY
  MAXIMUM         39    446 PM  54    1992  31      8       50
  MINIMUM         17   1025 PM -33    1966  10      7        0
  AVERAGE         28                        21      7       25

PRECIPITATION (IN)
  YESTERDAY        0.00          0.98 2001   0.01  -0.01     0.00
  MONTH TO DATE    0.13                      0.39  -0.26     0.09
  SINCE DEC 1      0.95                      0.94   0.01     1.57
  SINCE JAN 1      0.13                      0.39  -0.26     0.09

SNOWFALL (IN)
  YESTERDAY        0.0           5.0  2001   0.1   -0.1      0.0
  MONTH TO DATE    1.4                       4.4   -3.0      1.0
  SINCE OCT 1     20.8                      15.6    5.2     17.2
  SINCE JUL 1     20.8                      15.6    5.2     17.2
  SNOW DEPTH       0

DEGREE DAYS
 HEATING
  YESTERDAY       37                        44     -7       40
  MONTH TO DATE 1196                      1307   -111     1280
  SINCE DEC 1   2469                      2649   -180     2880
  SINCE JUL 1   4191                      4269    -78     4499

 COOLING
  YESTERDAY        0                         0      0        0
  MONTH TO DATE    0                         0      0        0
  SINCE DEC 1      0                         0      0        0
  SINCE JAN 1      0                         0      0        0
..................................................................


WIND (MPH)
  RESULTANT WIND SPEED  10   RESULTANT WIND DIRECTION  NW (330)
  HIGHEST WIND SPEED    32   HIGHEST WIND DIRECTION    NW (320)
  HIGHEST GUST SPEED    40   HIGHEST GUST DIRECTION    NW (320)
  AVERAGE WIND SPEED    12.0




RELATIVE HUMIDITY (PERCENT)
 HIGHEST    84           900 PM
 LOWEST     48           300 PM
 AVERAGE    66

..........................................................


THE PIERRE SD CLIMATE NORMALS FOR TODAY
                         NORMAL    RECORD    YEAR
 MAXIMUM TEMPERATURE (F)   31        63      1989
 MINIMUM TEMPERATURE (F)   10       -20      1996


SUNRISE AND SUNSET
JANUARY 30 2015.......SUNRISE   802 AM CST   SUNSET   548 PM CST
JANUARY 31 2015.......SUNRISE   801 AM CST   SUNSET   549 PM CST


-  INDICATES NEGATIVE NUMBERS.
R  INDICATES RECORD WAS SET OR TIED.
MM INDICATES DATA IS MISSING.
T  INDICATES TRACE AMOUNT.




$$
