000
CDUS43 KABR 291031
CLIPIR


CLIMATE REPORT
NATIONAL WEATHER SERVICE ABERDEEN SD
531 AM CDT SAT APR 29 2017


...................................

...THE PIERRE SD CLIMATE SUMMARY FOR APRIL 28 2017...

CLIMATE NORMAL PERIOD 1981 TO 2010
CLIMATE RECORD PERIOD 1892 TO 2017


WEATHER ITEM   OBSERVED TIME   RECORD YEAR NORMAL DEPARTURE LAST
                VALUE   (LST)  VALUE       VALUE  FROM      YEAR
                                                  NORMAL
..................................................................
TEMPERATURE (F)
 YESTERDAY
  MAXIMUM         54    400 PM  96    2001  65    -11       48
  MINIMUM         25    518 AM  20    2008  39    -14       35
  AVERAGE         40                        52    -12       42

PRECIPITATION (IN)
  YESTERDAY        0.00          1.52 1975   0.07  -0.07      T
  MONTH TO DATE    1.78                      1.65   0.13     3.92
  SINCE MAR 1      2.12                      2.88  -0.76     5.24
  SINCE JAN 1      3.35                      3.89  -0.54     6.24

SNOWFALL (IN)
  YESTERDAY        0.0           1.9  1994   0.1   -0.1      0.0
  MONTH TO DATE    T                         4.0   -4.0       T
  SINCE OCT 1     32.6                      31.8    0.8     28.7
  SINCE JUL 1     32.6                      31.8    0.8     28.7
  SNOW DEPTH       0

DEGREE DAYS
 HEATING
  YESTERDAY       25                        13     12       23
  MONTH TO DATE  485                       520    -35      471
  SINCE MAR 1   1355                      1467   -112     1227
  SINCE JUL 1   6511                      6965   -454     6061

 COOLING
  YESTERDAY        0                         0      0        0
  MONTH TO DATE    1                         0      1        6
  SINCE MAR 1      1                         0      1        6
  SINCE JAN 1      1                         0      1        6
..................................................................


WIND (MPH)
  RESULTANT WIND SPEED  11   RESULTANT WIND DIRECTION   E (70)
  HIGHEST WIND SPEED    24   HIGHEST WIND DIRECTION    NE (50)
  HIGHEST GUST SPEED    30   HIGHEST GUST DIRECTION    NE (60)
  AVERAGE WIND SPEED    11.1




RELATIVE HUMIDITY (PERCENT)
 HIGHEST    85           100 AM
 LOWEST     26           600 PM
 AVERAGE    56

..........................................................


THE PIERRE SD CLIMATE NORMALS FOR TODAY
                         NORMAL    RECORD    YEAR
 MAXIMUM TEMPERATURE (F)   66        91      2001
 MINIMUM TEMPERATURE (F)   39        18      1958


SUNRISE AND SUNSET
APRIL 29 2017.........SUNRISE   634 AM CDT   SUNSET   843 PM CDT
APRIL 30 2017.........SUNRISE   633 AM CDT   SUNSET   844 PM CDT


-  INDICATES NEGATIVE NUMBERS.
R  INDICATES RECORD WAS SET OR TIED.
MM INDICATES DATA IS MISSING.
T  INDICATES TRACE AMOUNT.




$$
