000
CDUS41 KPBZ 312142
CLIPIT


CLIMATE REPORT
NATIONAL WEATHER SERVICE PITTSBURGH PA
542 PM EDT THU JUL 31 2014


...................................

...THE PITTSBURGH PA CLIMATE SUMMARY FOR JULY 31 2014...
VALID TODAY AS OF 0500 PM LOCAL TIME.

CLIMATE NORMAL PERIOD 1981 TO 2010
CLIMATE RECORD PERIOD 1871 TO 2014


WEATHER ITEM   OBSERVED TIME   RECORD YEAR NORMAL DEPARTURE LAST
                VALUE   (LST)  VALUE       VALUE  FROM      YEAR
                                                  NORMAL
..................................................................
TEMPERATURE (F)
 TODAY
  MAXIMUM         78    323 PM  96    1975  82     -4       76
  MINIMUM         57    519 AM  50    1965  63     -6       58
  AVERAGE         68                        72     -4       67

PRECIPITATION (IN)
  TODAY            0.00          2.08 1942   0.12  -0.12     0.02
  MONTH TO DATE    5.19                      3.83   1.36     6.16
  SINCE JUN 1      9.24                      8.13   1.11    11.64
  SINCE JAN 1     24.33                     23.23   1.10    23.98

SNOWFALL (IN)
  TODAY            0.0           0.0  2002   0.0    0.0      0.0
                                      2001
  MONTH TO DATE    0.0                       0.0    0.0      0.0
  SINCE OCT 1     63.4                      41.4   22.0     57.4
  SINCE JUL 1      0.0                       0.0    0.0      0.0
  SNOW DEPTH       0

DEGREE DAYS
 HEATING
  TODAY            0                         0      0        0
  MONTH TO DATE   11                         0     11        1
  SINCE JUN 1     20                        42    -22       17
  SINCE JUL 1     11                         4      7        1

 COOLING
  TODAY            3                         8     -5        2
  MONTH TO DATE  188                       241    -53      267
  SINCE JUN 1    373                       391    -18      421
  SINCE JAN 1    447                       443      4      525
..................................................................


WIND (MPH)
  HIGHEST WIND SPEED    14   HIGHEST WIND DIRECTION     W (260)
  HIGHEST GUST SPEED    21   HIGHEST GUST DIRECTION     W (270)
  AVERAGE WIND SPEED     6.2


SKY COVER
  POSSIBLE SUNSHINE  MM
  AVERAGE SKY COVER 0.5


WEATHER CONDITIONS
 THE FOLLOWING WEATHER WAS RECORDED TODAY.
  FOG


RELATIVE HUMIDITY (PERCENT)
 HIGHEST    93           200 AM
 LOWEST     54           200 PM
 AVERAGE    74

..........................................................


THE PITTSBURGH PA CLIMATE NORMALS FOR TOMORROW
                         NORMAL    RECORD    YEAR
 MAXIMUM TEMPERATURE (F)   82        98      1880
 MINIMUM TEMPERATURE (F)   63        52      1992
                                             1976
                                             1960


SUNRISE AND SUNSET
JULY 31 2014..........SUNRISE   617 AM EDT   SUNSET   837 PM EDT
AUGUST  1 2014........SUNRISE   618 AM EDT   SUNSET   836 PM EDT


-  INDICATES NEGATIVE NUMBERS.
R  INDICATES RECORD WAS SET OR TIED.
MM INDICATES DATA IS MISSING.
T  INDICATES TRACE AMOUNT.






&&
SNOW DEPTH IS MEASURED AT 7 AM EST OR 8 AM EDT.
$$
