000
CDUS41 KPBZ 222113
CLIPIT

CLIMATE REPORT
NATIONAL WEATHER SERVICE PITTSBURGH PA
511 PM EDT SUN OCT 22 2017

...................................

...THE PITTSBURGH PA CLIMATE SUMMARY FOR OCTOBER 22 2017...
VALID TODAY AS OF 0500 PM LOCAL TIME.

CLIMATE NORMAL PERIOD 1981 TO 2010
CLIMATE RECORD PERIOD 1871 TO 2017

WEATHER ITEM   OBSERVED TIME   RECORD YEAR NORMAL DEPARTURE LAST
                VALUE   (LST)  VALUE       VALUE  FROM      YEAR
                                                  NORMAL
..................................................................
TEMPERATURE (F)
 TODAY
  MAXIMUM         77    324 PM  84    1947  61     16       49
                                      1900
  MINIMUM         48    654 AM  29    1997  41      7       41
                                      1987
                                      1976
  AVERAGE         63                        51     12       45

PRECIPITATION (IN)
  TODAY            0.00          1.12 1929   0.07  -0.07     0.02
  MONTH TO DATE    2.53                      1.57   0.96     3.49
  SINCE JUN 1     15.94                     16.29  -0.35    16.08
  SINCE JAN 1     34.65                     31.39   3.26    29.70

SNOWFALL (IN)
  TODAY            0.0           2.2  1925   0.0    0.0      0.0
  MONTH TO DATE    0.0                       0.1   -0.1      0.0
  SINCE OCT 1      0.0                       0.1   -0.1      0.0
  SINCE JUL 1      0.0                       0.1   -0.1      0.0
  SNOW DEPTH       0

DEGREE DAYS
 HEATING
  TODAY            2                        14    -12       20
  MONTH TO DATE   85                       247   -162      149
  SINCE SEP 1    153                       348   -195      164
  SINCE JUL 1    158                       361   -203      165

 COOLING
  TODAY            0                         0      0        0
  MONTH TO DATE   39                         6     33       23
  SINCE SEP 1    160                        82     78      179
  SINCE JAN 1    864                       734    130     1154
..................................................................

WIND (MPH)
  HIGHEST WIND SPEED    13   HIGHEST WIND DIRECTION    SE (150)
  HIGHEST GUST SPEED    16   HIGHEST GUST DIRECTION     S (200)
  AVERAGE WIND SPEED     3.5


SKY COVER
  POSSIBLE SUNSHINE  MM
  AVERAGE SKY COVER 0.5


WEATHER CONDITIONS
 THE FOLLOWING WEATHER WAS RECORDED TODAY.
  NO SIGNIFICANT WEATHER WAS OBSERVED.


RELATIVE HUMIDITY (PERCENT)
 HIGHEST    96           300 AM
 LOWEST     36           400 PM
 AVERAGE    66

..........................................................


THE PITTSBURGH PA CLIMATE NORMALS FOR TOMORROW
                         NORMAL    RECORD    YEAR
 MAXIMUM TEMPERATURE (F)   60        82      1947
 MINIMUM TEMPERATURE (F)   41        25      1997
                                             1976


SUNRISE AND SUNSET
OCTOBER 22 2017.......SUNRISE   740 AM EDT   SUNSET   630 PM EDT
OCTOBER 23 2017.......SUNRISE   741 AM EDT   SUNSET   629 PM EDT


-  INDICATES NEGATIVE NUMBERS.
R  INDICATES RECORD WAS SET OR TIED.
MM INDICATES DATA IS MISSING.
T  INDICATES TRACE AMOUNT.

&&

SNOW DEPTH IS MEASURED AT 7 AM EST OR 8 AM EDT.

$$
