000
CDUS41 KPBZ 300701
CLIPIT

CLIMATE REPORT
NATIONAL WEATHER SERVICE PITTSBURGH PA
301 AM EDT MON MAY 30 2016

...................................

...THE PITTSBURGH PA CLIMATE SUMMARY FOR MAY 29 2016...

CLIMATE NORMAL PERIOD 1981 TO 2010
CLIMATE RECORD PERIOD 1871 TO 2016

WEATHER ITEM   OBSERVED TIME   RECORD YEAR NORMAL DEPARTURE LAST
                VALUE   (LST)  VALUE       VALUE  FROM      YEAR
                                                  NORMAL
..................................................................
TEMPERATURE (F)
 YESTERDAY
  MAXIMUM         82   1112 AM  95    1881  74      8       86
  MINIMUM         63   1140 PM  39    1884  53     10       60
  AVERAGE         73                        64      9       73

PRECIPITATION (IN)
  YESTERDAY        T             1.29 2012   0.15  -0.15     0.00
  MONTH TO DATE    3.61                      3.66  -0.05     2.40
  SINCE JUN 1     39.70                     37.90   1.80    35.91
  SINCE JAN 1     13.62                     14.81  -1.19    14.16

SNOWFALL (IN)
  YESTERDAY        0.0           0.0  2002   0.0    0.0      0.0
                                      2001
  MONTH TO DATE    T                         0.0    0.0      0.0
  SINCE OCT 1     29.6                      41.9  -12.3     47.5
  SINCE JUL 1     29.6                      41.9  -12.3     47.5
  SNOW DEPTH       0

DEGREE DAYS
 HEATING
  YESTERDAY        0                         4     -4        0
  MONTH TO DATE  178                       190    -12       91
  SINCE MAR 1   1104                      1409   -305     1348
  SINCE JUL 1   4670                      5666   -996     6016

 COOLING
  YESTERDAY        8                         2      6        8
  MONTH TO DATE   52                        38     14      119
  SINCE MAR 1     55                        48      7      120
  SINCE JAN 1     55                        48      7      120
..................................................................

WIND (MPH)
  HIGHEST WIND SPEED    21   HIGHEST WIND DIRECTION    SE (120)
  HIGHEST GUST SPEED    26   HIGHEST GUST DIRECTION    SE (120)
  AVERAGE WIND SPEED     3.3


SKY COVER
  POSSIBLE SUNSHINE  MM
  AVERAGE SKY COVER 0.9


WEATHER CONDITIONS
 THE FOLLOWING WEATHER WAS RECORDED YESTERDAY.
  FOG
  HAZE


RELATIVE HUMIDITY (PERCENT)
 HIGHEST    87           400 AM
 LOWEST     54           300 PM
 AVERAGE    71

..........................................................


THE PITTSBURGH PA CLIMATE NORMALS FOR TODAY
                         NORMAL    RECORD    YEAR
 MAXIMUM TEMPERATURE (F)   75        94      1919
                                             1881
 MINIMUM TEMPERATURE (F)   54        37      1961
                                             1930


SUNRISE AND SUNSET
MAY 30 2016...........SUNRISE   553 AM EDT   SUNSET   844 PM EDT
MAY 31 2016...........SUNRISE   553 AM EDT   SUNSET   845 PM EDT


-  INDICATES NEGATIVE NUMBERS.
R  INDICATES RECORD WAS SET OR TIED.
MM INDICATES DATA IS MISSING.
T  INDICATES TRACE AMOUNT.

&&

SNOW DEPTH IS MEASURED AT 7 AM EST OR 8 AM EDT.

$$
