698
CDUS41 KPBZ 262131
CLIPIT

CLIMATE REPORT
NATIONAL WEATHER SERVICE PITTSBURGH PA
531 PM EDT SUN MAR 26 2017

...................................

...THE PITTSBURGH PA CLIMATE SUMMARY FOR MARCH 26 2017...
VALID TODAY AS OF 0500 PM LOCAL TIME.

CLIMATE NORMAL PERIOD 1981 TO 2010
CLIMATE RECORD PERIOD 1871 TO 2017

WEATHER ITEM   OBSERVED TIME   RECORD YEAR NORMAL DEPARTURE LAST
                VALUE   (LST)  VALUE       VALUE  FROM      YEAR
                                                  NORMAL
..................................................................
TEMPERATURE (F)
 TODAY
  MAXIMUM         68   1238 PM  81    1945  53     15       59
  MINIMUM         56    635 AM  13    2001  33     23       33
                                      1940
  AVERAGE         62                        43     19       46

PRECIPITATION (IN)
  TODAY            0.01          1.66 1913   0.10  -0.09     0.00
  MONTH TO DATE    2.95                      2.43   0.52     2.34
  SINCE JUN 1     29.34                     30.61  -1.27    33.35
  SINCE JAN 1      7.95                      7.52   0.43     7.27

SNOWFALL (IN)
  TODAY            0.0           3.1  1894   0.2   -0.2      0.0
  MONTH TO DATE    9.7                       6.8    2.9      2.1
  SINCE OCT 1     32.0                      39.6   -7.6     26.5
  SINCE JUL 1     32.0                      39.6   -7.6     26.5
  SNOW DEPTH       0

DEGREE DAYS
 HEATING
  TODAY            3                        22    -19       19
  MONTH TO DATE  712                       685     27      458
  SINCE MAR 1    712                       685     27      458
  SINCE JUL 1   4138                      4942   -804     4024

 COOLING
  TODAY            0                         0      0        0
  MONTH TO DATE    2                         0      2        0
  SINCE MAR 1      2                         0      2        0
  SINCE JAN 1      3                         0      3        0
..................................................................

WIND (MPH)
  HIGHEST WIND SPEED    18   HIGHEST WIND DIRECTION    SE (130)
  HIGHEST GUST SPEED    24   HIGHEST GUST DIRECTION    SE (120)
  AVERAGE WIND SPEED    10.7


SKY COVER
  POSSIBLE SUNSHINE  MM
  AVERAGE SKY COVER 0.9


WEATHER CONDITIONS
 THE FOLLOWING WEATHER WAS RECORDED TODAY.
  LIGHT RAIN


RELATIVE HUMIDITY (PERCENT)
 HIGHEST    83           600 AM
 LOWEST     52          1200 PM
 AVERAGE    68

..........................................................


THE PITTSBURGH PA CLIMATE NORMALS FOR TOMORROW
                         NORMAL    RECORD    YEAR
 MAXIMUM TEMPERATURE (F)   54        83      1950
 MINIMUM TEMPERATURE (F)   34        14      1982


SUNRISE AND SUNSET
MARCH 26 2017.........SUNRISE   714 AM EDT   SUNSET   740 PM EDT
MARCH 27 2017.........SUNRISE   712 AM EDT   SUNSET   741 PM EDT


-  INDICATES NEGATIVE NUMBERS.
R  INDICATES RECORD WAS SET OR TIED.
MM INDICATES DATA IS MISSING.
T  INDICATES TRACE AMOUNT.

&&

SNOW DEPTH IS MEASURED AT 7 AM EST OR 8 AM EDT.

$$
