370
CDUS41 KPBZ 262115
CLIPIT

CLIMATE REPORT
NATIONAL WEATHER SERVICE PITTSBURGH PA
515 PM EDT FRI AUG 26 2016

...................................

...THE PITTSBURGH PA CLIMATE SUMMARY FOR AUGUST 26 2016...
VALID TODAY AS OF 0500 PM LOCAL TIME.

CLIMATE NORMAL PERIOD 1981 TO 2010
CLIMATE RECORD PERIOD 1871 TO 2016

WEATHER ITEM   OBSERVED TIME   RECORD YEAR NORMAL DEPARTURE LAST
                VALUE   (LST)  VALUE       VALUE  FROM      YEAR
                                                  NORMAL
..................................................................
TEMPERATURE (F)
 TODAY
  MAXIMUM         87    303 PM  98    1993  81      6       68
  MINIMUM         71    611 AM  48    1958  60     11       54
  AVERAGE         79                        70      9       61

PRECIPITATION (IN)
  TODAY            0.00          2.92 1871   0.11  -0.11     0.00
  MONTH TO DATE    3.21                      2.93   0.28     2.19
  SINCE JUN 1      9.43                     11.06  -1.63    13.14
  SINCE JAN 1     23.05                     26.16  -3.11    27.62

SNOWFALL (IN)
  TODAY            0.0           0.0  2002   0.0    0.0      0.0
                                      2001
  MONTH TO DATE    0.0                       0.0    0.0      0.0
  SINCE OCT 1     29.6                      41.9  -12.3     47.5
  SINCE JUL 1      0.0                       0.0    0.0      0.0
  SNOW DEPTH       0

DEGREE DAYS
 HEATING
  TODAY            0                         0      0        4
  MONTH TO DATE    0                         0      0        6
  SINCE JUN 1     15                        42    -27       31
  SINCE JUL 1      1                         4     -3        6

 COOLING
  TODAY           14                         6      8        0
  MONTH TO DATE  295                       180    115      180
  SINCE JUN 1    850                       571    279      639
  SINCE JAN 1    920                       623    297      773
..................................................................

WIND (MPH)
  HIGHEST WIND SPEED    14   HIGHEST WIND DIRECTION     W (290)
  HIGHEST GUST SPEED    20   HIGHEST GUST DIRECTION     N (350)
  AVERAGE WIND SPEED     6.3


SKY COVER
  POSSIBLE SUNSHINE  MM
  AVERAGE SKY COVER 0.4


WEATHER CONDITIONS
 THE FOLLOWING WEATHER WAS RECORDED TODAY.
  NO SIGNIFICANT WEATHER WAS OBSERVED.


RELATIVE HUMIDITY (PERCENT)
 HIGHEST    93           500 AM
 LOWEST     46           300 PM
 AVERAGE    70

..........................................................


THE PITTSBURGH PA CLIMATE NORMALS FOR TOMORROW
                         NORMAL    RECORD    YEAR
 MAXIMUM TEMPERATURE (F)   80        99      1948
 MINIMUM TEMPERATURE (F)   60        46      1968


SUNRISE AND SUNSET
AUGUST 26 2016........SUNRISE   643 AM EDT   SUNSET   801 PM EDT
AUGUST 27 2016........SUNRISE   644 AM EDT   SUNSET   800 PM EDT


-  INDICATES NEGATIVE NUMBERS.
R  INDICATES RECORD WAS SET OR TIED.
MM INDICATES DATA IS MISSING.
T  INDICATES TRACE AMOUNT.

&&

SNOW DEPTH IS MEASURED AT 7 AM EST OR 8 AM EDT.

$$
