098
CDUS41 KPBZ 062229
CLIPIT

CLIMATE REPORT
NATIONAL WEATHER SERVICE PITTSBURGH PA
529 PM EST SAT FEB 6 2016

...................................

...THE PITTSBURGH PA CLIMATE SUMMARY FOR FEBRUARY 6 2016...
VALID TODAY AS OF 0500 PM LOCAL TIME.

CLIMATE NORMAL PERIOD 1981 TO 2010
CLIMATE RECORD PERIOD 1871 TO 2016

WEATHER ITEM   OBSERVED TIME   RECORD YEAR NORMAL DEPARTURE LAST
                VALUE   (LST)  VALUE       VALUE  FROM      YEAR
                                                  NORMAL
..................................................................
TEMPERATURE (F)
 TODAY
  MAXIMUM         43    312 PM  63    2008  37      6       28
  MINIMUM         25   1241 AM  -7    1979  22      3        5
  AVERAGE         34                        30      4       17

PRECIPITATION (IN)
  TODAY            0.00          1.45 1897   0.08  -0.08     0.00
  MONTH TO DATE    0.53                      0.52   0.01     0.74
  SINCE JUN 1     28.40                     26.31   2.09    24.74
  SINCE JAN 1      2.32                      3.22  -0.90     2.99

SNOWFALL (IN)
  TODAY            0.0           9.7  2010   0.4   -0.4      0.0
  MONTH TO DATE    0.2                       2.3   -2.1      3.8
  SINCE OCT 1     15.1                      24.8   -9.7     26.6
  SINCE JUL 1     15.1                      24.8   -9.7     26.6
  SNOW DEPTH       0

DEGREE DAYS
 HEATING
  TODAY           31                        35     -4       48
  MONTH TO DATE  156                       215    -59      249
  SINCE DEC 1   1963                      2361   -398     2380
  SINCE JUL 1   2817                      3524   -707     3618

 COOLING
  TODAY            0                         0      0        0
  MONTH TO DATE    0                         0      0        0
  SINCE DEC 1      0                         0      0        0
  SINCE JAN 1      0                         0      0        0
..................................................................

WIND (MPH)
  HIGHEST WIND SPEED    15   HIGHEST WIND DIRECTION     W (250)
  HIGHEST GUST SPEED    20   HIGHEST GUST DIRECTION     W (250)
  AVERAGE WIND SPEED     7.5


SKY COVER
  POSSIBLE SUNSHINE  MM
  AVERAGE SKY COVER 0.7


WEATHER CONDITIONS
 THE FOLLOWING WEATHER WAS RECORDED TODAY.
  NO SIGNIFICANT WEATHER WAS OBSERVED.


RELATIVE HUMIDITY (PERCENT)
 HIGHEST    68           200 AM
 LOWEST     30           400 PM
 AVERAGE    49

..........................................................


THE PITTSBURGH PA CLIMATE NORMALS FOR TOMORROW
                         NORMAL    RECORD    YEAR
 MAXIMUM TEMPERATURE (F)   38        64      1925
 MINIMUM TEMPERATURE (F)   22        -3      1988


SUNRISE AND SUNSET
FEBRUARY  6 2016......SUNRISE   726 AM EST   SUNSET   545 PM EST
FEBRUARY  7 2016......SUNRISE   725 AM EST   SUNSET   546 PM EST


-  INDICATES NEGATIVE NUMBERS.
R  INDICATES RECORD WAS SET OR TIED.
MM INDICATES DATA IS MISSING.
T  INDICATES TRACE AMOUNT.

&&

SNOW DEPTH IS MEASURED AT 7 AM EST OR 8 AM EDT.

$$
