000
CDUS41 KPBZ 022214
CLIPIT


CLIMATE REPORT
NATIONAL WEATHER SERVICE PITTSBURGH PA
513 PM EST MON MAR 2 2015


...................................

...THE PITTSBURGH PA CLIMATE SUMMARY FOR MARCH 2 2015...
VALID TODAY AS OF 0500 PM LOCAL TIME.

CLIMATE NORMAL PERIOD 1981 TO 2010
CLIMATE RECORD PERIOD 1871 TO 2015


WEATHER ITEM   OBSERVED TIME   RECORD YEAR NORMAL DEPARTURE LAST
                VALUE   (LST)  VALUE       VALUE  FROM      YEAR
                                                  NORMAL
..................................................................
TEMPERATURE (F)
 TODAY
  MAXIMUM         33   1213 AM  74    1991  44    -11       41
  MINIMUM         21    808 AM  -1    1980  26     -5       13
  AVERAGE         27                        35     -8       27

PRECIPITATION (IN)
  TODAY            T             0.85 1972   0.09  -0.09     0.15
  MONTH TO DATE    0.55                      0.17   0.38     0.15
  SINCE JUN 1     26.10                     28.35  -2.25    28.89
  SINCE JAN 1      4.35                      5.26  -0.91     4.58

SNOWFALL (IN)
  TODAY            T             6.7  1982   0.4   -0.4      2.4
  MONTH TO DATE    3.7                       0.7    3.0      2.4
  SINCE OCT 1     40.9                      33.5    7.4     60.8
  SINCE JUL 1     40.9                      33.5    7.4     60.8
  SNOW DEPTH       7

DEGREE DAYS
 HEATING
  TODAY           38                        30      8       38
  MONTH TO DATE   76                        61     15       71
  SINCE MAR 1     76                        61     15       71
  SINCE JUL 1   4744                      4318    426     4602

 COOLING
  TODAY            0                         0      0        0
  MONTH TO DATE    0                         0      0        0
  SINCE MAR 1      0                         0      0        0
  SINCE JAN 1      0                         0      0        0
..................................................................


WIND (MPH)
  HIGHEST WIND SPEED    23   HIGHEST WIND DIRECTION    NW (310)
  HIGHEST GUST SPEED    28   HIGHEST GUST DIRECTION    NW (320)
  AVERAGE WIND SPEED    14.0


SKY COVER
  POSSIBLE SUNSHINE  MM
  AVERAGE SKY COVER 0.8


WEATHER CONDITIONS
 THE FOLLOWING WEATHER WAS RECORDED TODAY.
  LIGHT SNOW
  FOG


RELATIVE HUMIDITY (PERCENT)
 HIGHEST    92           100 AM
 LOWEST     58           200 PM
 AVERAGE    75

..........................................................


THE PITTSBURGH PA CLIMATE NORMALS FOR TOMORROW
                         NORMAL    RECORD    YEAR
 MAXIMUM TEMPERATURE (F)   44        75      1976
                                             1974
 MINIMUM TEMPERATURE (F)   26         0      1943


SUNRISE AND SUNSET
MARCH  2 2015.........SUNRISE   653 AM EST   SUNSET   613 PM EST
MARCH  3 2015.........SUNRISE   652 AM EST   SUNSET   614 PM EST


-  INDICATES NEGATIVE NUMBERS.
R  INDICATES RECORD WAS SET OR TIED.
MM INDICATES DATA IS MISSING.
T  INDICATES TRACE AMOUNT.






&&
SNOW DEPTH IS MEASURED AT 7 AM EST OR 8 AM EDT.
$$
