071
CDUS41 KRLX 120838
CLIPKB


CLIMATE REPORT
NATIONAL WEATHER SERVICE CHARLESTON WV
335 AM EST FRI FEB 12 2016


...................................

...THE PARKERSBURG WV CLIMATE SUMMARY FOR FEBRUARY 11 2016...

CLIMATE NORMAL PERIOD 1981 TO 2010
CLIMATE RECORD PERIOD 1889 TO 2016


WEATHER ITEM   OBSERVED TIME   RECORD YEAR NORMAL DEPARTURE LAST
                VALUE   (LST)  VALUE       VALUE  FROM      YEAR
                                                  NORMAL
..................................................................
TEMPERATURE (F)
 YESTERDAY
  MAXIMUM         22    514 PM  77    1932  43    -21       39
  MINIMUM          7   1159 PM -11    1899  25    -18       17
  AVERAGE         15                        34    -19       28

PRECIPITATION (IN)
  YESTERDAY        0.00          0.36 2009   0.09  -0.09     0.00
  MONTH TO DATE    1.10                      1.06   0.04     0.67
  SINCE JAN 1      2.85                      4.01  -1.16     2.90

SNOWFALL (IN)
  YESTERDAY       MM
  MONTH TO DATE   MM
  SINCE SEP 1     MM
  SINCE JUL 1     MM
  SNOW DEPTH      MM

DEGREE DAYS
 HEATING
  YESTERDAY       50                        31     19       37
  MONTH TO DATE  332                       351    -19      347
  SINCE DEC 1   1960                      2311   -351     2277
  SINCE JUL 1   2722                      3296   -574     3388

 COOLING
  YESTERDAY        0                         0      0        0
  MONTH TO DATE    0                         0      0        0
  SINCE DEC 1      0                         0      0        0
  SINCE JAN 1      0                         0      0        0
..................................................................


WIND (MPH)
  HIGHEST WIND SPEED    17   HIGHEST WIND DIRECTION     W (260)
  HIGHEST GUST SPEED    23   HIGHEST GUST DIRECTION     W (290)
  AVERAGE WIND SPEED     7.2


SKY COVER
  POSSIBLE SUNSHINE  MM
  AVERAGE SKY COVER 0.5


WEATHER CONDITIONS
 THE FOLLOWING WEATHER WAS RECORDED YESTERDAY.
  FOG
  HAZE


RELATIVE HUMIDITY (PERCENT)
 HIGHEST    76          1000 PM
 LOWEST     45           300 PM
 AVERAGE    61

..........................................................


THE PARKERSBURG WV CLIMATE NORMALS FOR TODAY
                         NORMAL    RECORD    YEAR
 MAXIMUM TEMPERATURE (F)   43        73      1984
 MINIMUM TEMPERATURE (F)   25        -8      1981


SUNRISE AND SUNSET
FEBRUARY 12 2016......SUNRISE   722 AM EST   SUNSET   559 PM EST
FEBRUARY 13 2016......SUNRISE   721 AM EST   SUNSET   600 PM EST


-  INDICATES NEGATIVE NUMBERS.
R  INDICATES RECORD WAS SET OR TIED.
MM INDICATES DATA IS MISSING.
T  INDICATES TRACE AMOUNT.




$$
