000
CDUS41 KRLX 242235
CLIPKB


CLIMATE REPORT
NATIONAL WEATHER SERVICE CHARLESTON WV
635 PM EDT SUN JUL 24 2016


...................................

...THE PARKERSBURG WV CLIMATE SUMMARY FOR JULY 24 2016...
VALID TODAY AS OF 0500 PM LOCAL TIME.

CLIMATE NORMAL PERIOD 1981 TO 2010
CLIMATE RECORD PERIOD 1889 TO 2016


WEATHER ITEM   OBSERVED TIME   RECORD YEAR NORMAL DEPARTURE LAST
                VALUE   (LST)  VALUE       VALUE  FROM      YEAR
                                                  NORMAL
..................................................................
TEMPERATURE (F)
 TODAY
  MAXIMUM         94    326 PM 101    1987  85      9       86
  MINIMUM         71    522 AM  51    1947  64      7       57
  AVERAGE         83                        74      9       72

PRECIPITATION (IN)
  TODAY            0.00          0.21 2003   0.14  -0.14     0.00
  MONTH TO DATE    3.26                      3.25   0.01     1.10
  SINCE JUN 1      7.10                      7.27  -0.17     6.99
  SINCE JAN 1     23.63                     24.22  -0.59    25.18

DEGREE DAYS
 HEATING
  TODAY            0                         0      0        0
  MONTH TO DATE    0                         0      0        0
  SINCE JUN 1      7                        19    -12       15
  SINCE JUL 1      0                         0      0        0

 COOLING
  TODAY           18                         9      9        7
  MONTH TO DATE  249                       228     21      194
  SINCE JUN 1    481                       419     62      417
  SINCE JAN 1    569                       503     66      578
..................................................................


WIND (MPH)
  HIGHEST WIND SPEED    10   HIGHEST WIND DIRECTION    SW (230)
  HIGHEST GUST SPEED    14   HIGHEST GUST DIRECTION     S (190)
  AVERAGE WIND SPEED     3.6


SKY COVER
  POSSIBLE SUNSHINE  MM
  AVERAGE SKY COVER 0.2


WEATHER CONDITIONS
 THE FOLLOWING WEATHER WAS RECORDED TODAY.
  FOG
  HAZE


RELATIVE HUMIDITY (PERCENT)
 HIGHEST   100           600 AM
 LOWEST     52           200 PM
 AVERAGE    76

..........................................................


THE PARKERSBURG WV CLIMATE NORMALS FOR TOMORROW
                         NORMAL    RECORD    YEAR
 MAXIMUM TEMPERATURE (F)   85       102      1934
 MINIMUM TEMPERATURE (F)   64        53      2013
                                             1947


SUNRISE AND SUNSET
JULY 24 2016..........SUNRISE   619 AM EDT   SUNSET   845 PM EDT
JULY 25 2016..........SUNRISE   620 AM EDT   SUNSET   844 PM EDT


-  INDICATES NEGATIVE NUMBERS.
R  INDICATES RECORD WAS SET OR TIED.
MM INDICATES DATA IS MISSING.
T  INDICATES TRACE AMOUNT.




$$
