000
CDUS41 KRLX 160729
CLIPKB


CLIMATE REPORT
NATIONAL WEATHER SERVICE CHARLESTON WV
327 AM EDT TUE SEP 16 2014


...................................

...THE PARKERSBURG WV CLIMATE SUMMARY FOR SEPTEMBER 15 2014...

CLIMATE NORMAL PERIOD 1981 TO 2010
CLIMATE RECORD PERIOD 1889 TO 2014


WEATHER ITEM   OBSERVED TIME   RECORD YEAR NORMAL DEPARTURE LAST
                VALUE   (LST)  VALUE       VALUE  FROM      YEAR
                                                  NORMAL
..................................................................
TEMPERATURE (F)
 YESTERDAY
  MAXIMUM         72   1254 PM  99    1897  78     -6       73
  MINIMUM         44    334 AM  39    1985  55    -11       45
  AVERAGE         58                        67     -9       59

PRECIPITATION (IN)
  YESTERDAY        0.00          0.53 2003   0.10  -0.10     0.00
  MONTH TO DATE    0.42                      1.59  -1.17     0.21
  SINCE JAN 1     17.74                     30.38 -12.64    32.77

SNOWFALL (IN)
  YESTERDAY       MM
  MONTH TO DATE   MM
  SINCE SEP 1     MM
  SINCE JUL 1     MM
  SNOW DEPTH      MM

DEGREE DAYS
 HEATING
  YESTERDAY        7                         2      5        6
  MONTH TO DATE   MM                        15     MM       20
  SINCE SEP 1     MM                        15     MM       20
  SINCE JUL 1     MM                        20     MM       25

 COOLING
  YESTERDAY        0                         3     -3        0
  MONTH TO DATE   MM                        74     MM       88
  SINCE SEP 1     MM                        74     MM       88
  SINCE JAN 1     MM                       904     MM      912
..................................................................


WIND (MPH)
  HIGHEST WIND SPEED    10   HIGHEST WIND DIRECTION    SE (120)
  HIGHEST GUST SPEED    14   HIGHEST GUST DIRECTION    SE (150)
  AVERAGE WIND SPEED     1.9


SKY COVER
  POSSIBLE SUNSHINE  MM
  AVERAGE SKY COVER 0.4


WEATHER CONDITIONS
 THE FOLLOWING WEATHER WAS RECORDED YESTERDAY.
  FOG
  FOG W/VISIBILITY <= 1/4 MILE


RELATIVE HUMIDITY (PERCENT)
 HIGHEST   100          1200 AM
 LOWEST     44           300 PM
 AVERAGE    72

..........................................................


THE PARKERSBURG WV CLIMATE NORMALS FOR TODAY
                         NORMAL    RECORD    YEAR
 MAXIMUM TEMPERATURE (F)   77        98      1897
 MINIMUM TEMPERATURE (F)   55        35      1966


SUNRISE AND SUNSET
SEPTEMBER 16 2014.....SUNRISE   708 AM EDT   SUNSET   733 PM EDT
SEPTEMBER 17 2014.....SUNRISE   709 AM EDT   SUNSET   731 PM EDT


-  INDICATES NEGATIVE NUMBERS.
R  INDICATES RECORD WAS SET OR TIED.
MM INDICATES DATA IS MISSING.
T  INDICATES TRACE AMOUNT.




$$
