000
CDUS41 KRLX 062128
CLIPKB


CLIMATE REPORT
NATIONAL WEATHER SERVICE CHARLESTON WV
527 PM EDT MON JUL 6 2015


...................................

...THE PARKERSBURG WV CLIMATE SUMMARY FOR JULY 6 2015...
VALID TODAY AS OF 0500 PM LOCAL TIME.

CLIMATE NORMAL PERIOD 1981 TO 2010
CLIMATE RECORD PERIOD 1889 TO 2015


WEATHER ITEM   OBSERVED TIME   RECORD YEAR NORMAL DEPARTURE LAST
                VALUE   (LST)  VALUE       VALUE  FROM      YEAR
                                                  NORMAL
..................................................................
TEMPERATURE (F)
 TODAY
  MAXIMUM         83    323 PM 100    1988  85     -2       MM
  MINIMUM         68    616 AM  45    1972  64      4       MM
  AVERAGE         76                        74      2       MM

PRECIPITATION (IN)
  TODAY            0.00          0.55 2013   0.13  -0.13    MM
  MONTH TO DATE    0.32                      0.75  -0.43    MM
  SINCE JUN 1      6.21                      4.77   1.44    MM
  SINCE JAN 1     24.40                     21.72   2.68    MM

DEGREE DAYS
 HEATING
  TODAY            0                         0      0       MM
  MONTH TO DATE    0                         0      0       MM
  SINCE JUN 1     15                        19     -4       MM
  SINCE JUL 1      0                         0      0       MM

 COOLING
  TODAY           11                         9      2       MM
  MONTH TO DATE   36                        54    -18       MM
  SINCE JUN 1    259                       245     14       MM
  SINCE JAN 1    420                       329     91       MM
..................................................................


WIND (MPH)
  HIGHEST WIND SPEED    13   HIGHEST WIND DIRECTION     W (280)
  HIGHEST GUST SPEED    16   HIGHEST GUST DIRECTION     W (270)
  AVERAGE WIND SPEED     2.8


SKY COVER
  POSSIBLE SUNSHINE  MM
  AVERAGE SKY COVER 0.6


WEATHER CONDITIONS
 THE FOLLOWING WEATHER WAS RECORDED TODAY.
  FOG


RELATIVE HUMIDITY (PERCENT)
 HIGHEST    97           200 AM
 LOWEST     62          1200 PM
 AVERAGE    80

..........................................................


THE PARKERSBURG WV CLIMATE NORMALS FOR TOMORROW
                         NORMAL    RECORD    YEAR
 MAXIMUM TEMPERATURE (F)   85       103      2012
 MINIMUM TEMPERATURE (F)   64        47      1972


SUNRISE AND SUNSET
JULY  6 2015..........SUNRISE   605 AM EDT   SUNSET   855 PM EDT
JULY  7 2015..........SUNRISE   606 AM EDT   SUNSET   855 PM EDT


-  INDICATES NEGATIVE NUMBERS.
R  INDICATES RECORD WAS SET OR TIED.
MM INDICATES DATA IS MISSING.
T  INDICATES TRACE AMOUNT.




$$
