000
CDUS41 KRLX 250816
CLIPKB


CLIMATE REPORT
NATIONAL WEATHER SERVICE CHARLESTON WV
316 AM EST SUN FEB 25 2018


...................................

...THE PARKERSBURG WV CLIMATE SUMMARY FOR FEBRUARY 24 2018...

CLIMATE NORMAL PERIOD 1981 TO 2010
CLIMATE RECORD PERIOD 1889 TO 2018


WEATHER ITEM   OBSERVED TIME   RECORD YEAR NORMAL DEPARTURE LAST
                VALUE   (LST)  VALUE       VALUE  FROM      YEAR
                                                  NORMAL
..................................................................
TEMPERATURE (F)
 YESTERDAY
  MAXIMUM         58    100 AM  79    2017  47     11       79
  MINIMUM         49    241 PM  -8    2015  27     22       59
  AVERAGE         54                        37     17       69

PRECIPITATION (IN)
  YESTERDAY        0.73          1.18 1965   0.10   0.63     0.00
  MONTH TO DATE    6.64                      2.30   4.34     2.16
  SINCE JAN 1     10.08                      5.25   4.83     6.72

SNOWFALL (IN)
  YESTERDAY       MM
  MONTH TO DATE   MM
  SINCE SEP 1     MM
  SNOW DEPTH      MM

DEGREE DAYS
 HEATING
  YESTERDAY       11                        28    -17        0
  MONTH TO DATE  573                       736   -163      506
  SINCE DEC 1   2687                      2696     -9     2189
  SINCE JUL 1   3587                      3681    -94     2943

 COOLING
  YESTERDAY        0                         0      0        4
  MONTH TO DATE    6                         0      6        4
  SINCE DEC 1      6                         0      6        4
  SINCE JAN 1      6                         0      6        4
..................................................................


WIND (MPH)
  HIGHEST WIND SPEED    15   HIGHEST WIND DIRECTION     E (90)
  HIGHEST GUST SPEED    21   HIGHEST GUST DIRECTION     E (80)
  AVERAGE WIND SPEED     5.6


SKY COVER
  POSSIBLE SUNSHINE  MM
  AVERAGE SKY COVER 0.9


WEATHER CONDITIONS
 THE FOLLOWING WEATHER WAS RECORDED YESTERDAY.
  HEAVY RAIN
  RAIN
  LIGHT RAIN
  FOG


RELATIVE HUMIDITY (PERCENT)
 HIGHEST   100           200 AM
 LOWEST     86           400 AM
 AVERAGE    93

..........................................................


THE PARKERSBURG WV CLIMATE NORMALS FOR TODAY
                         NORMAL    RECORD    YEAR
 MAXIMUM TEMPERATURE (F)   47        77      1930
 MINIMUM TEMPERATURE (F)   27         0      1967


SUNRISE AND SUNSET
FEBRUARY 25 2018......SUNRISE   704 AM EST   SUNSET   614 PM EST
FEBRUARY 26 2018......SUNRISE   703 AM EST   SUNSET   615 PM EST


-  INDICATES NEGATIVE NUMBERS.
R  INDICATES RECORD WAS SET OR TIED.
MM INDICATES DATA IS MISSING.
T  INDICATES TRACE AMOUNT.




$$
