433
CDUS46 KLOX 270901
CLIPMD


CLIMATE REPORT
NATIONAL WEATHER SERVICE LOS ANGELES/OXNARD CA
201 AM PDT TUE SEP 27 2016


...................................

...THE PALMDALE AIRPORT CA CLIMATE SUMMARY FOR SEPTEMBER 26 2016...

CLIMATE NORMAL PERIOD 1981 TO 2010
CLIMATE RECORD PERIOD 1931 TO 2016


WEATHER ITEM   OBSERVED TIME   RECORD YEAR NORMAL DEPARTURE LAST
                VALUE   (LST)  VALUE       VALUE  FROM      YEAR
                                                  NORMAL
..................................................................
TEMPERATURE (F)
 YESTERDAY
  MAXIMUM         93    230 PM 101    2009  87      6       97
  MINIMUM         56    608 AM  32    1948  54      2       65
  AVERAGE         75                        70      5       81

PRECIPITATION (IN)
  YESTERDAY        0.00          0.60 1939   0.01  -0.01     0.00
  MONTH TO DATE    0.00                      0.24  -0.24     0.43
  SINCE OCT 1      4.28                      8.25  -3.97     6.28
  SINCE JAN 1      2.47                      5.80  -3.33     3.71

SNOWFALL (IN)
  YESTERDAY        0.0          MM      MM  MM               0.0
  MONTH TO DATE    0.0                      MM               0.0
  SINCE SEP 1      0.0                      MM               0.0
  SINCE JUL 1      0.0                      MM               0.0
  SNOW DEPTH       0

DEGREE DAYS
 HEATING
  YESTERDAY        0                         1     -1        0
  MONTH TO DATE    5                         6     -1        0
  SINCE SEP 1      5                         6     -1        0
  SINCE JUL 1      5                         6     -1        0

 COOLING
  YESTERDAY       10                         6      4       16
  MONTH TO DATE  233                       253    -20      333
  SINCE SEP 1    233                       253    -20      333
  SINCE JAN 1   1997                      1735    262     1885
..................................................................


WIND (MPH)
  HIGHEST WIND SPEED    18   HIGHEST WIND DIRECTION    NE (50)
  HIGHEST GUST SPEED    23   HIGHEST GUST DIRECTION     E (70)
  AVERAGE WIND SPEED     6.7


SKY COVER
  POSSIBLE SUNSHINE  MM
  AVERAGE SKY COVER 0.0


WEATHER CONDITIONS
 THE FOLLOWING WEATHER WAS RECORDED YESTERDAY.
  HAZE


RELATIVE HUMIDITY (PERCENT)
 HIGHEST    26          1100 PM
 LOWEST     10           200 PM
 AVERAGE    18

..........................................................


THE PALMDALE AIRPORT CA CLIMATE NORMALS FOR TODAY
                         NORMAL    RECORD    YEAR
 MAXIMUM TEMPERATURE (F)   86       102      2010
                                             2003
 MINIMUM TEMPERATURE (F)   54        36      1948


SUNRISE AND SUNSET
SEPTEMBER 27 2016.....SUNRISE   644 AM PDT   SUNSET   641 PM PDT
SEPTEMBER 28 2016.....SUNRISE   645 AM PDT   SUNSET   640 PM PDT


-  INDICATES NEGATIVE NUMBERS.
R  INDICATES RECORD WAS SET OR TIED.
MM INDICATES DATA IS MISSING.
T  INDICATES TRACE AMOUNT.




$$
