000
CDUS46 KLOX 310906
CLIPMD


CLIMATE REPORT
NATIONAL WEATHER SERVICE LOS ANGELES/OXNARD CA
206 AM PDT WED AUG 31 2016


...................................

...THE PALMDALE AIRPORT CA CLIMATE SUMMARY FOR AUGUST 30 2016...

CLIMATE NORMAL PERIOD 1981 TO 2010
CLIMATE RECORD PERIOD 1931 TO 2016


WEATHER ITEM   OBSERVED TIME   RECORD YEAR NORMAL DEPARTURE LAST
                VALUE   (LST)  VALUE       VALUE  FROM      YEAR
                                                  NORMAL
..................................................................
TEMPERATURE (F)
 YESTERDAY
  MAXIMUM        104    200 PM 108    1996  96      8       93
  MINIMUM         64    556 AM  47    1945  62      2       67
  AVERAGE         84                        79      5       80

PRECIPITATION (IN)
  YESTERDAY        0.00          0.67 1938   0.00   0.00     0.00
  MONTH TO DATE    0.00                      0.13  -0.13      T
  SINCE OCT 1      4.28                      8.00  -3.72     5.85
  SINCE JAN 1      2.47                      5.55  -3.08     3.28

SNOWFALL (IN)
  YESTERDAY        0.0           0.0  1973  MM               0.0
  MONTH TO DATE    0.0                      MM               0.0
  SINCE JUN 1      0.0                      MM               0.0
  SINCE JUL 1      0.0                      MM               0.0
  SNOW DEPTH       0

DEGREE DAYS
 HEATING
  YESTERDAY        0                         0      0        0
  MONTH TO DATE    0                         0      0        0
  SINCE JUN 1      0                         7     -7        0
  SINCE JUL 1      0                         0      0        0

 COOLING
  YESTERDAY       19                        14      5       15
  MONTH TO DATE  524                       491     33      543
  SINCE JUN 1   1602                      1299    303     1415
  SINCE JAN 1   1746                      1469    277     1540
..................................................................


WIND (MPH)
  HIGHEST WIND SPEED    24   HIGHEST WIND DIRECTION     W (250)
  HIGHEST GUST SPEED    29   HIGHEST GUST DIRECTION     W (250)
  AVERAGE WIND SPEED     9.1


SKY COVER
  POSSIBLE SUNSHINE  MM
  AVERAGE SKY COVER 0.0


WEATHER CONDITIONS
 THE FOLLOWING WEATHER WAS RECORDED YESTERDAY.
  NO SIGNIFICANT WEATHER WAS OBSERVED.


RELATIVE HUMIDITY (PERCENT)
 HIGHEST    34           600 AM
 LOWEST      8          1100 AM
 AVERAGE    21

..........................................................


THE PALMDALE AIRPORT CA CLIMATE NORMALS FOR TODAY
                         NORMAL    RECORD    YEAR
 MAXIMUM TEMPERATURE (F)   95       109      1996
 MINIMUM TEMPERATURE (F)   62        45      1957


SUNRISE AND SUNSET
AUGUST 31 2016........SUNRISE   625 AM PDT   SUNSET   719 PM PDT
SEPTEMBER  1 2016.....SUNRISE   626 AM PDT   SUNSET   718 PM PDT


-  INDICATES NEGATIVE NUMBERS.
R  INDICATES RECORD WAS SET OR TIED.
MM INDICATES DATA IS MISSING.
T  INDICATES TRACE AMOUNT.




$$
