000
CDUS46 KLOX 200912
CLIPMD


CLIMATE REPORT
NATIONAL WEATHER SERVICE LOS ANGELES/OXNARD CA
211 AM PDT MON OCT 20 2014


...................................

...THE PALMDALE AIRPORT CA CLIMATE SUMMARY FOR OCTOBER 19 2014...

CLIMATE NORMAL PERIOD 1981 TO 2010
CLIMATE RECORD PERIOD 1931 TO 2014


WEATHER ITEM   OBSERVED TIME   RECORD YEAR NORMAL DEPARTURE LAST
                VALUE   (LST)  VALUE       VALUE  FROM      YEAR
                                                  NORMAL
..................................................................
TEMPERATURE (F)
 YESTERDAY
  MAXIMUM         86    209 PM  92    1995  77      9       81
  MINIMUM         52    601 AM  30    1971  47      5       42
  AVERAGE         69                        62      7       62

PRECIPITATION (IN)
  YESTERDAY        0.00          1.03 2010   0.03  -0.03     0.00
  MONTH TO DATE    0.00                      0.32  -0.32     0.08
  SINCE JUL 1      0.16                      0.85  -0.69     0.21
  SINCE JAN 1      3.21                      6.17  -2.96     1.07

SNOWFALL (IN)
  YESTERDAY        0.0          MM      MM  MM               0.0
  MONTH TO DATE    0.0                      MM               0.0
  SINCE SEP 1      0.0                      MM               0.0
  SINCE JUL 1      0.0                      MM               0.0
  SNOW DEPTH       0

DEGREE DAYS
 HEATING
  YESTERDAY        0                         4     -4        3
  MONTH TO DATE    2                        46    -44       93
  SINCE SEP 1      3                        58    -55      107
  SINCE JUL 1      3                        58    -55      107

 COOLING
  YESTERDAY        4                         1      3        0
  MONTH TO DATE  106                        51     55       10
  SINCE SEP 1    494                       326    168      359
  SINCE JAN 1   2207                      1808    399     2124
..................................................................


WIND (MPH)
  HIGHEST WIND SPEED    15   HIGHEST WIND DIRECTION    SW (230)
  HIGHEST GUST SPEED    17   HIGHEST GUST DIRECTION    SW (230)
  AVERAGE WIND SPEED     5.1


SKY COVER
  POSSIBLE SUNSHINE  MM
  AVERAGE SKY COVER 0.0


WEATHER CONDITIONS
 THE FOLLOWING WEATHER WAS RECORDED YESTERDAY.
  NO SIGNIFICANT WEATHER WAS OBSERVED.


RELATIVE HUMIDITY (PERCENT)
 HIGHEST    59           100 AM
 LOWEST     19           200 PM
 AVERAGE    39

..........................................................


THE PALMDALE AIRPORT CA CLIMATE NORMALS FOR TODAY
                         NORMAL    RECORD    YEAR
 MAXIMUM TEMPERATURE (F)   77        98      1991
 MINIMUM TEMPERATURE (F)   47        31      1949


SUNRISE AND SUNSET
OCTOBER 20 2014.......SUNRISE   702 AM PDT   SUNSET   612 PM PDT
OCTOBER 21 2014.......SUNRISE   703 AM PDT   SUNSET   610 PM PDT


-  INDICATES NEGATIVE NUMBERS.
R  INDICATES RECORD WAS SET OR TIED.
MM INDICATES DATA IS MISSING.
T  INDICATES TRACE AMOUNT.




$$
