203
CDUS46 KLOX 280909
CLIPMD


CLIMATE REPORT
NATIONAL WEATHER SERVICE LOS ANGELES/OXNARD CA
209 AM PDT FRI APR 28 2017


...................................

...THE PALMDALE AIRPORT CA CLIMATE SUMMARY FOR APRIL 27 2017...

CLIMATE NORMAL PERIOD 1981 TO 2010
CLIMATE RECORD PERIOD 1931 TO 2017


WEATHER ITEM   OBSERVED TIME   RECORD YEAR NORMAL DEPARTURE LAST
                VALUE   (LST)  VALUE       VALUE  FROM      YEAR
                                                  NORMAL
..................................................................
TEMPERATURE (F)
 YESTERDAY
  MAXIMUM         71   1246 PM  97    1996  76     -5       72
  MINIMUM         57    525 AM  29    1955  47     10       46
  AVERAGE         64                        61      3       59

PRECIPITATION (IN)
  YESTERDAY        0.00          0.13 1953   0.01  -0.01     0.06
  MONTH TO DATE    T                         0.44  -0.44     0.14
  SINCE OCT 1      5.91                      7.40  -1.49     4.23
  SINCE JAN 1      4.12                      4.95  -0.83     2.42

SNOWFALL (IN)
  YESTERDAY        0.0           T    1970  MM              MM
  MONTH TO DATE    0.0                      MM               0.0
  SINCE MAR 1      0.0                      MM               0.0
  SINCE JUL 1      0.0                      MM                T
  SNOW DEPTH       0

DEGREE DAYS
 HEATING
  YESTERDAY        1                         5     -4        6
  MONTH TO DATE  101                       215   -114       97
  SINCE MAR 1    344                       591   -247      366
  SINCE JUL 1   2253                      2836   -583     2527

 COOLING
  YESTERDAY        0                         1     -1        0
  MONTH TO DATE    7                        12     -5       20
  SINCE MAR 1     14                        14      0       20
  SINCE JAN 1     14                        14      0       20
..................................................................


WIND (MPH)
  HIGHEST WIND SPEED    41   HIGHEST WIND DIRECTION    NW (300)
  HIGHEST GUST SPEED    51   HIGHEST GUST DIRECTION    NW (300)
  AVERAGE WIND SPEED    21.9


SKY COVER
  POSSIBLE SUNSHINE  MM
  AVERAGE SKY COVER 0.0


WEATHER CONDITIONS
 THE FOLLOWING WEATHER WAS RECORDED YESTERDAY.
  HAZE


RELATIVE HUMIDITY (PERCENT)
 HIGHEST    67           500 AM
 LOWEST     27          1100 PM
 AVERAGE    47

..........................................................


THE PALMDALE AIRPORT CA CLIMATE NORMALS FOR TODAY
                         NORMAL    RECORD    YEAR
 MAXIMUM TEMPERATURE (F)   77        95      2007
 MINIMUM TEMPERATURE (F)   47        31      1955


SUNRISE AND SUNSET
APRIL 28 2017.........SUNRISE   605 AM PDT   SUNSET   735 PM PDT
APRIL 29 2017.........SUNRISE   604 AM PDT   SUNSET   736 PM PDT


-  INDICATES NEGATIVE NUMBERS.
R  INDICATES RECORD WAS SET OR TIED.
MM INDICATES DATA IS MISSING.
T  INDICATES TRACE AMOUNT.




$$
