000
CDUS46 KLOX 220857
CLIPMD


CLIMATE REPORT
NATIONAL WEATHER SERVICE LOS ANGELES/OXNARD CA
157 AM PDT FRI MAY 22 2015


...................................

...THE PALMDALE AIRPORT CA CLIMATE SUMMARY FOR MAY 21 2015...

CLIMATE NORMAL PERIOD 1981 TO 2010
CLIMATE RECORD PERIOD 1931 TO 2015


WEATHER ITEM   OBSERVED TIME   RECORD YEAR NORMAL DEPARTURE LAST
                VALUE   (LST)  VALUE       VALUE  FROM      YEAR
                                                  NORMAL
..................................................................
TEMPERATURE (F)
 YESTERDAY
  MAXIMUM         66    145 PM 100    2000  85    -19       74
  MINIMUM         51    531 AM  39    1975  54     -3       52
  AVERAGE         59                        69    -10       63

PRECIPITATION (IN)
  YESTERDAY        0.00          0.12 1947   0.00   0.00      T
  MONTH TO DATE    0.10                      0.21  -0.11      T
  SINCE OCT 1      4.22                      7.64  -3.42     4.03
  SINCE JAN 1      1.65                      5.19  -3.54     2.09

SNOWFALL (IN)
  YESTERDAY        0.0          MM      MM  MM               0.0
  MONTH TO DATE    0.0                      MM               0.0
  SINCE MAR 1      0.0                      MM               0.0
  SINCE JUL 1      0.0                      MM               0.0
  SNOW DEPTH       0

DEGREE DAYS
 HEATING
  YESTERDAY        6                         2      4        2
  MONTH TO DATE   90                        56     34       34
  SINCE MAR 1    436                       661   -225      432
  SINCE JUL 1   2091                      2906   -815     2330

 COOLING
  YESTERDAY        0                         6     -6        0
  MONTH TO DATE   27                        79    -52       80
  SINCE MAR 1     62                       102    -40      123
  SINCE JAN 1     62                       102    -40      124
..................................................................


WIND (MPH)
  HIGHEST WIND SPEED    31   HIGHEST WIND DIRECTION    SW (230)
  HIGHEST GUST SPEED    38   HIGHEST GUST DIRECTION    SW (230)
  AVERAGE WIND SPEED    19.2


SKY COVER
  POSSIBLE SUNSHINE  MM
  AVERAGE SKY COVER 0.0


WEATHER CONDITIONS
 THE FOLLOWING WEATHER WAS RECORDED YESTERDAY.
  NO SIGNIFICANT WEATHER WAS OBSERVED.


RELATIVE HUMIDITY (PERCENT)
 HIGHEST    71           400 AM
 LOWEST     44          1200 PM
 AVERAGE    58

..........................................................


THE PALMDALE AIRPORT CA CLIMATE NORMALS FOR TODAY
                         NORMAL    RECORD    YEAR
 MAXIMUM TEMPERATURE (F)   85       103      2000
 MINIMUM TEMPERATURE (F)   54        38      1933


SUNRISE AND SUNSET
MAY 22 2015...........SUNRISE   545 AM PDT   SUNSET   753 PM PDT
MAY 23 2015...........SUNRISE   544 AM PDT   SUNSET   754 PM PDT


-  INDICATES NEGATIVE NUMBERS.
R  INDICATES RECORD WAS SET OR TIED.
MM INDICATES DATA IS MISSING.
T  INDICATES TRACE AMOUNT.




$$
