000
CDUS46 KLOX 280912
CLIPMD


CLIMATE REPORT
NATIONAL WEATHER SERVICE LOS ANGELES/OXNARD CA
112 AM PST SUN DEC 28 2014


...................................

...THE PALMDALE AIRPORT CA CLIMATE SUMMARY FOR DECEMBER 27 2014...

CLIMATE NORMAL PERIOD 1981 TO 2010
CLIMATE RECORD PERIOD 1931 TO 2014


WEATHER ITEM   OBSERVED TIME   RECORD YEAR NORMAL DEPARTURE LAST
                VALUE   (LST)  VALUE       VALUE  FROM      YEAR
                                                  NORMAL
..................................................................
TEMPERATURE (F)
 YESTERDAY
  MAXIMUM         47    352 PM  70    1933  57    -10       63
  MINIMUM         25    609 AM   6    1962  30     -5       28
  AVERAGE         36                        44     -8       46

PRECIPITATION (IN)
  YESTERDAY        0.00          1.20 1984   0.06  -0.06     0.00
  MONTH TO DATE    2.57                      0.85   1.72      T
  SINCE JUL 1      2.73                      2.68   0.05     2.07
  SINCE JAN 1      5.78                      8.00  -2.22     2.93

SNOWFALL (IN)
  YESTERDAY        0.0           6.0  1971  MM               0.0
  MONTH TO DATE    0.0                      MM               0.0
  SINCE DEC 1      0.0                      MM               0.0
  SINCE JUL 1      0.0                      MM               0.0
  SNOW DEPTH       0

DEGREE DAYS
 HEATING
  YESTERDAY       29                        21      8       19
  MONTH TO DATE  444                       553   -109      553
  SINCE DEC 1    444                       553   -109      553
  SINCE JUL 1    758                      1080   -322     1066

 COOLING
  YESTERDAY        0                         0      0        0
  MONTH TO DATE    0                         0      0        0
  SINCE DEC 1      0                         0      0        0
  SINCE JAN 1   2223                      1815    408     2126
..................................................................


WIND (MPH)
  HIGHEST WIND SPEED    21   HIGHEST WIND DIRECTION     E (100)
  HIGHEST GUST SPEED    24   HIGHEST GUST DIRECTION     E (110)
  AVERAGE WIND SPEED     7.2


SKY COVER
  POSSIBLE SUNSHINE  MM
  AVERAGE SKY COVER 0.0


WEATHER CONDITIONS
 THE FOLLOWING WEATHER WAS RECORDED YESTERDAY.
  NO SIGNIFICANT WEATHER WAS OBSERVED.


RELATIVE HUMIDITY (PERCENT)
 HIGHEST    69          1100 PM
 LOWEST     23          1100 AM
 AVERAGE    46

..........................................................


THE PALMDALE AIRPORT CA CLIMATE NORMALS FOR TODAY
                         NORMAL    RECORD    YEAR
 MAXIMUM TEMPERATURE (F)   57        73      2013
 MINIMUM TEMPERATURE (F)   30        12      1962


SUNRISE AND SUNSET
DECEMBER 28 2014......SUNRISE   658 AM PST   SUNSET   450 PM PST
DECEMBER 29 2014......SUNRISE   659 AM PST   SUNSET   450 PM PST


-  INDICATES NEGATIVE NUMBERS.
R  INDICATES RECORD WAS SET OR TIED.
MM INDICATES DATA IS MISSING.
T  INDICATES TRACE AMOUNT.




$$
