000
CDUS46 KLOX 270906
CLIPMD


CLIMATE REPORT
NATIONAL WEATHER SERVICE LOS ANGELES/OXNARD CA
106 AM PST TUE JAN 27 2015


...................................

...THE PALMDALE AIRPORT CA CLIMATE SUMMARY FOR JANUARY 26 2015...

CLIMATE NORMAL PERIOD 1981 TO 2010
CLIMATE RECORD PERIOD 1931 TO 2015


WEATHER ITEM   OBSERVED TIME   RECORD YEAR NORMAL DEPARTURE LAST
                VALUE   (LST)  VALUE       VALUE  FROM      YEAR
                                                  NORMAL
..................................................................
TEMPERATURE (F)
 YESTERDAY
  MAXIMUM         61    118 PM  78    1975  59      2       65
  MINIMUM         39    511 AM  12    1949  32      7       39
  AVERAGE         50                        46      4       52

PRECIPITATION (IN)
  YESTERDAY        0.03          0.91 1956   0.02   0.01     0.00
  MONTH TO DATE    0.68                      1.34  -0.66     0.00
  SINCE OCT 1      3.25                      3.79  -0.54     1.94
  SINCE JAN 1      0.68                      1.34  -0.66     0.00

SNOWFALL (IN)
  YESTERDAY       MM             T    1957  MM               0.0
  MONTH TO DATE    0.0                      MM               0.0
  SINCE DEC 1      0.0                      MM               0.0
  SINCE JUL 1      0.0                      MM               0.0
  SNOW DEPTH       0

DEGREE DAYS
 HEATING
  YESTERDAY       15                        19     -4       13
  MONTH TO DATE  456                       526    -70      399
  SINCE DEC 1    991                      1163   -172     1022
  SINCE JUL 1   1305                      1690   -385     1535

 COOLING
  YESTERDAY        0                         0      0        0
  MONTH TO DATE    0                         0      0        0
  SINCE DEC 1      0                         0      0        0
  SINCE JAN 1      0                         0      0        0
..................................................................


WIND (MPH)
  HIGHEST WIND SPEED    18   HIGHEST WIND DIRECTION    NE (50)
  HIGHEST GUST SPEED    22   HIGHEST GUST DIRECTION    NE (60)
  AVERAGE WIND SPEED     5.1


SKY COVER
  POSSIBLE SUNSHINE  MM
  AVERAGE SKY COVER 0.6


WEATHER CONDITIONS
 THE FOLLOWING WEATHER WAS RECORDED YESTERDAY.
  LIGHT RAIN


RELATIVE HUMIDITY (PERCENT)
 HIGHEST    89           600 PM
 LOWEST     36           200 PM
 AVERAGE    63

..........................................................


THE PALMDALE AIRPORT CA CLIMATE NORMALS FOR TODAY
                         NORMAL    RECORD    YEAR
 MAXIMUM TEMPERATURE (F)   59        74      2003
 MINIMUM TEMPERATURE (F)   32        15      1950


SUNRISE AND SUNSET
JANUARY 27 2015.......SUNRISE   654 AM PST   SUNSET   517 PM PST
JANUARY 28 2015.......SUNRISE   653 AM PST   SUNSET   518 PM PST


-  INDICATES NEGATIVE NUMBERS.
R  INDICATES RECORD WAS SET OR TIED.
MM INDICATES DATA IS MISSING.
T  INDICATES TRACE AMOUNT.




$$
