000
CDUS44 KMOB 012232
CLIPNS


CLIMATE REPORT
NATIONAL WEATHER SERVICE MOBILE AL
530 PM CDT WED OCT 1 2014


...................................

...THE PENSACOLA CLIMATE SUMMARY FOR OCTOBER 1 2014...
VALID TODAY AS OF 0500 PM LOCAL TIME.

CLIMATE NORMAL PERIOD 1981 TO 2010
CLIMATE RECORD PERIOD 1879 TO 2014


WEATHER ITEM   OBSERVED TIME   RECORD YEAR NORMAL DEPARTURE LAST
                VALUE   (LST)  VALUE       VALUE  FROM      YEAR
                                                  NORMAL
..................................................................
TEMPERATURE (F)
 TODAY
  MAXIMUM         84   1254 PM  94    1904  83      1       85
  MINIMUM         67    515 AM  46    1920  66      1       69
  AVERAGE         76                        74      2       77

PRECIPITATION (IN)
  TODAY            0.00          3.02 1988   0.17  -0.17     0.00
  MONTH TO DATE    0.00                      0.17  -0.17     0.00
  SINCE MAR 1     62.70                     41.23  21.47    49.39
  SINCE JAN 1     74.03                     50.92  23.11    63.66

DEGREE DAYS
 HEATING
  TODAY            0                         0      0        0
  MONTH TO DATE    0                         0      0        0
  SINCE SEP 1      0                         1     -1        0
  SINCE JUL 1      0                         1     -1        0

 COOLING
  TODAY           11                         9      2       12
  MONTH TO DATE   11                         9      2       12
  SINCE SEP 1    412                       412      0      488
  SINCE JAN 1   2368                      2379    -11     2470
..................................................................


WIND (MPH)
  HIGHEST WIND SPEED    10   HIGHEST WIND DIRECTION     S (170)
  HIGHEST GUST SPEED    14   HIGHEST GUST DIRECTION    SE (140)
  AVERAGE WIND SPEED     5.5


SKY COVER
  POSSIBLE SUNSHINE  MM
  AVERAGE SKY COVER 0.3


WEATHER CONDITIONS
 THE FOLLOWING WEATHER WAS RECORDED TODAY.
  NO SIGNIFICANT WEATHER WAS OBSERVED.


RELATIVE HUMIDITY (PERCENT)
 HIGHEST    93           300 AM
 LOWEST     61           100 PM
 AVERAGE    77

..........................................................


THE PENSACOLA CLIMATE NORMALS FOR TOMORROW
                         NORMAL    RECORD    YEAR
 MAXIMUM TEMPERATURE (F)   83        92      1954
 MINIMUM TEMPERATURE (F)   65        49      1984


SUNRISE AND SUNSET
OCTOBER  1 2014.......SUNRISE   642 AM CDT   SUNSET   634 PM CDT
OCTOBER  2 2014.......SUNRISE   643 AM CDT   SUNSET   633 PM CDT


-  INDICATES NEGATIVE NUMBERS.
R  INDICATES RECORD WAS SET OR TIED.
MM INDICATES DATA IS MISSING.
T  INDICATES TRACE AMOUNT.




$$
