000
CDUS44 KMOB 220645
CLIPNS


CLIMATE REPORT
NATIONAL WEATHER SERVICE MOBILE AL
145 AM CDT SAT JUL 22 2017


...................................

...THE PENSACOLA CLIMATE SUMMARY FOR JULY 21 2017...

CLIMATE NORMAL PERIOD 1981 TO 2010
CLIMATE RECORD PERIOD 1879 TO 2017


WEATHER ITEM   OBSERVED TIME   RECORD YEAR NORMAL DEPARTURE LAST
                VALUE   (LST)  VALUE       VALUE  FROM      YEAR
                                                  NORMAL
..................................................................
TEMPERATURE (F)
 YESTERDAY
  MAXIMUM         94   1227 PM 100    1942  90      4       92
  MINIMUM         80   1159 PM  68    2009  75      5       78
  AVERAGE         87                        82      5       85

PRECIPITATION (IN)
  YESTERDAY        T             2.92 1975   0.24  -0.24      T
  MONTH TO DATE    3.69                      4.98  -1.29     5.61
  SINCE MAR 1     37.57                     25.89  11.68    28.87
  SINCE JAN 1     52.92                     35.58  17.34    37.52

DEGREE DAYS
 COOLING
  YESTERDAY       22                        17      5       20
  MONTH TO DATE  414                       357     57      415
  SINCE JUN 1    884                       822     62      936
  SINCE JAN 1   1680                      1270    410     1532
..................................................................


WIND (MPH)
  HIGHEST WIND SPEED    18   HIGHEST WIND DIRECTION    SW (210)
  HIGHEST GUST SPEED    22   HIGHEST GUST DIRECTION    SW (210)
  AVERAGE WIND SPEED     4.8


SKY COVER
  POSSIBLE SUNSHINE  MM
  AVERAGE SKY COVER 0.1


WEATHER CONDITIONS
 THE FOLLOWING WEATHER WAS RECORDED YESTERDAY.
  THUNDERSTORM
  LIGHT RAIN
  HAZE


RELATIVE HUMIDITY (PERCENT)
 HIGHEST    85          1200 AM
 LOWEST     60          1100 AM
 AVERAGE    73

..........................................................


THE PENSACOLA CLIMATE NORMALS FOR TODAY
                         NORMAL    RECORD    YEAR
 MAXIMUM TEMPERATURE (F)   90        97      1898
 MINIMUM TEMPERATURE (F)   75        67      1893


SUNRISE AND SUNSET
JULY 22 2017..........SUNRISE   601 AM CDT   SUNSET   749 PM CDT
JULY 23 2017..........SUNRISE   602 AM CDT   SUNSET   749 PM CDT


-  INDICATES NEGATIVE NUMBERS.
R  INDICATES RECORD WAS SET OR TIED.
MM INDICATES DATA IS MISSING.
T  INDICATES TRACE AMOUNT.




$$
