000
CDUS44 KMOB 210645
CLIPNS


CLIMATE REPORT
NATIONAL WEATHER SERVICE MOBILE AL
1245 AM CST TUE NOV 21 2017


...................................

...THE PENSACOLA CLIMATE SUMMARY FOR NOVEMBER 20 2017...

CLIMATE NORMAL PERIOD 1981 TO 2010
CLIMATE RECORD PERIOD 1879 TO 2017


WEATHER ITEM   OBSERVED TIME   RECORD YEAR NORMAL DEPARTURE LAST
                VALUE   (LST)  VALUE       VALUE  FROM      YEAR
                                                  NORMAL
..................................................................
TEMPERATURE (F)
 YESTERDAY
  MAXIMUM         59    315 PM  81    1986  69    -10       66
                                      1985
                                      1950
  MINIMUM         42    639 AM  27    1914  50     -8       41
  AVERAGE         51                        60     -9       54

PRECIPITATION (IN)
  YESTERDAY        0.00          2.08 1899   0.15  -0.15     0.00
  MONTH TO DATE    0.09                      3.19  -3.10     0.36
  SINCE MAR 1     72.90                     49.49  23.41    45.85
  SINCE JAN 1     88.25                     59.18  29.07    54.50

SNOWFALL (IN)
  YESTERDAY        0.0           0.0  2002   0.0    0.0      0.0
                                      2001
                                      2000
  MONTH TO DATE    0.0                       0.0    0.0      0.0
  SINCE MAR 1      0.0                       0.0    0.0      0.0
  SINCE JUL 1      0.0                       0.0    0.0      0.0
  SNOW DEPTH       0

DEGREE DAYS
 HEATING
  YESTERDAY       14                         7      7       11
  MONTH TO DATE   50                        93    -43       28
  SINCE SEP 1     83                       131    -48       29
  SINCE JUL 1     83                       131    -48       29

 COOLING
  YESTERDAY        0                         1     -1        0
  MONTH TO DATE   73                        36     37       63
  SINCE SEP 1    851                       619    232      881
  SINCE JAN 1   3330                      2586    744     3184
..................................................................


WIND (MPH)
  HIGHEST WIND SPEED    16   HIGHEST WIND DIRECTION     N (360)
  HIGHEST GUST SPEED    21   HIGHEST GUST DIRECTION     N (10)
  AVERAGE WIND SPEED     5.1


SKY COVER
  POSSIBLE SUNSHINE  MM
  AVERAGE SKY COVER 0.0


WEATHER CONDITIONS
 THE FOLLOWING WEATHER WAS RECORDED YESTERDAY.
  NO SIGNIFICANT WEATHER WAS OBSERVED.


RELATIVE HUMIDITY (PERCENT)
 HIGHEST    86           600 PM
 LOWEST     51           200 PM
 AVERAGE    69

..........................................................


THE PENSACOLA CLIMATE NORMALS FOR TODAY
                         NORMAL    RECORD    YEAR
 MAXIMUM TEMPERATURE (F)   69        84      1994
 MINIMUM TEMPERATURE (F)   50        27      1937


SUNRISE AND SUNSET
NOVEMBER 21 2017......SUNRISE   620 AM CST   SUNSET   449 PM CST
NOVEMBER 22 2017......SUNRISE   621 AM CST   SUNSET   449 PM CST


-  INDICATES NEGATIVE NUMBERS.
R  INDICATES RECORD WAS SET OR TIED.
MM INDICATES DATA IS MISSING.
T  INDICATES TRACE AMOUNT.




$$
