000
CDUS44 KMOB 040628
CLIPNS


CLIMATE REPORT
NATIONAL WEATHER SERVICE MOBILE AL
126 AM CDT SAT JUL 4 2015


...................................

...THE PENSACOLA CLIMATE SUMMARY FOR JULY 3 2015...

CLIMATE NORMAL PERIOD 1981 TO 2010
CLIMATE RECORD PERIOD 1879 TO 2015


WEATHER ITEM   OBSERVED TIME   RECORD YEAR NORMAL DEPARTURE LAST
                VALUE   (LST)  VALUE       VALUE  FROM      YEAR
                                                  NORMAL
..................................................................
TEMPERATURE (F)
 YESTERDAY
  MAXIMUM         94    124 PM  97    1970  90      4       91
                                      1954
  MINIMUM         79   1219 AM  65    1924  74      5       73
  AVERAGE         87                        82      5       82

PRECIPITATION (IN)
  YESTERDAY        0.00          1.78 1940   0.23  -0.23     0.00
  MONTH TO DATE    T                         0.70  -0.70     0.00
  SINCE MAR 1     21.59                     21.61  -0.02    48.41
  SINCE JAN 1     32.00                     31.30   0.70    59.74

DEGREE DAYS
 COOLING
  YESTERDAY       22                        17      5       17
  MONTH TO DATE   55                        51      4       61
  SINCE JUN 1    538                       516     22      540
  SINCE JAN 1   1191                       964    227      991
..................................................................


WIND (MPH)
  HIGHEST WIND SPEED    20   HIGHEST WIND DIRECTION    SW (210)
  HIGHEST GUST SPEED    24   HIGHEST GUST DIRECTION    SW (210)
  AVERAGE WIND SPEED    10.0


SKY COVER
  POSSIBLE SUNSHINE  MM
  AVERAGE SKY COVER 0.1


WEATHER CONDITIONS
 THE FOLLOWING WEATHER WAS RECORDED YESTERDAY.
  HAZE


RELATIVE HUMIDITY (PERCENT)
 HIGHEST    85           400 AM
 LOWEST     49           100 PM
 AVERAGE    67

..........................................................


THE PENSACOLA CLIMATE NORMALS FOR TODAY
                         NORMAL    RECORD    YEAR
 MAXIMUM TEMPERATURE (F)   90        97      1992
 MINIMUM TEMPERATURE (F)   75        67      1924


SUNRISE AND SUNSET
JULY  4 2015..........SUNRISE   551 AM CDT   SUNSET   755 PM CDT
JULY  5 2015..........SUNRISE   552 AM CDT   SUNSET   755 PM CDT


-  INDICATES NEGATIVE NUMBERS.
R  INDICATES RECORD WAS SET OR TIED.
MM INDICATES DATA IS MISSING.
T  INDICATES TRACE AMOUNT.




$$
