000
CDUS44 KMOB 010627
CLIPNS


CLIMATE REPORT
NATIONAL WEATHER SERVICE MOBILE AL
126 AM CDT FRI AUG 1 2014


...................................

...THE PENSACOLA CLIMATE SUMMARY FOR JULY 31 2014...

CLIMATE NORMAL PERIOD 1981 TO 2010
CLIMATE RECORD PERIOD 1879 TO 2014


WEATHER ITEM   OBSERVED TIME   RECORD YEAR NORMAL DEPARTURE LAST
                VALUE   (LST)  VALUE       VALUE  FROM      YEAR
                                                  NORMAL
..................................................................
TEMPERATURE (F)
 YESTERDAY
  MAXIMUM         87    216 PM 102    1986  90     -3       90
  MINIMUM         63R   534 AM  67    1936  74    -11       79
  AVERAGE         75                        82     -7       85

PRECIPITATION (IN)
  YESTERDAY        0.00          3.86 2001   0.25  -0.25     0.14
  MONTH TO DATE    7.64                      7.41   0.23    16.05
  SINCE MAR 1     56.05                     28.32  27.73    32.17
  SINCE JAN 1     67.38                     38.01  29.37    46.44

DEGREE DAYS
 COOLING
  YESTERDAY       10                        17     -7       20
  MONTH TO DATE  494                       533    -39      501
  SINCE JUN 1    973                       998    -25     1015
  SINCE JAN 1   1424                      1446    -22     1457
..................................................................


WIND (MPH)
  HIGHEST WIND SPEED    13   HIGHEST WIND DIRECTION    SW (210)
  HIGHEST GUST SPEED    15   HIGHEST GUST DIRECTION     S (180)
  AVERAGE WIND SPEED     5.2


SKY COVER
  POSSIBLE SUNSHINE  MM
  AVERAGE SKY COVER 0.0


WEATHER CONDITIONS
 THE FOLLOWING WEATHER WAS RECORDED YESTERDAY.
  NO SIGNIFICANT WEATHER WAS OBSERVED.


RELATIVE HUMIDITY (PERCENT)
 HIGHEST    87           600 AM
 LOWEST     39           200 PM
 AVERAGE    63

..........................................................


THE PENSACOLA CLIMATE NORMALS FOR TODAY
                         NORMAL    RECORD    YEAR
 MAXIMUM TEMPERATURE (F)   90       104      1986
 MINIMUM TEMPERATURE (F)   74        67      1997
                                             1967


SUNRISE AND SUNSET
AUGUST  1 2014........SUNRISE   607 AM CDT   SUNSET   743 PM CDT
AUGUST  2 2014........SUNRISE   608 AM CDT   SUNSET   742 PM CDT


-  INDICATES NEGATIVE NUMBERS.
R  INDICATES RECORD WAS SET OR TIED.
MM INDICATES DATA IS MISSING.
T  INDICATES TRACE AMOUNT.




$$
