000
CDUS41 KALY 030623
CLIPOU


CLIMATE REPORT
NATIONAL WEATHER SERVICE ALBANY NY
122 AM EST TUE MAR 3 2015


...................................

...THE POUGHKEEPSIE NY CLIMATE SUMMARY FOR MARCH 2 2015...

CLIMATE NORMAL PERIOD 1981 TO 2010
CLIMATE RECORD PERIOD 1949 TO 2015


WEATHER ITEM   OBSERVED TIME   RECORD YEAR NORMAL DEPARTURE LAST
                VALUE   (LST)  VALUE       VALUE  FROM      YEAR
                                                  NORMAL
..................................................................
TEMPERATURE (F)
 YESTERDAY
  MAXIMUM         36    259 PM  69    1991  43     -7       36
  MINIMUM         21    723 AM   2    1952  21      0       24
  AVERAGE         29                        32     -3       30

PRECIPITATION (IN)
  YESTERDAY        0.00          1.02 2007   0.11  -0.11     0.00
  MONTH TO DATE    0.29                      0.22   0.07     0.00
  SINCE MAR 1      0.29                      0.22   0.07     0.00
  SINCE JAN 1      4.59                      5.96  -1.37     4.28

DEGREE DAYS
 HEATING
  YESTERDAY       36                        33      3       35
  MONTH TO DATE   88                        66     22       82
  SINCE MAR 1     88                        66     22       82
  SINCE JUL 1   4773                      4637    136     4785

 COOLING
  YESTERDAY        0                         0      0        0
  MONTH TO DATE    0                         0      0        0
  SINCE MAR 1      0                         0      0        0
  SINCE JAN 1      0                         0      0        0
..................................................................


WIND (MPH)
  HIGHEST WIND SPEED    23   HIGHEST WIND DIRECTION     W (290)
  HIGHEST GUST SPEED    34   HIGHEST GUST DIRECTION     W (270)
  AVERAGE WIND SPEED     8.5


SKY COVER
  AVERAGE SKY COVER 0.5



RELATIVE HUMIDITY (PERCENT)
 HIGHEST    88           100 AM
 LOWEST     38           200 PM
 AVERAGE    63

..........................................................


THE POUGHKEEPSIE NY CLIMATE NORMALS FOR TODAY
                         NORMAL    RECORD    YEAR
 MAXIMUM TEMPERATURE (F)   44        63      1991
 MINIMUM TEMPERATURE (F)   21        -2      1962


SUNRISE AND SUNSET
MARCH  3 2015.........SUNRISE   628 AM EST   SUNSET   548 PM EST
MARCH  4 2015.........SUNRISE   626 AM EST   SUNSET   549 PM EST


-  INDICATES NEGATIVE NUMBERS.
R  INDICATES RECORD WAS SET OR TIED.
MM INDICATES DATA IS MISSING.
T  INDICATES TRACE AMOUNT.




RECORDS FOR KPOU DATE BACK TO 1949...
HOWEVER...DATA IS MISSING FROM JANUARY 1993 - JULY 2000.
$$
