000
CDUS46 KLOX 280120
CLIPRB


CLIMATE REPORT
NATIONAL WEATHER SERVICE LOS ANGELES/OXNARD CA
620 PM PDT THU JUL 27 2017


...................................

...THE PASO ROBLES AIRPORT CA CLIMATE SUMMARY FOR JULY 27 2017...
VALID TODAY AS OF 0600 PM LOCAL TIME.

CLIMATE NORMAL PERIOD 1981 TO 2010
CLIMATE RECORD PERIOD 1948 TO 2017


WEATHER ITEM   OBSERVED TIME   RECORD YEAR NORMAL DEPARTURE LAST
                VALUE   (LST)  VALUE       VALUE  FROM      YEAR
                                                  NORMAL
..................................................................
TEMPERATURE (F)
 TODAY
  MAXIMUM        105    408 PM 108    1954  94     11      106
  MINIMUM         58    444 AM  45    1957  55      3       62
  AVERAGE         82                        74      8       84

PRECIPITATION (IN)
  TODAY            0.00          0.02 1967   0.00   0.00     0.00
  MONTH TO DATE    0.00                      0.00   0.00     0.00
  SINCE OCT 1     16.14                     12.45   3.69     8.06
  SINCE JAN 1     12.46                      8.79   3.67     6.00

SNOWFALL (IN)
  TODAY            0.0
  MONTH TO DATE    0.0
  SINCE JUN 1      0.0
  SINCE JUL 1      0.0

DEGREE DAYS
 HEATING
  TODAY            0                         0      0        0
  MONTH TO DATE    0                         0      0        0
  SINCE JUN 1     12                        27    -15        8
  SINCE JUL 1      0                         0      0        0

 COOLING
  TODAY           17                         9      8       19
  MONTH TO DATE  324                       229     95      233
  SINCE JUN 1    579                       372    207      523
  SINCE JAN 1    671                       440    231      584
..................................................................


WIND (MPH)
  HIGHEST WIND SPEED    20   HIGHEST WIND DIRECTION    NW (320)
  HIGHEST GUST SPEED    23   HIGHEST GUST DIRECTION    NW (320)
  AVERAGE WIND SPEED     3.4


SKY COVER
  POSSIBLE SUNSHINE  MM
  AVERAGE SKY COVER 0.0


WEATHER CONDITIONS
 THE FOLLOWING WEATHER WAS RECORDED TODAY.
  NO SIGNIFICANT WEATHER WAS OBSERVED.


RELATIVE HUMIDITY (PERCENT)
 HIGHEST    80           500 AM
 LOWEST     17           400 PM
 AVERAGE    49

..........................................................


THE PASO ROBLES AIRPORT CA CLIMATE NORMALS FOR TOMORROW
                         NORMAL    RECORD    YEAR
 MAXIMUM TEMPERATURE (F)   94       110      1954
 MINIMUM TEMPERATURE (F)   55        47      2010


SUNRISE AND SUNSET
JULY 27 2017..........SUNRISE   607 AM PDT   SUNSET   811 PM PDT
JULY 28 2017..........SUNRISE   608 AM PDT   SUNSET   810 PM PDT


-  INDICATES NEGATIVE NUMBERS.
R  INDICATES RECORD WAS SET OR TIED.
MM INDICATES DATA IS MISSING.
T  INDICATES TRACE AMOUNT.




$$
