300
CDUS46 KLOX 230907
CLIPRB


CLIMATE REPORT
NATIONAL WEATHER SERVICE LOS ANGELES/OXNARD CA
207 AM PDT SAT JUL 23 2016


...................................

...THE PASO ROBLES AIRPORT CA CLIMATE SUMMARY FOR JULY 22 2016...

CLIMATE NORMAL PERIOD 1981 TO 2010
CLIMATE RECORD PERIOD 1948 TO 2016


WEATHER ITEM   OBSERVED TIME   RECORD YEAR NORMAL DEPARTURE LAST
                VALUE   (LST)  VALUE       VALUE  FROM      YEAR
                                                  NORMAL
..................................................................
TEMPERATURE (F)
 YESTERDAY
  MAXIMUM        102    348 PM 114    2006  93      9       81
  MINIMUM         57    537 AM  46    1987  55      2       58
  AVERAGE         80                        74      6       70

PRECIPITATION (IN)
  YESTERDAY        0.00          T    2013   0.00   0.00     0.00
  MONTH TO DATE    0.00                      0.00   0.00     2.17
  SINCE OCT 1      8.06                     12.45  -4.39    10.98
  SINCE JAN 1      6.00                      8.79  -2.79     5.26

SNOWFALL (IN)
  YESTERDAY        0.0
  MONTH TO DATE    0.0
  SINCE JUN 1      0.0
  SINCE JUL 1      0.0

DEGREE DAYS
 HEATING
  YESTERDAY        0                         0      0        0
  MONTH TO DATE    0                         0      0        0
  SINCE JUN 1      8                        27    -19        8
  SINCE JUL 1      0                         0      0        0

 COOLING
  YESTERDAY       15                         9      6        5
  MONTH TO DATE  163                       184    -21      183
  SINCE JUN 1    453                       327    126      446
  SINCE JAN 1    514                       395    119      517
..................................................................


WIND (MPH)
  HIGHEST WIND SPEED    20   HIGHEST WIND DIRECTION    NW (320)
  HIGHEST GUST SPEED    26   HIGHEST GUST DIRECTION    NW (310)
  AVERAGE WIND SPEED     8.5


SKY COVER
  POSSIBLE SUNSHINE  MM
  AVERAGE SKY COVER 0.0


WEATHER CONDITIONS
 THE FOLLOWING WEATHER WAS RECORDED YESTERDAY.
  NO SIGNIFICANT WEATHER WAS OBSERVED.


RELATIVE HUMIDITY (PERCENT)
 HIGHEST    72           500 AM
 LOWEST      9           300 PM
 AVERAGE    41

..........................................................


THE PASO ROBLES AIRPORT CA CLIMATE NORMALS FOR TODAY
                         NORMAL    RECORD    YEAR
 MAXIMUM TEMPERATURE (F)   94       114      2006
 MINIMUM TEMPERATURE (F)   55        42      1965


SUNRISE AND SUNSET
JULY 23 2016..........SUNRISE   604 AM PDT   SUNSET   813 PM PDT
JULY 24 2016..........SUNRISE   605 AM PDT   SUNSET   813 PM PDT


-  INDICATES NEGATIVE NUMBERS.
R  INDICATES RECORD WAS SET OR TIED.
MM INDICATES DATA IS MISSING.
T  INDICATES TRACE AMOUNT.




$$
