000
CDUS46 KLOX 230115
CLIPRB


CLIMATE REPORT
NATIONAL WEATHER SERVICE LOS ANGELES/OXNARD CA
615 PM PDT FRI SEP 22 2017


...................................

...THE PASO ROBLES AIRPORT CA CLIMATE SUMMARY FOR SEPTEMBER 22 2017...
VALID TODAY AS OF 0600 PM LOCAL TIME.

CLIMATE NORMAL PERIOD 1981 TO 2010
CLIMATE RECORD PERIOD 1948 TO 2017


WEATHER ITEM   OBSERVED TIME   RECORD YEAR NORMAL DEPARTURE LAST
                VALUE   (LST)  VALUE       VALUE  FROM      YEAR
                                                  NORMAL
..................................................................
TEMPERATURE (F)
 TODAY
  MAXIMUM         75    243 PM 105    2009  87    -12       76
                                      2003
  MINIMUM         41    626 AM  39    1968  50     -9       47
  AVERAGE         58                        68    -10       62

PRECIPITATION (IN)
  TODAY            0.00          0.29 1994   0.01  -0.01     0.00
  MONTH TO DATE    0.03                      0.12  -0.09     0.00
  SINCE OCT 1     16.17                     12.68   3.49     8.06
  SINCE JAN 1     12.49                      9.02   3.47     6.00

SNOWFALL (IN)
  TODAY            0.0
  MONTH TO DATE    0.0
  SINCE SEP 1      0.0
  SINCE JUL 1      0.0

DEGREE DAYS
 HEATING
  TODAY            7                         1      6        3
  MONTH TO DATE    8                        10     -2       15
  SINCE SEP 1      8                        10     -2       15
  SINCE JUL 1      9                        18     -9       15

 COOLING
  TODAY            0                         4     -4        0
  MONTH TO DATE  197                       129     68      112
  SINCE SEP 1    197                       129     68      112
  SINCE JAN 1   1297                       862    435     1001
..................................................................


WIND (MPH)
  HIGHEST WIND SPEED    15   HIGHEST WIND DIRECTION    SW (210)
  HIGHEST GUST SPEED    21   HIGHEST GUST DIRECTION    SW (220)
  AVERAGE WIND SPEED     5.0


SKY COVER
  POSSIBLE SUNSHINE  MM
  AVERAGE SKY COVER 0.0


WEATHER CONDITIONS
 THE FOLLOWING WEATHER WAS RECORDED TODAY.
  NO SIGNIFICANT WEATHER WAS OBSERVED.


RELATIVE HUMIDITY (PERCENT)
 HIGHEST   100           500 AM
 LOWEST     22           100 PM
 AVERAGE    61

..........................................................


THE PASO ROBLES AIRPORT CA CLIMATE NORMALS FOR TOMORROW
                         NORMAL    RECORD    YEAR
 MAXIMUM TEMPERATURE (F)   87       104      2009
                                             2002
 MINIMUM TEMPERATURE (F)   49        40      1993


SUNRISE AND SUNSET
SEPTEMBER 22 2017.....SUNRISE   651 AM PDT   SUNSET   659 PM PDT
SEPTEMBER 23 2017.....SUNRISE   651 AM PDT   SUNSET   657 PM PDT


-  INDICATES NEGATIVE NUMBERS.
R  INDICATES RECORD WAS SET OR TIED.
MM INDICATES DATA IS MISSING.
T  INDICATES TRACE AMOUNT.




$$
