000
CDUS46 KLOX 290927
CLIPRB


CLIMATE REPORT
NATIONAL WEATHER SERVICE LOS ANGELES/OXNARD CA
227 AM PDT MON MAY 29 2017


...................................

...THE PASO ROBLES AIRPORT CA CLIMATE SUMMARY FOR MAY 28 2017...

CLIMATE NORMAL PERIOD 1981 TO 2010
CLIMATE RECORD PERIOD 1948 TO 2017


WEATHER ITEM   OBSERVED TIME   RECORD YEAR NORMAL DEPARTURE LAST
                VALUE   (LST)  VALUE       VALUE  FROM      YEAR
                                                  NORMAL
..................................................................
TEMPERATURE (F)
 YESTERDAY
  MAXIMUM         92    346 PM 101    2000  83      9       89
                                      1973
  MINIMUM         45    514 AM  39    2008  48     -3       50
  AVERAGE         69                        66      3       70

PRECIPITATION (IN)
  YESTERDAY        0.00          0.17 1998   0.00   0.00     0.00
  MONTH TO DATE    0.18                      0.25  -0.07      T
  SINCE OCT 1     16.14                     12.42   3.72     8.06
  SINCE JAN 1     12.46                      8.76   3.70     6.00

SNOWFALL (IN)
  YESTERDAY        0.0
  MONTH TO DATE    0.0
  SINCE MAR 1      0.0
  SINCE JUL 1      0.0

DEGREE DAYS
 HEATING
  YESTERDAY        0                         2     -2        0
  MONTH TO DATE   75                       102    -27       69
  SINCE MAR 1    526                       721   -195      471
  SINCE JUL 1   2327                      2814   -487     2258

 COOLING
  YESTERDAY        4                         3      1        5
  MONTH TO DATE   75                        50     25       39
  SINCE MAR 1     76                        59     17       44
  SINCE JAN 1     76                        59     17       44
..................................................................


WIND (MPH)
  HIGHEST WIND SPEED    18   HIGHEST WIND DIRECTION    NW (300)
  HIGHEST GUST SPEED    23   HIGHEST GUST DIRECTION    NW (300)
  AVERAGE WIND SPEED     7.0


SKY COVER
  POSSIBLE SUNSHINE  MM
  AVERAGE SKY COVER 0.0


WEATHER CONDITIONS
 THE FOLLOWING WEATHER WAS RECORDED YESTERDAY.
  NO SIGNIFICANT WEATHER WAS OBSERVED.


RELATIVE HUMIDITY (PERCENT)
 HIGHEST   100           400 AM
 LOWEST     25           300 PM
 AVERAGE    63

..........................................................


THE PASO ROBLES AIRPORT CA CLIMATE NORMALS FOR TODAY
                         NORMAL    RECORD    YEAR
 MAXIMUM TEMPERATURE (F)   84       102      1984
 MINIMUM TEMPERATURE (F)   48        40      2010
                                             1980


SUNRISE AND SUNSET
MAY 29 2017...........SUNRISE   549 AM PDT   SUNSET   811 PM PDT
MAY 30 2017...........SUNRISE   549 AM PDT   SUNSET   812 PM PDT


-  INDICATES NEGATIVE NUMBERS.
R  INDICATES RECORD WAS SET OR TIED.
MM INDICATES DATA IS MISSING.
T  INDICATES TRACE AMOUNT.




$$
