000
CDUS46 KLOX 290111
CLIPRB


CLIMATE REPORT
NATIONAL WEATHER SERVICE LOS ANGELES/OXNARD CA
511 PM PST SUN DEC 28 2014


...................................

...THE PASO ROBLES AIRPORT CA CLIMATE SUMMARY FOR DECEMBER 28 2014...
VALID TODAY AS OF 0500 PM LOCAL TIME.

CLIMATE NORMAL PERIOD 1981 TO 2010
CLIMATE RECORD PERIOD 1948 TO 2014


WEATHER ITEM   OBSERVED TIME   RECORD YEAR NORMAL DEPARTURE LAST
                VALUE   (LST)  VALUE       VALUE  FROM      YEAR
                                                  NORMAL
..................................................................
TEMPERATURE (F)
 TODAY
  MAXIMUM         58    245 PM  73    1956  59     -1       67
  MINIMUM         33    753 AM  18    1990  34     -1       29
  AVERAGE         46                        46      0       48

PRECIPITATION (IN)
  TODAY            0.00          1.13 2004   0.08  -0.08     0.00
  MONTH TO DATE    4.45                      1.77   2.68     0.17
  SINCE JUL 1      5.67                      3.75   1.92     0.46
  SINCE JAN 1     10.13                     12.54  -2.41     1.92

SNOWFALL (IN)
  TODAY            0.0
  MONTH TO DATE    0.0
  SINCE DEC 1      0.0
  SINCE JUL 1      0.0

DEGREE DAYS
 HEATING
  TODAY           19                        19      0       17
  MONTH TO DATE  318                       519   -201      536
  SINCE DEC 1    318                       519   -201      536
  SINCE JUL 1    597                      1068   -471      988

 COOLING
  TODAY            0                         0      0        0
  MONTH TO DATE    0                         0      0        0
  SINCE DEC 1      0                         0      0        0
  SINCE JAN 1   1357                       927    430     1173
..................................................................


WIND (MPH)
  HIGHEST WIND SPEED    12   HIGHEST WIND DIRECTION     E (100)
  HIGHEST GUST SPEED    13   HIGHEST GUST DIRECTION     E (90)
  AVERAGE WIND SPEED     2.7


SKY COVER
  POSSIBLE SUNSHINE  MM
  AVERAGE SKY COVER 0.0


WEATHER CONDITIONS
 THE FOLLOWING WEATHER WAS RECORDED TODAY.
  NO SIGNIFICANT WEATHER WAS OBSERVED.


RELATIVE HUMIDITY (PERCENT)
 HIGHEST    92          1200 AM
 LOWEST     47           300 PM
 AVERAGE    70

..........................................................


THE PASO ROBLES AIRPORT CA CLIMATE NORMALS FOR TOMORROW
                         NORMAL    RECORD    YEAR
 MAXIMUM TEMPERATURE (F)   59        83      2011
 MINIMUM TEMPERATURE (F)   34        19      1990


SUNRISE AND SUNSET
DECEMBER 28 2014......SUNRISE   711 AM PST   SUNSET   457 PM PST
DECEMBER 29 2014......SUNRISE   712 AM PST   SUNSET   458 PM PST


-  INDICATES NEGATIVE NUMBERS.
R  INDICATES RECORD WAS SET OR TIED.
MM INDICATES DATA IS MISSING.
T  INDICATES TRACE AMOUNT.




$$
