000
CDUS46 KLOX 010251
CLIPRB


CLIMATE REPORT
NATIONAL WEATHER SERVICE LOS ANGELES/OXNARD CA
651 PM PST SAT FEB 28 2015


...................................

...THE PASO ROBLES AIRPORT CA CLIMATE SUMMARY FOR FEBRUARY 28 2015...
VALID TODAY AS OF 0600 PM LOCAL TIME.

CLIMATE NORMAL PERIOD 1981 TO 2010
CLIMATE RECORD PERIOD 1948 TO 2015


WEATHER ITEM   OBSERVED TIME   RECORD YEAR NORMAL DEPARTURE LAST
                VALUE   (LST)  VALUE       VALUE  FROM      YEAR
                                                  NORMAL
..................................................................
TEMPERATURE (F)
 TODAY
  MAXIMUM         59    316 PM  80    1959  64     -5       58
  MINIMUM         40    658 AM  23    1962  40      0       52
  AVERAGE         50                        52     -2       55

PRECIPITATION (IN)
  TODAY            0.04          1.08 1983   0.09  -0.05     1.08
                                      1983
                                      2014
  MONTH TO DATE    2.07                      2.59  -0.52     2.66
  SINCE OCT 1      8.03                      9.00  -0.97     3.12
  SINCE JAN 1      2.31                      5.34  -3.03     2.66

SNOWFALL (IN)
  TODAY           MM
  MONTH TO DATE    0.0
  SINCE DEC 1      0.0
  SINCE JUL 1      0.0

DEGREE DAYS
 HEATING
  TODAY           15                        13      2       10
  MONTH TO DATE  254                       417   -163      298
  SINCE DEC 1   1081                      1544   -463     1253
  SINCE JUL 1   1360                      2093   -733     1705

 COOLING
  TODAY            0                         0      0        0
  MONTH TO DATE    0                         0      0        0
  SINCE DEC 1      0                         0      0        0
  SINCE JAN 1      0                         0      0        0
..................................................................


WIND (MPH)
  HIGHEST WIND SPEED    21   HIGHEST WIND DIRECTION     W (280)
  HIGHEST GUST SPEED    26   HIGHEST GUST DIRECTION     W (270)
  AVERAGE WIND SPEED     5.0


SKY COVER
  POSSIBLE SUNSHINE  MM
  AVERAGE SKY COVER 0.4


WEATHER CONDITIONS
 THE FOLLOWING WEATHER WAS RECORDED TODAY.
  LIGHT RAIN


RELATIVE HUMIDITY (PERCENT)
 HIGHEST    92           700 AM
 LOWEST     51           100 PM
 AVERAGE    72

..........................................................


THE PASO ROBLES AIRPORT CA CLIMATE NORMALS FOR TOMORROW
                         NORMAL    RECORD    YEAR
 MAXIMUM TEMPERATURE (F)   64        80      1994
 MINIMUM TEMPERATURE (F)   40        26      1971


SUNRISE AND SUNSET
FEBRUARY 28 2015......SUNRISE   634 AM PST   SUNSET   557 PM PST
MARCH  1 2015.........SUNRISE   633 AM PST   SUNSET   558 PM PST


-  INDICATES NEGATIVE NUMBERS.
R  INDICATES RECORD WAS SET OR TIED.
MM INDICATES DATA IS MISSING.
T  INDICATES TRACE AMOUNT.




$$
