000
CDUS46 KLOX 010904
CLIPRB


CLIMATE REPORT
NATIONAL WEATHER SERVICE LOS ANGELES/OXNARD CA
204 AM PDT MON SEP 1 2014


...................................

...THE PASO ROBLES AIRPORT CA CLIMATE SUMMARY FOR AUGUST 31 2014...

CLIMATE NORMAL PERIOD 1981 TO 2010
CLIMATE RECORD PERIOD 1948 TO 2014


WEATHER ITEM   OBSERVED TIME   RECORD YEAR NORMAL DEPARTURE LAST
                VALUE   (LST)  VALUE       VALUE  FROM      YEAR
                                                  NORMAL
..................................................................
TEMPERATURE (F)
 YESTERDAY
  MAXIMUM         99    252 PM 107    1976  92      7       94
  MINIMUM         56    613 AM  45    1989  53      3       64
  AVERAGE         78                        72      6       79

PRECIPITATION (IN)
  YESTERDAY        0.00          0.04 1964   0.00   0.00     0.00
  MONTH TO DATE    0.00                      0.11  -0.11     0.00
  SINCE JUL 1      T                         0.11  -0.11      T
  SINCE JAN 1      4.46                      8.90  -4.44     1.46

SNOWFALL (IN)
  YESTERDAY        0.0
  MONTH TO DATE    0.0
  SINCE JUN 1      0.0
  SINCE JUL 1      0.0

DEGREE DAYS
 HEATING
  YESTERDAY        0                         0      0        0
  MONTH TO DATE    0                         0      0        0
  SINCE JUN 1     11                        35    -24        5
  SINCE JUL 1      0                         8     -8        0

 COOLING
  YESTERDAY       13                         7      6       14
  MONTH TO DATE  278                       256     22      299
  SINCE JUN 1    854                       665    189      844
  SINCE JAN 1   1007                       733    274      974
..................................................................


WIND (MPH)
  HIGHEST WIND SPEED    20   HIGHEST WIND DIRECTION    NW (300)
  HIGHEST GUST SPEED    24   HIGHEST GUST DIRECTION    NW (310)
  AVERAGE WIND SPEED     9.8


SKY COVER
  POSSIBLE SUNSHINE  MM
  AVERAGE SKY COVER 0.0


WEATHER CONDITIONS
 THE FOLLOWING WEATHER WAS RECORDED YESTERDAY.
  NO SIGNIFICANT WEATHER WAS OBSERVED.


RELATIVE HUMIDITY (PERCENT)
 HIGHEST    72           500 AM
 LOWEST      6           300 PM
 AVERAGE    39

..........................................................


THE PASO ROBLES AIRPORT CA CLIMATE NORMALS FOR TODAY
                         NORMAL    RECORD    YEAR
 MAXIMUM TEMPERATURE (F)   92       112      1955
 MINIMUM TEMPERATURE (F)   52        42      1960


SUNRISE AND SUNSET
SEPTEMBER  1 2014.....SUNRISE   635 AM PDT   SUNSET   730 PM PDT
SEPTEMBER  2 2014.....SUNRISE   635 AM PDT   SUNSET   728 PM PDT


-  INDICATES NEGATIVE NUMBERS.
R  INDICATES RECORD WAS SET OR TIED.
MM INDICATES DATA IS MISSING.
T  INDICATES TRACE AMOUNT.




$$
