000
CDUS45 KFGZ 040856
CLIPRC
CLIMATE REPORT
NATIONAL WEATHER SERVICE FLAGSTAFF, AZ
153 AM MST WED MAR 4 2015


...................................

...THE PRESCOTT AZ AIRPORT CLIMATE SUMMARY FOR MARCH 3 2015...

CLIMATE NORMAL PERIOD 1981 TO 2010
CLIMATE RECORD PERIOD 1948 TO 2015


WEATHER ITEM   OBSERVED TIME   RECORD YEAR NORMAL DEPARTURE LAST
                VALUE   (LST)  VALUE       VALUE  FROM      YEAR
                                                  NORMAL
..................................................................
TEMPERATURE (F)
 YESTERDAY
  MAXIMUM         48    347 PM  73    1972  58    -10       62
  MINIMUM         31   1159 PM   3    1966  31      0       34
  AVERAGE         40                        44     -4

PRECIPITATION (IN)
  YESTERDAY        T             0.58 1983   0.05  -0.05     0.00
  MONTH TO DATE    1.43                      0.13   1.30     0.51
  SINCE SEP 1      8.31                      6.95   1.36     5.40
  SINCE JAN 1      3.63                      2.64   0.99     0.68

DEGREE DAYS
 HEATING
  YESTERDAY       25                                4
  MONTH TO DATE   72                                9
  SINCE JUL 1   2608                             -627

 COOLING
  YESTERDAY        0                                0
  MONTH TO DATE    0                                0
  SINCE JAN 1      0                                0
..................................................................


WIND (MPH)
  HIGHEST WIND SPEED    16   HIGHEST WIND DIRECTION    SW (240)
  HIGHEST GUST SPEED    21   HIGHEST GUST DIRECTION     W (250)
  AVERAGE WIND SPEED     5.6


SKY COVER
  AVERAGE SKY COVER 0.7


WEATHER CONDITIONS
 THE FOLLOWING WEATHER WAS RECORDED YESTERDAY.
  LIGHT RAIN


RELATIVE HUMIDITY (PERCENT)
 HIGHEST    92
 LOWEST     42

..........................................................


THE PRESCOTT AZ AIRPORT CLIMATE NORMALS FOR TODAY
                         NORMAL    RECORD    YEAR
 MAXIMUM TEMPERATURE (F)   58        75      1972
 MINIMUM TEMPERATURE (F)   31         6      1966


SUNRISE AND SUNSET
MARCH  4 2015.........SUNRISE   655 AM MST   SUNSET   628 PM MST
MARCH  5 2015.........SUNRISE   654 AM MST   SUNSET   629 PM MST


-  INDICATES NEGATIVE NUMBERS.
R  INDICATES RECORD WAS SET OR TIED.
MM INDICATES DATA IS MISSING.
T  INDICATES TRACE AMOUNT.




$$
