725
CDUS45 KFGZ 280809
CLIPRC
CLIMATE REPORT
NATIONAL WEATHER SERVICE FLAGSTAFF, AZ
107 AM MST SUN MAY 28 2017


...................................

...THE PRESCOTT AZ AIRPORT CLIMATE SUMMARY FOR MAY 27 2017...

CLIMATE NORMAL PERIOD 1981 TO 2010
CLIMATE RECORD PERIOD 1948 TO 2017


WEATHER ITEM   OBSERVED TIME   RECORD YEAR NORMAL DEPARTURE LAST
                VALUE   (LST)  VALUE       VALUE  FROM      YEAR
                                                  NORMAL
..................................................................
TEMPERATURE (F)
 YESTERDAY
  MAXIMUM         81    317 PM  96    2003  80      1       77
  MINIMUM         48    522 AM  35    1987  49     -1       44
  AVERAGE         65                        65      0

PRECIPITATION (IN)
  YESTERDAY        0.00          T    1999   0.01  -0.01     0.00
  MONTH TO DATE    0.40                      0.40   0.00     0.48
  SINCE SEP 1     11.40                      8.79   2.61     7.27
  SINCE JAN 1      4.65                      4.48   0.17     3.78

DEGREE DAYS
 HEATING
  YESTERDAY        0                               -2
  MONTH TO DATE  151                               15
  SINCE JUL 1   3537                             -718

 COOLING
  YESTERDAY        0                               -2
  MONTH TO DATE   21                               -8
  SINCE JAN 1     21                              -10
..................................................................


WIND (MPH)
  HIGHEST WIND SPEED    17   HIGHEST WIND DIRECTION     W (260)
  HIGHEST GUST SPEED    23   HIGHEST GUST DIRECTION     W (260)
  AVERAGE WIND SPEED     6.2


SKY COVER
  AVERAGE SKY COVER 0.0


WEATHER CONDITIONS
 THE FOLLOWING WEATHER WAS RECORDED YESTERDAY.
  NO SIGNIFICANT WEATHER WAS OBSERVED.


RELATIVE HUMIDITY (PERCENT)
 HIGHEST    56
 LOWEST     11

..........................................................


THE PRESCOTT AZ AIRPORT CLIMATE NORMALS FOR TODAY
                         NORMAL    RECORD    YEAR
 MAXIMUM TEMPERATURE (F)   81        95      1984
 MINIMUM TEMPERATURE (F)   50        36      1971


SUNRISE AND SUNSET
MAY 28 2017...........SUNRISE   519 AM MST   SUNSET   735 PM MST
MAY 29 2017...........SUNRISE   519 AM MST   SUNSET   736 PM MST


-  INDICATES NEGATIVE NUMBERS.
R  INDICATES RECORD WAS SET OR TIED.
MM INDICATES DATA IS MISSING.
T  INDICATES TRACE AMOUNT.




$$
