000
CDUS45 KFGZ 240737
CLIPRC
CLIMATE REPORT
NATIONAL WEATHER SERVICE FLAGSTAFF, AZ
1236 AM MST SUN JUL 24 2016


...................................

...THE PRESCOTT AZ AIRPORT CLIMATE SUMMARY FOR JULY 23 2016...

CLIMATE NORMAL PERIOD 1981 TO 2010
CLIMATE RECORD PERIOD 1948 TO 2016


WEATHER ITEM   OBSERVED TIME   RECORD YEAR NORMAL DEPARTURE LAST
                VALUE   (LST)  VALUE       VALUE  FROM      YEAR
                                                  NORMAL
..................................................................
TEMPERATURE (F)
 YESTERDAY
  MAXIMUM         97    434 PM 101    1996  89      8       85
  MINIMUM         65    601 AM  49    1987  63      2       58
  AVERAGE         81                        76      5

PRECIPITATION (IN)
  YESTERDAY        0.00          3.57 1968   0.08  -0.08     0.00
  MONTH TO DATE    0.62                      1.39  -0.77     3.17
  SINCE SEP 1      8.26                     10.63  -2.37    15.14
  SINCE JAN 1      4.77                      6.32  -1.55    10.46

DEGREE DAYS
 HEATING
  YESTERDAY        0                                0
  MONTH TO DATE    0                                0
  SINCE JUL 1      0                                0

 COOLING
  YESTERDAY       16                                5
  MONTH TO DATE  287                               41
  SINCE JAN 1    650                              176
..................................................................


WIND (MPH)
  HIGHEST WIND SPEED    20   HIGHEST WIND DIRECTION     W (260)
  HIGHEST GUST SPEED    24   HIGHEST GUST DIRECTION    SW (230)
  AVERAGE WIND SPEED     5.7


SKY COVER
  AVERAGE SKY COVER 0.1


WEATHER CONDITIONS
 THE FOLLOWING WEATHER WAS RECORDED YESTERDAY.
  NO SIGNIFICANT WEATHER WAS OBSERVED.


RELATIVE HUMIDITY (PERCENT)
 HIGHEST    73
 LOWEST     17

..........................................................


THE PRESCOTT AZ AIRPORT CLIMATE NORMALS FOR TODAY
                         NORMAL    RECORD    YEAR
 MAXIMUM TEMPERATURE (F)   89       101      1996
 MINIMUM TEMPERATURE (F)   63        54      1995


SUNRISE AND SUNSET
JULY 24 2016..........SUNRISE   534 AM MST   SUNSET   738 PM MST
JULY 25 2016..........SUNRISE   535 AM MST   SUNSET   737 PM MST


-  INDICATES NEGATIVE NUMBERS.
R  INDICATES RECORD WAS SET OR TIED.
MM INDICATES DATA IS MISSING.
T  INDICATES TRACE AMOUNT.




$$
