000
CDUS45 KFGZ 180816
CLIPRC
CLIMATE REPORT
NATIONAL WEATHER SERVICE FLAGSTAFF, AZ
115 AM MST WED JAN 18 2017


...................................

...THE PRESCOTT AZ AIRPORT CLIMATE SUMMARY FOR JANUARY 17 2017...

CLIMATE NORMAL PERIOD 1981 TO 2010
CLIMATE RECORD PERIOD 1948 TO 2017


WEATHER ITEM   OBSERVED TIME   RECORD YEAR NORMAL DEPARTURE LAST
                VALUE   (LST)  VALUE       VALUE  FROM      YEAR
                                                  NORMAL
..................................................................
TEMPERATURE (F)
 YESTERDAY
  MAXIMUM         51    410 PM  73    1971  52     -1       59
  MINIMUM         30    229 AM   8    1987  26      4       27
  AVERAGE         41                        39      2

PRECIPITATION (IN)
  YESTERDAY        0.00          0.70 1990   0.04  -0.04     0.00
  MONTH TO DATE    0.65                      0.66  -0.01     1.07
  SINCE SEP 1      7.40                      4.97   2.43     4.56
  SINCE JAN 1      0.65                      0.66  -0.01     1.07

DEGREE DAYS
 HEATING
  YESTERDAY       24                               -2
  MONTH TO DATE  383                              -71
  SINCE JUL 1   1770                             -387

 COOLING
  YESTERDAY        0                                0
  MONTH TO DATE    0                                0
  SINCE JAN 1      0                                0
..................................................................


WIND (MPH)
  HIGHEST WIND SPEED     9   HIGHEST WIND DIRECTION    NE (30)
  HIGHEST GUST SPEED    11   HIGHEST GUST DIRECTION     N (20)
  AVERAGE WIND SPEED     3.7


SKY COVER
  AVERAGE SKY COVER 0.5


WEATHER CONDITIONS
 THE FOLLOWING WEATHER WAS RECORDED YESTERDAY.
  FOG
  FOG W/VISIBILITY <= 1/4 MILE


RELATIVE HUMIDITY (PERCENT)
 HIGHEST   100
 LOWEST     42

..........................................................


THE PRESCOTT AZ AIRPORT CLIMATE NORMALS FOR TODAY
                         NORMAL    RECORD    YEAR
 MAXIMUM TEMPERATURE (F)   52        74      1971
 MINIMUM TEMPERATURE (F)   26         6      1960


SUNRISE AND SUNSET
JANUARY 18 2017.......SUNRISE   735 AM MST   SUNSET   545 PM MST
JANUARY 19 2017.......SUNRISE   735 AM MST   SUNSET   546 PM MST


-  INDICATES NEGATIVE NUMBERS.
R  INDICATES RECORD WAS SET OR TIED.
MM INDICATES DATA IS MISSING.
T  INDICATES TRACE AMOUNT.




$$
