000
CDUS45 KFGZ 021018
CLIPRC
CLIMATE REPORT
NATIONAL WEATHER SERVICE FLAGSTAFF, AZ
318 AM MST THU OCT 2 2014


...................................

...THE PRESCOTT AZ AIRPORT CLIMATE SUMMARY FOR OCTOBER 1 2014...

CLIMATE NORMAL PERIOD 1981 TO 2010
CLIMATE RECORD PERIOD 1948 TO 2014


WEATHER ITEM   OBSERVED TIME   RECORD YEAR NORMAL DEPARTURE LAST
                VALUE   (LST)  VALUE       VALUE  FROM      YEAR
                                                  NORMAL
..................................................................
TEMPERATURE (F)
 YESTERDAY
  MAXIMUM         75    217 PM  91    1980  77     -2       79
  MINIMUM         45    541 AM  33    1965  47     -2       43
  AVERAGE         60                        62     -2

PRECIPITATION (IN)
  YESTERDAY        0.00          0.54 1990   0.04  -0.04     0.00
  MONTH TO DATE    0.00                      0.04  -0.04     0.00
  SINCE SEP 1      2.59                      1.55   1.04     2.48
  SINCE JAN 1     10.06                     11.21  -1.15    10.70

DEGREE DAYS
 HEATING
  YESTERDAY        5                                1
  MONTH TO DATE    5                                1
  SINCE JUL 1     30                              -12

 COOLING
  YESTERDAY        0                               -1
  MONTH TO DATE    0                               -1
  SINCE JAN 1   1039                              103
..................................................................


WIND (MPH)
  HIGHEST WIND SPEED    16   HIGHEST WIND DIRECTION     W (280)
  HIGHEST GUST SPEED    23   HIGHEST GUST DIRECTION     W (290)
  AVERAGE WIND SPEED     6.7


SKY COVER
  AVERAGE SKY COVER 0.1


WEATHER CONDITIONS
 THE FOLLOWING WEATHER WAS RECORDED YESTERDAY.
  NO SIGNIFICANT WEATHER WAS OBSERVED.


RELATIVE HUMIDITY (PERCENT)
 HIGHEST    71
 LOWEST     22

..........................................................


THE PRESCOTT AZ AIRPORT CLIMATE NORMALS FOR TODAY
                         NORMAL    RECORD    YEAR
 MAXIMUM TEMPERATURE (F)   77        91      1980
 MINIMUM TEMPERATURE (F)   47        33      1950


SUNRISE AND SUNSET
OCTOBER  2 2014.......SUNRISE   625 AM MST   SUNSET   612 PM MST
OCTOBER  3 2014.......SUNRISE   626 AM MST   SUNSET   611 PM MST


-  INDICATES NEGATIVE NUMBERS.
R  INDICATES RECORD WAS SET OR TIED.
MM INDICATES DATA IS MISSING.
T  INDICATES TRACE AMOUNT.




$$
