000
CDUS45 KFGZ 170757
CLIPRC
CLIMATE REPORT
NATIONAL WEATHER SERVICE FLAGSTAFF, AZ
1253 AM MST WED DEC 17 2014


...................................

...THE PRESCOTT AZ AIRPORT CLIMATE SUMMARY FOR DECEMBER 16 2014...

CLIMATE NORMAL PERIOD 1981 TO 2010
CLIMATE RECORD PERIOD 1948 TO 2014


WEATHER ITEM   OBSERVED TIME   RECORD YEAR NORMAL DEPARTURE LAST
                VALUE   (LST)  VALUE       VALUE  FROM      YEAR
                                                  NORMAL
..................................................................
TEMPERATURE (F)
 YESTERDAY
  MAXIMUM         55    135 PM  70    1980  51      4       65
  MINIMUM         36    754 AM   4    1967  25     11       28
  AVERAGE         46                        38      8

PRECIPITATION (IN)
  YESTERDAY        0.00          0.52 2010   0.03  -0.03     0.00
  MONTH TO DATE    1.81                      0.48   1.33     0.13
  SINCE SEP 1      4.56                      3.83   0.73     4.54
  SINCE JAN 1     12.03                     13.49  -1.46    12.76

DEGREE DAYS
 HEATING
  YESTERDAY       19                               -8
  MONTH TO DATE  306                             -110
  SINCE JUL 1    963                             -327

 COOLING
  YESTERDAY        0                                0
  MONTH TO DATE    0                                0
  SINCE JAN 1   1039                               98
..................................................................


WIND (MPH)
  HIGHEST WIND SPEED    16   HIGHEST WIND DIRECTION    SE (130)
  HIGHEST GUST SPEED    22   HIGHEST GUST DIRECTION    SE (120)
  AVERAGE WIND SPEED     4.5


SKY COVER
  AVERAGE SKY COVER 0.5


WEATHER CONDITIONS
 THE FOLLOWING WEATHER WAS RECORDED YESTERDAY.
  HAZE


RELATIVE HUMIDITY (PERCENT)
 HIGHEST    75
 LOWEST     35

..........................................................


THE PRESCOTT AZ AIRPORT CLIMATE NORMALS FOR TODAY
                         NORMAL    RECORD    YEAR
 MAXIMUM TEMPERATURE (F)   51        69      1979
 MINIMUM TEMPERATURE (F)   25        12      1967


SUNRISE AND SUNSET
DECEMBER 17 2014......SUNRISE   731 AM MST   SUNSET   521 PM MST
DECEMBER 18 2014......SUNRISE   731 AM MST   SUNSET   522 PM MST


-  INDICATES NEGATIVE NUMBERS.
R  INDICATES RECORD WAS SET OR TIED.
MM INDICATES DATA IS MISSING.
T  INDICATES TRACE AMOUNT.




$$
