000
CDUS45 KFGZ 140750
CLIPRC
CLIMATE REPORT
NATIONAL WEATHER SERVICE FLAGSTAFF, AZ
1247 AM MST THU DEC 14 2017


...................................

...THE PRESCOTT AZ AIRPORT CLIMATE SUMMARY FOR DECEMBER 13 2017...

CLIMATE NORMAL PERIOD 1981 TO 2010
CLIMATE RECORD PERIOD 1948 TO 2017


WEATHER ITEM   OBSERVED TIME   RECORD YEAR NORMAL DEPARTURE LAST
                VALUE   (LST)  VALUE       VALUE  FROM      YEAR
                                                  NORMAL
..................................................................
TEMPERATURE (F)
 YESTERDAY
  MAXIMUM         65    345 PM  72    2010  51     14       60
  MINIMUM         25    606 AM   6    1949  25      0       36
  AVERAGE         45                        38      7

PRECIPITATION (IN)
  YESTERDAY        0.00          0.63 1967   0.03  -0.03     0.00
  MONTH TO DATE    0.00                      0.39  -0.39     0.00
  SINCE SEP 1      0.53                      3.74  -3.21     4.09
  SINCE JAN 1     12.38                     13.40  -1.02    14.85

DEGREE DAYS
 HEATING
  YESTERDAY       20                               -7
  MONTH TO DATE  262                              -73
  SINCE JUL 1    807                             -402

 COOLING
  YESTERDAY        0                                0
  MONTH TO DATE    0                                0
  SINCE JAN 1   1145                              204
..................................................................


WIND (MPH)
  HIGHEST WIND SPEED    12   HIGHEST WIND DIRECTION     S (190)
  HIGHEST GUST SPEED    14   HIGHEST GUST DIRECTION     S (200)
  AVERAGE WIND SPEED     4.6


SKY COVER
  AVERAGE SKY COVER 0.0


WEATHER CONDITIONS
 THE FOLLOWING WEATHER WAS RECORDED YESTERDAY.
  NO SIGNIFICANT WEATHER WAS OBSERVED.


RELATIVE HUMIDITY (PERCENT)
 HIGHEST    34
 LOWEST      8

..........................................................


THE PRESCOTT AZ AIRPORT CLIMATE NORMALS FOR TODAY
                         NORMAL    RECORD    YEAR
 MAXIMUM TEMPERATURE (F)   51        68      2010
 MINIMUM TEMPERATURE (F)   25        10      1949


SUNRISE AND SUNSET
DECEMBER 14 2017......SUNRISE   729 AM MST   SUNSET   520 PM MST
DECEMBER 15 2017......SUNRISE   730 AM MST   SUNSET   521 PM MST


-  INDICATES NEGATIVE NUMBERS.
R  INDICATES RECORD WAS SET OR TIED.
MM INDICATES DATA IS MISSING.
T  INDICATES TRACE AMOUNT.




$$
