000
CDUS45 KFGZ 240739
CLIPRC
CLIMATE REPORT
NATIONAL WEATHER SERVICE FLAGSTAFF, AZ
1238 AM MST SUN SEP 24 2017


...................................

...THE PRESCOTT AZ AIRPORT CLIMATE SUMMARY FOR SEPTEMBER 23 2017...

CLIMATE NORMAL PERIOD 1981 TO 2010
CLIMATE RECORD PERIOD 1948 TO 2017


WEATHER ITEM   OBSERVED TIME   RECORD YEAR NORMAL DEPARTURE LAST
                VALUE   (LST)  VALUE       VALUE  FROM      YEAR
                                                  NORMAL
..................................................................
TEMPERATURE (F)
 YESTERDAY
  MAXIMUM         67    325 PM  90    2001  80    -13       68
  MINIMUM         38R   541 AM  38    2006  51    -13       42
  AVERAGE         53                        65    -12

PRECIPITATION (IN)
  YESTERDAY        0.00          5.39 1983   0.05  -0.05     0.00
  MONTH TO DATE    0.53                      1.22  -0.69     2.06
  SINCE SEP 1      0.53                      1.22  -0.69     2.06
  SINCE JAN 1     12.38                     10.88   1.50    12.82

DEGREE DAYS
 HEATING
  YESTERDAY       12                               10
  MONTH TO DATE   21                                6
  SINCE JUL 1     21                                5

 COOLING
  YESTERDAY        0                               -2
  MONTH TO DATE  123                               19
  SINCE JAN 1   1141                              216
..................................................................


WIND (MPH)
  HIGHEST WIND SPEED    20   HIGHEST WIND DIRECTION     W (250)
  HIGHEST GUST SPEED    27   HIGHEST GUST DIRECTION     W (250)
  AVERAGE WIND SPEED     7.9


SKY COVER
  AVERAGE SKY COVER 0.0


WEATHER CONDITIONS
 THE FOLLOWING WEATHER WAS RECORDED YESTERDAY.
  NO SIGNIFICANT WEATHER WAS OBSERVED.


RELATIVE HUMIDITY (PERCENT)
 HIGHEST    54
 LOWEST     15

..........................................................


THE PRESCOTT AZ AIRPORT CLIMATE NORMALS FOR TODAY
                         NORMAL    RECORD    YEAR
 MAXIMUM TEMPERATURE (F)   79        91      2015
 MINIMUM TEMPERATURE (F)   50        36      1986


SUNRISE AND SUNSET
SEPTEMBER 24 2017.....SUNRISE   619 AM MST   SUNSET   623 PM MST
SEPTEMBER 25 2017.....SUNRISE   620 AM MST   SUNSET   622 PM MST


-  INDICATES NEGATIVE NUMBERS.
R  INDICATES RECORD WAS SET OR TIED.
MM INDICATES DATA IS MISSING.
T  INDICATES TRACE AMOUNT.




$$
