808
CDUS46 KPDT 240834
CLIPSC

CLIMATE REPORT
NATIONAL WEATHER SERVICE PENDLETON OR
134 AM PDT MON JUL 24 2017


...................................

...THE PASCO WA CLIMATE SUMMARY FOR JULY 23 2017...

CLIMATE NORMAL PERIOD 1981 TO 2010
CLIMATE RECORD PERIOD 1948 TO 2017


WEATHER ITEM   OBSERVED TIME   RECORD YEAR NORMAL DEPARTURE LAST
                VALUE   (LST)  VALUE       VALUE  FROM      YEAR
                                                  NORMAL
..................................................................
TEMPERATURE (F)
 YESTERDAY
  MAXIMUM        102    423 PM 112    2006  93      9       87
  MINIMUM         59    454 AM  46    1920  57      2       56
  AVERAGE         81                        75      6       72

PRECIPITATION (IN)
  YESTERDAY        0.00          0.85 1992   0.01  -0.01     0.00
  MONTH TO DATE    T                         0.25  -0.25     0.33
  SINCE OCT 1      9.94                      8.13   1.81     8.10
  SINCE JAN 1      6.17                      5.18   0.99     5.34

SNOWFALL (IN)
  YESTERDAY        0.0
  SNOW DEPTH       0

DEGREE DAYS
 HEATING
  YESTERDAY        0                         0      0        0
  MONTH TO DATE    0                         1     -1        0
  SINCE JUN 1     26                        33     -7       30
  SINCE JUL 1      0                         1     -1        0

 COOLING
  YESTERDAY       16                        10      6        7
  MONTH TO DATE  262                       187     75      161
  SINCE JUN 1    408                       296    112      337
  SINCE JAN 1    457                       329    128      370
..................................................................


WIND (MPH)
  RESULTANT WIND SPEED   2   RESULTANT WIND DIRECTION  NW (300)
  HIGHEST WIND SPEED    21   HIGHEST WIND DIRECTION    NW (320)
  HIGHEST GUST SPEED    25   HIGHEST GUST DIRECTION    NW (310)


SKY COVER
  POSSIBLE SUNSHINE  MM
  AVERAGE SKY COVER 0.0


WEATHER CONDITIONS
 THE FOLLOWING WEATHER WAS RECORDED YESTERDAY.
  NO SIGNIFICANT WEATHER WAS OBSERVED.


RELATIVE HUMIDITY (PERCENT)
 HIGHEST    87
 LOWEST     19
 AVERAGE    53

..........................................................


THE PASCO WA CLIMATE NORMALS FOR TODAY
                         NORMAL    RECORD    YEAR
 MAXIMUM TEMPERATURE (F)   93       108      2006
 MINIMUM TEMPERATURE (F)   57        44      1915


SUNRISE AND SUNSET
JULY 24 2017..........SUNRISE   529 AM PDT   SUNSET   836 PM PDT
JULY 25 2017..........SUNRISE   530 AM PDT   SUNSET   835 PM PDT


-  INDICATES NEGATIVE NUMBERS.
R  INDICATES RECORD WAS SET OR TIED.
MM INDICATES DATA IS MISSING.
T  INDICATES TRACE AMOUNT.

$$
