000
CDUS46 KPDT 240926
CLIPSC

CLIMATE REPORT
NATIONAL WEATHER SERVICE PENDLETON OR
126 AM PST MON NOV 24 2014


...................................

...THE PASCO WA CLIMATE SUMMARY FOR NOVEMBER 23 2014...

CLIMATE NORMAL PERIOD 1981 TO 2010
CLIMATE RECORD PERIOD 1948 TO 2014


WEATHER ITEM   OBSERVED TIME   RECORD YEAR NORMAL DEPARTURE LAST
                VALUE   (LST)  VALUE       VALUE  FROM      YEAR
                                                  NORMAL
..................................................................
TEMPERATURE (F)
 YESTERDAY
  MAXIMUM         55    304 PM  70    2011  46      9       36
  MINIMUM         36   1126 PM  -5    2010  31      5       11
  AVERAGE         46                        39      7       24

PRECIPITATION (IN)
  YESTERDAY        T             0.44 1949   0.04  -0.04     0.00
  MONTH TO DATE    0.46                      0.80  -0.34     0.40
  SINCE OCT 1      1.17                      1.45  -0.28     0.44
  SINCE JAN 1      4.28                      7.33  -3.05     4.75

SNOWFALL (IN)
  YESTERDAY        T
  SNOW DEPTH       0

DEGREE DAYS
 HEATING
  YESTERDAY       19                        26     -7       41
  MONTH TO DATE  622                       516    106      534
  SINCE SEP 1    903                      1022   -119     1087
  SINCE JUL 1    903                      1034   -131     1087

 COOLING
  YESTERDAY        0                         0      0        0
  MONTH TO DATE    0                         0      0        0
  SINCE SEP 1     73                        53     20      133
  SINCE JAN 1    991                       710    281      995
..................................................................


WIND (MPH)
  RESULTANT WIND SPEED  14   RESULTANT WIND DIRECTION  SW (230)
  HIGHEST WIND SPEED    31   HIGHEST WIND DIRECTION    SW (210)
  HIGHEST GUST SPEED    37   HIGHEST GUST DIRECTION    SW (210)


SKY COVER
  POSSIBLE SUNSHINE  MM
  AVERAGE SKY COVER 0.1


WEATHER CONDITIONS
THE FOLLOWING WEATHER WAS RECORDED YESTERDAY.
  LIGHT RAIN
  LIGHT SNOW


RELATIVE HUMIDITY (PERCENT)
 HIGHEST    85
 LOWEST     50
 AVERAGE    68

..........................................................


THE PASCO WA CLIMATE NORMALS FOR TODAY
                         NORMAL    RECORD    YEAR
 MAXIMUM TEMPERATURE (F)   46        66      1990
 MINIMUM TEMPERATURE (F)   31        -7      2010


SUNRISE AND SUNSET
NOVEMBER 24 2014......SUNRISE   710 AM PST   SUNSET   416 PM PST
NOVEMBER 25 2014......SUNRISE   711 AM PST   SUNSET   415 PM PST


-  INDICATES NEGATIVE NUMBERS.
R  INDICATES RECORD WAS SET OR TIED.
MM INDICATES DATA IS MISSING.
T  INDICATES TRACE AMOUNT.

$$
