000
CDUS46 KPDT 250125
CLIPSC

CLIMATE REPORT
NATIONAL WEATHER SERVICE PENDLETON OR
525 PM PST WED DEC 24 2014


...................................

...THE PASCO WA CLIMATE SUMMARY FOR DECEMBER 24 2014...
VALID TODAY AS OF 0500 PM LOCAL TIME.

CLIMATE NORMAL PERIOD 1981 TO 2010
CLIMATE RECORD PERIOD 1948 TO 2014


WEATHER ITEM   OBSERVED TIME   RECORD YEAR NORMAL DEPARTURE LAST
                VALUE   (LST)  VALUE       VALUE  FROM      YEAR
                                                  NORMAL
..................................................................
TEMPERATURE (F)
 TODAY
  MAXIMUM         54R   103 AM  53    1992  39     15       50
  MINIMUM         41    742 AM   2    1990  25     16       21
  AVERAGE         48                        32     16       36

PRECIPITATION (IN)
  TODAY            0.46R         0.30 1968   0.05   0.41     0.00
  MONTH TO DATE    1.15                      0.88   0.27     0.14
  SINCE OCT 1      2.37                      2.62  -0.25     0.58
  SINCE JAN 1      5.48                      8.50  -3.02     4.89

SNOWFALL (IN)
  TODAY            0.0
  SNOW DEPTH       0

DEGREE DAYS
 HEATING
  TODAY           17                        33    -16       29
  MONTH TO DATE  635                       759   -124      893
  SINCE DEC 1    635                       759   -124      893
  SINCE JUL 1   1700                      1988   -288     2243

 COOLING
  TODAY            0                         0      0        0
  MONTH TO DATE    0                         0      0        0
  SINCE DEC 1      0                         0      0        0
  SINCE JAN 1    991                       710    281      995
..................................................................


WIND (MPH)
  RESULTANT WIND SPEED   5   RESULTANT WIND DIRECTION   W (260)
  HIGHEST WIND SPEED    17   HIGHEST WIND DIRECTION    NW (320)
  HIGHEST GUST SPEED    22   HIGHEST GUST DIRECTION    NW (320)


SKY COVER
  POSSIBLE SUNSHINE  MM
  AVERAGE SKY COVER 0.9


WEATHER CONDITIONS
THE FOLLOWING WEATHER WAS RECORDED TODAY.
  RAIN
  LIGHT RAIN
  FOG


RELATIVE HUMIDITY (PERCENT)
 HIGHEST   100
 LOWEST     66
 AVERAGE    83

..........................................................


THE PASCO WA CLIMATE NORMALS FOR TOMORROW
                         NORMAL    RECORD    YEAR
 MAXIMUM TEMPERATURE (F)   39        49      2005
 MINIMUM TEMPERATURE (F)   25         1      1990


SUNRISE AND SUNSET
DECEMBER 24 2014......SUNRISE   738 AM PST   SUNSET   415 PM PST
DECEMBER 25 2014......SUNRISE   738 AM PST   SUNSET   415 PM PST


-  INDICATES NEGATIVE NUMBERS.
R  INDICATES RECORD WAS SET OR TIED.
MM INDICATES DATA IS MISSING.
T  INDICATES TRACE AMOUNT.

$$
