000
CDUS46 KPDT 010849
CLIPSC

CLIMATE REPORT
NATIONAL WEATHER SERVICE PENDLETON OR
149 AM PDT SAT AUG 1 2015


...................................

...THE PASCO WA CLIMATE SUMMARY FOR JULY 31 2015...

CLIMATE NORMAL PERIOD 1981 TO 2010
CLIMATE RECORD PERIOD 1948 TO 2015


WEATHER ITEM   OBSERVED TIME   RECORD YEAR NORMAL DEPARTURE LAST
                VALUE   (LST)  VALUE       VALUE  FROM      YEAR
                                                  NORMAL
..................................................................
TEMPERATURE (F)
 YESTERDAY
  MAXIMUM        108R   415 PM 107    2000  93     15      100
  MINIMUM         55    459 AM   1    2007  58     -3       58
  AVERAGE         82                        75      7       79

PRECIPITATION (IN)
  YESTERDAY        0.00          0.05 1952   0.00   0.00     0.00
                                      1952
                                      2010
  MONTH TO DATE    T                         0.28  -0.28     0.03
  SINCE OCT 1      5.57                      8.16  -2.59     3.17
  SINCE JAN 1      3.20                      5.21  -2.01     2.59

SNOWFALL (IN)
  YESTERDAY        0.0
  SNOW DEPTH       0

DEGREE DAYS
 HEATING
  YESTERDAY        0                         0      0        0
  MONTH TO DATE    0                         1     -1        0
  SINCE JUN 1      1                        37    -36       18
  SINCE JUL 1      0                         5     -5        0

 COOLING
  YESTERDAY       17                        10      7       14
  MONTH TO DATE  395                       268    127      436
  SINCE JUN 1    711                       377    334      547
  SINCE JAN 1    793                       410    383      581
..................................................................


WIND (MPH)
  RESULTANT WIND SPEED   2   RESULTANT WIND DIRECTION   E (70)
  HIGHEST WIND SPEED    15   HIGHEST WIND DIRECTION    NW (320)
  HIGHEST GUST SPEED    16   HIGHEST GUST DIRECTION    NW (310)


SKY COVER
  POSSIBLE SUNSHINE  MM
  AVERAGE SKY COVER 0.0


WEATHER CONDITIONS
 THE FOLLOWING WEATHER WAS RECORDED YESTERDAY.
  NO SIGNIFICANT WEATHER WAS OBSERVED.


RELATIVE HUMIDITY (PERCENT)
 HIGHEST    83
 LOWEST     10
 AVERAGE    47

..........................................................


THE PASCO WA CLIMATE NORMALS FOR TODAY
                         NORMAL    RECORD    YEAR
 MAXIMUM TEMPERATURE (F)   93       109      2009
 MINIMUM TEMPERATURE (F)   58        45      2002


SUNRISE AND SUNSET
AUGUST  1 2015........SUNRISE   538 AM PDT   SUNSET   827 PM PDT
AUGUST  2 2015........SUNRISE   539 AM PDT   SUNSET   826 PM PDT


-  INDICATES NEGATIVE NUMBERS.
R  INDICATES RECORD WAS SET OR TIED.
MM INDICATES DATA IS MISSING.
T  INDICATES TRACE AMOUNT.

$$
