000
CDUS46 KPDT 160832
CLIPSC

CLIMATE REPORT
NATIONAL WEATHER SERVICE PENDLETON OR
1232 AM PST TUE JAN 16 2018


...................................

...THE PASCO WA CLIMATE SUMMARY FOR JANUARY 15 2018...

CLIMATE NORMAL PERIOD 1981 TO 2010
CLIMATE RECORD PERIOD 1948 TO 2018


WEATHER ITEM   OBSERVED TIME   RECORD YEAR NORMAL DEPARTURE LAST
                VALUE   (LST)  VALUE       VALUE  FROM      YEAR
                                                  NORMAL
..................................................................
TEMPERATURE (F)
 YESTERDAY
  MAXIMUM         41    242 PM  63    1976  42     -1       15
                                      1974
  MINIMUM         34   1250 AM  -5    1950  28      6       10
  AVERAGE         38                        35      3       13

PRECIPITATION (IN)
  YESTERDAY        0.00          0.70 1956   0.04  -0.04      T
  MONTH TO DATE    0.59                      0.73  -0.14     0.63
  SINCE OCT 1      3.31                      3.68  -0.37     4.40
  SINCE JAN 1      0.59                      0.73  -0.14     0.63

SNOWFALL (IN)
  YESTERDAY        0.0
  SNOW DEPTH       0

DEGREE DAYS
 HEATING
  YESTERDAY       27                        30     -3       52
  MONTH TO DATE  445                       470    -25      751
  SINCE DEC 1   1464                      1457      7     1892
  SINCE JUL 1   2632                      2686    -54     2838

 COOLING
  YESTERDAY        0                         0      0        0
  MONTH TO DATE    0                         0      0        0
  SINCE DEC 1      0                         0      0        0
  SINCE JAN 1      0                         0      0        0
..................................................................


WIND (MPH)
  RESULTANT WIND SPEED   3   RESULTANT WIND DIRECTION   N (360)
  HIGHEST WIND SPEED    10   HIGHEST WIND DIRECTION     N (360)
  HIGHEST GUST SPEED    12   HIGHEST GUST DIRECTION    NW (330)


SKY COVER
  POSSIBLE SUNSHINE  MM
  AVERAGE SKY COVER 1.0


WEATHER CONDITIONS
 THE FOLLOWING WEATHER WAS RECORDED YESTERDAY.
  FOG


RELATIVE HUMIDITY (PERCENT)
 HIGHEST   100
 LOWEST     85
 AVERAGE    93

..........................................................


THE PASCO WA CLIMATE NORMALS FOR TODAY
                         NORMAL    RECORD    YEAR
 MAXIMUM TEMPERATURE (F)   42        64      2011
 MINIMUM TEMPERATURE (F)   28         2      2017


SUNRISE AND SUNSET
JANUARY 16 2018.......SUNRISE   735 AM PST   SUNSET   438 PM PST
JANUARY 17 2018.......SUNRISE   734 AM PST   SUNSET   440 PM PST


-  INDICATES NEGATIVE NUMBERS.
R  INDICATES RECORD WAS SET OR TIED.
MM INDICATES DATA IS MISSING.
T  INDICATES TRACE AMOUNT.


$$
