000
CDUS46 KPDT 260830
CLIPSC

CLIMATE REPORT
NATIONAL WEATHER SERVICE PENDLETON OR
128 AM PDT THU MAY 26 2016


...................................

...THE PASCO WA CLIMATE SUMMARY FOR MAY 25 2016...

CLIMATE NORMAL PERIOD 1981 TO 2010
CLIMATE RECORD PERIOD 1948 TO 2016


WEATHER ITEM   OBSERVED TIME   RECORD YEAR NORMAL DEPARTURE LAST
                VALUE   (LST)  VALUE       VALUE  FROM      YEAR
                                                  NORMAL
..................................................................
TEMPERATURE (F)
 YESTERDAY
  MAXIMUM         81    407 PM  95    2001  78      3       80
  MINIMUM         50    230 AM  41    2005  49      1       58
  AVERAGE         66                        63      3       69

PRECIPITATION (IN)
  YESTERDAY        0.00          0.55 1981   0.03  -0.03     0.09
  MONTH TO DATE    1.52                      0.54   0.98     1.25
  SINCE OCT 1      7.31                      7.01   0.30     5.54
  SINCE JAN 1      4.55                      4.06   0.49     3.17

SNOWFALL (IN)
  YESTERDAY        0.0
  SNOW DEPTH       0

DEGREE DAYS
 HEATING
  YESTERDAY        0                         3     -3        0
  MONTH TO DATE   60                       148    -88      107
  SINCE MAR 1    781                      1089   -308      935
  SINCE JUL 1   4299                      4972   -673     4391

 COOLING
  YESTERDAY        1                         2     -1        4
  MONTH TO DATE   28                        20      8       39
  SINCE MAR 1     32                        21     11       39
  SINCE JAN 1     32                        21     11       39
..................................................................


WIND (MPH)
  RESULTANT WIND SPEED   6   RESULTANT WIND DIRECTION  SW (210)
  HIGHEST WIND SPEED    20   HIGHEST WIND DIRECTION     S (200)
  HIGHEST GUST SPEED    23   HIGHEST GUST DIRECTION    SW (220)


SKY COVER
  POSSIBLE SUNSHINE  MM
  AVERAGE SKY COVER 0.0


WEATHER CONDITIONS
 THE FOLLOWING WEATHER WAS RECORDED YESTERDAY.
  NO SIGNIFICANT WEATHER WAS OBSERVED.


RELATIVE HUMIDITY (PERCENT)
 HIGHEST    77
 LOWEST     23
 AVERAGE    50

..........................................................


THE PASCO WA CLIMATE NORMALS FOR TODAY
                         NORMAL    RECORD    YEAR
 MAXIMUM TEMPERATURE (F)   78        96      2001
 MINIMUM TEMPERATURE (F)   49        40      1999


SUNRISE AND SUNSET
MAY 26 2016...........SUNRISE   512 AM PDT   SUNSET   836 PM PDT
MAY 27 2016...........SUNRISE   511 AM PDT   SUNSET   837 PM PDT


-  INDICATES NEGATIVE NUMBERS.
R  INDICATES RECORD WAS SET OR TIED.
MM INDICATES DATA IS MISSING.
T  INDICATES TRACE AMOUNT.




$$
