000
CDUS46 KPDT 041006
CLIPSC

CLIMATE REPORT
NATIONAL WEATHER SERVICE PENDLETON OR
306 AM PDT FRI SEP 4 2015


...................................

...THE PASCO WA CLIMATE SUMMARY FOR SEPTEMBER 3 2015...

CLIMATE NORMAL PERIOD 1981 TO 2010
CLIMATE RECORD PERIOD 1948 TO 2015


WEATHER ITEM   OBSERVED TIME   RECORD YEAR NORMAL DEPARTURE LAST
                VALUE   (LST)  VALUE       VALUE  FROM      YEAR
                                                  NORMAL
..................................................................
TEMPERATURE (F)
 YESTERDAY
  MAXIMUM         74    320 PM 101    1998  85    -11       80
  MINIMUM         44    541 AM  40    2008  51     -7       52
  AVERAGE         59                        68     -9       66

PRECIPITATION (IN)
  YESTERDAY        0.00          0.14 1979   0.01  -0.01      T
  MONTH TO DATE    0.00                      0.03  -0.03      T
  SINCE OCT 1      5.60                      8.46  -2.86     3.64
  SINCE JAN 1      3.23                      5.51  -2.28     3.06

SNOWFALL (IN)
  YESTERDAY        0.0
  SNOW DEPTH       0

DEGREE DAYS
 HEATING
  YESTERDAY        6                         1      5        0
  MONTH TO DATE    6                         3      3        0
  SINCE SEP 1      6                         3      3        0
  SINCE JUL 1      6                        15     -9        0

 COOLING
  YESTERDAY        0                         4     -4        1
  MONTH TO DATE   12                        12      0        3
  SINCE SEP 1     12                        12      0        3
  SINCE JAN 1   1085                       669    416      921
..................................................................


WIND (MPH)
  RESULTANT WIND SPEED   1   RESULTANT WIND DIRECTION  SW (230)
  HIGHEST WIND SPEED    13   HIGHEST WIND DIRECTION    SW (220)
  HIGHEST GUST SPEED    17   HIGHEST GUST DIRECTION     W (250)


SKY COVER
  POSSIBLE SUNSHINE  MM
  AVERAGE SKY COVER 0.1


WEATHER CONDITIONS
 THE FOLLOWING WEATHER WAS RECORDED YESTERDAY.
  NO SIGNIFICANT WEATHER WAS OBSERVED.


RELATIVE HUMIDITY (PERCENT)
 HIGHEST    89
 LOWEST     23
 AVERAGE    56

..........................................................


THE PASCO WA CLIMATE NORMALS FOR TODAY
                         NORMAL    RECORD    YEAR
 MAXIMUM TEMPERATURE (F)   85        98      2003
 MINIMUM TEMPERATURE (F)   50        41      2002


SUNRISE AND SUNSET
SEPTEMBER  4 2015.....SUNRISE   620 AM PDT   SUNSET   730 PM PDT
SEPTEMBER  5 2015.....SUNRISE   622 AM PDT   SUNSET   728 PM PDT


-  INDICATES NEGATIVE NUMBERS.
R  INDICATES RECORD WAS SET OR TIED.
MM INDICATES DATA IS MISSING.
T  INDICATES TRACE AMOUNT.

$$
