478
CDUS46 KPDT 310031
CLIPSC

CLIMATE REPORT
NATIONAL WEATHER SERVICE PENDLETON OR
530 PM PDT SAT JUL 30 2016


...................................

...THE PASCO WA CLIMATE SUMMARY FOR JULY 30 2016...
VALID TODAY AS OF 0500 PM LOCAL TIME.

CLIMATE NORMAL PERIOD 1981 TO 2010
CLIMATE RECORD PERIOD 1948 TO 2016


WEATHER ITEM   OBSERVED TIME   RECORD YEAR NORMAL DEPARTURE LAST
                VALUE   (LST)  VALUE       VALUE  FROM      YEAR
                                                  NORMAL
..................................................................
TEMPERATURE (F)
 TODAY
  MAXIMUM         99    359 PM 107    2003  93      6      104
  MINIMUM         62    440 AM  51    2015  58      4       51
  AVERAGE         81                        75      6       78

PRECIPITATION (IN)
  TODAY            0.00          0.15 1997   0.01  -0.01     0.00
  MONTH TO DATE    0.33                      0.28   0.05      T
  SINCE OCT 1      8.10                      8.16  -0.06     5.57
  SINCE JAN 1      5.34                      5.21   0.13     3.20

SNOWFALL (IN)
  TODAY            0.0
  SNOW DEPTH       0

DEGREE DAYS
 HEATING
  TODAY            0                         0      0        0
  MONTH TO DATE    0                         1     -1        0
  SINCE JUN 1     30                        33     -3        1
  SINCE JUL 1      0                         1     -1        0

 COOLING
  TODAY           16                        10      6       13
  MONTH TO DATE  265                       257      8      378
  SINCE JUN 1    441                       366     75      694
  SINCE JAN 1    474                       399     75      776
..................................................................


WIND (MPH)
  RESULTANT WIND SPEED   7   RESULTANT WIND DIRECTION  SW (210)
  HIGHEST WIND SPEED    22   HIGHEST WIND DIRECTION    SW (210)
  HIGHEST GUST SPEED    27   HIGHEST GUST DIRECTION     S (200)


SKY COVER
  POSSIBLE SUNSHINE  MM
  AVERAGE SKY COVER 0.0


WEATHER CONDITIONS
 THE FOLLOWING WEATHER WAS RECORDED TODAY.
  NO SIGNIFICANT WEATHER WAS OBSERVED.


RELATIVE HUMIDITY (PERCENT)
 HIGHEST    73
 LOWEST     10
 AVERAGE    42

..........................................................


THE PASCO WA CLIMATE NORMALS FOR TOMORROW
                         NORMAL    RECORD    YEAR
 MAXIMUM TEMPERATURE (F)   93       108      2015
 MINIMUM TEMPERATURE (F)   58         1      2007


SUNRISE AND SUNSET
JULY 30 2016..........SUNRISE   536 AM PDT   SUNSET   829 PM PDT
JULY 31 2016..........SUNRISE   538 AM PDT   SUNSET   827 PM PDT


-  INDICATES NEGATIVE NUMBERS.
R  INDICATES RECORD WAS SET OR TIED.
MM INDICATES DATA IS MISSING.
T  INDICATES TRACE AMOUNT.




$$
