000
CDUS46 KPDT 310836
CLIPSC

CLIMATE REPORT
NATIONAL WEATHER SERVICE PENDLETON OR
125 AM PDT SUN AUG 31 2014


...................................

...THE PASCO WA CLIMATE SUMMARY FOR AUGUST 30 2014...

CLIMATE NORMAL PERIOD 1981 TO 2010
CLIMATE RECORD PERIOD 1948 TO 2014


WEATHER ITEM   OBSERVED TIME   RECORD YEAR NORMAL DEPARTURE LAST
                VALUE   (LST)  VALUE       VALUE  FROM      YEAR
                                                  NORMAL
..................................................................
TEMPERATURE (F)
 YESTERDAY
  MAXIMUM         82    210 PM  99    2007  87     -5       89
  MINIMUM         53    538 AM  45    2012  52      1       60
  AVERAGE         68                        69     -1       75

PRECIPITATION (IN)
  YESTERDAY        0.00          1.11 1977   0.01  -0.01     0.03
  MONTH TO DATE    0.47                      0.26   0.21     0.38
  SINCE OCT 1      3.64                      8.42  -4.78     6.68
  SINCE JAN 1      3.06                      5.47  -2.41     3.32

SNOWFALL (IN)
  YESTERDAY        0.0
  SNOW DEPTH       0

DEGREE DAYS
 HEATING
  YESTERDAY        0                         1     -1        0
  MONTH TO DATE    0                         5     -5        0
  SINCE JUN 1     18                        42    -24       19
  SINCE JUL 1      0                        10    -10        0

 COOLING
  YESTERDAY        3                         5     -2       10
  MONTH TO DATE  334                       242     92      314
  SINCE JUN 1    881                       619    262      809
  SINCE JAN 1    915                       652    263      855
..................................................................


WIND (MPH)
  RESULTANT WIND SPEED   8   RESULTANT WIND DIRECTION  SW (230)
  HIGHEST WIND SPEED    32   HIGHEST WIND DIRECTION    SW (230)
  HIGHEST GUST SPEED    39   HIGHEST GUST DIRECTION    SW (230)


SKY COVER
  POSSIBLE SUNSHINE  MM
  AVERAGE SKY COVER 0.2


WEATHER CONDITIONS
 THE FOLLOWING WEATHER WAS RECORDED YESTERDAY.
  HAZE


RELATIVE HUMIDITY (PERCENT)
 HIGHEST    93
 LOWEST     36
 AVERAGE    65

..........................................................


THE PASCO WA CLIMATE NORMALS FOR TODAY
                         NORMAL    RECORD    YEAR
 MAXIMUM TEMPERATURE (F)   86       101      1998
 MINIMUM TEMPERATURE (F)   52        40      2008


SUNRISE AND SUNSET
AUGUST 31 2014........SUNRISE   616 AM PDT   SUNSET   737 PM PDT
SEPTEMBER  1 2014.....SUNRISE   617 AM PDT   SUNSET   735 PM PDT


-  INDICATES NEGATIVE NUMBERS.
R  INDICATES RECORD WAS SET OR TIED.
MM INDICATES DATA IS MISSING.
T  INDICATES TRACE AMOUNT.




$$
