000
CDUS46 KPDT 290046
CLIPSC

CLIMATE REPORT
NATIONAL WEATHER SERVICE PENDLETON OR
529 PM PDT SUN AUG 28 2016


...................................

...THE PASCO WA CLIMATE SUMMARY FOR AUGUST 28 2016...
VALID TODAY AS OF 0500 PM LOCAL TIME.

CLIMATE NORMAL PERIOD 1981 TO 2010
CLIMATE RECORD PERIOD 1948 TO 2016


WEATHER ITEM   OBSERVED TIME   RECORD YEAR NORMAL DEPARTURE LAST
                VALUE   (LST)  VALUE       VALUE  FROM      YEAR
                                                  NORMAL
..................................................................
TEMPERATURE (F)
 TODAY
  MAXIMUM         90    237 PM 103    1999  87      3       89
  MINIMUM         52    521 AM  44    2007  53     -1       60
  AVERAGE         71                        70      1       75

PRECIPITATION (IN)
  TODAY            0.00          0.07 1977   0.01  -0.01     0.00
  MONTH TO DATE    0.04                      0.23  -0.19     0.03
  SINCE OCT 1      8.14                      8.39  -0.25     5.60
  SINCE JAN 1      5.38                      5.44  -0.06     3.23

SNOWFALL (IN)
  TODAY            0.0
  SNOW DEPTH       0

DEGREE DAYS
 HEATING
  TODAY            0                         1     -1        0
  MONTH TO DATE    0                         3     -3        0
  SINCE JUN 1     30                        40    -10        1
  SINCE JUL 1      0                         8     -8        0

 COOLING
  TODAY            6                         6      0       10
  MONTH TO DATE  242                       232     10      263
  SINCE JUN 1    694                       609     85      974
  SINCE JAN 1    727                       642     85     1056
..................................................................


WIND (MPH)
  RESULTANT WIND SPEED   1   RESULTANT WIND DIRECTION   E (80)
  HIGHEST WIND SPEED     9   HIGHEST WIND DIRECTION     N (350)
  HIGHEST GUST SPEED    12   HIGHEST GUST DIRECTION     S (170)


SKY COVER
  POSSIBLE SUNSHINE  MM
  AVERAGE SKY COVER 0.0


WEATHER CONDITIONS
THE FOLLOWING WEATHER WAS RECORDED TODAY.
  NO SIGNIFICANT WEATHER WAS OBSERVED.


RELATIVE HUMIDITY (PERCENT)
 HIGHEST    83
 LOWEST     16
 AVERAGE    50

..........................................................


THE PASCO WA CLIMATE NORMALS FOR TOMORROW
                         NORMAL    RECORD    YEAR
 MAXIMUM TEMPERATURE (F)   87       103      1998
 MINIMUM TEMPERATURE (F)   52        45      2010


SUNRISE AND SUNSET
AUGUST 28 2016........SUNRISE   613 AM PDT   SUNSET   742 PM PDT
AUGUST 29 2016........SUNRISE   614 AM PDT   SUNSET   740 PM PDT


-  INDICATES NEGATIVE NUMBERS.
R  INDICATES RECORD WAS SET OR TIED.
MM INDICATES DATA IS MISSING.
T  INDICATES TRACE AMOUNT.




$$
