000
CDUS46 KPDT 230847
CLIPSC

CLIMATE REPORT
NATIONAL WEATHER SERVICE PENDLETON OR
144 AM PDT SAT MAY 23 2015


...................................

...THE PASCO WA CLIMATE SUMMARY FOR MAY 22 2015...

CLIMATE NORMAL PERIOD 1981 TO 2010
CLIMATE RECORD PERIOD 1948 TO 2015


WEATHER ITEM   OBSERVED TIME   RECORD YEAR NORMAL DEPARTURE LAST
                VALUE   (LST)  VALUE       VALUE  FROM      YEAR
                                                  NORMAL
..................................................................
TEMPERATURE (F)
 YESTERDAY
  MAXIMUM         85    143 PM  98    2001  77      8       90
  MINIMUM         60   1159 PM  36    2009  48     12       48
  AVERAGE         73                        63     10       69

PRECIPITATION (IN)
  YESTERDAY        0.05          0.47 1996   0.02   0.03     0.00
  MONTH TO DATE    1.16                      0.45   0.71     0.24
  SINCE OCT 1      5.45                      6.92  -1.47     2.91
  SINCE JAN 1      3.08                      3.97  -0.89     2.33

SNOWFALL (IN)
  YESTERDAY        0.0
  SNOW DEPTH       0

DEGREE DAYS
 HEATING
  YESTERDAY        0                         4     -4        0
  MONTH TO DATE  107                       138    -31       80
  SINCE MAR 1    935                      1079   -144      964
  SINCE JUL 1   4391                      4962   -571     5193

 COOLING
  YESTERDAY        8                         1      7        4
  MONTH TO DATE   25                        14     11       22
  SINCE MAR 1     25                        15     10       22
  SINCE JAN 1     25                        15     10       22
..................................................................


WIND (MPH)
  RESULTANT WIND SPEED   5   RESULTANT WIND DIRECTION  SW (230)
  HIGHEST WIND SPEED    18   HIGHEST WIND DIRECTION    SW (220)
  HIGHEST GUST SPEED    25   HIGHEST GUST DIRECTION     W (280)


SKY COVER
  POSSIBLE SUNSHINE  MM
  AVERAGE SKY COVER 0.3


WEATHER CONDITIONS
 THE FOLLOWING WEATHER WAS RECORDED YESTERDAY.
  THUNDERSTORM
  LIGHT RAIN


RELATIVE HUMIDITY (PERCENT)
 HIGHEST    84
 LOWEST     34
 AVERAGE    59

..........................................................


THE PASCO WA CLIMATE NORMALS FOR TODAY
                         NORMAL    RECORD    YEAR
 MAXIMUM TEMPERATURE (F)   77       105      2001
 MINIMUM TEMPERATURE (F)   48        36      2013


SUNRISE AND SUNSET
MAY 23 2015...........SUNRISE   515 AM PDT   SUNSET   832 PM PDT
MAY 24 2015...........SUNRISE   514 AM PDT   SUNSET   833 PM PDT


-  INDICATES NEGATIVE NUMBERS.
R  INDICATES RECORD WAS SET OR TIED.
MM INDICATES DATA IS MISSING.
T  INDICATES TRACE AMOUNT.




$$
