000
CDUS46 KPDT 250832 RRA
CLIPSC

CLIMATE REPORT
NATIONAL WEATHER SERVICE PENDLETON OR
131 AM PDT MON SEP 25 2017


...................................

...THE PASCO WA CLIMATE SUMMARY FOR SEPTEMBER 24 2017...

CLIMATE NORMAL PERIOD 1981 TO 2010
CLIMATE RECORD PERIOD 1948 TO 2017


WEATHER ITEM   OBSERVED TIME   RECORD YEAR NORMAL DEPARTURE LAST
                VALUE   (LST)  VALUE       VALUE  FROM      YEAR
                                                  NORMAL
..................................................................
TEMPERATURE (F)
 YESTERDAY
  MAXIMUM         73    456 PM  93    2001  77     -4       74
  MINIMUM         44    318 AM  21    1926  44      0       40
  AVERAGE         59                        60     -1       57

PRECIPITATION (IN)
  YESTERDAY        0.00          0.24 1977   0.02  -0.02     0.00
  MONTH TO DATE    0.13                      0.29  -0.16     0.24
  SINCE OCT 1     10.12                      8.72   1.40     8.38
  SINCE JAN 1      6.35                      5.77   0.58     5.62

SNOWFALL (IN)
  YESTERDAY        0.0
  SNOW DEPTH       0

DEGREE DAYS
 HEATING
  YESTERDAY        6                         5      1        8
  MONTH TO DATE   73                        59     14       79
  SINCE SEP 1     73                        59     14       79
  SINCE JUL 1     73                        71      2       79

 COOLING
  YESTERDAY        0                         1     -1        0
  MONTH TO DATE  101                        49     52       20
  SINCE SEP 1    101                        49     52       20
  SINCE JAN 1    979                       706    273      771
..................................................................


WIND (MPH)
  RESULTANT WIND SPEED   1   RESULTANT WIND DIRECTION  SE (140)
  HIGHEST WIND SPEED     9   HIGHEST WIND DIRECTION    SE (150)
  HIGHEST GUST SPEED    12   HIGHEST GUST DIRECTION    SW (220)


SKY COVER
  POSSIBLE SUNSHINE  MM
  AVERAGE SKY COVER 0.3


WEATHER CONDITIONS
 THE FOLLOWING WEATHER WAS RECORDED YESTERDAY.
  NO SIGNIFICANT WEATHER WAS OBSERVED.


RELATIVE HUMIDITY (PERCENT)
 HIGHEST    93
 LOWEST     31
 AVERAGE    62

..........................................................


THE PASCO WA CLIMATE NORMALS FOR TODAY
                         NORMAL    RECORD    YEAR
 MAXIMUM TEMPERATURE (F)   76        93      1942
 MINIMUM TEMPERATURE (F)   44        26      1926


SUNRISE AND SUNSET
SEPTEMBER 25 2017.....SUNRISE   648 AM PDT   SUNSET   647 PM PDT
SEPTEMBER 26 2017.....SUNRISE   649 AM PDT   SUNSET   645 PM PDT


-  INDICATES NEGATIVE NUMBERS.
R  INDICATES RECORD WAS SET OR TIED.
MM INDICATES DATA IS MISSING.
T  INDICATES TRACE AMOUNT.

$$
