000
CDUS46 KPDT 310933
CLIPSC

CLIMATE REPORT
NATIONAL WEATHER SERVICE PENDLETON OR
230 AM PDT THU JUL 31 2014


...................................

...THE PASCO WA CLIMATE SUMMARY FOR JULY 30 2014...

CLIMATE NORMAL PERIOD 1981 TO 2010
CLIMATE RECORD PERIOD 1948 TO 2014


WEATHER ITEM   OBSERVED TIME   RECORD YEAR NORMAL DEPARTURE LAST
                VALUE   (LST)  VALUE       VALUE  FROM      YEAR
                                                  NORMAL
..................................................................
TEMPERATURE (F)
 YESTERDAY
  MAXIMUM        106    431 PM 107    2003  93     13       94
  MINIMUM         68    426 AM  53    2001  58     10       55
  AVERAGE         87                        75     12       75

PRECIPITATION (IN)
  YESTERDAY        0.00          0.15 1997   0.01  -0.01     0.00
  MONTH TO DATE    0.03                      0.28  -0.25      T
  SINCE OCT 1      3.17                      8.16  -4.99     6.30
  SINCE JAN 1      2.59                      5.21  -2.62     2.94

SNOWFALL (IN)
  YESTERDAY        0.0
  SNOW DEPTH       0

DEGREE DAYS
 HEATING
  YESTERDAY        0                         0      0        0
  MONTH TO DATE    0                         1     -1        0
  SINCE JUN 1     18                        33    -15       19
  SINCE JUL 1      0                         1     -1        0

 COOLING
  YESTERDAY       22                        10     12       10
  MONTH TO DATE  422                       257    165      366
  SINCE JUN 1    533                       366    167      490
  SINCE JAN 1    567                       399    168      536
..................................................................


WIND (MPH)
  RESULTANT WIND SPEED   1   RESULTANT WIND DIRECTION   W (280)
  HIGHEST WIND SPEED    12   HIGHEST WIND DIRECTION    SE (150)
  HIGHEST GUST SPEED    15   HIGHEST GUST DIRECTION    SW (220)


SKY COVER
  POSSIBLE SUNSHINE  MM
  AVERAGE SKY COVER 0.0


WEATHER CONDITIONS
 THE FOLLOWING WEATHER WAS RECORDED YESTERDAY.
  HAZE


RELATIVE HUMIDITY (PERCENT)
 HIGHEST    70
 LOWEST     15
 AVERAGE    43

..........................................................


THE PASCO WA CLIMATE NORMALS FOR TODAY
                         NORMAL    RECORD    YEAR
 MAXIMUM TEMPERATURE (F)   93       107      2000
 MINIMUM TEMPERATURE (F)   58         1      2007


SUNRISE AND SUNSET
JULY 31 2014..........SUNRISE   537 AM PDT   SUNSET   828 PM PDT
AUGUST  1 2014........SUNRISE   538 AM PDT   SUNSET   827 PM PDT


-  INDICATES NEGATIVE NUMBERS.
R  INDICATES RECORD WAS SET OR TIED.
MM INDICATES DATA IS MISSING.
T  INDICATES TRACE AMOUNT.




$$
