000
CDUS46 KPDT 210838
CLIPSC

CLIMATE REPORT
NATIONAL WEATHER SERVICE PENDLETON OR
135 AM PDT TUE OCT 21 2014


...................................

...THE PASCO WA CLIMATE SUMMARY FOR OCTOBER 20 2014...

CLIMATE NORMAL PERIOD 1981 TO 2010
CLIMATE RECORD PERIOD 1948 TO 2014


WEATHER ITEM   OBSERVED TIME   RECORD YEAR NORMAL DEPARTURE LAST
                VALUE   (LST)  VALUE       VALUE  FROM      YEAR
                                                  NORMAL
..................................................................
TEMPERATURE (F)
 YESTERDAY
  MAXIMUM         75    121 PM  78    2003  64     11       70
  MINIMUM         40    623 AM  26    1996  37      3       32
  AVERAGE         58                        50      8       51

PRECIPITATION (IN)
  YESTERDAY        0.24          0.57 1968   0.02   0.22     0.00
  MONTH TO DATE    0.44                      0.43   0.01     0.03
  SINCE OCT 1      0.44                      0.43   0.01     0.03
  SINCE JAN 1      3.55                      6.31  -2.76     4.34

SNOWFALL (IN)
  YESTERDAY       MM
  SNOW DEPTH       0

DEGREE DAYS
 HEATING
  YESTERDAY        7                        15     -8       14
  MONTH TO DATE  109                       223   -114      289
  SINCE SEP 1    151                       322   -171      357
  SINCE JUL 1    151                       334   -183      357

 COOLING
  YESTERDAY        0                         0      0        0
  MONTH TO DATE   11                         0     11        0
  SINCE SEP 1     73                        52     21      133
  SINCE JAN 1    991                       709    282      995
..................................................................


WIND (MPH)
  RESULTANT WIND SPEED   1   RESULTANT WIND DIRECTION   W (260)
  HIGHEST WIND SPEED    23   HIGHEST WIND DIRECTION     W (250)
  HIGHEST GUST SPEED    28   HIGHEST GUST DIRECTION     W (260)


SKY COVER
  POSSIBLE SUNSHINE  MM
  AVERAGE SKY COVER 0.4


WEATHER CONDITIONS
THE FOLLOWING WEATHER WAS RECORDED YESTERDAY.
  LIGHT RAIN
  FOG


RELATIVE HUMIDITY (PERCENT)
 HIGHEST   100
 LOWEST     38
 AVERAGE    69

..........................................................


THE PASCO WA CLIMATE NORMALS FOR TODAY
                         NORMAL    RECORD    YEAR
 MAXIMUM TEMPERATURE (F)   63        88      2003
 MINIMUM TEMPERATURE (F)   37        25      1996


SUNRISE AND SUNSET
OCTOBER 21 2014.......SUNRISE   722 AM PDT   SUNSET   559 PM PDT
OCTOBER 22 2014.......SUNRISE   723 AM PDT   SUNSET   558 PM PDT


-  INDICATES NEGATIVE NUMBERS.
R  INDICATES RECORD WAS SET OR TIED.
MM INDICATES DATA IS MISSING.
T  INDICATES TRACE AMOUNT.




$$
