000
CDUS41 KALY 280624
CLIPSF


CLIMATE REPORT
NATIONAL WEATHER SERVICE ALBANY NY
223 AM EDT TUE MAR 28 2017


...................................

...THE PITTSFIELD MA CLIMATE SUMMARY FOR MARCH 27 2017...

CLIMATE NORMAL PERIOD 1981 TO 2010
CLIMATE RECORD PERIOD 9999 TO 9999


WEATHER ITEM   OBSERVED TIME   NORMAL DEPARTURE LAST
                VALUE   (LST)  VALUE  FROM      YEAR
                                      NORMAL
......................................................
TEMPERATURE (F)
 YESTERDAY
  MAXIMUM         41    502 PM  46     -5       55
  MINIMUM         31    337 AM  26      5       29
  AVERAGE         36            36      0       42

PRECIPITATION (IN)
  YESTERDAY        0.49          0.14   0.35     0.00
  MONTH TO DATE    1.79          2.82  -1.03     1.83
  SINCE MAR 1      1.79          2.82  -1.03     1.83
  SINCE JAN 1      7.37          8.42  -1.05     7.20

DEGREE DAYS
 HEATING
  YESTERDAY       29            29      0       23
  MONTH TO DATE 1020           914    106      710
  SINCE MAR 1   1020           914    106      710
  SINCE JUL 1   5722          6294   -572     5077

 COOLING
  YESTERDAY        0             0      0        0
  MONTH TO DATE    0             0      0        0
  SINCE MAR 1      0             0      0        0
  SINCE JAN 1      0             0      0        0
......................................................


WIND (MPH)
  HIGHEST WIND SPEED     8   HIGHEST WIND DIRECTION    NE (50)
  HIGHEST GUST SPEED    11   HIGHEST GUST DIRECTION    NE (50)
  AVERAGE WIND SPEED     2.9


SKY COVER
  AVERAGE SKY COVER 1.0



RELATIVE HUMIDITY (PERCENT)
 HIGHEST   100
 LOWEST     82
 AVERAGE    91

..........................................................


THE PITTSFIELD MA CLIMATE NORMALS FOR TODAY
                         NORMAL
 MAXIMUM TEMPERATURE (F)   47
 MINIMUM TEMPERATURE (F)   26


SUNRISE AND SUNSET
MARCH 28 2017.........SUNRISE   642 AM EDT   SUNSET   715 PM EDT
MARCH 29 2017.........SUNRISE   640 AM EDT   SUNSET   716 PM EDT


-  INDICATES NEGATIVE NUMBERS.
R  INDICATES RECORD WAS SET OR TIED.
MM INDICATES DATA IS MISSING.
T  INDICATES TRACE AMOUNT.




$$
