000
CDUS41 KALY 160623
CLIPSF


CLIMATE REPORT
NATIONAL WEATHER SERVICE ALBANY NY
122 AM EST SAT DEC 16 2017


...................................

...THE PITTSFIELD MA CLIMATE SUMMARY FOR DECEMBER 15 2017...

CLIMATE NORMAL PERIOD 1981 TO 2010
CLIMATE RECORD PERIOD 9999 TO 9999


WEATHER ITEM   OBSERVED TIME   NORMAL DEPARTURE LAST
                VALUE   (LST)  VALUE  FROM      YEAR
                                      NORMAL
......................................................
TEMPERATURE (F)
 YESTERDAY
  MAXIMUM         21    419 PM  34    -13       24
  MINIMUM          3    556 AM  20    -17        4
  AVERAGE         12            27    -15       14

PRECIPITATION (IN)
  YESTERDAY        T             0.08  -0.08      T
  MONTH TO DATE    1.29          1.50  -0.21     1.21
  SINCE DEC 1      1.29          1.50  -0.21     1.21
  SINCE JAN 1     40.78         43.88  -3.10    33.15

DEGREE DAYS
 HEATING
  YESTERDAY       53            38     15       51
  MONTH TO DATE  525           532     -7      541
  SINCE DEC 1    525           532     -7      541
  SINCE JUL 1   1850          2183   -333     1948

 COOLING
  YESTERDAY        0             0      0        0
  MONTH TO DATE    0             0      0        0
  SINCE DEC 1      0             0      0        0
  SINCE JAN 1    351           290     61      432
......................................................


WIND (MPH)
  HIGHEST WIND SPEED    12   HIGHEST WIND DIRECTION     S (180)
  HIGHEST GUST SPEED    16   HIGHEST GUST DIRECTION     S (160)
  AVERAGE WIND SPEED     3.1


SKY COVER
  AVERAGE SKY COVER 0.5



RELATIVE HUMIDITY (PERCENT)
 HIGHEST    88
 LOWEST     57
 AVERAGE    73

..........................................................


THE PITTSFIELD MA CLIMATE NORMALS FOR TODAY
                         NORMAL
 MAXIMUM TEMPERATURE (F)   34
 MINIMUM TEMPERATURE (F)   20


SUNRISE AND SUNSET
DECEMBER 16 2017......SUNRISE   716 AM EST   SUNSET   421 PM EST
DECEMBER 17 2017......SUNRISE   717 AM EST   SUNSET   422 PM EST


-  INDICATES NEGATIVE NUMBERS.
R  INDICATES RECORD WAS SET OR TIED.
MM INDICATES DATA IS MISSING.
T  INDICATES TRACE AMOUNT.




$$
