000
CDUS46 KSGX 211250
CLIPSP


CLIMATE REPORT
NATIONAL WEATHER SERVICE SAN DIEGO, CA
450 AM PST TUE NOV 21 2017


...................................

...THE PALM SPRINGS INTL AIRPORT CA CLIMATE SUMMARY FOR NOVEMBER 20 2017...

CLIMATE NORMAL PERIOD 1981 TO 2010
CLIMATE RECORD PERIOD 1893 TO 2017


WEATHER ITEM   OBSERVED TIME   RECORD YEAR NORMAL DEPARTURE LAST
                VALUE   (LST)  VALUE       VALUE  FROM      YEAR
                                                  NORMAL
..................................................................
TEMPERATURE (F)
 YESTERDAY
  MAXIMUM         79    241 PM  89    2002  75      4       77
                                      1933
  MINIMUM         52    130 AM  31    1985  50      2       56
  AVERAGE         66                        62      4       67

PRECIPITATION (IN)
  YESTERDAY        0.00          0.34 1963   0.02  -0.02     0.00
  MONTH TO DATE    T                         0.29  -0.29     0.00
  SINCE OCT 1      T                         0.73  -0.73     0.09
  SINCE JAN 1      7.17                      4.62   2.55     3.45

DEGREE DAYS
 HEATING
  YESTERDAY        0                         4     -4        0
  MONTH TO DATE    0                        38    -38        6
  SINCE SEP 1      0                        42    -42        6
  SINCE JUL 1      0                        42    -42        6

 COOLING
  YESTERDAY        1                         1      0        2
  MONTH TO DATE  110                        68     42      159
  SINCE SEP 1   1234                      1046    188     1152
  SINCE JAN 1   5117                      4130    987     4807
..................................................................


WIND (MPH)
  RESULTANT WIND SPEED   2   RESULTANT WIND DIRECTION   N (350)
  HIGHEST WIND SPEED    10   HIGHEST WIND DIRECTION    NW (330)
  HIGHEST GUST SPEED    13   HIGHEST GUST DIRECTION    NW (330)
  AVERAGE WIND SPEED     4.0


SKY COVER
  POSSIBLE SUNSHINE  MM
  AVERAGE SKY COVER 0.0


WEATHER CONDITIONS
 THE FOLLOWING WEATHER WAS RECORDED YESTERDAY.
  NO SIGNIFICANT WEATHER WAS OBSERVED.


RELATIVE HUMIDITY (PERCENT)
 HIGHEST    32           900 AM
 LOWEST      8          1200 PM
 AVERAGE    20

..........................................................


THE PALM SPRINGS INTL AIRPORT CA CLIMATE NORMALS FOR TODAY
                         NORMAL    RECORD    YEAR
 MAXIMUM TEMPERATURE (F)   74        93      1924
 MINIMUM TEMPERATURE (F)   50        26      1951


SUNRISE AND SUNSET
NOVEMBER 21 2017......SUNRISE   624 AM PST   SUNSET   440 PM PST
NOVEMBER 22 2017......SUNRISE   625 AM PST   SUNSET   439 PM PST


-  INDICATES NEGATIVE NUMBERS.
R  INDICATES RECORD WAS SET OR TIED.
MM INDICATES DATA IS MISSING.
T  INDICATES TRACE AMOUNT.




$$
