048
CDUS46 KSGX 290019
CLIPSP


CLIMATE REPORT
NATIONAL WEATHER SERVICE SAN DIEGO, CA
518 PM PDT TUE MAR 28 2017


...................................

...THE PALM SPRINGS INTL AIRPORT CA CLIMATE SUMMARY FOR MARCH 28 2017...
VALID TODAY AS OF 0500 PM LOCAL TIME.

CLIMATE NORMAL PERIOD 1981 TO 2010
CLIMATE RECORD PERIOD 1893 TO 2017


WEATHER ITEM   OBSERVED TIME   RECORD YEAR NORMAL DEPARTURE LAST
                VALUE   (LST)  VALUE       VALUE  FROM      YEAR
                                                  NORMAL
..................................................................
TEMPERATURE (F)
 TODAY
  MAXIMUM         86    245 PM 100    2015  81      5       79
  MINIMUM         57    625 AM  37    1945  54      3       56
  AVERAGE         72                        68      4       68

PRECIPITATION (IN)
  TODAY            0.00          0.36 1979   0.01  -0.01     0.00
  MONTH TO DATE    0.00                      0.60  -0.60     0.02
  SINCE OCT 1      6.97                      4.48   2.49     2.47
  SINCE JAN 1      5.18                      2.63   2.55     2.28

DEGREE DAYS
 HEATING
  TODAY            0                         1     -1        0
  MONTH TO DATE   19                        69    -50       16
  SINCE MAR 1     19                        69    -50       16
  SINCE JUL 1    679                       847   -168      726

 COOLING
  TODAY            7                         4      3        3
  MONTH TO DATE  219                        79    140      187
  SINCE MAR 1    219                        79    140      187
  SINCE JAN 1    264                       106    158      337
..................................................................


WIND (MPH)
  RESULTANT WIND SPEED   5   RESULTANT WIND DIRECTION  NE (40)
  HIGHEST WIND SPEED    26   HIGHEST WIND DIRECTION     N (360)
  HIGHEST GUST SPEED    34   HIGHEST GUST DIRECTION    NE (30)
  AVERAGE WIND SPEED     8.3


SKY COVER
  POSSIBLE SUNSHINE  MM
  AVERAGE SKY COVER 0.0


WEATHER CONDITIONS
 THE FOLLOWING WEATHER WAS RECORDED TODAY.
  NO SIGNIFICANT WEATHER WAS OBSERVED.


RELATIVE HUMIDITY (PERCENT)
 HIGHEST    44           700 AM
 LOWEST      7           200 PM
 AVERAGE    26

..........................................................


THE PALM SPRINGS INTL AIRPORT CA CLIMATE NORMALS FOR TOMORROW
                         NORMAL    RECORD    YEAR
 MAXIMUM TEMPERATURE (F)   81        98      2015
                                             1971
                                             1969
 MINIMUM TEMPERATURE (F)   54        36      1944


SUNRISE AND SUNSET
MARCH 28 2017.........SUNRISE   638 AM PDT   SUNSET   704 PM PDT
MARCH 29 2017.........SUNRISE   637 AM PDT   SUNSET   705 PM PDT


-  INDICATES NEGATIVE NUMBERS.
R  INDICATES RECORD WAS SET OR TIED.
MM INDICATES DATA IS MISSING.
T  INDICATES TRACE AMOUNT.




$$
