000
CDUS46 KSGX 250022
CLIPSP


CLIMATE REPORT
NATIONAL WEATHER SERVICE SAN DIEGO, CA
422 PM PST SAT FEB 24 2018


...................................

...THE PALM SPRINGS INTL AIRPORT CA CLIMATE SUMMARY FOR FEBRUARY 24 2018...
VALID TODAY AS OF 0400 PM LOCAL TIME.

CLIMATE NORMAL PERIOD 1981 TO 2010
CLIMATE RECORD PERIOD 1893 TO 2018


WEATHER ITEM   OBSERVED TIME   RECORD YEAR NORMAL DEPARTURE LAST
                VALUE   (LST)  VALUE       VALUE  FROM      YEAR
                                                  NORMAL
..................................................................
TEMPERATURE (F)
 TODAY
  MAXIMUM         64    338 PM  94    1986  74    -10       66
  MINIMUM         39    530 AM  34    1935  50    -11       47
  AVERAGE         52                        62    -10       57

PRECIPITATION (IN)
  TODAY            0.00          0.53 1953   0.04  -0.04     0.00
  MONTH TO DATE    0.00                      0.88  -0.88     0.48
  SINCE OCT 1      1.45                      3.73  -2.28     5.80
  SINCE JAN 1      1.45                      1.88  -0.43     4.01

DEGREE DAYS
 HEATING
  TODAY           13                         4      9        8
  MONTH TO DATE   92                       137    -45       53
  SINCE DEC 1    256                       668   -412      565
  SINCE JUL 1    256                       764   -508      626

 COOLING
  TODAY            0                         1     -1        0
  MONTH TO DATE   64                        23     41       45
  SINCE DEC 1    142                        35    107       46
  SINCE JAN 1    113                        31     82       45
..................................................................


WIND (MPH)
  RESULTANT WIND SPEED   1   RESULTANT WIND DIRECTION   N (360)
  HIGHEST WIND SPEED    13   HIGHEST WIND DIRECTION     E (110)
  HIGHEST GUST SPEED    17   HIGHEST GUST DIRECTION     E (110)
  AVERAGE WIND SPEED     4.0


SKY COVER
  POSSIBLE SUNSHINE  MM
  AVERAGE SKY COVER 0.0


WEATHER CONDITIONS
 THE FOLLOWING WEATHER WAS RECORDED TODAY.
  NO SIGNIFICANT WEATHER WAS OBSERVED.


RELATIVE HUMIDITY (PERCENT)
 HIGHEST    31           800 AM
 LOWEST      8           200 PM
 AVERAGE    20

..........................................................


THE PALM SPRINGS INTL AIRPORT CA CLIMATE NORMALS FOR TOMORROW
                         NORMAL    RECORD    YEAR
 MAXIMUM TEMPERATURE (F)   75        95      1986
 MINIMUM TEMPERATURE (F)   50        28      1953


SUNRISE AND SUNSET
FEBRUARY 24 2018......SUNRISE   620 AM PST   SUNSET   538 PM PST
FEBRUARY 25 2018......SUNRISE   619 AM PST   SUNSET   539 PM PST


-  INDICATES NEGATIVE NUMBERS.
R  INDICATES RECORD WAS SET OR TIED.
MM INDICATES DATA IS MISSING.
T  INDICATES TRACE AMOUNT.




$$
