033
CDUS46 KSGX 312321
CLIPSP


CLIMATE REPORT
NATIONAL WEATHER SERVICE SAN DIEGO, CA
421 PM PDT WED AUG 31 2016


...................................

...THE PALM SPRINGS INTL AIRPORT CA CLIMATE SUMMARY FOR AUGUST 31 2016...
VALID TODAY AS OF 0400 PM LOCAL TIME.

CLIMATE NORMAL PERIOD 1981 TO 2010
CLIMATE RECORD PERIOD 1893 TO 2016


WEATHER ITEM   OBSERVED TIME   RECORD YEAR NORMAL DEPARTURE LAST
                VALUE   (LST)  VALUE       VALUE  FROM      YEAR
                                                  NORMAL
..................................................................
TEMPERATURE (F)
 TODAY
  MAXIMUM        109    259 PM 118    1950 105      4      107
  MINIMUM         82    435 AM  56    1957  76      6       79
  AVERAGE         96                        90      6       93

PRECIPITATION (IN)
  TODAY            0.00          0.34 1967   0.01  -0.01     0.00
  MONTH TO DATE    0.00                      0.34  -0.34      T
  SINCE OCT 1      2.63                      5.38  -2.75     2.63
  SINCE JAN 1      2.44                      3.53  -1.09     1.76

DEGREE DAYS
 HEATING
  TODAY            0                         0      0        0
  MONTH TO DATE    0                         0      0        0
  SINCE JUN 1      0                         0      0        0
  SINCE JUL 1      0                         0      0        0

 COOLING
  TODAY           31                        26      5       28
  MONTH TO DATE  909                       832     77      957
  SINCE JUN 1   2658                      2325    333     2547
  SINCE JAN 1   3655                      3084    571     3612
..................................................................


WIND (MPH)
  RESULTANT WIND SPEED   4   RESULTANT WIND DIRECTION   E (100)
  HIGHEST WIND SPEED    20   HIGHEST WIND DIRECTION     E (110)
  HIGHEST GUST SPEED    23   HIGHEST GUST DIRECTION    SE (130)
  AVERAGE WIND SPEED     5.5


SKY COVER
  POSSIBLE SUNSHINE  MM
  AVERAGE SKY COVER 0.3


WEATHER CONDITIONS
 THE FOLLOWING WEATHER WAS RECORDED TODAY.
  NO SIGNIFICANT WEATHER WAS OBSERVED.


RELATIVE HUMIDITY (PERCENT)
 HIGHEST    34           400 AM
 LOWEST     12           900 AM
 AVERAGE    23

..........................................................


THE PALM SPRINGS INTL AIRPORT CA CLIMATE NORMALS FOR TOMORROW
                         NORMAL    RECORD    YEAR
 MAXIMUM TEMPERATURE (F)  104       121      1950
 MINIMUM TEMPERATURE (F)   76        56      1956
                                             1951
                                             1941


SUNRISE AND SUNSET
AUGUST 31 2016........SUNRISE   619 AM PDT   SUNSET   712 PM PDT
SEPTEMBER  1 2016.....SUNRISE   620 AM PDT   SUNSET   711 PM PDT


-  INDICATES NEGATIVE NUMBERS.
R  INDICATES RECORD WAS SET OR TIED.
MM INDICATES DATA IS MISSING.
T  INDICATES TRACE AMOUNT.




$$
