000
CDUS46 KSGX 221421
CLIPSP


CLIMATE REPORT
NATIONAL WEATHER SERVICE SAN DIEGO, CA
721 AM PDT MON SEP 22 2014


...................................

...THE PALM SPRINGS INTL AIRPORT CA CLIMATE SUMMARY FOR SEPTEMBER 21 2014...

CLIMATE NORMAL PERIOD 1981 TO 2010
CLIMATE RECORD PERIOD 1893 TO 2014


WEATHER ITEM   OBSERVED TIME   RECORD YEAR NORMAL DEPARTURE LAST
                VALUE   (LST)  VALUE       VALUE  FROM      YEAR
                                                  NORMAL
..................................................................
TEMPERATURE (F)
 YESTERDAY
  MAXIMUM        100    350 PM 114    1943  99      1       96
  MINIMUM         74    515 AM  50    1941  71      3       65
  AVERAGE         87                        85      2       81

PRECIPITATION (IN)
  YESTERDAY        0.00          0.90 1983   0.01  -0.01     0.00
  MONTH TO DATE    0.04                      0.32  -0.28     0.03
  SINCE JUL 1      1.19                      0.91   0.28     1.08
  SINCE JAN 1      1.94                      3.85  -1.91     2.05

SNOWFALL (IN)
  YESTERDAY        0.0
  MONTH TO DATE    0.0
  SINCE JAN 1      0.0
  SINCE JUL 1      0.0
  SNOW DEPTH       0

DEGREE DAYS
 HEATING
  YESTERDAY        0                         0      0        0
  MONTH TO DATE    0                         0      0        0
  SINCE SEP 1      0                         0      0        0
  SINCE JUL 1      0                         0      0        0

 COOLING
  YESTERDAY       22                        20      2       16
  MONTH TO DATE  577                       482     95      546
  SINCE SEP 1    577                       482     95      546
  SINCE JAN 1   4174                      3566    608     4042
..................................................................


WIND (MPH)
  RESULTANT WIND SPEED   2   RESULTANT WIND DIRECTION   N (350)
  HIGHEST WIND SPEED    17   HIGHEST WIND DIRECTION    NW (310)
  HIGHEST GUST SPEED    21   HIGHEST GUST DIRECTION    NW (320)
  AVERAGE WIND SPEED     5.5


SKY COVER
  POSSIBLE SUNSHINE  MM
  AVERAGE SKY COVER 0.0


WEATHER CONDITIONS
 THE FOLLOWING WEATHER WAS RECORDED YESTERDAY.
  NO SIGNIFICANT WEATHER WAS OBSERVED.


RELATIVE HUMIDITY (PERCENT)
 HIGHEST    50           400 AM
 LOWEST     17           300 PM
 AVERAGE    34

..........................................................


THE PALM SPRINGS INTL AIRPORT CA CLIMATE NORMALS FOR TODAY
                         NORMAL    RECORD    YEAR
 MAXIMUM TEMPERATURE (F)   98       116      1949
 MINIMUM TEMPERATURE (F)   71        47      1922


SUNRISE AND SUNSET
SEPTEMBER 22 2014.....SUNRISE   634 AM PDT   SUNSET   643 PM PDT
SEPTEMBER 23 2014.....SUNRISE   635 AM PDT   SUNSET   641 PM PDT


-  INDICATES NEGATIVE NUMBERS.
R  INDICATES RECORD WAS SET OR TIED.
MM INDICATES DATA IS MISSING.
T  INDICATES TRACE AMOUNT.




$$
