000
CDUS46 KSGX 260019
CLIPSP


CLIMATE REPORT
NATIONAL WEATHER SERVICE SAN DIEGO, CA
419 PM PST SUN JAN 25 2015


...................................

...THE PALM SPRINGS INTL AIRPORT CA CLIMATE SUMMARY FOR JANUARY 25 2015...
VALID TODAY AS OF 0400 PM LOCAL TIME.

CLIMATE NORMAL PERIOD 1981 TO 2010
CLIMATE RECORD PERIOD 1893 TO 2015


WEATHER ITEM   OBSERVED TIME   RECORD YEAR NORMAL DEPARTURE LAST
                VALUE   (LST)  VALUE       VALUE  FROM      YEAR
                                                  NORMAL
..................................................................
TEMPERATURE (F)
 TODAY
  MAXIMUM         82    352 PM  90    1948  70     12       79
  MINIMUM         60    623 AM  28    1932  47     13       58
  AVERAGE         71                        58     13       69

PRECIPITATION (IN)
  TODAY            0.00          2.17 1969   0.02  -0.02     0.00
  MONTH TO DATE    T                         0.92  -0.92     0.00
  SINCE OCT 1      0.87                      2.77  -1.90     0.18
  SINCE JAN 1      T                         0.92  -0.92     0.00

SNOWFALL (IN)
  TODAY            0.0
  MONTH TO DATE    0.0
  SINCE JAN 1      0.0
  SINCE JUL 1      0.0
  SNOW DEPTH       0

DEGREE DAYS
 HEATING
  TODAY            0                         7     -7        0
  MONTH TO DATE  106                       199    -93       68
  SINCE DEC 1    321                       489   -168      288
  SINCE JUL 1    354                       585   -231      349

 COOLING
  TODAY            6                         0      6        4
  MONTH TO DATE   14                         0     14       31
  SINCE DEC 1     38                         4     34       35
  SINCE JAN 1     14                         0     14       31
..................................................................


WIND (MPH)
  RESULTANT WIND SPEED   3   RESULTANT WIND DIRECTION   W (260)
  HIGHEST WIND SPEED    12   HIGHEST WIND DIRECTION     N (360)
  HIGHEST GUST SPEED    14   HIGHEST GUST DIRECTION    NW (330)
  AVERAGE WIND SPEED     5.2


SKY COVER
  POSSIBLE SUNSHINE  MM
  AVERAGE SKY COVER 0.2


WEATHER CONDITIONS
 THE FOLLOWING WEATHER WAS RECORDED TODAY.
  NO SIGNIFICANT WEATHER WAS OBSERVED.


RELATIVE HUMIDITY (PERCENT)
 HIGHEST    20           500 AM
 LOWEST     11           200 PM
 AVERAGE    16

..........................................................


THE PALM SPRINGS INTL AIRPORT CA CLIMATE NORMALS FOR TOMORROW
                         NORMAL    RECORD    YEAR
 MAXIMUM TEMPERATURE (F)   70        90      1951
 MINIMUM TEMPERATURE (F)   47        29      1937
                                             1932


SUNRISE AND SUNSET
JANUARY 25 2015.......SUNRISE   647 AM PST   SUNSET   510 PM PST
JANUARY 26 2015.......SUNRISE   647 AM PST   SUNSET   511 PM PST


-  INDICATES NEGATIVE NUMBERS.
R  INDICATES RECORD WAS SET OR TIED.
MM INDICATES DATA IS MISSING.
T  INDICATES TRACE AMOUNT.




$$
