000
CDUS45 KPUB 011127
CLIPUB


CLIMATE REPORT
NATIONAL WEATHER SERVICE PUEBLO
427 AM MST SUN FEB 1 2015


...................................

...THE PUEBLO CO CLIMATE SUMMARY FOR JANUARY 31 2015...

CLIMATE NORMAL PERIOD 1981 TO 2010
CLIMATE RECORD PERIOD 1888 TO 2015


WEATHER ITEM   OBSERVED TIME   RECORD YEAR NORMAL DEPARTURE LAST
                VALUE   (LST)  VALUE       VALUE  FROM      YEAR
                                                  NORMAL
..................................................................
TEMPERATURE (F)
 YESTERDAY
  MAXIMUM         46    205 PM  76    1997  48     -2       28
  MINIMUM         31   1053 PM -22    1951  15     16       22
  AVERAGE         39                        31      8       25

PRECIPITATION (IN)
  YESTERDAY        0.05          0.19 1983   0.01   0.04     0.15
  MONTH TO DATE    0.25                      0.35  -0.10     0.45
  SINCE DEC 1      0.49                      0.73  -0.24     0.48
  SINCE JAN 1      0.25                      0.35  -0.10     0.45

SNOWFALL (IN)
  YESTERDAY        0.0           4.4  1965   0.2   -0.2      2.1
  MONTH TO DATE    4.5                       6.5   -2.0      7.8
  SINCE DEC 1      7.7                      12.0   -4.3     10.0
  SINCE JUL 1     17.6                      18.0   -0.4     13.7
  SNOW DEPTH       0

DEGREE DAYS
 HEATING
  YESTERDAY       26                        34     -8       40
  MONTH TO DATE  967                      1068   -101     1047
  SINCE DEC 1   2036                      2151   -115     2102
  SINCE JUL 1   3198                      3432   -234     3285

 COOLING
  YESTERDAY        0                         0      0        0
  MONTH TO DATE    0                         0      0        0
  SINCE DEC 1      0                         0      0        0
  SINCE JAN 1      0                         0      0        0
..................................................................


WIND (MPH)
  HIGHEST WIND SPEED    12   HIGHEST WIND DIRECTION    NE (30)
  HIGHEST GUST SPEED    13   HIGHEST GUST DIRECTION    NE (30)
  AVERAGE WIND SPEED     3.2


SKY COVER
  POSSIBLE SUNSHINE  MM
  AVERAGE SKY COVER 0.9


WEATHER CONDITIONS
 THE FOLLOWING WEATHER WAS RECORDED YESTERDAY.
  LIGHT RAIN
  FOG
  FOG W/VISIBILITY <= 1/4 MILE


RELATIVE HUMIDITY (PERCENT)
 HIGHEST   100           200 AM
 LOWEST     58           200 PM
 AVERAGE    79

..........................................................


THE PUEBLO CO CLIMATE NORMALS FOR TODAY
                         NORMAL    RECORD    YEAR
 MAXIMUM TEMPERATURE (F)   48        76      1934
 MINIMUM TEMPERATURE (F)   15       -31      1951


SUNRISE AND SUNSET
FEBRUARY  1 2015......SUNRISE   703 AM MST   SUNSET   520 PM MST
FEBRUARY  2 2015......SUNRISE   702 AM MST   SUNSET   522 PM MST


-  INDICATES NEGATIVE NUMBERS.
R  INDICATES RECORD WAS SET OR TIED.
MM INDICATES DATA IS MISSING.
T  INDICATES TRACE AMOUNT.




$$
