000
CDUS45 KPUB 051028
CLIPUB


CLIMATE REPORT
NATIONAL WEATHER SERVICE PUEBLO
428 AM MDT SAT SEP 5 2015


...................................

...THE PUEBLO CO CLIMATE SUMMARY FOR SEPTEMBER 4 2015...

CLIMATE NORMAL PERIOD 1981 TO 2010
CLIMATE RECORD PERIOD 1888 TO 2015


WEATHER ITEM   OBSERVED TIME   RECORD YEAR NORMAL DEPARTURE LAST
                VALUE   (LST)  VALUE       VALUE  FROM      YEAR
                                                  NORMAL
..................................................................
TEMPERATURE (F)
 YESTERDAY
  MAXIMUM         90    228 PM  98    1982  86      4       88
                                      1959
                                      1945
  MINIMUM         55    501 AM  39    2008  53      2       55
                                      1961
  AVERAGE         73                        69      4       72

PRECIPITATION (IN)
  YESTERDAY        T             1.83 1909   0.04  -0.04     0.00
  MONTH TO DATE    0.02                      0.16  -0.14     0.00
  SINCE SEP 1      0.02                      0.16  -0.14     0.00
  SINCE JAN 1     15.04                     10.39   4.65     9.60

SNOWFALL (IN)
  YESTERDAY        0.0           0.0  2002   0.0    0.0      0.0
  MONTH TO DATE    0.0                       0.0    0.0      0.0
  SINCE SEP 1      0.0                       0.0    0.0      0.0
  SINCE JUL 1      0.0                       0.0    0.0       T
  SNOW DEPTH       0

DEGREE DAYS
 HEATING
  YESTERDAY        0                         1     -1        0
  MONTH TO DATE    0                         4     -4        0
  SINCE SEP 1      0                         4     -4        0
  SINCE JUL 1      0                         9     -9        1

 COOLING
  YESTERDAY        8                         5      3        7
  MONTH TO DATE   47                        22     25       36
  SINCE SEP 1     47                        22     25       36
  SINCE JAN 1   1093                       833    260      911
..................................................................


WIND (MPH)
  HIGHEST WIND SPEED    20   HIGHEST WIND DIRECTION    SW (240)
  HIGHEST GUST SPEED    26   HIGHEST GUST DIRECTION    SW (210)
  AVERAGE WIND SPEED     5.0


SKY COVER
  POSSIBLE SUNSHINE  MM
  AVERAGE SKY COVER 0.1


WEATHER CONDITIONS
 THE FOLLOWING WEATHER WAS RECORDED YESTERDAY.
  LIGHT RAIN


RELATIVE HUMIDITY (PERCENT)
 HIGHEST    83           500 AM
 LOWEST     21           300 PM
 AVERAGE    52

..........................................................


THE PUEBLO CO CLIMATE NORMALS FOR TODAY
                         NORMAL    RECORD    YEAR
 MAXIMUM TEMPERATURE (F)   86       101      1995
 MINIMUM TEMPERATURE (F)   53        38      1889


SUNRISE AND SUNSET
SEPTEMBER  5 2015.....SUNRISE   631 AM MDT   SUNSET   722 PM MDT
SEPTEMBER  6 2015.....SUNRISE   632 AM MDT   SUNSET   720 PM MDT


-  INDICATES NEGATIVE NUMBERS.
R  INDICATES RECORD WAS SET OR TIED.
MM INDICATES DATA IS MISSING.
T  INDICATES TRACE AMOUNT.




$$
