000
CDUS45 KPUB 020022
CLIPUB


CLIMATE REPORT
NATIONAL WEATHER SERVICE PUEBLO
622 PM MDT FRI AUG 1 2014


...................................

...THE PUEBLO CO CLIMATE SUMMARY FOR AUGUST 1 2014...
VALID TODAY AS OF 0500 PM LOCAL TIME.

CLIMATE NORMAL PERIOD 1981 TO 2010
CLIMATE RECORD PERIOD 1888 TO 2014


WEATHER ITEM   OBSERVED TIME   RECORD YEAR NORMAL DEPARTURE LAST
                VALUE   (LST)  VALUE       VALUE  FROM      YEAR
                                                  NORMAL
..................................................................
TEMPERATURE (F)
 TODAY
  MAXIMUM         79    101 PM 103    1938  91    -12       91
  MINIMUM         61    508 AM  46    1995  59      2       65
  AVERAGE         70                        75     -5       78

PRECIPITATION (IN)
  TODAY            0.03          1.15 1999   0.08  -0.05      T
  MONTH TO DATE    0.03                      0.08  -0.05      T
  SINCE JUN 1      4.17                      3.50   0.67     1.95
  SINCE JAN 1      8.37                      7.99   0.38     3.88

SNOWFALL (IN)
  TODAY            0.0           0.0  2002   0.0    0.0      0.0
  MONTH TO DATE    0.0                       0.0    0.0      0.0
  SINCE JUN 1      T                         0.0    0.0       T
  SINCE JUL 1      0.0                       0.0    0.0       T
  SNOW DEPTH       0

DEGREE DAYS
 HEATING
  TODAY            0                         0      0        0
  MONTH TO DATE    0                         0      0        0
  SINCE JUN 1      4                        26    -22       17
  SINCE JUL 1      1                         1      0        0

 COOLING
  TODAY            5                        10     -5       13
  MONTH TO DATE    5                        10     -5       13
  SINCE JUN 1    566                       521     45      679
  SINCE JAN 1    618                       555     63      752
..................................................................


WIND (MPH)
  HIGHEST WIND SPEED    22   HIGHEST WIND DIRECTION     W (270)
  HIGHEST GUST SPEED    26   HIGHEST GUST DIRECTION     W (260)
  AVERAGE WIND SPEED     3.0


SKY COVER
  POSSIBLE SUNSHINE  MM
  AVERAGE SKY COVER 0.6


WEATHER CONDITIONS
 THE FOLLOWING WEATHER WAS RECORDED TODAY.
  THUNDERSTORM
  LIGHT RAIN


RELATIVE HUMIDITY (PERCENT)
 HIGHEST    93           100 AM
 LOWEST     45           100 PM
 AVERAGE    69

..........................................................


THE PUEBLO CO CLIMATE NORMALS FOR TOMORROW
                         NORMAL    RECORD    YEAR
 MAXIMUM TEMPERATURE (F)   91       105      2008
 MINIMUM TEMPERATURE (F)   59        51      1995


SUNRISE AND SUNSET
AUGUST  1 2014........SUNRISE   600 AM MDT   SUNSET   808 PM MDT
AUGUST  2 2014........SUNRISE   601 AM MDT   SUNSET   807 PM MDT


-  INDICATES NEGATIVE NUMBERS.
R  INDICATES RECORD WAS SET OR TIED.
MM INDICATES DATA IS MISSING.
T  INDICATES TRACE AMOUNT.




$$
