000
CDUS46 KOTX 150839
CLIPUW


CLIMATE REPORT
NATIONAL WEATHER SERVICE SPOKANE, WA
1239 AM PST FRI DEC 15 2017


...................................

...THE PULLMAN-MOSCOW  AIRPORT CLIMATE SUMMARY FOR DECEMBER 14 2017...

CLIMATE NORMAL PERIOD 1981 TO 2010
CLIMATE RECORD PERIOD 9999 TO 9999


WEATHER ITEM   OBSERVED TIME   RECORD YEAR NORMAL DEPARTURE LAST
                VALUE   (LST)  VALUE       VALUE  FROM      YEAR
                                                  NORMAL
..................................................................
TEMPERATURE (F)
 YESTERDAY
  MAXIMUM         30   1159 PM  55    1929  35     -5       28
  MINIMUM         26    711 AM  -6    1922  24      2       17
  AVERAGE         28                        30     -2       23

PRECIPITATION (IN)
  YESTERDAY        0.00                      0.05  -0.05     0.11
  MONTH TO DATE    0.05                      0.79  -0.74     0.85
  SINCE OCT 1      5.55                      4.42   1.13     7.71
  SINCE JAN 1     21.16                     16.11   5.05    20.03

SNOWFALL (IN)
  YESTERDAY       MM

DEGREE DAYS
 HEATING
  YESTERDAY       37                        35      2       42
  MONTH TO DATE  494                       479     15      529
  SINCE DEC 1    494                       479     15      529
  SINCE JUL 1   1977                      2223   -246     1877

 COOLING
  YESTERDAY        0                         0      0        0
  MONTH TO DATE    0                         0      0        0
  SINCE DEC 1      0                         0      0        0
  SINCE JAN 1    517                       213    304      203
..................................................................


WIND (MPH)
  HIGHEST WIND SPEED    13   HIGHEST WIND DIRECTION     E (90)
  HIGHEST GUST SPEED    17   HIGHEST GUST DIRECTION     E (100)
  AVERAGE WIND SPEED     6.9


SKY COVER
  POSSIBLE SUNSHINE  MM
  AVERAGE SKY COVER 1.0


WEATHER CONDITIONS
 THE FOLLOWING WEATHER WAS RECORDED YESTERDAY.
  FOG


RELATIVE HUMIDITY (PERCENT)
 HIGHEST    92           300 AM
 LOWEST     84           700 AM
 AVERAGE    88

..........................................................


THE PULLMAN-MOSCOW  AIRPORT CLIMATE NORMALS FOR TODAY
                         NORMAL    RECORD    YEAR
 MAXIMUM TEMPERATURE (F)   35        53      2009
                                             2002
                                             1939
 MINIMUM TEMPERATURE (F)   24        -1      2008


SUNRISE AND SUNSET
DECEMBER 15 2017......SUNRISE   727 AM PST   SUNSET   401 PM PST
DECEMBER 16 2017......SUNRISE   727 AM PST   SUNSET   401 PM PST


-  INDICATES NEGATIVE NUMBERS.
R  INDICATES RECORD WAS SET OR TIED.
MM INDICATES DATA IS MISSING.
T  INDICATES TRACE AMOUNT.




$$
