000
CDUS46 KOTX 260833
CLIPUW


CLIMATE REPORT
NATIONAL WEATHER SERVICE SPOKANE, WA
133 AM PDT SAT JUL 26 2014


...................................

...THE PULLMAN-MOSCOW  AIRPORT CLIMATE SUMMARY FOR JULY 25 2014...

CLIMATE NORMAL PERIOD 1981 TO 2010
CLIMATE RECORD PERIOD 9999 TO 9999


WEATHER ITEM   OBSERVED TIME   RECORD YEAR NORMAL DEPARTURE LAST
                VALUE   (LST)  VALUE       VALUE  FROM      YEAR
                                                  NORMAL
..................................................................
TEMPERATURE (F)
 YESTERDAY
  MAXIMUM         77    342 PM 100    1994  84     -7       94
  MINIMUM         43    438 AM  38    1954  51     -8       48
  AVERAGE         60                        67     -7       71

PRECIPITATION (IN)
  YESTERDAY        0.00          0.20 1977   0.03  -0.03     0.00
  MONTH TO DATE    0.33                      0.58  -0.25     0.12
  SINCE OCT 1     14.28                     15.37  -1.09    15.97
  SINCE JAN 1     10.94                     10.17   0.77     8.43

SNOWFALL (IN)
  YESTERDAY       MM            MM      MM  MM     MM       MM
  MONTH TO DATE   MM                        MM     MM       MM
  SINCE JUN 1     MM                        MM     MM       MM
  SINCE JUL 1     MM                        MM     MM       MM
  SNOW DEPTH      MM

DEGREE DAYS
 HEATING
  YESTERDAY        5                         1      4        0
  MONTH TO DATE   10                        56    -46       21
  SINCE JUN 1    214                       262    -48      211
  SINCE JUL 1     10                        56    -46       21

 COOLING
  YESTERDAY        0                         3     -3        6
  MONTH TO DATE  139                        58     81       93
  SINCE JUN 1    140                        71     69      126
  SINCE JAN 1    141                        76     65      138
..................................................................


WIND (MPH)
  HIGHEST WIND SPEED    12   HIGHEST WIND DIRECTION     W (250)
  HIGHEST GUST SPEED    16   HIGHEST GUST DIRECTION     W (270)
  AVERAGE WIND SPEED     2.6


SKY COVER
  POSSIBLE SUNSHINE  MM
  AVERAGE SKY COVER 0.0


WEATHER CONDITIONS
 THE FOLLOWING WEATHER WAS RECORDED YESTERDAY.
  NO SIGNIFICANT WEATHER WAS OBSERVED.


RELATIVE HUMIDITY (PERCENT)
 HIGHEST    86           200 AM
 LOWEST     27           400 PM
 AVERAGE    57

..........................................................


THE PULLMAN-MOSCOW  AIRPORT CLIMATE NORMALS FOR TODAY
                         NORMAL    RECORD    YEAR
 MAXIMUM TEMPERATURE (F)   84        99      1998
 MINIMUM TEMPERATURE (F)   51        36      1966


SUNRISE AND SUNSET
JULY 26 2014..........SUNRISE   522 AM PDT   SUNSET   828 PM PDT
JULY 27 2014..........SUNRISE   523 AM PDT   SUNSET   826 PM PDT


-  INDICATES NEGATIVE NUMBERS.
R  INDICATES RECORD WAS SET OR TIED.
MM INDICATES DATA IS MISSING.
T  INDICATES TRACE AMOUNT.




$$
