000
CDUS46 KOTX 110841
CLIPUW


CLIMATE REPORT
NATIONAL WEATHER SERVICE SPOKANE, WA
1241 AM PST SUN DEC 11 2016


...................................

...THE PULLMAN-MOSCOW  AIRPORT CLIMATE SUMMARY FOR DECEMBER 10 2016...

CLIMATE NORMAL PERIOD 1981 TO 2010
CLIMATE RECORD PERIOD 9999 TO 9999


WEATHER ITEM   OBSERVED TIME   RECORD YEAR NORMAL DEPARTURE LAST
                VALUE   (LST)  VALUE       VALUE  FROM      YEAR
                                                  NORMAL
..................................................................
TEMPERATURE (F)
 YESTERDAY
  MAXIMUM         33    316 AM  56    2014  36     -3       45
  MINIMUM         19   1001 AM  -9    1961  25     -6       35
  AVERAGE         26                        30     -4       40

PRECIPITATION (IN)
  YESTERDAY        0.06                      0.06   0.00     0.38
  MONTH TO DATE    0.51                      0.59  -0.08     2.80
  SINCE OCT 1      7.37                      4.22   3.15     6.33
  SINCE JAN 1     19.69                     15.91   3.78    16.95

SNOWFALL (IN)
  YESTERDAY       MM

DEGREE DAYS
 HEATING
  YESTERDAY       39                        35      4       25
  MONTH TO DATE  372                       339     33      264
  SINCE DEC 1    372                       339     33      264
  SINCE JUL 1   1720                      2083   -363     1721

 COOLING
  YESTERDAY        0                         0      0        0
  MONTH TO DATE    0                         0      0        0
  SINCE DEC 1      0                         0      0        0
  SINCE JAN 1    203                       213    -10      416
..................................................................


WIND (MPH)
  HIGHEST WIND SPEED    17   HIGHEST WIND DIRECTION     W (270)
  HIGHEST GUST SPEED    22   HIGHEST GUST DIRECTION     W (270)
  AVERAGE WIND SPEED     7.7


SKY COVER
  POSSIBLE SUNSHINE  MM
  AVERAGE SKY COVER 1.0


WEATHER CONDITIONS
 THE FOLLOWING WEATHER WAS RECORDED YESTERDAY.
  LIGHT SNOW
  FOG


RELATIVE HUMIDITY (PERCENT)
 HIGHEST    92          1200 AM
 LOWEST     81           400 PM
 AVERAGE    87

..........................................................


THE PULLMAN-MOSCOW  AIRPORT CLIMATE NORMALS FOR TODAY
                         NORMAL    RECORD    YEAR
 MAXIMUM TEMPERATURE (F)   36        55      2014
 MINIMUM TEMPERATURE (F)   25       -12      1961


SUNRISE AND SUNSET
DECEMBER 11 2016......SUNRISE   724 AM PST   SUNSET   400 PM PST
DECEMBER 12 2016......SUNRISE   724 AM PST   SUNSET   400 PM PST


-  INDICATES NEGATIVE NUMBERS.
R  INDICATES RECORD WAS SET OR TIED.
MM INDICATES DATA IS MISSING.
T  INDICATES TRACE AMOUNT.




$$
