000
CDUS46 KOTX 140843
CLIPUW


CLIMATE REPORT
NATIONAL WEATHER SERVICE SPOKANE, WA
142 AM PDT MON JUL 14 2014


...................................

...THE PULLMAN-MOSCOW  AIRPORT CLIMATE SUMMARY FOR JULY 13 2014...

CLIMATE NORMAL PERIOD 1981 TO 2010
CLIMATE RECORD PERIOD 9999 TO 9999


WEATHER ITEM   OBSERVED TIME   RECORD YEAR NORMAL DEPARTURE LAST
                VALUE   (LST)  VALUE       VALUE  FROM      YEAR
                                                  NORMAL
..................................................................
TEMPERATURE (F)
 YESTERDAY
  MAXIMUM         96    154 PM  98    2002  81     15       75
  MINIMUM         52    408 AM  37    1981  49      3       41
  AVERAGE         74                        65      9       58

PRECIPITATION (IN)
  YESTERDAY        T             0.60 1970   0.01  -0.01     0.00
  MONTH TO DATE    T                         0.37  -0.37     0.04
  SINCE OCT 1     13.95                     15.16  -1.21    15.89
  SINCE JAN 1     10.61                      9.96   0.65     8.35

SNOWFALL (IN)
  YESTERDAY       MM            MM      MM  MM     MM       MM
  MONTH TO DATE   MM                        MM     MM       MM
  SINCE JUN 1     MM                        MM     MM       MM
  SINCE JUL 1     MM                        MM     MM       MM
  SNOW DEPTH      MM

DEGREE DAYS
 HEATING
  YESTERDAY        0                         2     -2        7
  MONTH TO DATE    0                        40    -40       20
  SINCE JUN 1    204                       246    -42      210
  SINCE JUL 1      0                        40    -40       20

 COOLING
  YESTERDAY        9                         2      7        0
  MONTH TO DATE   68                        24     44       45
  SINCE JUN 1     69                        37     32       78
  SINCE JAN 1     70                        42     28       90
..................................................................


WIND (MPH)
  HIGHEST WIND SPEED    13   HIGHEST WIND DIRECTION    NW (330)
  HIGHEST GUST SPEED    18   HIGHEST GUST DIRECTION     N (340)
  AVERAGE WIND SPEED     3.4


SKY COVER
  POSSIBLE SUNSHINE  MM
  AVERAGE SKY COVER 0.0


WEATHER CONDITIONS
 THE FOLLOWING WEATHER WAS RECORDED YESTERDAY.
  NO SIGNIFICANT WEATHER WAS OBSERVED.


RELATIVE HUMIDITY (PERCENT)
 HIGHEST    77           100 AM
 LOWEST     15           200 PM
 AVERAGE    46

..........................................................


THE PULLMAN-MOSCOW  AIRPORT CLIMATE NORMALS FOR TODAY
                         NORMAL    RECORD    YEAR
 MAXIMUM TEMPERATURE (F)   82        97      2004
 MINIMUM TEMPERATURE (F)   50        38      2010


SUNRISE AND SUNSET
JULY 14 2014..........SUNRISE   509 AM PDT   SUNSET   839 PM PDT
JULY 15 2014..........SUNRISE   510 AM PDT   SUNSET   839 PM PDT


-  INDICATES NEGATIVE NUMBERS.
R  INDICATES RECORD WAS SET OR TIED.
MM INDICATES DATA IS MISSING.
T  INDICATES TRACE AMOUNT.




$$
