000
CDUS46 KOTX 270838
CLIPUW


CLIMATE REPORT
NATIONAL WEATHER SERVICE SPOKANE, WA
133 AM PDT THU APR 27 2017


...................................

...THE PULLMAN-MOSCOW  AIRPORT CLIMATE SUMMARY FOR APRIL 26 2017...

CLIMATE NORMAL PERIOD 1981 TO 2010
CLIMATE RECORD PERIOD 9999 TO 9999


WEATHER ITEM   OBSERVED TIME   RECORD YEAR NORMAL DEPARTURE LAST
                VALUE   (LST)  VALUE       VALUE  FROM      YEAR
                                                  NORMAL
..................................................................
TEMPERATURE (F)
 YESTERDAY
  MAXIMUM         50   1147 AM  82    1977  60    -10       59
  MINIMUM         40   1159 PM  26    2015  37      3       37
                                      1970
  AVERAGE         45                        48     -3       48

PRECIPITATION (IN)
  YESTERDAY        0.43                      0.05   0.38     0.00
  MONTH TO DATE    1.91                      1.37   0.54     1.15
  SINCE OCT 1     20.25                     11.96   8.29    16.62
  SINCE JAN 1     11.84                      6.76   5.08     8.63

DEGREE DAYS
 HEATING
  YESTERDAY       20                        17      3       17
  MONTH TO DATE  484                       505    -21      315
  SINCE MAR 1   1189                      1261    -72     1004
  SINCE JUL 1   5966                      5964      2     5102

 COOLING
  YESTERDAY        0                         0      0        0
  MONTH TO DATE    0                         0      0        0
  SINCE MAR 1      0                         0      0        0
  SINCE JAN 1      0                         0      0        0
..................................................................


WIND (MPH)
  HIGHEST WIND SPEED    22   HIGHEST WIND DIRECTION    SW (240)
  HIGHEST GUST SPEED    28   HIGHEST GUST DIRECTION     W (250)
  AVERAGE WIND SPEED    13.0


SKY COVER
  POSSIBLE SUNSHINE  MM
  AVERAGE SKY COVER 0.7


WEATHER CONDITIONS
 THE FOLLOWING WEATHER WAS RECORDED YESTERDAY.
  LIGHT RAIN
  FOG


RELATIVE HUMIDITY (PERCENT)
 HIGHEST    96           300 AM
 LOWEST     65           400 PM
 AVERAGE    81

..........................................................


THE PULLMAN-MOSCOW  AIRPORT CLIMATE NORMALS FOR TODAY
                         NORMAL    RECORD    YEAR
 MAXIMUM TEMPERATURE (F)   60        77      1987
 MINIMUM TEMPERATURE (F)   37        25      1984


SUNRISE AND SUNSET
APRIL 27 2017.........SUNRISE   539 AM PDT   SUNSET   753 PM PDT
APRIL 28 2017.........SUNRISE   538 AM PDT   SUNSET   755 PM PDT


-  INDICATES NEGATIVE NUMBERS.
R  INDICATES RECORD WAS SET OR TIED.
MM INDICATES DATA IS MISSING.
T  INDICATES TRACE AMOUNT.




$$
