000
CDUS46 KOTX 070832
CLIPUW


CLIMATE REPORT
NATIONAL WEATHER SERVICE SPOKANE, WA
131 AM PDT TUE JUL 7 2015


...................................

...THE PULLMAN-MOSCOW  AIRPORT CLIMATE SUMMARY FOR JULY 6 2015...

CLIMATE NORMAL PERIOD 1981 TO 2010
CLIMATE RECORD PERIOD 9999 TO 9999


WEATHER ITEM   OBSERVED TIME   RECORD YEAR NORMAL DEPARTURE LAST
                VALUE   (LST)  VALUE       VALUE  FROM      YEAR
                                                  NORMAL
..................................................................
TEMPERATURE (F)
 YESTERDAY
  MAXIMUM         93    417 PM  97    1968  79     14       88
  MINIMUM         52    357 AM  34    1952  48      4       56
  AVERAGE         73                        64      9       72

PRECIPITATION (IN)
  YESTERDAY        0.00          0.63 1955   0.03  -0.03     0.00
  MONTH TO DATE    0.00                      0.19  -0.19      T
  SINCE OCT 1     16.09                     14.98   1.11    13.95
  SINCE JAN 1      9.24                      9.78  -0.54    10.61

SNOWFALL (IN)
  YESTERDAY       MM

DEGREE DAYS
 HEATING
  YESTERDAY        0                         3     -3        0
  MONTH TO DATE    0                        22    -22        0
  SINCE JUN 1     79                       228   -149      204
  SINCE JUL 1      0                        22    -22        0

 COOLING
  YESTERDAY        8                         2      6        7
  MONTH TO DATE   53                        10     43       21
  SINCE JUN 1    146                        23    123       22
  SINCE JAN 1    158                        28    130       23
..................................................................


WIND (MPH)
  HIGHEST WIND SPEED    13   HIGHEST WIND DIRECTION     E (110)
  HIGHEST GUST SPEED    15   HIGHEST GUST DIRECTION    SE (120)
  AVERAGE WIND SPEED     3.5


SKY COVER
  POSSIBLE SUNSHINE  MM
  AVERAGE SKY COVER 0.0


WEATHER CONDITIONS
 THE FOLLOWING WEATHER WAS RECORDED YESTERDAY.
  NO SIGNIFICANT WEATHER WAS OBSERVED.


RELATIVE HUMIDITY (PERCENT)
 HIGHEST    77           300 AM
 LOWEST     16           300 PM
 AVERAGE    47

..........................................................


THE PULLMAN-MOSCOW  AIRPORT CLIMATE NORMALS FOR TODAY
                         NORMAL    RECORD    YEAR
 MAXIMUM TEMPERATURE (F)   79        95      1968
 MINIMUM TEMPERATURE (F)   48        33      1971


SUNRISE AND SUNSET
JULY  7 2015..........SUNRISE   502 AM PDT   SUNSET   844 PM PDT
JULY  8 2015..........SUNRISE   503 AM PDT   SUNSET   843 PM PDT


-  INDICATES NEGATIVE NUMBERS.
R  INDICATES RECORD WAS SET OR TIED.
MM INDICATES DATA IS MISSING.
T  INDICATES TRACE AMOUNT.




$$
