000
CDUS46 KOTX 280825
CLIPUW


CLIMATE REPORT
NATIONAL WEATHER SERVICE SPOKANE, WA
130 AM PDT SAT MAR 28 2015


...................................

...THE PULLMAN-MOSCOW  AIRPORT CLIMATE SUMMARY FOR MARCH 27 2015...

CLIMATE NORMAL PERIOD 1981 TO 2010
CLIMATE RECORD PERIOD 9999 TO 9999


WEATHER ITEM   OBSERVED TIME   RECORD YEAR NORMAL DEPARTURE LAST
                VALUE   (LST)  VALUE       VALUE  FROM      YEAR
                                                  NORMAL
..................................................................
TEMPERATURE (F)
 YESTERDAY
  MAXIMUM         72R   414 PM  65    1952  52     20       48
  MINIMUM         48    611 AM   9    1944  34     14       38
  AVERAGE         60                        43     17       43

PRECIPITATION (IN)
  YESTERDAY        0.11          1.04 1988   0.06   0.05     0.11
  MONTH TO DATE    2.24                      1.78   0.46     2.44
  SINCE OCT 1     12.84                     10.32   2.52    10.22
  SINCE JAN 1      5.99                      5.12   0.87     6.88

DEGREE DAYS
 HEATING
  YESTERDAY        5                        22    -17       22
  MONTH TO DATE  529                       668   -139      627
  SINCE MAR 1    529                       668   -139      627
  SINCE JUL 1   4360                      5371  -1011     5478

 COOLING
  YESTERDAY        0                         0      0        0
  MONTH TO DATE    0                         0      0        0
  SINCE MAR 1      0                         0      0        0
  SINCE JAN 1      0                         0      0        0
..................................................................


WIND (MPH)
  HIGHEST WIND SPEED    22   HIGHEST WIND DIRECTION     S (190)
  HIGHEST GUST SPEED    26   HIGHEST GUST DIRECTION     S (190)
  AVERAGE WIND SPEED     8.7


SKY COVER
  POSSIBLE SUNSHINE  MM
  AVERAGE SKY COVER 0.1


WEATHER CONDITIONS
 THE FOLLOWING WEATHER WAS RECORDED YESTERDAY.
  THUNDERSTORM
  HEAVY RAIN
  LIGHT RAIN
  FOG


RELATIVE HUMIDITY (PERCENT)
 HIGHEST    89          1000 PM
 LOWEST     44           100 PM
 AVERAGE    67

..........................................................


THE PULLMAN-MOSCOW  AIRPORT CLIMATE NORMALS FOR TODAY
                         NORMAL    RECORD    YEAR
 MAXIMUM TEMPERATURE (F)   52        68      1986
 MINIMUM TEMPERATURE (F)   34        17      1975


SUNRISE AND SUNSET
MARCH 28 2015.........SUNRISE   636 AM PDT   SUNSET   712 PM PDT
MARCH 29 2015.........SUNRISE   634 AM PDT   SUNSET   713 PM PDT


-  INDICATES NEGATIVE NUMBERS.
R  INDICATES RECORD WAS SET OR TIED.
MM INDICATES DATA IS MISSING.
T  INDICATES TRACE AMOUNT.




$$
