000
CDUS46 KOTX 310827
CLIPUW


CLIMATE REPORT
NATIONAL WEATHER SERVICE SPOKANE, WA
122 AM PDT SUN AUG 31 2014


...................................

...THE PULLMAN-MOSCOW  AIRPORT CLIMATE SUMMARY FOR AUGUST 30 2014...

CLIMATE NORMAL PERIOD 1981 TO 2010
CLIMATE RECORD PERIOD 9999 TO 9999


WEATHER ITEM   OBSERVED TIME   RECORD YEAR NORMAL DEPARTURE LAST
                VALUE   (LST)  VALUE       VALUE  FROM      YEAR
                                                  NORMAL
..................................................................
TEMPERATURE (F)
 YESTERDAY
  MAXIMUM         74    309 PM  96    1967  79     -5       80
  MINIMUM         57    557 AM  35    1965  47     10       48
  AVERAGE         66                        63      3       64

PRECIPITATION (IN)
  YESTERDAY        0.00        0.73   1977  0.02  -0.02     0.00
  MONTH TO DATE    0.50                     0.61  -0.11     0.45
  SINCE OCT 1     14.78                    16.09  -1.31    16.42
  SINCE JAN 1     11.44                    10.89   0.55     8.88

SNOWFALL (IN)
  YESTERDAY       MM            MM     MM    MM     MM       MM
  MONTH TO DATE   MM                         MM     MM       MM
  SINCE JUN 1     MM                         MM     MM       MM
  SINCE JUL 1     MM                         MM     MM       MM
  SNOW DEPTH      MM

DEGREE DAYS
 HEATING
  YESTERDAY        0                         4     -4        1
  MONTH TO DATE    7                        63    -56       16
  SINCE JUN 1    221                       333   -112      230
  SINCE JUL 1     17                       127   -110       40

 COOLING
  YESTERDAY        1                         2     -1        0
  MONTH TO DATE  136                        89     47      111
  SINCE JUN 1    326                       184    142      249
  SINCE JAN 1    327                       189    138      261
..................................................................


WIND (MPH)
  HIGHEST WIND SPEED    28   HIGHEST WIND DIRECTION    SW (240)
  HIGHEST GUST SPEED    35   HIGHEST GUST DIRECTION     W (250)
  AVERAGE WIND SPEED    11.6


SKY COVER
  POSSIBLE SUNSHINE  MM
  AVERAGE SKY COVER 0.3


WEATHER CONDITIONS
 THE FOLLOWING WEATHER WAS RECORDED YESTERDAY.
  HAZE


RELATIVE HUMIDITY (PERCENT)
 HIGHEST    67           600 AM
 LOWEST     35           200 PM
 AVERAGE    51

..........................................................


THE PULLMAN-MOSCOW  AIRPORT CLIMATE NORMALS FOR TODAY
                         NORMAL    RECORD    YEAR
 MAXIMUM TEMPERATURE (F)   79       100      1967
 MINIMUM TEMPERATURE (F)   47        31      1942


SUNRISE AND SUNSET
AUGUST 31 2014........SUNRISE   607 AM PDT   SUNSET   729 PM PDT
SEPTEMBER  1 2014.....SUNRISE   608 AM PDT   SUNSET   728 PM PDT


-  INDICATES NEGATIVE NUMBERS.
R  INDICATES RECORD WAS SET OR TIED.
MM INDICATES DATA IS MISSING.
T  INDICATES TRACE AMOUNT.

$$
