000
CDUS41 KBOX 300551
CLIPVD


CLIMATE REPORT
NATIONAL WEATHER SERVICE TAUNTON MA
141 AM EDT TUE AUG 30 2016


...................................

...THE PROVIDENCE RI CLIMATE SUMMARY FOR AUGUST 29 2016...

CLIMATE NORMAL PERIOD 1981 TO 2010
CLIMATE RECORD PERIOD 1904 TO 2016


WEATHER ITEM   OBSERVED TIME   RECORD YEAR NORMAL DEPARTURE LAST
                VALUE   (LST)  VALUE       VALUE  FROM      YEAR
                                                  NORMAL
..................................................................
TEMPERATURE (F)
 YESTERDAY
  MAXIMUM         90    203 PM  95    1953  80     10       83
                                      1945
  MINIMUM         67   1254 AM  44    1986  61      6       59
  AVERAGE         79                        70      9       71

PRECIPITATION (IN)
  YESTERDAY        0.00          1.88 1959   0.10  -0.10     0.00
  MONTH TO DATE    2.71                      3.38  -0.67     2.78
  SINCE JUN 1      7.71                     10.31  -2.60    10.47
  SINCE JAN 1     25.83                     30.38  -4.55    27.42

SNOWFALL (IN)
  YESTERDAY        0.0           0.0  2002   0.0    0.0      0.0
                                      2001
                                      2000
  MONTH TO DATE    0.0                       0.0    0.0      0.0
  SINCE JUN 1      0.0                       0.0    0.0      0.0
  SINCE JUL 1      0.0                       0.0    0.0      0.0
  SNOW DEPTH       0

DEGREE DAYS
 HEATING
  YESTERDAY        0                         0      0        0
  MONTH TO DATE    0                         0      0        0
  SINCE JUN 1     12                        46    -34       72
  SINCE JUL 1      0                         3     -3        0

 COOLING
  YESTERDAY       14                         6      8        6
  MONTH TO DATE  334                       221    113      288
  SINCE JUN 1    817                       619    198      710
  SINCE JAN 1    868                       645    223      774
..................................................................


WIND (MPH)
  RESULTANT WIND SPEED   6   RESULTANT WIND DIRECTION  NW (310)
  HIGHEST WIND SPEED    18   HIGHEST WIND DIRECTION     N (360)
  HIGHEST GUST SPEED    25   HIGHEST GUST DIRECTION     W (270)
  AVERAGE WIND SPEED     9.4


SKY COVER
  POSSIBLE SUNSHINE  MM
  AVERAGE SKY COVER 0.4


WEATHER CONDITIONS
 THE FOLLOWING WEATHER WAS RECORDED YESTERDAY.
  NO SIGNIFICANT WEATHER WAS OBSERVED.


RELATIVE HUMIDITY (PERCENT)
 HIGHEST    87           100 AM
 LOWEST     29           300 PM
 AVERAGE    58

..........................................................


THE PROVIDENCE RI CLIMATE NORMALS FOR TODAY
                         NORMAL    RECORD    YEAR
 MAXIMUM TEMPERATURE (F)   79        95      1953
 MINIMUM TEMPERATURE (F)   61        45      1986
                                             1965


SUNRISE AND SUNSET
AUGUST 30 2016........SUNRISE   610 AM EDT   SUNSET   722 PM EDT
AUGUST 31 2016........SUNRISE   611 AM EDT   SUNSET   720 PM EDT


-  INDICATES NEGATIVE NUMBERS.
R  INDICATES RECORD WAS SET OR TIED.
MM INDICATES DATA IS MISSING.
T  INDICATES TRACE AMOUNT.




$$
