000
CDUS41 KBOX 050527
CLIPVD


CLIMATE REPORT
NATIONAL WEATHER SERVICE TAUNTON MA
126 AM EDT THU MAY 5 2016


...................................

...THE PROVIDENCE RI CLIMATE SUMMARY FOR MAY 4 2016...

CLIMATE NORMAL PERIOD 1981 TO 2010
CLIMATE RECORD PERIOD 1904 TO 2016


WEATHER ITEM   OBSERVED TIME   RECORD YEAR NORMAL DEPARTURE LAST
                VALUE   (LST)  VALUE       VALUE  FROM      YEAR
                                                  NORMAL
..................................................................
TEMPERATURE (F)
 YESTERDAY
  MAXIMUM         52    130 PM  92    2001  65    -13       82
  MINIMUM         44    945 PM  31    1986  45     -1       46
  AVERAGE         48                        55     -7       64

PRECIPITATION (IN)
  YESTERDAY        0.29          0.97 1922   0.12   0.17     0.00
  MONTH TO DATE    0.84                      0.46   0.38     0.00
  SINCE MAR 1      7.43                      9.83  -2.40     6.91
  SINCE JAN 1     15.78                     16.98  -1.20    13.26

SNOWFALL (IN)
  YESTERDAY        0.0           0.0  2015   0.0    0.0      0.0
  MONTH TO DATE    0.0                       0.0    0.0      0.0
  SINCE MAR 1      9.3                       6.1    3.2     16.3
  SINCE JUL 1     28.7                      33.8   -5.1     76.2
  SNOW DEPTH       0

DEGREE DAYS
 HEATING
  YESTERDAY       17                        10      7        1
  MONTH TO DATE   67                        43     24       46
  SINCE MAR 1   1223                      1331   -108     1510
  SINCE JUL 1   4594                      5393   -799     5872

 COOLING
  YESTERDAY        0                         0      0        0
  MONTH TO DATE    0                         0      0        0
  SINCE MAR 1      0                         2     -2        0
  SINCE JAN 1      0                         2     -2        0
..................................................................


WIND (MPH)
  RESULTANT WIND SPEED  11   RESULTANT WIND DIRECTION  NE (40)
  HIGHEST WIND SPEED    21   HIGHEST WIND DIRECTION    NE (50)
  HIGHEST GUST SPEED    27   HIGHEST GUST DIRECTION    NE (50)
  AVERAGE WIND SPEED    12.5


SKY COVER
  POSSIBLE SUNSHINE  MM
  AVERAGE SKY COVER 1.0


WEATHER CONDITIONS
 THE FOLLOWING WEATHER WAS RECORDED YESTERDAY.
  RAIN
  LIGHT RAIN
  FOG


RELATIVE HUMIDITY (PERCENT)
 HIGHEST    92           600 PM
 LOWEST     63           100 PM
 AVERAGE    78

..........................................................


THE PROVIDENCE RI CLIMATE NORMALS FOR TODAY
                         NORMAL    RECORD    YEAR
 MAXIMUM TEMPERATURE (F)   65        91      1949
 MINIMUM TEMPERATURE (F)   45        33      1907


SUNRISE AND SUNSET
MAY  5 2016...........SUNRISE   537 AM EDT   SUNSET   749 PM EDT
MAY  6 2016...........SUNRISE   535 AM EDT   SUNSET   750 PM EDT


-  INDICATES NEGATIVE NUMBERS.
R  INDICATES RECORD WAS SET OR TIED.
MM INDICATES DATA IS MISSING.
T  INDICATES TRACE AMOUNT.




$$
