000
CDUS43 KLOT 300636
CLIPWK


CLIMATE REPORT
NATIONAL WEATHER SERVICE CHICAGO IL
135 AM CDT SUN AUG 30 2015


...................................

...THE CHICAGO EXECUTIVE CLIMATE SUMMARY FOR AUGUST 29 2015...

CLIMATE NORMAL PERIOD 1981 TO 2010
CLIMATE RECORD PERIOD 1996 TO 2015


WEATHER ITEM   OBSERVED TIME   RECORD YEAR NORMAL DEPARTURE LAST
                VALUE   (LST)  VALUE       VALUE  FROM      YEAR
                                                  NORMAL
..................................................................
TEMPERATURE (F)
 YESTERDAY
  MAXIMUM         70    455 PM  94    2010  80    -10       87
  MINIMUM         63    844 AM  55    2004  61      2       70
  AVERAGE         67                        71     -4       79

PRECIPITATION (IN)
  YESTERDAY        0.71R         0.11 2006   0.11   0.60      T
  MONTH TO DATE    2.84                      3.45  -0.61     6.95
  SINCE JUN 1     12.17                     10.78   1.39    16.31
  SINCE JAN 1     20.30                     22.27  -1.97    25.51

DEGREE DAYS
 HEATING
  YESTERDAY        0                         0      0        0
  MONTH TO DATE    9                         0      9        1
  SINCE JUN 1     85                        56     29       24
  SINCE JUL 1     29                         4     25        4

 COOLING
  YESTERDAY        2                         6     -4       14
  MONTH TO DATE  208                       220    -12      243
  SINCE JUN 1    556                       643    -87      605
  SINCE JAN 1    607                       685    -78      663
..................................................................


WIND (MPH)
  RESULTANT WIND SPEED   1   RESULTANT WIND DIRECTION  SE (150)
  HIGHEST WIND SPEED    13   HIGHEST WIND DIRECTION     S (160)
  HIGHEST GUST SPEED    15   HIGHEST GUST DIRECTION     S (160)
  AVERAGE WIND SPEED     3.9



WEATHER CONDITIONS
 THE FOLLOWING WEATHER WAS RECORDED YESTERDAY.
  THUNDERSTORM
  HEAVY RAIN
  RAIN
  LIGHT RAIN
  FOG
  HAZE


..........................................................


THE CHICAGO EXECUTIVE CLIMATE NORMALS FOR TODAY
                         NORMAL    RECORD    YEAR
 MAXIMUM TEMPERATURE (F)   80        96      2013
 MINIMUM TEMPERATURE (F)   61        49      2009


SUNRISE AND SUNSET
AUGUST 30 2015........SUNRISE   615 AM CDT   SUNSET   729 PM CDT
AUGUST 31 2015........SUNRISE   616 AM CDT   SUNSET   727 PM CDT


-  INDICATES NEGATIVE NUMBERS.
R  INDICATES RECORD WAS SET OR TIED.
MM INDICATES DATA IS MISSING.
T  INDICATES TRACE AMOUNT.




$$
