000
CDUS43 KLOT 220638
CLIPWK


CLIMATE REPORT
NATIONAL WEATHER SERVICE CHICAGO IL
138 AM CDT FRI AUG 22 2014


...................................

...THE CHICAGO EXECUTIVE CLIMATE SUMMARY FOR AUGUST 21 2014...

CLIMATE NORMAL PERIOD 1981 TO 2010
CLIMATE RECORD PERIOD 1996 TO 2014


WEATHER ITEM   OBSERVED TIME   RECORD YEAR NORMAL DEPARTURE LAST
                VALUE   (LST)  VALUE       VALUE  FROM      YEAR
                                                  NORMAL
..................................................................
TEMPERATURE (F)
 YESTERDAY
  MAXIMUM         78    510 PM  96    2003  81     -3       92
  MINIMUM         71    200 AM  53    2012  63      8       68
  AVERAGE         75                        72      3       80

PRECIPITATION (IN)
  YESTERDAY        1.27R         0.23 2010   0.11   1.16     0.01
  MONTH TO DATE    5.10                      2.59   2.51     0.75
  SINCE JUN 1     14.46                      9.92   4.54    10.29
  SINCE JAN 1     23.66                     21.41   2.25    20.25

DEGREE DAYS
 HEATING
  YESTERDAY        0                         0      0        0
  MONTH TO DATE    1                         0      1        3
  SINCE JUN 1     24                        56    -32       67
  SINCE JUL 1      4                         4      0       10

 COOLING
  YESTERDAY       10                         7      3       15
  MONTH TO DATE  147                       168    -21      131
  SINCE JUN 1    509                       591    -82      554
  SINCE JAN 1    567                       633    -66      635
..................................................................


WIND (MPH)
  RESULTANT WIND SPEED   3   RESULTANT WIND DIRECTION   S (180)
  HIGHEST WIND SPEED    14   HIGHEST WIND DIRECTION    SE (150)
  HIGHEST GUST SPEED    17   HIGHEST GUST DIRECTION     S (180)
  AVERAGE WIND SPEED     4.5



WEATHER CONDITIONS
 THE FOLLOWING WEATHER WAS RECORDED YESTERDAY.
  THUNDERSTORM
  HEAVY RAIN
  RAIN
  LIGHT RAIN
  FOG
  HAZE


..........................................................


THE CHICAGO EXECUTIVE CLIMATE NORMALS FOR TODAY
                         NORMAL    RECORD    YEAR
 MAXIMUM TEMPERATURE (F)   81        90      2007
                                             1996
 MINIMUM TEMPERATURE (F)   63        51      2004


SUNRISE AND SUNSET
AUGUST 22 2014........SUNRISE   607 AM CDT   SUNSET   742 PM CDT
AUGUST 23 2014........SUNRISE   608 AM CDT   SUNSET   740 PM CDT


-  INDICATES NEGATIVE NUMBERS.
R  INDICATES RECORD WAS SET OR TIED.
MM INDICATES DATA IS MISSING.
T  INDICATES TRACE AMOUNT.




$$
