000
CDUS43 KLOT 290636
CLIPWK


CLIMATE REPORT
NATIONAL WEATHER SERVICE CHICAGO IL
135 AM CDT SUN MAR 29 2015


...................................

...THE CHICAGO EXECUTIVE CLIMATE SUMMARY FOR MARCH 28 2015...

CLIMATE NORMAL PERIOD 1981 TO 2010
CLIMATE RECORD PERIOD 1996 TO 2015


WEATHER ITEM   OBSERVED TIME   RECORD YEAR NORMAL DEPARTURE LAST
                VALUE   (LST)  VALUE       VALUE  FROM      YEAR
                                                  NORMAL
..................................................................
TEMPERATURE (F)
 YESTERDAY
  MAXIMUM         34    437 PM  75    2004  51    -17       55
  MINIMUM         17R   539 AM  20    2011  32    -15       34
  AVERAGE         26                        41    -15       45

PRECIPITATION (IN)
  YESTERDAY        0.00          1.16 2004   0.09  -0.09     0.07
  MONTH TO DATE    0.29                      2.00  -1.71     0.55
  SINCE MAR 1      0.29                      2.00  -1.71     0.55
  SINCE JAN 1      0.98                      4.58  -3.60     2.68

DEGREE DAYS
 HEATING
  YESTERDAY       39                        24     15       20
  MONTH TO DATE  861                       783     78      982
  SINCE MAR 1    861                       783     78      982
  SINCE JUL 1   5989                      5521    468     6341

 COOLING
  YESTERDAY        0                         0      0        0
  MONTH TO DATE    0                         0      0        0
  SINCE MAR 1      0                         0      0        0
  SINCE JAN 1      0                         0      0        0
..................................................................


WIND (MPH)
  RESULTANT WIND SPEED   3   RESULTANT WIND DIRECTION   E (80)
  HIGHEST WIND SPEED    14   HIGHEST WIND DIRECTION    NE (50)
  HIGHEST GUST SPEED    16   HIGHEST GUST DIRECTION    NE (60)
  AVERAGE WIND SPEED     5.2



WEATHER CONDITIONS
 THE FOLLOWING WEATHER WAS RECORDED YESTERDAY.
  NO SIGNIFICANT WEATHER WAS OBSERVED.


..........................................................


THE CHICAGO EXECUTIVE CLIMATE NORMALS FOR TODAY
                         NORMAL    RECORD    YEAR
 MAXIMUM TEMPERATURE (F)   51        79      1998
 MINIMUM TEMPERATURE (F)   32        23      2008


SUNRISE AND SUNSET
MARCH 29 2015.........SUNRISE   640 AM CDT   SUNSET   714 PM CDT
MARCH 30 2015.........SUNRISE   638 AM CDT   SUNSET   715 PM CDT


-  INDICATES NEGATIVE NUMBERS.
R  INDICATES RECORD WAS SET OR TIED.
MM INDICATES DATA IS MISSING.
T  INDICATES TRACE AMOUNT.




$$
