000
CDUS43 KLOT 290634
CLIPWK


CLIMATE REPORT
NATIONAL WEATHER SERVICE CHICAGO IL
133 AM CDT FRI MAY 29 2015


...................................

...THE CHICAGO EXECUTIVE CLIMATE SUMMARY FOR MAY 28 2015...

CLIMATE NORMAL PERIOD 1981 TO 2010
CLIMATE RECORD PERIOD 1996 TO 2015


WEATHER ITEM   OBSERVED TIME   RECORD YEAR NORMAL DEPARTURE LAST
                VALUE   (LST)  VALUE       VALUE  FROM      YEAR
                                                  NORMAL
..................................................................
TEMPERATURE (F)
 YESTERDAY
  MAXIMUM         81    318 PM  93    2012  73      8       66
  MINIMUM         52    448 AM  42    2008  51      1       55
  AVERAGE         67                        62      5       61

PRECIPITATION (IN)
  YESTERDAY        0.00          0.95 2003   0.11  -0.11     0.09
  MONTH TO DATE    3.43                      3.38   0.05     3.64
  SINCE MAR 1      6.90                      8.60  -1.70     7.07
  SINCE JAN 1      7.59                     11.18  -3.59     9.20

DEGREE DAYS
 HEATING
  YESTERDAY        0                         5     -5        4
  MONTH TO DATE  189                       233    -44      209
  SINCE MAR 1   1607                      1608     -1     1764
  SINCE JUL 1   6735                      6346    389     7123

 COOLING
  YESTERDAY        2                         2      0        0
  MONTH TO DATE   43                        31     12       53
  SINCE MAR 1     43                        35      8       53
  SINCE JAN 1     43                        35      8       53
..................................................................


WIND (MPH)
  RESULTANT WIND SPEED   4   RESULTANT WIND DIRECTION   E (110)
  HIGHEST WIND SPEED    16   HIGHEST WIND DIRECTION    SE (120)
  HIGHEST GUST SPEED    22   HIGHEST GUST DIRECTION    SE (120)
  AVERAGE WIND SPEED     4.2



WEATHER CONDITIONS
 THE FOLLOWING WEATHER WAS RECORDED YESTERDAY.
  NO SIGNIFICANT WEATHER WAS OBSERVED.


..........................................................


THE CHICAGO EXECUTIVE CLIMATE NORMALS FOR TODAY
                         NORMAL    RECORD    YEAR
 MAXIMUM TEMPERATURE (F)   74        90      2006
 MINIMUM TEMPERATURE (F)   52        39      2008


SUNRISE AND SUNSET
MAY 29 2015...........SUNRISE   520 AM CDT   SUNSET   818 PM CDT
MAY 30 2015...........SUNRISE   519 AM CDT   SUNSET   819 PM CDT


-  INDICATES NEGATIVE NUMBERS.
R  INDICATES RECORD WAS SET OR TIED.
MM INDICATES DATA IS MISSING.
T  INDICATES TRACE AMOUNT.




$$
