000
CDUS43 KLOT 010633
CLIPWK


CLIMATE REPORT
NATIONAL WEATHER SERVICE CHICAGO IL
1232 AM CST SUN MAR 1 2015


...................................

...THE CHICAGO EXECUTIVE CLIMATE SUMMARY FOR FEBRUARY 28 2015...

CLIMATE NORMAL PERIOD 1981 TO 2010
CLIMATE RECORD PERIOD 1996 TO 2015


WEATHER ITEM   OBSERVED TIME   RECORD YEAR NORMAL DEPARTURE LAST
                VALUE   (LST)  VALUE       VALUE  FROM      YEAR
                                                  NORMAL
..................................................................
TEMPERATURE (F)
 YESTERDAY
  MAXIMUM         21    746 PM  55    2004  40    -19       29
                                      2000
  MINIMUM        -12R   623 AM  -1    2014  24    -36       -1
  AVERAGE          5                        32    -27       14

PRECIPITATION (IN)
  YESTERDAY        T             0.04 2011   0.03  -0.03     0.00
                                      2005
  MONTH TO DATE    T                         0.95  -0.95     0.92
  SINCE DEC 1      1.40                      4.41  -3.01     3.00
  SINCE JAN 1      0.69                      2.58  -1.89     2.13

DEGREE DAYS
 HEATING
  YESTERDAY       60                        33     27       51
  MONTH TO DATE 1393                      1041    352     1327
  SINCE DEC 1   3725                      3468    257     4088
  SINCE JUL 1   5128                      4738    390     5359

 COOLING
  YESTERDAY        0                         0      0        0
  MONTH TO DATE    0                         0      0        0
  SINCE DEC 1      0                         0      0        0
  SINCE JAN 1      0                         0      0        0
..................................................................


WIND (MPH)
  RESULTANT WIND SPEED   4   RESULTANT WIND DIRECTION   S (180)
  HIGHEST WIND SPEED    13   HIGHEST WIND DIRECTION     S (190)
  HIGHEST GUST SPEED    15   HIGHEST GUST DIRECTION     S (200)
  AVERAGE WIND SPEED     4.4



WEATHER CONDITIONS
 THE FOLLOWING WEATHER WAS RECORDED YESTERDAY.
  LIGHT SNOW
  FOG
  HAZE


..........................................................


THE CHICAGO EXECUTIVE CLIMATE NORMALS FOR TODAY
                         NORMAL    RECORD    YEAR
 MAXIMUM TEMPERATURE (F)   40        62      2004
 MINIMUM TEMPERATURE (F)   25        10      2014


SUNRISE AND SUNSET
MARCH  1 2015.........SUNRISE   627 AM CST   SUNSET   541 PM CST
MARCH  2 2015.........SUNRISE   626 AM CST   SUNSET   543 PM CST


-  INDICATES NEGATIVE NUMBERS.
R  INDICATES RECORD WAS SET OR TIED.
MM INDICATES DATA IS MISSING.
T  INDICATES TRACE AMOUNT.




$$
