000
CDUS43 KLOT 300633
CLIPWK


CLIMATE REPORT
NATIONAL WEATHER SERVICE CHICAGO IL
131 AM CDT THU JUL 30 2015


...................................

...THE CHICAGO EXECUTIVE CLIMATE SUMMARY FOR JULY 29 2015...

CLIMATE NORMAL PERIOD 1981 TO 2010
CLIMATE RECORD PERIOD 1996 TO 2015


WEATHER ITEM   OBSERVED TIME   RECORD YEAR NORMAL DEPARTURE LAST
                VALUE   (LST)  VALUE       VALUE  FROM      YEAR
                                                  NORMAL
..................................................................
TEMPERATURE (F)
 YESTERDAY
  MAXIMUM         88   1238 PM  98    1999  83      5       82
  MINIMUM         72   1159 PM  53    2003  64      8       58
  AVERAGE         80                        74      6       70

PRECIPITATION (IN)
  YESTERDAY        T             0.35 2011   0.15  -0.15     0.14
  MONTH TO DATE    3.23                      3.32  -0.09     1.60
  SINCE JUN 1      9.33                      7.03   2.30     9.33
  SINCE JAN 1     17.46                     18.52  -1.06    18.53

DEGREE DAYS
 HEATING
  YESTERDAY        0                         0      0        0
  MONTH TO DATE   20                         0     20        3
  SINCE JUN 1     76                        52     24       23
  SINCE JUL 1     20                         0     20        3

 COOLING
  YESTERDAY       15                         9      6        5
  MONTH TO DATE  211                       255    -44      173
  SINCE JUN 1    322                       409    -87      351
  SINCE JAN 1    373                       451    -78      409
..................................................................


WIND (MPH)
  RESULTANT WIND SPEED   9   RESULTANT WIND DIRECTION   W (290)
  HIGHEST WIND SPEED    21   HIGHEST WIND DIRECTION     W (270)
  HIGHEST GUST SPEED    28   HIGHEST GUST DIRECTION     W (280)
  AVERAGE WIND SPEED     9.9



WEATHER CONDITIONS
 THE FOLLOWING WEATHER WAS RECORDED YESTERDAY.
  LIGHT RAIN


..........................................................


THE CHICAGO EXECUTIVE CLIMATE NORMALS FOR TODAY
                         NORMAL    RECORD    YEAR
 MAXIMUM TEMPERATURE (F)   83       102      1999
 MINIMUM TEMPERATURE (F)   64        57      2013
                                             2003
                                             1997


SUNRISE AND SUNSET
JULY 30 2015..........SUNRISE   543 AM CDT   SUNSET   813 PM CDT
JULY 31 2015..........SUNRISE   544 AM CDT   SUNSET   812 PM CDT


-  INDICATES NEGATIVE NUMBERS.
R  INDICATES RECORD WAS SET OR TIED.
MM INDICATES DATA IS MISSING.
T  INDICATES TRACE AMOUNT.




$$
