000
CDUS41 KGYX 212146
CLIPWM


CLIMATE REPORT
NATIONAL WEATHER SERVICE GRAY ME
446 PM EST SAT JAN 21 2017


...................................

...THE PORTLAND ME CLIMATE SUMMARY FOR JANUARY 21 2017...
VALID TODAY AS OF 0400 PM LOCAL TIME.

CLIMATE NORMAL PERIOD 1981 TO 2010
CLIMATE RECORD PERIOD 1941 TO 2017


WEATHER ITEM   OBSERVED TIME   RECORD YEAR NORMAL DEPARTURE LAST
                VALUE   (LST)  VALUE       VALUE  FROM      YEAR
                                                  NORMAL
..................................................................
TEMPERATURE (F)
 TODAY
  MAXIMUM         45   1241 PM  57    2006  31     14       27
  MINIMUM         36    916 AM -12    1984  13     23        2
  AVERAGE         41                        22     19       15

PRECIPITATION (IN)
  TODAY            0.00          2.78 1979   0.11  -0.11     0.00
  MONTH TO DATE    2.28                      2.31  -0.03     3.36
  SINCE DEC 1      7.59                      6.33   1.26     8.70
  SINCE JAN 1      2.28                      2.31  -0.03     3.36

SNOWFALL (IN)
  TODAY            0.0           8.2  1914   0.7   -0.7      0.0
  MONTH TO DATE    6.2                      13.3   -7.1     13.2
  SINCE DEC 1     25.1                      26.5   -1.4     20.5
  SINCE JUL 1     25.6                      28.4   -2.8     20.5
  SNOW DEPTH       2

DEGREE DAYS
 HEATING
  TODAY           24                        43    -19       50
  MONTH TO DATE  760                       893   -133      812
  SINCE DEC 1   1895                      2014   -119     1643
  SINCE JUL 1   3147                      3505   -358     2889

 COOLING
  TODAY            0                         0      0        0
  MONTH TO DATE    0                         0      0        0
  SINCE DEC 1      0                         0      0        0
  SINCE JAN 1      0                         0      0        0
..................................................................


WIND (MPH)
  HIGHEST WIND SPEED     8   HIGHEST WIND DIRECTION     S (200)
  HIGHEST GUST SPEED    10   HIGHEST GUST DIRECTION    SW (230)
  AVERAGE WIND SPEED     2.4


SKY COVER
  POSSIBLE SUNSHINE  MM
  AVERAGE SKY COVER 0.9


WEATHER CONDITIONS
 THE FOLLOWING WEATHER WAS RECORDED TODAY.
  NO SIGNIFICANT WEATHER WAS OBSERVED.


RELATIVE HUMIDITY (PERCENT)
 HIGHEST    82           600 AM
 LOWEST     65           200 PM
 AVERAGE    74

..........................................................


THE PORTLAND ME CLIMATE NORMALS FOR TOMORROW
                         NORMAL    RECORD    YEAR
 MAXIMUM TEMPERATURE (F)   31        51      1957
                                             1959
 MINIMUM TEMPERATURE (F)   13       -19      1984


SUNRISE AND SUNSET
JANUARY 21 2017.......SUNRISE   708 AM EST   SUNSET   438 PM EST
JANUARY 22 2017.......SUNRISE   707 AM EST   SUNSET   439 PM EST


-  INDICATES NEGATIVE NUMBERS.
R  INDICATES RECORD WAS SET OR TIED.
MM INDICATES DATA IS MISSING.
T  INDICATES TRACE AMOUNT.




$$
