613
CDUS41 KGYX 222042
CLIPWM


CLIMATE REPORT
NATIONAL WEATHER SERVICE GRAY ME
442 PM EDT FRI SEP 22 2017


...................................

...THE PORTLAND ME CLIMATE SUMMARY FOR SEPTEMBER 22 2017...
VALID TODAY AS OF 0400 PM LOCAL TIME.

CLIMATE NORMAL PERIOD 1981 TO 2010
CLIMATE RECORD PERIOD 1941 TO 2017


WEATHER ITEM   OBSERVED TIME   RECORD YEAR NORMAL DEPARTURE LAST
                VALUE   (LST)  VALUE       VALUE  FROM      YEAR
                                                  NORMAL
..................................................................
TEMPERATURE (F)
 TODAY
  MAXIMUM         69    259 PM  89    1965  68      1       80
  MINIMUM         56    731 AM  27    1962  48      8       56
  AVERAGE         63                        58      5       68

PRECIPITATION (IN)
  TODAY            0.00          1.21 1983   0.13  -0.13     0.00
  MONTH TO DATE    2.20                      2.56  -0.36     0.57
  SINCE SEP 1      2.20                      2.56  -0.36     0.57
  SINCE JAN 1     32.90                     32.30   0.60    24.10

SNOWFALL (IN)
  TODAY            0.0           0.0  2002   0.0    0.0      0.0
                                      2001
                                      2000
  MONTH TO DATE    0.0                       0.0    0.0      0.0
  SINCE SEP 1      0.0                       0.0    0.0      0.0
  SINCE JUL 1      0.0                       0.0    0.0      0.0
  SNOW DEPTH       0

DEGREE DAYS
 HEATING
  TODAY            2                         8     -6        0
  MONTH TO DATE   40                       100    -60       27
  SINCE SEP 1     40                       100    -60       27
  SINCE JUL 1     73                       145    -72       41

 COOLING
  TODAY            0                         0      0        3
  MONTH TO DATE   31                        27      4       68
  SINCE SEP 1     31                        27      4       68
  SINCE JAN 1    395                       355     40      553
..................................................................


WIND (MPH)
  HIGHEST WIND SPEED    16   HIGHEST WIND DIRECTION    NE (30)
  HIGHEST GUST SPEED    23   HIGHEST GUST DIRECTION    NE (30)
  AVERAGE WIND SPEED    11.9


SKY COVER
  POSSIBLE SUNSHINE  MM
  AVERAGE SKY COVER 0.7


WEATHER CONDITIONS
 THE FOLLOWING WEATHER WAS RECORDED TODAY.
  NO SIGNIFICANT WEATHER WAS OBSERVED.


RELATIVE HUMIDITY (PERCENT)
 HIGHEST    72           600 AM
 LOWEST     49           100 PM
 AVERAGE    61

..........................................................


THE PORTLAND ME CLIMATE NORMALS FOR TOMORROW
                         NORMAL    RECORD    YEAR
 MAXIMUM TEMPERATURE (F)   67        86      1941
 MINIMUM TEMPERATURE (F)   47        31      1955


SUNRISE AND SUNSET
SEPTEMBER 22 2017.....SUNRISE   629 AM EDT   SUNSET   638 PM EDT
SEPTEMBER 23 2017.....SUNRISE   630 AM EDT   SUNSET   636 PM EDT


-  INDICATES NEGATIVE NUMBERS.
R  INDICATES RECORD WAS SET OR TIED.
MM INDICATES DATA IS MISSING.
T  INDICATES TRACE AMOUNT.




$$
