000
CDUS41 KGYX 041006
CLIPWM


CLIMATE REPORT
NATIONAL WEATHER SERVICE GRAY ME
505 AM EST SUN DEC 4 2016


...................................

...THE PORTLAND ME CLIMATE SUMMARY FOR DECEMBER 3 2016...

CLIMATE NORMAL PERIOD 1981 TO 2010
CLIMATE RECORD PERIOD 1941 TO 2016


WEATHER ITEM   OBSERVED TIME   RECORD YEAR NORMAL DEPARTURE LAST
                VALUE   (LST)  VALUE       VALUE  FROM      YEAR
                                                  NORMAL
..................................................................
TEMPERATURE (F)
 YESTERDAY
  MAXIMUM         46   1054 AM  68    2009  42      4       45
  MINIMUM         33    832 PM  -4    1940  25      8       34
  AVERAGE         40                        34      6       40

PRECIPITATION (IN)
  YESTERDAY        0.00          2.00 1967   0.14  -0.14     0.20
  MONTH TO DATE    1.12                      0.42   0.70     0.52
  SINCE DEC 1      1.12                      0.42   0.70     0.52
  SINCE JAN 1     37.93                     43.65  -5.72    39.00

SNOWFALL (IN)
  YESTERDAY        0.0           8.5  2007   0.3   -0.3      0.0
                                      1890
  MONTH TO DATE    0.0                       0.8   -0.8      0.0
  SINCE DEC 1      0.0                       0.8   -0.8      0.0
  SINCE JUL 1      0.5                       2.7   -2.2       T
  SNOW DEPTH       0

DEGREE DAYS
 HEATING
  YESTERDAY       25                        31     -6       25
  MONTH TO DATE   66                        93    -27       86
  SINCE DEC 1     66                        93    -27       86
  SINCE JUL 1   1318                      1584   -266     1332

 COOLING
  YESTERDAY        0                         0      0        0
  MONTH TO DATE    0                         0      0        0
  SINCE DEC 1      0                         0      0        0
  SINCE JAN 1    553                       359    194      492
..................................................................


WIND (MPH)
  RESULTANT WIND SPEED  10   RESULTANT WIND DIRECTION  NW (320)
  HIGHEST WIND SPEED    23   HIGHEST WIND DIRECTION     N (350)
  HIGHEST GUST SPEED    33   HIGHEST GUST DIRECTION     N (350)
  AVERAGE WIND SPEED    10.9


SKY COVER
  AVERAGE SKY COVER 0.5


WEATHER CONDITIONS
 THE FOLLOWING WEATHER WAS RECORDED YESTERDAY.
  NO SIGNIFICANT WEATHER WAS OBSERVED.


RELATIVE HUMIDITY (PERCENT)
 HIGHEST    75           700 AM
 LOWEST     45           200 PM
 AVERAGE    60

..........................................................


THE PORTLAND ME CLIMATE NORMALS FOR TODAY
                         NORMAL    RECORD    YEAR
 MAXIMUM TEMPERATURE (F)   41        69      1982
 MINIMUM TEMPERATURE (F)   25       -16      1940


SUNRISE AND SUNSET
DECEMBER  4 2016......SUNRISE   658 AM EST   SUNSET   405 PM EST
DECEMBER  5 2016......SUNRISE   659 AM EST   SUNSET   405 PM EST


-  INDICATES NEGATIVE NUMBERS.
R  INDICATES RECORD WAS SET OR TIED.
MM INDICATES DATA IS MISSING.
T  INDICATES TRACE AMOUNT.




$$
