000
CDUS41 KGYX 010807
CLIPWM


CLIMATE REPORT
NATIONAL WEATHER SERVICE GRAY ME
407 AM EDT SUN MAY 1 2016


...................................

...THE PORTLAND ME CLIMATE SUMMARY FOR APRIL 30 2016...

CLIMATE NORMAL PERIOD 1981 TO 2010
CLIMATE RECORD PERIOD 1941 TO 2016


WEATHER ITEM   OBSERVED TIME   RECORD YEAR NORMAL DEPARTURE LAST
                VALUE   (LST)  VALUE       VALUE  FROM      YEAR
                                                  NORMAL
..................................................................
TEMPERATURE (F)
 YESTERDAY
  MAXIMUM         55    147 PM  82    1985  59     -4       60
  MINIMUM         30    443 AM  28    1950  39     -9       41
  AVERAGE         43                        49     -6       51

PRECIPITATION (IN)
  YESTERDAY        0.00          1.33 1915   0.15  -0.15     0.00
  MONTH TO DATE    1.56                      4.32  -2.76     5.03
  SINCE MAR 1      5.93                      8.56  -2.63     6.82
  SINCE JAN 1     13.47                     15.19  -1.72    14.30

SNOWFALL (IN)
  YESTERDAY        0.0           T    1909   0.0    0.0      0.0
                                      1910
                                      1931
  MONTH TO DATE    3.7                       2.8    0.9      2.9
  SINCE MAR 1     10.8                      15.5   -4.7      5.3
  SINCE JUL 1     51.8                      61.9  -10.1     94.5
  SNOW DEPTH       0

DEGREE DAYS
 HEATING
  YESTERDAY       22                        16      6       14
  MONTH TO DATE  665                       629     36      602
  SINCE MAR 1   1501                      1606   -105     1672
  SINCE JUL 1   5792                      6648   -856     6726

 COOLING
  YESTERDAY        0                         0      0        0
  MONTH TO DATE    0                         0      0        0
  SINCE MAR 1      0                         0      0        0
  SINCE JAN 1      0                         0      0        0
..................................................................


WIND (MPH)
  RESULTANT WIND SPEED   3   RESULTANT WIND DIRECTION   S (160)
  HIGHEST WIND SPEED    16   HIGHEST WIND DIRECTION     S (170)
  HIGHEST GUST SPEED    22   HIGHEST GUST DIRECTION     S (190)
  AVERAGE WIND SPEED     5.3


SKY COVER
  AVERAGE SKY COVER 0.2


WEATHER CONDITIONS
 THE FOLLOWING WEATHER WAS RECORDED YESTERDAY.
  NO SIGNIFICANT WEATHER WAS OBSERVED.


RELATIVE HUMIDITY (PERCENT)
 HIGHEST    92           500 AM
 LOWEST     45           300 PM
 AVERAGE    69

..........................................................


THE PORTLAND ME CLIMATE NORMALS FOR TODAY
                         NORMAL    RECORD    YEAR
 MAXIMUM TEMPERATURE (F)   59        75      1972
 MINIMUM TEMPERATURE (F)   40        26      1978


SUNRISE AND SUNSET
MAY  1 2016...........SUNRISE   533 AM EDT   SUNSET   744 PM EDT
MAY  2 2016...........SUNRISE   532 AM EDT   SUNSET   745 PM EDT


-  INDICATES NEGATIVE NUMBERS.
R  INDICATES RECORD WAS SET OR TIED.
MM INDICATES DATA IS MISSING.
T  INDICATES TRACE AMOUNT.




$$
