000
CDUS41 KGYX 140908
CLIPWM


CLIMATE REPORT
NATIONAL WEATHER SERVICE GRAY ME
408 AM EST SUN FEB 14 2016


...................................

...THE PORTLAND ME CLIMATE SUMMARY FOR FEBRUARY 13 2016...

CLIMATE NORMAL PERIOD 1981 TO 2010
CLIMATE RECORD PERIOD 1941 TO 2016


WEATHER ITEM   OBSERVED TIME   RECORD YEAR NORMAL DEPARTURE LAST
                VALUE   (LST)  VALUE       VALUE  FROM      YEAR
                                                  NORMAL
..................................................................
TEMPERATURE (F)
 YESTERDAY
  MAXIMUM         22    138 PM  60    1951  34    -12       17
  MINIMUM         -9   1159 PM -22    1967  16    -25       -4
  AVERAGE          7                        25    -18        7

PRECIPITATION (IN)
  YESTERDAY        T             2.54 2008   0.11  -0.11     0.00
  MONTH TO DATE    1.73                      1.43   0.30     1.99
  SINCE DEC 1     10.44                      8.83   1.61    12.93
  SINCE JAN 1      5.10                      4.81   0.29     6.66

SNOWFALL (IN)
  YESTERDAY        T            11.5  1894   0.5   -0.5      0.0
  MONTH TO DATE   15.7                       5.9    9.8     23.1
  SINCE DEC 1     36.2                      38.3   -2.1     67.4
  SINCE JUL 1     36.2                      40.2   -4.0     77.7
  SNOW DEPTH       6

DEGREE DAYS
 HEATING
  YESTERDAY       58                        40     18       58
  MONTH TO DATE  487                       535    -48      671
  SINCE DEC 1   2488                      2980   -492     2987
  SINCE JUL 1   3734                      4471   -737     4298

 COOLING
  YESTERDAY        0                         0      0        0
  MONTH TO DATE    0                         0      0        0
  SINCE DEC 1      0                         0      0        0
  SINCE JAN 1      0                         0      0        0
..................................................................


WIND (MPH)
  RESULTANT WIND SPEED  10   RESULTANT WIND DIRECTION  NW (300)
  HIGHEST WIND SPEED    25   HIGHEST WIND DIRECTION     W (290)
  HIGHEST GUST SPEED    32   HIGHEST GUST DIRECTION     W (290)
  AVERAGE WIND SPEED    11.6


SKY COVER
  AVERAGE SKY COVER 0.5


WEATHER CONDITIONS
 THE FOLLOWING WEATHER WAS RECORDED YESTERDAY.
  LIGHT SNOW
  HAZE


RELATIVE HUMIDITY (PERCENT)
 HIGHEST    91           500 AM
 LOWEST     36           200 PM
 AVERAGE    64

..........................................................


THE PORTLAND ME CLIMATE NORMALS FOR TODAY
                         NORMAL    RECORD    YEAR
 MAXIMUM TEMPERATURE (F)   34        52      1948
 MINIMUM TEMPERATURE (F)   16       -17      2003


SUNRISE AND SUNSET
FEBRUARY 14 2016......SUNRISE   642 AM EST   SUNSET   509 PM EST
FEBRUARY 15 2016......SUNRISE   641 AM EST   SUNSET   511 PM EST


-  INDICATES NEGATIVE NUMBERS.
R  INDICATES RECORD WAS SET OR TIED.
MM INDICATES DATA IS MISSING.
T  INDICATES TRACE AMOUNT.




$$
