000
CDUS46 KSGX 260018
CLIRAL


CLIMATE REPORT
NATIONAL WEATHER SERVICE SAN DIEGO, CA
518 PM PDT MON SEP 25 2017


...................................

...THE RIVERSIDE MUNI AIRPORT CA CLIMATE SUMMARY FOR SEPTEMBER 25 2017...
VALID TODAY AS OF 0500 PM LOCAL TIME.

CLIMATE NORMAL PERIOD 1981 TO 2010
CLIMATE RECORD PERIOD 1893 TO 2017


WEATHER ITEM   OBSERVED TIME   RECORD YEAR NORMAL DEPARTURE LAST
                VALUE   (LST)  VALUE       VALUE  FROM      YEAR
                                                  NORMAL
..................................................................
TEMPERATURE (F)
 TODAY
  MAXIMUM         89    305 PM 108    2010  88      1       99
                                      1921
  MINIMUM         56    616 AM  41    1934  60     -4       60
  AVERAGE         73                        74     -1       80

PRECIPITATION (IN)
  TODAY            0.00          0.50 1997   0.01  -0.01     0.00
  MONTH TO DATE    0.22                      0.19   0.03      T
  SINCE OCT 1     13.72                     12.34   1.38     5.45
  SINCE JAN 1      8.46                      9.53  -1.07     4.28

DEGREE DAYS
 HEATING
  TODAY            0                         0      0        0
  MONTH TO DATE    1                         0      1        0
  SINCE SEP 1      1                         0      1        0
  SINCE JUL 1      1                         0      1        0

 COOLING
  TODAY            8                         9     -1       15
  MONTH TO DATE  295                       292      3      262
  SINCE SEP 1    295                       292      3      262
  SINCE JAN 1   1943                      1550    393     1931
..................................................................


WIND (MPH)
  RESULTANT WIND SPEED   5   RESULTANT WIND DIRECTION  NE (40)
  HIGHEST WIND SPEED    15   HIGHEST WIND DIRECTION    NE (30)
  HIGHEST GUST SPEED    25   HIGHEST GUST DIRECTION    NE (30)
  AVERAGE WIND SPEED     6.3


SKY COVER
  POSSIBLE SUNSHINE  MM
  AVERAGE SKY COVER 0.0


WEATHER CONDITIONS
 THE FOLLOWING WEATHER WAS RECORDED TODAY.
  NO SIGNIFICANT WEATHER WAS OBSERVED.


RELATIVE HUMIDITY (PERCENT)
 HIGHEST    55           300 AM
 LOWEST     10          1200 PM
 AVERAGE    33

..........................................................


THE RIVERSIDE MUNI AIRPORT CA CLIMATE NORMALS FOR TOMORROW
                         NORMAL    RECORD    YEAR
 MAXIMUM TEMPERATURE (F)   87       110      2010
                                             1921
 MINIMUM TEMPERATURE (F)   60        39      1948


SUNRISE AND SUNSET
SEPTEMBER 25 2017.....SUNRISE   640 AM PDT   SUNSET   642 PM PDT
SEPTEMBER 26 2017.....SUNRISE   641 AM PDT   SUNSET   640 PM PDT


-  INDICATES NEGATIVE NUMBERS.
R  INDICATES RECORD WAS SET OR TIED.
MM INDICATES DATA IS MISSING.
T  INDICATES TRACE AMOUNT.




$$
