000
CDUS46 KSGX 230025
CLIRAL


CLIMATE REPORT
NATIONAL WEATHER SERVICE SAN DIEGO, CA
425 PM PST WED FEB 22 2017


...................................

...THE RIVERSIDE MUNI AIRPORT CA CLIMATE SUMMARY FOR FEBRUARY 22 2017...
VALID TODAY AS OF 0400 PM LOCAL TIME.

CLIMATE NORMAL PERIOD 1981 TO 2010
CLIMATE RECORD PERIOD 1893 TO 2017


WEATHER ITEM   OBSERVED TIME   RECORD YEAR NORMAL DEPARTURE LAST
                VALUE   (LST)  VALUE       VALUE  FROM      YEAR
                                                  NORMAL
..................................................................
TEMPERATURE (F)
 TODAY
  MAXIMUM         63    212 PM  91    2002  68     -5       83
  MINIMUM         50    435 AM  26    1955  45      5       46
  AVERAGE         57                        56      1       65

PRECIPITATION (IN)
  TODAY            0.00          1.10 1998   0.13  -0.13     0.00
  MONTH TO DATE    1.75                      2.31  -0.56     0.24
  SINCE OCT 1     12.49                      8.06   4.43     4.00
  SINCE JAN 1      7.23                      5.25   1.98     2.83

DEGREE DAYS
 HEATING
  TODAY            8                         9     -1        0
  MONTH TO DATE  153                       213    -60       83
  SINCE DEC 1    766                       858    -92      715
  SINCE JUL 1    870                      1058   -188      877

 COOLING
  TODAY            0                         0      0        0
  MONTH TO DATE    0                         0      0       61
  SINCE DEC 1      0                         8     -8       63
  SINCE JAN 1      0                         6     -6       61
..................................................................


WIND (MPH)
  RESULTANT WIND SPEED   5   RESULTANT WIND DIRECTION   W (270)
  HIGHEST WIND SPEED    17   HIGHEST WIND DIRECTION     W (250)
  HIGHEST GUST SPEED    24   HIGHEST GUST DIRECTION     W (260)
  AVERAGE WIND SPEED     5.2


SKY COVER
  POSSIBLE SUNSHINE  MM
  AVERAGE SKY COVER 0.5


WEATHER CONDITIONS
 THE FOLLOWING WEATHER WAS RECORDED TODAY.
  FOG


RELATIVE HUMIDITY (PERCENT)
 HIGHEST   100           500 AM
 LOWEST     43           300 PM
 AVERAGE    72

..........................................................


THE RIVERSIDE MUNI AIRPORT CA CLIMATE NORMALS FOR TOMORROW
                         NORMAL    RECORD    YEAR
 MAXIMUM TEMPERATURE (F)   68        89      1921
 MINIMUM TEMPERATURE (F)   45        28      1953


SUNRISE AND SUNSET
FEBRUARY 22 2017......SUNRISE   626 AM PST   SUNSET   540 PM PST
FEBRUARY 23 2017......SUNRISE   625 AM PST   SUNSET   541 PM PST


-  INDICATES NEGATIVE NUMBERS.
R  INDICATES RECORD WAS SET OR TIED.
MM INDICATES DATA IS MISSING.
T  INDICATES TRACE AMOUNT.




$$
