000
CDUS46 KSGX 300016
CLIRAL


CLIMATE REPORT
NATIONAL WEATHER SERVICE SAN DIEGO, CA
516 PM PDT WED MAR 29 2017


...................................

...THE RIVERSIDE MUNI AIRPORT CA CLIMATE SUMMARY FOR MARCH 29 2017...
VALID TODAY AS OF 0500 PM LOCAL TIME.

CLIMATE NORMAL PERIOD 1981 TO 2010
CLIMATE RECORD PERIOD 1893 TO 2017


WEATHER ITEM   OBSERVED TIME   RECORD YEAR NORMAL DEPARTURE LAST
                VALUE   (LST)  VALUE       VALUE  FROM      YEAR
                                                  NORMAL
..................................................................
TEMPERATURE (F)
 TODAY
  MAXIMUM         86    159 PM  93    2004  73     13       66
  MINIMUM         52    459 AM  32    1944  48      4       45
  AVERAGE         69                        60      9       56

PRECIPITATION (IN)
  TODAY            0.00          0.62 1941   0.03  -0.03     0.06
  MONTH TO DATE    0.16                      1.97  -1.81     0.75
  SINCE OCT 1     13.09                     10.76   2.33     4.75
  SINCE JAN 1      7.83                      7.95  -0.12     3.58

DEGREE DAYS
 HEATING
  TODAY            0                         5     -5        9
  MONTH TO DATE   91                       194   -103       85
  SINCE MAR 1     91                       194   -103       85
  SINCE JUL 1   1055                      1302   -247      962

 COOLING
  TODAY            4                         0      4        0
  MONTH TO DATE   59                         4     55       29
  SINCE MAR 1     59                         4     55       29
  SINCE JAN 1     59                        13     46      105
..................................................................


WIND (MPH)
  RESULTANT WIND SPEED   1   RESULTANT WIND DIRECTION   S (190)
  HIGHEST WIND SPEED    18   HIGHEST WIND DIRECTION     W (250)
  HIGHEST GUST SPEED    24   HIGHEST GUST DIRECTION     W (270)
  AVERAGE WIND SPEED     6.0


SKY COVER
  POSSIBLE SUNSHINE  MM
  AVERAGE SKY COVER 0.0


WEATHER CONDITIONS
 THE FOLLOWING WEATHER WAS RECORDED TODAY.
  NO SIGNIFICANT WEATHER WAS OBSERVED.


RELATIVE HUMIDITY (PERCENT)
 HIGHEST    50           500 AM
 LOWEST     14           100 PM
 AVERAGE    32

..........................................................


THE RIVERSIDE MUNI AIRPORT CA CLIMATE NORMALS FOR TOMORROW
                         NORMAL    RECORD    YEAR
 MAXIMUM TEMPERATURE (F)   73        93      1966
                                             1918
 MINIMUM TEMPERATURE (F)   48        30      1949


SUNRISE AND SUNSET
MARCH 29 2017.........SUNRISE   641 AM PDT   SUNSET   709 PM PDT
MARCH 30 2017.........SUNRISE   639 AM PDT   SUNSET   709 PM PDT


-  INDICATES NEGATIVE NUMBERS.
R  INDICATES RECORD WAS SET OR TIED.
MM INDICATES DATA IS MISSING.
T  INDICATES TRACE AMOUNT.




$$
