464
CDUS46 KSGX 100139
CLIRAL


CLIMATE REPORT
NATIONAL WEATHER SERVICE SAN DIEGO, CA
529 PM PST TUE FEB 9 2016


...................................

...THE RIVERSIDE MUNI AIRPORT CA CLIMATE SUMMARY FOR FEBRUARY 9 2016...
VALID TODAY AS OF 0500 PM LOCAL TIME.

CLIMATE NORMAL PERIOD 1981 TO 2010
CLIMATE RECORD PERIOD 1893 TO 2016


WEATHER ITEM   OBSERVED TIME   RECORD YEAR NORMAL DEPARTURE LAST
                VALUE   (LST)  VALUE       VALUE  FROM      YEAR
                                                  NORMAL
..................................................................
TEMPERATURE (F)
 TODAY
  MAXIMUM         88R   349 PM  88    1988  67     21       76
                                      1907
  MINIMUM         55    654 AM  26    1949  44     11       53
  AVERAGE         72                        55     17       65

PRECIPITATION (IN)
  TODAY            0.00          1.46 1932   0.10  -0.10     0.00
  MONTH TO DATE    0.00                      0.65  -0.65      T
  SINCE OCT 1      3.76                      6.40  -2.64     3.81
  SINCE JAN 1      2.59                      3.59  -1.00     0.58

DEGREE DAYS
 HEATING
  TODAY            0                        10    -10        0
  MONTH TO DATE   64                        90    -26       17
  SINCE DEC 1    696                       735    -39      470
  SINCE JUL 1    858                       935    -77      534

 COOLING
  TODAY            7                         0      7        0
  MONTH TO DATE   15                         0     15        4
  SINCE DEC 1     17                         8      9       16
  SINCE JAN 1     15                         6      9       11
..................................................................


WIND (MPH)
  RESULTANT WIND SPEED   7   RESULTANT WIND DIRECTION  NE (60)
  HIGHEST WIND SPEED    14   HIGHEST WIND DIRECTION    NE (40)
  HIGHEST GUST SPEED    20   HIGHEST GUST DIRECTION    NE (40)
  AVERAGE WIND SPEED     7.8


SKY COVER
  POSSIBLE SUNSHINE  MM
  AVERAGE SKY COVER 0.0


WEATHER CONDITIONS
 THE FOLLOWING WEATHER WAS RECORDED TODAY.
  NO SIGNIFICANT WEATHER WAS OBSERVED.


RELATIVE HUMIDITY (PERCENT)
 HIGHEST    33           100 AM
 LOWEST      9           100 PM
 AVERAGE    21

..........................................................


THE RIVERSIDE MUNI AIRPORT CA CLIMATE NORMALS FOR TOMORROW
                         NORMAL    RECORD    YEAR
 MAXIMUM TEMPERATURE (F)   67        89      1907
 MINIMUM TEMPERATURE (F)   44        25      1929


SUNRISE AND SUNSET
FEBRUARY  9 2016......SUNRISE   641 AM PST   SUNSET   528 PM PST
FEBRUARY 10 2016......SUNRISE   640 AM PST   SUNSET   529 PM PST


-  INDICATES NEGATIVE NUMBERS.
R  INDICATES RECORD WAS SET OR TIED.
MM INDICATES DATA IS MISSING.
T  INDICATES TRACE AMOUNT.




$$
