000
CDUS46 KSGX 241250
CLIRAL


CLIMATE REPORT
NATIONAL WEATHER SERVICE SAN DIEGO, CA
450 AM PST FRI NOV 24 2017


...................................

...THE RIVERSIDE MUNI AIRPORT CA CLIMATE SUMMARY FOR NOVEMBER 23 2017...

CLIMATE NORMAL PERIOD 1981 TO 2010
CLIMATE RECORD PERIOD 1893 TO 2017


WEATHER ITEM   OBSERVED TIME   RECORD YEAR NORMAL DEPARTURE LAST
                VALUE   (LST)  VALUE       VALUE  FROM      YEAR
                                                  NORMAL
..................................................................
TEMPERATURE (F)
 YESTERDAY
  MAXIMUM         94R   222 PM  91    1995  71     23       72
  MINIMUM         57    541 AM  24    1931  45     12       46
  AVERAGE         76                        58     18       59

PRECIPITATION (IN)
  YESTERDAY        0.00          1.30 1965   0.04  -0.04     0.00
  MONTH TO DATE    0.01                      0.75  -0.74     0.43
  SINCE OCT 1      0.01                      1.03  -1.02     1.39
  SINCE JAN 1      8.47                     10.62  -2.15     5.67

DEGREE DAYS
 HEATING
  YESTERDAY        0                         7     -7        6
  MONTH TO DATE   33                       109    -76       35
  SINCE SEP 1     34                       144   -110       38
  SINCE JUL 1     34                       144   -110       38

 COOLING
  YESTERDAY       11                         0     11        0
  MONTH TO DATE   44                        24     20       96
  SINCE SEP 1    644                       495    149      629
  SINCE JAN 1   2292                      1753    539     2298
..................................................................


WIND (MPH)
  RESULTANT WIND SPEED   2   RESULTANT WIND DIRECTION  NE (40)
  HIGHEST WIND SPEED     8   HIGHEST WIND DIRECTION     W (270)
  HIGHEST GUST SPEED    11   HIGHEST GUST DIRECTION     W (270)
  AVERAGE WIND SPEED     3.5


SKY COVER
  POSSIBLE SUNSHINE  MM
  AVERAGE SKY COVER 0.0


WEATHER CONDITIONS
 THE FOLLOWING WEATHER WAS RECORDED YESTERDAY.
  NO SIGNIFICANT WEATHER WAS OBSERVED.


RELATIVE HUMIDITY (PERCENT)
 HIGHEST    49           400 AM
 LOWEST     14           200 PM
 AVERAGE    32

..........................................................


THE RIVERSIDE MUNI AIRPORT CA CLIMATE NORMALS FOR TODAY
                         NORMAL    RECORD    YEAR
 MAXIMUM TEMPERATURE (F)   71        92      1995
 MINIMUM TEMPERATURE (F)   45        28      1931


SUNRISE AND SUNSET
NOVEMBER 24 2017......SUNRISE   631 AM PST   SUNSET   442 PM PST
NOVEMBER 25 2017......SUNRISE   632 AM PST   SUNSET   442 PM PST


-  INDICATES NEGATIVE NUMBERS.
R  INDICATES RECORD WAS SET OR TIED.
MM INDICATES DATA IS MISSING.
T  INDICATES TRACE AMOUNT.




$$
