000
CDUS43 KUNR 270036
CLIRAP


CLIMATE REPORT
NATIONAL WEATHER SERVICE RAPID CITY SD
635 PM MDT FRI MAY 26 2017


...................................

...THE RAPID CITY AIRPORT SD CLIMATE SUMMARY FOR MAY 26 2017...
VALID TODAY AS OF 0500 PM LOCAL TIME.

CLIMATE NORMAL PERIOD 1981 TO 2010
CLIMATE RECORD PERIOD 1942 TO 2017


WEATHER ITEM   OBSERVED TIME   RECORD YEAR NORMAL DEPARTURE LAST
                VALUE   (LST)  VALUE       VALUE  FROM      YEAR
                                                  NORMAL
..................................................................
TEMPERATURE (F)
 TODAY
  MAXIMUM         67   1118 AM  95    1969  71     -4       70
  MINIMUM         38    303 AM  30    1992  45     -7       44
                                      1984
  AVERAGE         53                        58     -5       57

PRECIPITATION (IN)
  TODAY            0.00          1.40 1996   0.10  -0.10     0.06
  MONTH TO DATE    1.09                      2.66  -1.57     0.76
  SINCE MAR 1      3.39                      5.39  -2.00     3.70
  SINCE JAN 1      4.20                      6.13  -1.93     4.56

SNOWFALL (IN)
  TODAY            0.0           0.0    MM   0.0    0.0      0.0
  MONTH TO DATE    0.0                       1.1   -1.1       T
  SINCE MAR 1      5.2                      17.7  -12.5     10.2
  SINCE JUL 1     35.7                      41.1   -5.4     36.3
  SNOW DEPTH       0

DEGREE DAYS
 HEATING
  TODAY           12                         8      4        8
  MONTH TO DATE  271                       291    -20      300
  SINCE MAR 1   1636                      1810   -174     1583
  SINCE JUL 1   6692                      7020   -328     6278

 COOLING
  TODAY            0                         1     -1        0
  MONTH TO DATE   12                         2     10        0
  SINCE MAR 1     12                         4      8        0
  SINCE JAN 1     12                         4      8        0
..................................................................


WIND (MPH)
  HIGHEST WIND SPEED    18   HIGHEST WIND DIRECTION     N (340)
  HIGHEST GUST SPEED    24   HIGHEST GUST DIRECTION     N (340)
  AVERAGE WIND SPEED     5.7


SKY COVER
  AVERAGE SKY COVER 0.3


WEATHER CONDITIONS
 THE FOLLOWING WEATHER WAS RECORDED TODAY.
  NO SIGNIFICANT WEATHER WAS OBSERVED.


RELATIVE HUMIDITY (PERCENT)
 HIGHEST    82           300 AM
 LOWEST     31          1000 AM
 AVERAGE    57

..........................................................


THE RAPID CITY AIRPORT SD CLIMATE NORMALS FOR TOMORROW
                         NORMAL    RECORD    YEAR
 MAXIMUM TEMPERATURE (F)   71        98      1969
 MINIMUM TEMPERATURE (F)   46        34      1992
                                             1965


SUNRISE AND SUNSET
MAY 26 2017...........SUNRISE   516 AM MDT   SUNSET   823 PM MDT
MAY 27 2017...........SUNRISE   515 AM MDT   SUNSET   824 PM MDT


-  INDICATES NEGATIVE NUMBERS.
R  INDICATES RECORD WAS SET OR TIED.
MM INDICATES DATA IS MISSING.
T  INDICATES TRACE AMOUNT.




$$
