000
CDUS43 KUNR 280037
CLIRAP


CLIMATE REPORT
NATIONAL WEATHER SERVICE RAPID CITY SD
537 PM MST SAT DEC 27 2014


...................................

...THE RAPID CITY AIRPORT SD CLIMATE SUMMARY FOR DECEMBER 27 2014...
VALID TODAY AS OF 0500 PM LOCAL TIME.

CLIMATE NORMAL PERIOD 1981 TO 2010
CLIMATE RECORD PERIOD 1942 TO 2014


WEATHER ITEM   OBSERVED TIME   RECORD YEAR NORMAL DEPARTURE LAST
                VALUE   (LST)  VALUE       VALUE  FROM      YEAR
                                                  NORMAL
..................................................................
TEMPERATURE (F)
 TODAY
  MAXIMUM         23    240 PM  59    1980  36    -13       54
  MINIMUM          1    709 AM -10    1988  12    -11       28
  AVERAGE         12                        24    -12       41

PRECIPITATION (IN)
  TODAY            0.00          0.24 1987   0.01  -0.01     0.00
  MONTH TO DATE    0.29                      0.36  -0.07     0.55
  SINCE DEC 1      0.29                      0.36  -0.07     0.55
  SINCE JAN 1     21.41                     16.23   5.18    21.69

SNOWFALL (IN)
  TODAY            0.0           3.2  1987   0.2   -0.2      0.0
  MONTH TO DATE    6.0                       4.8    1.2      8.5
  SINCE DEC 1      6.0                       4.8    1.2      8.5
  SINCE JUL 1     21.5                      12.6    8.9     33.3
  SNOW DEPTH       3

DEGREE DAYS
 HEATING
  TODAY           53                        41     12       24
  MONTH TO DATE  893                      1080   -187     1256
  SINCE DEC 1    893                      1080   -187     1256
  SINCE JUL 1   2701                      2755    -54     2976

 COOLING
  TODAY            0                         0      0        0
  MONTH TO DATE    0                         0      0        0
  SINCE DEC 1      0                         0      0        0
  SINCE JAN 1    424                       636   -212      724
..................................................................


WIND (MPH)
  HIGHEST WIND SPEED     7   HIGHEST WIND DIRECTION    NW (300)
  HIGHEST GUST SPEED     7   HIGHEST GUST DIRECTION    NW (300)
  AVERAGE WIND SPEED     2.6


SKY COVER
  AVERAGE SKY COVER 0.3


WEATHER CONDITIONS
 THE FOLLOWING WEATHER WAS RECORDED TODAY.
  NO SIGNIFICANT WEATHER WAS OBSERVED.


RELATIVE HUMIDITY (PERCENT)
 HIGHEST    87           100 AM
 LOWEST     62          1100 AM
 AVERAGE    75

..........................................................


THE RAPID CITY AIRPORT SD CLIMATE NORMALS FOR TOMORROW
                         NORMAL    RECORD    YEAR
 MAXIMUM TEMPERATURE (F)   36        62      1999
 MINIMUM TEMPERATURE (F)   12       -17      1990


SUNRISE AND SUNSET
DECEMBER 27 2014......SUNRISE   726 AM MST   SUNSET   421 PM MST
DECEMBER 28 2014......SUNRISE   727 AM MST   SUNSET   421 PM MST


-  INDICATES NEGATIVE NUMBERS.
R  INDICATES RECORD WAS SET OR TIED.
MM INDICATES DATA IS MISSING.
T  INDICATES TRACE AMOUNT.




$$
