000
CDUS43 KUNR 270836
CLIRAP


CLIMATE REPORT
NATIONAL WEATHER SERVICE RAPID CITY SD
135 AM MST THU NOV 27 2014


...................................

...THE RAPID CITY AIRPORT SD CLIMATE SUMMARY FOR NOVEMBER 26 2014...

CLIMATE NORMAL PERIOD 1981 TO 2010
CLIMATE RECORD PERIOD 1942 TO 2014


WEATHER ITEM   OBSERVED TIME   RECORD YEAR NORMAL DEPARTURE LAST
                VALUE   (LST)  VALUE       VALUE  FROM      YEAR
                                                  NORMAL
..................................................................
TEMPERATURE (F)
 YESTERDAY
  MAXIMUM         31    445 PM  71    1998  42    -11       34
  MINIMUM         24   1159 PM  -9    1985  18      6       17
  AVERAGE         28                        30     -2       26

PRECIPITATION (IN)
  YESTERDAY        T             0.36 1993   0.01  -0.01     0.00
  MONTH TO DATE    0.78                      0.48   0.30     0.38
  SINCE SEP 1      4.49                      3.19   1.30     7.08
  SINCE JAN 1     21.09                     15.82   5.27    21.14

SNOWFALL (IN)
  YESTERDAY        T             3.6  1993   0.2   -0.2      0.0
  MONTH TO DATE   15.0                       5.3    9.7      4.0
  SINCE SEP 1     15.0                       7.1    7.9     24.8
  SINCE JUL 1     15.0                       7.1    7.9     24.8
  SNOW DEPTH       1

DEGREE DAYS
 HEATING
  YESTERDAY       37                        35      2       39
  MONTH TO DATE  990                       767    223      802
  SINCE SEP 1   1626                      1492    134     1592
  SINCE JUL 1   1662                      1529    133     1597

 COOLING
  YESTERDAY        0                         0      0        0
  MONTH TO DATE    0                         0      0        0
  SINCE SEP 1     61                        64     -3      133
  SINCE JAN 1    424                       636   -212      724
..................................................................


WIND (MPH)
  HIGHEST WIND SPEED    26   HIGHEST WIND DIRECTION     N (350)
  HIGHEST GUST SPEED    36   HIGHEST GUST DIRECTION     N (350)
  AVERAGE WIND SPEED     7.5


SKY COVER
  AVERAGE SKY COVER 1.0


WEATHER CONDITIONS
 THE FOLLOWING WEATHER WAS RECORDED YESTERDAY.
  LIGHT SNOW
  FOG
  HAZE


RELATIVE HUMIDITY (PERCENT)
 HIGHEST    92          1000 PM
 LOWEST     72           200 PM
 AVERAGE    82

..........................................................


THE RAPID CITY AIRPORT SD CLIMATE NORMALS FOR TODAY
                         NORMAL    RECORD    YEAR
 MAXIMUM TEMPERATURE (F)   41        74      1949
 MINIMUM TEMPERATURE (F)   17       -15      1976


SUNRISE AND SUNSET
NOVEMBER 27 2014......SUNRISE   702 AM MST   SUNSET   417 PM MST
NOVEMBER 28 2014......SUNRISE   704 AM MST   SUNSET   417 PM MST


-  INDICATES NEGATIVE NUMBERS.
R  INDICATES RECORD WAS SET OR TIED.
MM INDICATES DATA IS MISSING.
T  INDICATES TRACE AMOUNT.




$$
