000
CDUS43 KUNR 260041
CLIRAP


CLIMATE REPORT
NATIONAL WEATHER SERVICE RAPID CITY SD
640 PM MDT THU AUG 25 2016


...................................

...THE RAPID CITY AIRPORT SD CLIMATE SUMMARY FOR AUGUST 25 2016...
VALID TODAY AS OF 0500 PM LOCAL TIME.

CLIMATE NORMAL PERIOD 1981 TO 2010
CLIMATE RECORD PERIOD 1942 TO 2016


WEATHER ITEM   OBSERVED TIME   RECORD YEAR NORMAL DEPARTURE LAST
                VALUE   (LST)  VALUE       VALUE  FROM      YEAR
                                                  NORMAL
..................................................................
TEMPERATURE (F)
 TODAY
  MAXIMUM         70    340 PM 103    1991  85    -15       88
  MINIMUM         53    601 AM  42    1964  55     -2       50
  AVERAGE         62                        70     -8       69

PRECIPITATION (IN)
  TODAY            T             0.09 1987   0.05  -0.05     0.00
  MONTH TO DATE    1.31                      1.31   0.00     1.81
  SINCE JUN 1      5.36                      5.69  -0.33    12.94
  SINCE JAN 1     10.00                     12.38  -2.38    20.99

SNOWFALL (IN)
  TODAY            0.0           0.0    MM   0.0    0.0      0.0
  MONTH TO DATE    0.0                       0.0    0.0      0.0
  SINCE JUN 1      0.0                       0.0    0.0      0.0
  SINCE JUL 1      0.0                       0.0    0.0      0.0
  SNOW DEPTH       0

DEGREE DAYS
 HEATING
  TODAY            3                         1      2        0
  MONTH TO DATE   21                         9     12       44
  SINCE JUN 1     34                       123    -89       72
  SINCE JUL 1     24                        24      0       45

 COOLING
  TODAY            0                         6     -6        4
  MONTH TO DATE  149                       194    -45      153
  SINCE JUN 1    590                       528     62      442
  SINCE JAN 1    590                       543     47      442
..................................................................


WIND (MPH)
  HIGHEST WIND SPEED    18   HIGHEST WIND DIRECTION     N (340)
  HIGHEST GUST SPEED    25   HIGHEST GUST DIRECTION     N (340)
  AVERAGE WIND SPEED     9.6


SKY COVER
  AVERAGE SKY COVER 0.7


WEATHER CONDITIONS
 THE FOLLOWING WEATHER WAS RECORDED TODAY.
  LIGHT RAIN


RELATIVE HUMIDITY (PERCENT)
 HIGHEST    77          1200 AM
 LOWEST     33           400 PM
 AVERAGE    55

..........................................................


THE RAPID CITY AIRPORT SD CLIMATE NORMALS FOR TOMORROW
                         NORMAL    RECORD    YEAR
 MAXIMUM TEMPERATURE (F)   84       103      1994
                                             1991
 MINIMUM TEMPERATURE (F)   54        43      2002
                                             1967


SUNRISE AND SUNSET
AUGUST 25 2016........SUNRISE   608 AM MDT   SUNSET   739 PM MDT
AUGUST 26 2016........SUNRISE   609 AM MDT   SUNSET   738 PM MDT


-  INDICATES NEGATIVE NUMBERS.
R  INDICATES RECORD WAS SET OR TIED.
MM INDICATES DATA IS MISSING.
T  INDICATES TRACE AMOUNT.




$$
