000
CDUS43 KUNR 290841
CLIRAP


CLIMATE REPORT
NATIONAL WEATHER SERVICE RAPID CITY SD
239 AM MDT FRI MAY 29 2015


...................................

...THE RAPID CITY AIRPORT SD CLIMATE SUMMARY FOR MAY 28 2015...

CLIMATE NORMAL PERIOD 1981 TO 2010
CLIMATE RECORD PERIOD 1942 TO 2015


WEATHER ITEM   OBSERVED TIME   RECORD YEAR NORMAL DEPARTURE LAST
                VALUE   (LST)  VALUE       VALUE  FROM      YEAR
                                                  NORMAL
..................................................................
TEMPERATURE (F)
 YESTERDAY
  MAXIMUM         74    157 PM  93    1943  71      3       87
  MINIMUM         53    519 AM  27    1947  46      7       55
  AVERAGE         64                        58      6       71

PRECIPITATION (IN)
  YESTERDAY        0.12          0.89 2007   0.11   0.01      T
  MONTH TO DATE    6.73                      2.88   3.85     1.14
  SINCE MAR 1      7.49                      5.61   1.88     4.50
  SINCE JAN 1      7.92                      6.35   1.57     4.99

SNOWFALL (IN)
  YESTERDAY        0.0           T    1947   0.0    0.0      0.0
  MONTH TO DATE   13.0                       1.1   11.9      0.1
  SINCE MAR 1     14.2                      17.7   -3.5     20.8
  SINCE JUL 1     49.2                      41.1    8.1     63.8
  SNOW DEPTH       0

DEGREE DAYS
 HEATING
  YESTERDAY        1                         7     -6        0
  MONTH TO DATE  361                       305     56      339
  SINCE MAR 1   1643                      1824   -181     2002
  SINCE JUL 1   6751                      7034   -283     7635

 COOLING
  YESTERDAY        0                         1     -1        6
  MONTH TO DATE    0                         4     -4        8
  SINCE MAR 1      0                         6     -6        8
  SINCE JAN 1      0                         6     -6        8
..................................................................


WIND (MPH)
  HIGHEST WIND SPEED    25   HIGHEST WIND DIRECTION     N (350)
  HIGHEST GUST SPEED    32   HIGHEST GUST DIRECTION     N (340)
  AVERAGE WIND SPEED    11.5


SKY COVER
  AVERAGE SKY COVER 0.3


WEATHER CONDITIONS
 THE FOLLOWING WEATHER WAS RECORDED YESTERDAY.
  THUNDERSTORM
  RAIN
  LIGHT RAIN
  FOG


RELATIVE HUMIDITY (PERCENT)
 HIGHEST    93          1200 AM
 LOWEST     49           200 PM
 AVERAGE    71

..........................................................


THE RAPID CITY AIRPORT SD CLIMATE NORMALS FOR TODAY
                         NORMAL    RECORD    YEAR
 MAXIMUM TEMPERATURE (F)   71        94      2003
 MINIMUM TEMPERATURE (F)   46        23      1947


SUNRISE AND SUNSET
MAY 29 2015...........SUNRISE   514 AM MDT   SUNSET   826 PM MDT
MAY 30 2015...........SUNRISE   514 AM MDT   SUNSET   827 PM MDT


-  INDICATES NEGATIVE NUMBERS.
R  INDICATES RECORD WAS SET OR TIED.
MM INDICATES DATA IS MISSING.
T  INDICATES TRACE AMOUNT.




$$
