000
CDUS43 KUNR 230040
CLIRAP


CLIMATE REPORT
NATIONAL WEATHER SERVICE RAPID CITY SD
539 PM MST SUN JAN 22 2017


...................................

...THE RAPID CITY AIRPORT SD CLIMATE SUMMARY FOR JANUARY 22 2017...
VALID TODAY AS OF 0500 PM LOCAL TIME.

CLIMATE NORMAL PERIOD 1981 TO 2010
CLIMATE RECORD PERIOD 1942 TO 2017


WEATHER ITEM   OBSERVED TIME   RECORD YEAR NORMAL DEPARTURE LAST
                VALUE   (LST)  VALUE       VALUE  FROM      YEAR
                                                  NORMAL
..................................................................
TEMPERATURE (F)
 TODAY
  MAXIMUM         43   1215 PM  62    1981  37      6       35
  MINIMUM         24    711 AM -18    1962  13     11       25
  AVERAGE         34                        25      9       30

PRECIPITATION (IN)
  TODAY            0.00          0.19 1965   0.01  -0.01     0.00
  MONTH TO DATE    0.11                      0.22  -0.11     0.09
  SINCE DEC 1      0.88                      0.64   0.24     0.72
  SINCE JAN 1      0.11                      0.22  -0.11     0.09

SNOWFALL (IN)
  TODAY            0.0           1.7  1965   0.1   -0.1      0.0
  MONTH TO DATE    3.6                       3.1    0.5      1.3
  SINCE DEC 1     14.9                       8.5    6.4     13.8
  SINCE JUL 1     17.7                      16.3    1.4     20.4
  SNOW DEPTH       1

DEGREE DAYS
 HEATING
  TODAY           31                        40     -9       35
  MONTH TO DATE 1073                       882    191      955
  SINCE DEC 1   2567                      2123    444     2152
  SINCE JUL 1   3790                      3798     -8     3597

 COOLING
  TODAY            0                         0      0        0
  MONTH TO DATE    0                         0      0        0
  SINCE DEC 1      0                         0      0        0
  SINCE JAN 1      0                         0      0        0
..................................................................


WIND (MPH)
  HIGHEST WIND SPEED    14   HIGHEST WIND DIRECTION     N (360)
  HIGHEST GUST SPEED    17   HIGHEST GUST DIRECTION     N (350)
  AVERAGE WIND SPEED     6.9


SKY COVER
  AVERAGE SKY COVER 0.0


WEATHER CONDITIONS
 THE FOLLOWING WEATHER WAS RECORDED TODAY.
  NO SIGNIFICANT WEATHER WAS OBSERVED.


RELATIVE HUMIDITY (PERCENT)
 HIGHEST    81          1200 AM
 LOWEST     43          1200 PM
 AVERAGE    62

..........................................................


THE RAPID CITY AIRPORT SD CLIMATE NORMALS FOR TOMORROW
                         NORMAL    RECORD    YEAR
 MAXIMUM TEMPERATURE (F)   37        68      2005
 MINIMUM TEMPERATURE (F)   13       -21      1963


SUNRISE AND SUNSET
JANUARY 22 2017.......SUNRISE   719 AM MST   SUNSET   449 PM MST
JANUARY 23 2017.......SUNRISE   718 AM MST   SUNSET   451 PM MST


-  INDICATES NEGATIVE NUMBERS.
R  INDICATES RECORD WAS SET OR TIED.
MM INDICATES DATA IS MISSING.
T  INDICATES TRACE AMOUNT.




$$
