000
CDUS43 KUNR 130833
CLIRAP


CLIMATE REPORT
NATIONAL WEATHER SERVICE RAPID CITY SD
232 AM MDT SUN JUL 13 2014


...................................

...THE RAPID CITY AIRPORT SD CLIMATE SUMMARY FOR JULY 12 2014...

CLIMATE NORMAL PERIOD 1981 TO 2010
CLIMATE RECORD PERIOD 1942 TO 2014


WEATHER ITEM   OBSERVED TIME   RECORD YEAR NORMAL DEPARTURE LAST
                VALUE   (LST)  VALUE       VALUE  FROM      YEAR
                                                  NORMAL
..................................................................
TEMPERATURE (F)
 YESTERDAY
  MAXIMUM         82    417 PM 109    1954  87     -5       92
  MINIMUM         60    309 AM  43    1987  58      2       68
  AVERAGE         71                        72     -1       80

PRECIPITATION (IN)
  YESTERDAY        0.00          1.03 1962   0.06  -0.06      T
  MONTH TO DATE    0.90                      0.65   0.25     0.91
  SINCE JUN 1      6.15                      3.18   2.97     3.07
  SINCE JAN 1     11.54                      9.87   1.67    10.69

SNOWFALL (IN)
  YESTERDAY        0.0                       0.0    0.0      0.0
  MONTH TO DATE    0.0                       0.0    0.0      0.0
  SINCE JUN 1      0.0                       0.0    0.0      0.0
  SINCE JUL 1      0.0                       0.0    0.0      0.0
  SNOW DEPTH       0

DEGREE DAYS
 HEATING
  YESTERDAY        0                         0      0        0
  MONTH TO DATE    7                        10     -3        0
  SINCE JUN 1    135                       109     26       80
  SINCE JUL 1      7                        10     -3        0

 COOLING
  YESTERDAY        6                         8     -2       15
  MONTH TO DATE   61                        83    -22      113
  SINCE JUN 1     83                       167    -84      183
  SINCE JAN 1    103                       182    -79      191
..................................................................


WIND (MPH)
  HIGHEST WIND SPEED    13   HIGHEST WIND DIRECTION     S (170)
  HIGHEST GUST SPEED    16   HIGHEST GUST DIRECTION     S (160)
  AVERAGE WIND SPEED     5.2


SKY COVER
  AVERAGE SKY COVER 0.3


WEATHER CONDITIONS
 THE FOLLOWING WEATHER WAS RECORDED YESTERDAY.
  FOG
  HAZE


RELATIVE HUMIDITY (PERCENT)
 HIGHEST    97           700 AM
 LOWEST     54           500 PM
 AVERAGE    76

..........................................................


THE RAPID CITY AIRPORT SD CLIMATE NORMALS FOR TODAY
                         NORMAL    RECORD    YEAR
 MAXIMUM TEMPERATURE (F)   87       105      2003
 MINIMUM TEMPERATURE (F)   58        39      1987


SUNRISE AND SUNSET
JULY 13 2014..........SUNRISE   522 AM MDT   SUNSET   834 PM MDT
JULY 14 2014..........SUNRISE   522 AM MDT   SUNSET   833 PM MDT


-  INDICATES NEGATIVE NUMBERS.
R  INDICATES RECORD WAS SET OR TIED.
MM INDICATES DATA IS MISSING.
T  INDICATES TRACE AMOUNT.




$$
