141
CDUS43 KUNR 200833
CLIRAP


CLIMATE REPORT
NATIONAL WEATHER SERVICE RAPID CITY SD
133 AM MST MON NOV 20 2017


...................................

...THE RAPID CITY AIRPORT SD CLIMATE SUMMARY FOR NOVEMBER 19 2017...

CLIMATE NORMAL PERIOD 1981 TO 2010
CLIMATE RECORD PERIOD 1942 TO 2017


WEATHER ITEM   OBSERVED TIME   RECORD YEAR NORMAL DEPARTURE LAST
                VALUE   (LST)  VALUE       VALUE  FROM      YEAR
                                                  NORMAL
..................................................................
TEMPERATURE (F)
 YESTERDAY
  MAXIMUM         55    104 PM  75    1989  45     10       36
  MINIMUM         17    649 AM  -7    2011  21     -4       10
  AVERAGE         36                        33      3       23

PRECIPITATION (IN)
  YESTERDAY        0.00          0.68 1977   0.02  -0.02     0.00
  MONTH TO DATE    0.14                      0.39  -0.25     0.20
  SINCE SEP 1      1.86                      3.10  -1.24     1.50
  SINCE JAN 1     11.02                     15.73  -4.71    12.47

SNOWFALL (IN)
  YESTERDAY        0.0           9.3  1977   0.3   -0.3      0.0
  MONTH TO DATE    T                         4.0   -4.0      2.4
  SINCE SEP 1      T                         5.8   -5.8      2.4
  SINCE JUL 1      T                         5.8   -5.8      2.4
  SNOW DEPTH       0

DEGREE DAYS
 HEATING
  YESTERDAY       29                        32     -3       42
  MONTH TO DATE  567                       528     39      342
  SINCE SEP 1   1310                      1253     57      859
  SINCE JUL 1   1317                      1290     27      891

 COOLING
  YESTERDAY        0                         0      0        0
  MONTH TO DATE    0                         0      0        0
  SINCE SEP 1     85                        64     21       30
  SINCE JAN 1    709                       636     73      646
..................................................................


WIND (MPH)
  HIGHEST WIND SPEED    13   HIGHEST WIND DIRECTION    SE (150)
  HIGHEST GUST SPEED    14   HIGHEST GUST DIRECTION     S (170)
  AVERAGE WIND SPEED     3.5


SKY COVER
  AVERAGE SKY COVER 0.0


WEATHER CONDITIONS
 THE FOLLOWING WEATHER WAS RECORDED YESTERDAY.
  NO SIGNIFICANT WEATHER WAS OBSERVED.


RELATIVE HUMIDITY (PERCENT)
 HIGHEST    73           400 AM
 LOWEST     24           100 PM
 AVERAGE    49

..........................................................


THE RAPID CITY AIRPORT SD CLIMATE NORMALS FOR TODAY
                         NORMAL    RECORD    YEAR
 MAXIMUM TEMPERATURE (F)   45        70      1962
 MINIMUM TEMPERATURE (F)   20        -7      1985


SUNRISE AND SUNSET
NOVEMBER 20 2017......SUNRISE   654 AM MST   SUNSET   421 PM MST
NOVEMBER 21 2017......SUNRISE   655 AM MST   SUNSET   421 PM MST


-  INDICATES NEGATIVE NUMBERS.
R  INDICATES RECORD WAS SET OR TIED.
MM INDICATES DATA IS MISSING.
T  INDICATES TRACE AMOUNT.




$$
