000
CDUS43 KUNR 260832
CLIRAP


CLIMATE REPORT
NATIONAL WEATHER SERVICE RAPID CITY SD
232 AM MDT WED JUL 26 2017


...................................

...THE RAPID CITY AIRPORT SD CLIMATE SUMMARY FOR JULY 25 2017...

CLIMATE NORMAL PERIOD 1981 TO 2010
CLIMATE RECORD PERIOD 1942 TO 2017


WEATHER ITEM   OBSERVED TIME   RECORD YEAR NORMAL DEPARTURE LAST
                VALUE   (LST)  VALUE       VALUE  FROM      YEAR
                                                  NORMAL
..................................................................
TEMPERATURE (F)
 YESTERDAY
  MAXIMUM         87    433 PM 105    1987  89     -2       92
  MINIMUM         63    320 AM  47    1996  59      4       63
                                      1971
  AVERAGE         75                        74      1       78

PRECIPITATION (IN)
  YESTERDAY        0.00          1.31 1981   0.07  -0.07     0.00
  MONTH TO DATE    0.67                      1.45  -0.78     1.85
  SINCE JUN 1      2.42                      3.98  -1.56     3.07
  SINCE JAN 1      6.69                     10.67  -3.98     7.71

SNOWFALL (IN)
  YESTERDAY        0.0           0.0    MM   0.0    0.0      0.0
  MONTH TO DATE    0.0                       0.0    0.0      0.0
  SINCE JUN 1      0.0                       0.0    0.0      0.0
  SINCE JUL 1      0.0                       0.0    0.0      0.0
  SNOW DEPTH       0

DEGREE DAYS
 HEATING
  YESTERDAY        0                         0      0        0
  MONTH TO DATE    0                        10    -10        3
  SINCE JUN 1     33                       109    -76       13
  SINCE JUL 1      0                        10    -10        3

 COOLING
  YESTERDAY       10                         9      1       13
  MONTH TO DATE  320                       196    124      212
  SINCE JUN 1    422                       280    142      398
  SINCE JAN 1    434                       295    139      398
..................................................................


WIND (MPH)
  HIGHEST WIND SPEED    23   HIGHEST WIND DIRECTION    NE (30)
  HIGHEST GUST SPEED    27   HIGHEST GUST DIRECTION    NE (30)
  AVERAGE WIND SPEED    11.1


SKY COVER
  AVERAGE SKY COVER 0.1


WEATHER CONDITIONS
 THE FOLLOWING WEATHER WAS RECORDED YESTERDAY.
  NO SIGNIFICANT WEATHER WAS OBSERVED.


RELATIVE HUMIDITY (PERCENT)
 HIGHEST    78           600 AM
 LOWEST     35           400 PM
 AVERAGE    57

..........................................................


THE RAPID CITY AIRPORT SD CLIMATE NORMALS FOR TODAY
                         NORMAL    RECORD    YEAR
 MAXIMUM TEMPERATURE (F)   89       103      1987
 MINIMUM TEMPERATURE (F)   59        44      1971


SUNRISE AND SUNSET
JULY 26 2017..........SUNRISE   534 AM MDT   SUNSET   823 PM MDT
JULY 27 2017..........SUNRISE   535 AM MDT   SUNSET   822 PM MDT


-  INDICATES NEGATIVE NUMBERS.
R  INDICATES RECORD WAS SET OR TIED.
MM INDICATES DATA IS MISSING.
T  INDICATES TRACE AMOUNT.




$$
