373
CDUS46 KMFR 241821
CLIRBG


CLIMATE REPORT
NATIONAL WEATHER SERVICE MEDFORD, OR
1021 AM PST FRI FEB 24 2017


...................................

...THE ROSEBURG OR CLIMATE SUMMARY FOR FEBRUARY 23 2017...

CLIMATE NORMAL PERIOD 1981 TO 2010
CLIMATE RECORD PERIOD 1931 TO 2017


WEATHER ITEM   OBSERVED TIME   RECORD YEAR NORMAL DEPARTURE LAST
                VALUE   (LST)  VALUE       VALUE  FROM      YEAR
                                                  NORMAL
..................................................................
TEMPERATURE (F)
 YESTERDAY
  MAXIMUM         46    244 PM  69    1946  55     -9       63
  MINIMUM         34   1041 PM  24    1960  38     -4       36
  AVERAGE         40                        46     -6       50

PRECIPITATION (IN)
  YESTERDAY        T             1.21 1986   0.12  -0.12     0.00
  MONTH TO DATE    7.55                      3.31   4.24     2.18
  SINCE OCT 1     31.94                     24.05   7.89    27.98
  SINCE JAN 1     13.02                      8.40   4.62     8.79

SNOWFALL (IN)
  YESTERDAY       MM                        MM     MM       MM
  MONTH TO DATE   MM                        MM     MM       MM
  SINCE JUL 1     MM                        MM     MM        0.0
  SNOW DEPTH      MM

DEGREE DAYS
 HEATING
  YESTERDAY       25                        19      6       15
  MONTH TO DATE  408                       459    -51      339
  SINCE DEC 1   1950                      1849    101     1542
  SINCE JUL 1   2589                      2778   -189     2270

 COOLING
  YESTERDAY        0                         0      0        0
  MONTH TO DATE    0                         0      0        0
  SINCE DEC 1      0                         0      0        0
  SINCE JAN 1      0                         0      0        0
..................................................................


WIND (MPH)
  RESULTANT WIND SPEED   1   RESULTANT WIND DIRECTION   W (260)
  HIGHEST WIND SPEED    14   HIGHEST WIND DIRECTION     N (10)
  HIGHEST GUST SPEED    17   HIGHEST GUST DIRECTION     N (10)
  AVERAGE WIND SPEED     2.2


SKY COVER
  POSSIBLE SUNSHINE  MM
  AVERAGE SKY COVER 0.7


WEATHER CONDITIONS
 THE FOLLOWING WEATHER WAS RECORDED YESTERDAY.
  LIGHT RAIN
  FOG


RELATIVE HUMIDITY (PERCENT)
 HIGHEST   100          1200 AM
 LOWEST     53           400 PM
 AVERAGE    77

..........................................................


THE ROSEBURG OR CLIMATE NORMALS FOR TODAY
                         NORMAL    RECORD    YEAR
 MAXIMUM TEMPERATURE (F)   55        74      1938
 MINIMUM TEMPERATURE (F)   38        25      1953


SUNRISE AND SUNSET
FEBRUARY 24 2017......SUNRISE   657 AM PST   SUNSET   557 PM PST
FEBRUARY 25 2017......SUNRISE   655 AM PST   SUNSET   558 PM PST


-  INDICATES NEGATIVE NUMBERS.
R  INDICATES RECORD WAS SET OR TIED.
MM INDICATES DATA IS MISSING.
T  INDICATES TRACE AMOUNT.




$$
