000
CDUS46 KMFR 140837
CLIRBG


CLIMATE REPORT
NATIONAL WEATHER SERVICE MEDFORD, OR
1237 AM PST THU DEC 14 2017


...................................

...THE ROSEBURG OR CLIMATE SUMMARY FOR DECEMBER 13 2017...

CLIMATE NORMAL PERIOD 1981 TO 2010
CLIMATE RECORD PERIOD 1931 TO 2017


WEATHER ITEM   OBSERVED TIME   RECORD YEAR NORMAL DEPARTURE LAST
                VALUE   (LST)  VALUE       VALUE  FROM      YEAR
                                                  NORMAL
..................................................................
TEMPERATURE (F)
 YESTERDAY
  MAXIMUM         38    349 PM  64    2004  47     -9       39
  MINIMUM         31    425 AM   9    1932  36     -5       35
  AVERAGE         35                        42     -7       37

PRECIPITATION (IN)
  YESTERDAY        0.00          2.86 2003   0.19  -0.19     0.01
  MONTH TO DATE    0.31                      2.47  -2.16     2.00
  SINCE OCT 1      7.28                     11.60  -4.32    14.83
  SINCE JAN 1     31.66                     32.21  -0.55    34.16

SNOWFALL (IN)
  YESTERDAY       MM                        MM     MM       MM
  MONTH TO DATE   MM                        MM     MM       MM
  SINCE JUL 1     MM                        MM     MM       MM
  SNOW DEPTH      MM

DEGREE DAYS
 HEATING
  YESTERDAY       30                        23      7       28
  MONTH TO DATE  361                       293     68      291
  SINCE DEC 1    361                       293     68      291
  SINCE JUL 1   1220                      1222     -2      930

 COOLING
  YESTERDAY        0                         0      0        0
  MONTH TO DATE    0                         0      0        0
  SINCE DEC 1      0                         0      0        0
  SINCE JAN 1    863                       480    383      732
..................................................................


WIND (MPH)
  RESULTANT WIND SPEED   0   RESULTANT WIND DIRECTION   E (90)
  HIGHEST WIND SPEED     8   HIGHEST WIND DIRECTION     N (10)
  HIGHEST GUST SPEED     9   HIGHEST GUST DIRECTION     N (10)
  AVERAGE WIND SPEED     1.6


SKY COVER
  POSSIBLE SUNSHINE  MM
  AVERAGE SKY COVER 1.0


WEATHER CONDITIONS
 THE FOLLOWING WEATHER WAS RECORDED YESTERDAY.
  FOG
  FOG W/VISIBILITY <= 1/4 MILE


RELATIVE HUMIDITY (PERCENT)
 HIGHEST   100          1200 AM
 LOWEST     85           200 PM
 AVERAGE    93

..........................................................


THE ROSEBURG OR CLIMATE NORMALS FOR TODAY
                         NORMAL    RECORD    YEAR
 MAXIMUM TEMPERATURE (F)   47        68      1962
 MINIMUM TEMPERATURE (F)   36         9      1932


SUNRISE AND SUNSET
DECEMBER 14 2017......SUNRISE   738 AM PST   SUNSET   439 PM PST
DECEMBER 15 2017......SUNRISE   739 AM PST   SUNSET   439 PM PST


-  INDICATES NEGATIVE NUMBERS.
R  INDICATES RECORD WAS SET OR TIED.
MM INDICATES DATA IS MISSING.
T  INDICATES TRACE AMOUNT.




$$
