000
CDUS46 KMFR 060843
CLIRBG


CLIMATE REPORT
NATIONAL WEATHER SERVICE MEDFORD, OR
1243 AM PST FRI MAR 6 2015


...................................

...THE ROSEBURG OR CLIMATE SUMMARY FOR MARCH 5 2015...

CLIMATE NORMAL PERIOD 1981 TO 2010
CLIMATE RECORD PERIOD 1931 TO 2015


WEATHER ITEM   OBSERVED TIME   RECORD YEAR NORMAL DEPARTURE LAST
                VALUE   (LST)  VALUE       VALUE  FROM      YEAR
                                                  NORMAL
..................................................................
TEMPERATURE (F)
 YESTERDAY
  MAXIMUM         70    334 PM  71    1986  57     13       66
  MINIMUM         33    819 AM  21    1955  39     -6       55
  AVERAGE         52                        48      4       61

PRECIPITATION (IN)
  YESTERDAY        0.00          0.90 1989   0.10  -0.10     0.20
  MONTH TO DATE    0.03                      0.50  -0.47     0.65
  SINCE OCT 1     20.49                     25.19  -4.70    11.80
  SINCE JAN 1      6.21                      9.54  -3.33     8.10

SNOWFALL (IN)
  YESTERDAY       MM                        MM     MM       MM
  MONTH TO DATE    0.0                      MM     MM       MM
  SINCE JUL 1      0.0                      MM     MM        0.0
  SNOW DEPTH      MM

DEGREE DAYS
 HEATING
  YESTERDAY       13                        18     -5        4
  MONTH TO DATE   88                        90     -2       42
  SINCE MAR 1     88                        90     -2       42
  SINCE JUL 1   2145                      2959   -814     2969

 COOLING
  YESTERDAY        0                         0      0        0
  MONTH TO DATE    0                         0      0        0
  SINCE MAR 1      0                         0      0        0
  SINCE JAN 1      0                         0      0        0
..................................................................


WIND (MPH)
  RESULTANT WIND SPEED   0   RESULTANT WIND DIRECTION   N (20)
  HIGHEST WIND SPEED     7   HIGHEST WIND DIRECTION     N (350)
  HIGHEST GUST SPEED     9   HIGHEST GUST DIRECTION     N (340)
  AVERAGE WIND SPEED     1.1


SKY COVER
  POSSIBLE SUNSHINE  MM
  AVERAGE SKY COVER 0.2


WEATHER CONDITIONS
 THE FOLLOWING WEATHER WAS RECORDED YESTERDAY.
  FOG
  FOG W/VISIBILITY <= 1/4 MILE


RELATIVE HUMIDITY (PERCENT)
 HIGHEST   100           800 AM
 LOWEST     31           400 PM
 AVERAGE    66

..........................................................


THE ROSEBURG OR CLIMATE NORMALS FOR TODAY
                         NORMAL    RECORD    YEAR
 MAXIMUM TEMPERATURE (F)   57        70      1979
 MINIMUM TEMPERATURE (F)   39        19      1956


SUNRISE AND SUNSET
MARCH  6 2015.........SUNRISE   641 AM PST   SUNSET   609 PM PST
MARCH  7 2015.........SUNRISE   640 AM PST   SUNSET   610 PM PST


-  INDICATES NEGATIVE NUMBERS.
R  INDICATES RECORD WAS SET OR TIED.
MM INDICATES DATA IS MISSING.
T  INDICATES TRACE AMOUNT.




$$
