000
CDUS46 KMFR 300837
CLIRBG


CLIMATE REPORT
NATIONAL WEATHER SERVICE MEDFORD, OR
136 AM PDT THU JUL 30 2015


...................................

...THE ROSEBURG OR CLIMATE SUMMARY FOR JULY 29 2015...

CLIMATE NORMAL PERIOD 1981 TO 2010
CLIMATE RECORD PERIOD 1931 TO 2015


WEATHER ITEM   OBSERVED TIME   RECORD YEAR NORMAL DEPARTURE LAST
                VALUE   (LST)  VALUE       VALUE  FROM      YEAR
                                                  NORMAL
..................................................................
TEMPERATURE (F)
 YESTERDAY
  MAXIMUM        103    422 PM 106    2009  86     17       97
  MINIMUM         60    548 AM  43    1948  57      3       64
  AVERAGE         82                        72     10       81

PRECIPITATION (IN)
  YESTERDAY        0.00          0.41 1975   0.01  -0.01     0.00
  MONTH TO DATE    0.01                      0.40  -0.39     0.20
  SINCE OCT 1     24.95                     34.81  -9.86    20.32
  SINCE JAN 1     10.67                     19.16  -8.49    16.62

SNOWFALL (IN)
  YESTERDAY       MM                        MM     MM       MM
  MONTH TO DATE    0.0                      MM     MM       MM
  SINCE JUL 1      0.0                      MM     MM       MM
  SNOW DEPTH      MM

DEGREE DAYS
 HEATING
  YESTERDAY        0                         0      0        0
  MONTH TO DATE    0                         8     -8        7
  SINCE JUN 1     12                        91    -79       42
  SINCE JUL 1      0                         8     -8        7

 COOLING
  YESTERDAY       17                         7     10       16
  MONTH TO DATE  306                       162    144      280
  SINCE JUN 1    537                       212    325      351
  SINCE JAN 1    567                       232    335      396
..................................................................


WIND (MPH)
  RESULTANT WIND SPEED   3   RESULTANT WIND DIRECTION   N (10)
  HIGHEST WIND SPEED    16   HIGHEST WIND DIRECTION     N (10)
  HIGHEST GUST SPEED    20   HIGHEST GUST DIRECTION     N (350)
  AVERAGE WIND SPEED     3.7


SKY COVER
  POSSIBLE SUNSHINE  MM
  AVERAGE SKY COVER 0.0


WEATHER CONDITIONS
 THE FOLLOWING WEATHER WAS RECORDED YESTERDAY.
  HAZE


RELATIVE HUMIDITY (PERCENT)
 HIGHEST    64           500 AM
 LOWEST     12           300 PM
 AVERAGE    38

..........................................................


THE ROSEBURG OR CLIMATE NORMALS FOR TODAY
                         NORMAL    RECORD    YEAR
 MAXIMUM TEMPERATURE (F)   86       105      2003
 MINIMUM TEMPERATURE (F)   57        43      1956


SUNRISE AND SUNSET
JULY 30 2015..........SUNRISE   601 AM PDT   SUNSET   838 PM PDT
JULY 31 2015..........SUNRISE   603 AM PDT   SUNSET   837 PM PDT


-  INDICATES NEGATIVE NUMBERS.
R  INDICATES RECORD WAS SET OR TIED.
MM INDICATES DATA IS MISSING.
T  INDICATES TRACE AMOUNT.




$$
