000
CDUS46 KMFR 210836
CLIRBG


CLIMATE REPORT
NATIONAL WEATHER SERVICE MEDFORD, OR
136 AM PDT SAT OCT 21 2017


...................................

...THE ROSEBURG OR CLIMATE SUMMARY FOR OCTOBER 20 2017...

CLIMATE NORMAL PERIOD 1981 TO 2010
CLIMATE RECORD PERIOD 1931 TO 2017


WEATHER ITEM   OBSERVED TIME   RECORD YEAR NORMAL DEPARTURE LAST
                VALUE   (LST)  VALUE       VALUE  FROM      YEAR
                                                  NORMAL
..................................................................
TEMPERATURE (F)
 YESTERDAY
  MAXIMUM         53   1159 AM  83    2003  64    -11       66
  MINIMUM         42    952 PM  28    1949  44     -2       56
  AVERAGE         48                        54     -6       61

PRECIPITATION (IN)
  YESTERDAY        0.76R         0.72 1934   0.09   0.67     0.07
  MONTH TO DATE    1.48                      1.30   0.18     6.54
  SINCE OCT 1      1.48                      1.30   0.18     6.54
  SINCE JAN 1     25.86                     21.91   3.95    25.87

SNOWFALL (IN)
  YESTERDAY       MM                        MM     MM       MM
  MONTH TO DATE   MM                        MM     MM       MM
  SINCE JUL 1     MM                        MM     MM       MM
  SNOW DEPTH      MM

DEGREE DAYS
 HEATING
  YESTERDAY       17                        11      6        4
  MONTH TO DATE  210                       158     52      123
  SINCE SEP 1    276                       226     50      158
  SINCE JUL 1    276                       247     29      161

 COOLING
  YESTERDAY        0                         0      0        0
  MONTH TO DATE    0                         2     -2        6
  SINCE SEP 1    138                        67     71       71
  SINCE JAN 1    863                       478    385      732
..................................................................


WIND (MPH)
  RESULTANT WIND SPEED   1   RESULTANT WIND DIRECTION   E (90)
  HIGHEST WIND SPEED    23   HIGHEST WIND DIRECTION     N (360)
  HIGHEST GUST SPEED    26   HIGHEST GUST DIRECTION     N (10)
  AVERAGE WIND SPEED     3.5


SKY COVER
  POSSIBLE SUNSHINE  MM
  AVERAGE SKY COVER 0.8


WEATHER CONDITIONS
 THE FOLLOWING WEATHER WAS RECORDED YESTERDAY.
  HEAVY RAIN
  RAIN
  LIGHT RAIN
  FOG
  HAZE


RELATIVE HUMIDITY (PERCENT)
 HIGHEST   100          1100 PM
 LOWEST     80          1200 AM
 AVERAGE    90

..........................................................


THE ROSEBURG OR CLIMATE NORMALS FOR TODAY
                         NORMAL    RECORD    YEAR
 MAXIMUM TEMPERATURE (F)   64        83      2003
 MINIMUM TEMPERATURE (F)   44        30      1949


SUNRISE AND SUNSET
OCTOBER 21 2017.......SUNRISE   735 AM PDT   SUNSET   620 PM PDT
OCTOBER 22 2017.......SUNRISE   736 AM PDT   SUNSET   619 PM PDT


-  INDICATES NEGATIVE NUMBERS.
R  INDICATES RECORD WAS SET OR TIED.
MM INDICATES DATA IS MISSING.
T  INDICATES TRACE AMOUNT.




$$
