000
CDUS46 KMFR 170845
CLIRBG


CLIMATE REPORT
NATIONAL WEATHER SERVICE MEDFORD, OR
145 AM PDT THU AUG 17 2017


...................................

...THE ROSEBURG OR CLIMATE SUMMARY FOR AUGUST 16 2017...

CLIMATE NORMAL PERIOD 1981 TO 2010
CLIMATE RECORD PERIOD 1931 TO 2017


WEATHER ITEM   OBSERVED TIME   RECORD YEAR NORMAL DEPARTURE LAST
                VALUE   (LST)  VALUE       VALUE  FROM      YEAR
                                                  NORMAL
..................................................................
TEMPERATURE (F)
 YESTERDAY
  MAXIMUM         93    420 PM 102    2008  85      8       93
  MINIMUM         54    525 AM  44    1935  56     -2       61
  AVERAGE         74                        70      4       77

PRECIPITATION (IN)
  YESTERDAY        0.00          0.32 1976   0.02  -0.02     0.00
  MONTH TO DATE    T                         0.16  -0.16     0.00
  SINCE OCT 1     42.38                     34.99   7.39    38.45
  SINCE JAN 1     23.46                     19.34   4.12    19.26

SNOWFALL (IN)
  YESTERDAY       MM                        MM     MM       MM
  MONTH TO DATE   MM                        MM     MM       MM
  SINCE JUL 1     MM                        MM     MM       MM
  SNOW DEPTH      MM

DEGREE DAYS
 HEATING
  YESTERDAY        0                         0      0        0
  MONTH TO DATE    0                         0      0        0
  SINCE JUN 1     64                        94    -30       67
  SINCE JUL 1      0                        11    -11        3

 COOLING
  YESTERDAY        9                         5      4       12
  MONTH TO DATE  205                        98    107      139
  SINCE JUN 1    548                       321    227      469
  SINCE JAN 1    597                       341    256      512
..................................................................


WIND (MPH)
  RESULTANT WIND SPEED   3   RESULTANT WIND DIRECTION   N (10)
  HIGHEST WIND SPEED    17   HIGHEST WIND DIRECTION     N (10)
  HIGHEST GUST SPEED    21   HIGHEST GUST DIRECTION     N (10)
  AVERAGE WIND SPEED     4.6


SKY COVER
  POSSIBLE SUNSHINE  MM
  AVERAGE SKY COVER 0.0


WEATHER CONDITIONS
 THE FOLLOWING WEATHER WAS RECORDED YESTERDAY.
  HAZE


RELATIVE HUMIDITY (PERCENT)
 HIGHEST    72           300 AM
 LOWEST     19           200 PM
 AVERAGE    46

..........................................................


THE ROSEBURG OR CLIMATE NORMALS FOR TODAY
                         NORMAL    RECORD    YEAR
 MAXIMUM TEMPERATURE (F)   85        99      1950
 MINIMUM TEMPERATURE (F)   56        45      1935


SUNRISE AND SUNSET
AUGUST 17 2017........SUNRISE   622 AM PDT   SUNSET   813 PM PDT
AUGUST 18 2017........SUNRISE   623 AM PDT   SUNSET   811 PM PDT


-  INDICATES NEGATIVE NUMBERS.
R  INDICATES RECORD WAS SET OR TIED.
MM INDICATES DATA IS MISSING.
T  INDICATES TRACE AMOUNT.




$$
