000
CDUS46 KMFR 270912
CLIRBG


CLIMATE REPORT
NATIONAL WEATHER SERVICE MEDFORD, OR
212 AM PDT WED MAY 27 2015


...................................

...THE ROSEBURG OR CLIMATE SUMMARY FOR MAY 26 2015...

CLIMATE NORMAL PERIOD 1981 TO 2010
CLIMATE RECORD PERIOD 1931 TO 2015


WEATHER ITEM   OBSERVED TIME   RECORD YEAR NORMAL DEPARTURE LAST
                VALUE   (LST)  VALUE       VALUE  FROM      YEAR
                                                  NORMAL
..................................................................
TEMPERATURE (F)
 YESTERDAY
  MAXIMUM         76    431 PM  95    2005  72      4       75
  MINIMUM         50    453 AM  37    1972  49      1       56
  AVERAGE         63                        60      3       66

PRECIPITATION (IN)
  YESTERDAY        0.00          0.79 1960   0.07  -0.07     0.00
  MONTH TO DATE    0.18                      1.96  -1.78     1.29
  SINCE OCT 1     24.66                     32.97  -8.31    19.00
  SINCE JAN 1     10.38                     17.32  -6.94    15.30

SNOWFALL (IN)
  YESTERDAY       MM                        MM     MM       MM
  MONTH TO DATE   MM                        MM     MM       MM
  SINCE JUL 1      0.0                      MM     MM        0.0
  SNOW DEPTH      MM

DEGREE DAYS
 HEATING
  YESTERDAY        2                         6     -4        0
  MONTH TO DATE  114                       193    -79      100
  SINCE MAR 1    777                      1088   -311      787
  SINCE JUL 1   2834                      3957  -1123     3714

 COOLING
  YESTERDAY        0                         1     -1        1
  MONTH TO DATE    2                        14    -12       39
  SINCE MAR 1      3                        15    -12       45
  SINCE JAN 1      3                        15    -12       45
..................................................................


WIND (MPH)
  RESULTANT WIND SPEED   4   RESULTANT WIND DIRECTION   N (10)
  HIGHEST WIND SPEED    16   HIGHEST WIND DIRECTION     N (10)
  HIGHEST GUST SPEED    27   HIGHEST GUST DIRECTION    SE (150)
  AVERAGE WIND SPEED     4.7


SKY COVER
  POSSIBLE SUNSHINE  MM
  AVERAGE SKY COVER 0.3


WEATHER CONDITIONS
 THE FOLLOWING WEATHER WAS RECORDED YESTERDAY.
  NO SIGNIFICANT WEATHER WAS OBSERVED.


RELATIVE HUMIDITY (PERCENT)
 HIGHEST    89           300 AM
 LOWEST     38           500 PM
 AVERAGE    64

..........................................................


THE ROSEBURG OR CLIMATE NORMALS FOR TODAY
                         NORMAL    RECORD    YEAR
 MAXIMUM TEMPERATURE (F)   72        95      2005
 MINIMUM TEMPERATURE (F)   49        32      1954


SUNRISE AND SUNSET
MAY 27 2015...........SUNRISE   539 AM PDT   SUNSET   842 PM PDT
MAY 28 2015...........SUNRISE   539 AM PDT   SUNSET   843 PM PDT


-  INDICATES NEGATIVE NUMBERS.
R  INDICATES RECORD WAS SET OR TIED.
MM INDICATES DATA IS MISSING.
T  INDICATES TRACE AMOUNT.




$$
