000
CDUS46 KSTO 180840 RRA
CLIRDD

CLIMATE REPORT
NATIONAL WEATHER SERVICE SACRAMENTO, CA
140 AM PDT WED OCT 18 2017


...................................

...THE REDDING AIRPORT CA CLIMATE SUMMARY FOR OCTOBER 17 2017...

CLIMATE NORMAL PERIOD 1981 TO 2010
CLIMATE RECORD PERIOD 1986 TO 2017


WEATHER ITEM   OBSERVED RECORD YEAR NORMAL DEPARTURE LAST
                VALUE   VALUE       VALUE  FROM      YEAR
                                           NORMAL
...........................................................
TEMPERATURE (F)
 YESTERDAY
  MAXIMUM         85     99    1988  77      8       66
  MINIMUM         42     39    1996  49     -7       51
  AVERAGE         64

PRECIPITATION (IN)
  YESTERDAY        0.00   0.40 2004   0.08  -0.08     0.02
  MONTH TO DATE    0.00               0.81  -0.81     3.23
  SINCE OCT 1      0.00               0.81  -0.81     3.23
  SINCE JAN 1     29.01              22.58   6.43    33.86

SNOWFALL (IN)
  YESTERDAY        0.0    0.0  2002  MM               0.0
                               2001
  MONTH TO DATE    0.0               MM               0.0
  SINCE SEP 1      0.0               MM               0.0
  SINCE JUL 1      0.0               MM               0.0

DEGREE DAYS
 HEATING
  YESTERDAY        1

 COOLING
  YESTERDAY        0
...........................................................


WIND (MPH)
  RESULTANT WIND SPEED   1   RESULTANT WIND DIRECTION  SE (140)
  HIGHEST WIND SPEED     8   HIGHEST WIND DIRECTION    SE (150)
  HIGHEST GUST SPEED    10   HIGHEST GUST DIRECTION    SE (130)


SKY COVER
  POSSIBLE SUNSHINE  MM
  AVERAGE SKY COVER 0.0


WEATHER CONDITIONS
 THE FOLLOWING WEATHER WAS RECORDED YESTERDAY.
  NO SIGNIFICANT WEATHER WAS OBSERVED.


RELATIVE HUMIDITY (PERCENT)
 HIGHEST    67
 LOWEST      8
 AVERAGE    38

..........................................................


THE REDDING AIRPORT CA CLIMATE NORMALS FOR TODAY
                         NORMAL    RECORD    YEAR
 MAXIMUM TEMPERATURE (F)   77        95      1988
 MINIMUM TEMPERATURE (F)   49        39      1999
                                             1994


SUNRISE AND SUNSET
OCTOBER 18 2017.......SUNRISE   724 AM PDT   SUNSET   624 PM PDT
OCTOBER 19 2017.......SUNRISE   725 AM PDT   SUNSET   623 PM PDT


-  INDICATES NEGATIVE NUMBERS.
R  INDICATES RECORD WAS SET OR TIED.
MM INDICATES DATA IS MISSING.
T  INDICATES TRACE AMOUNT.

&&
....................................................................

REDDING CITY CLIMATE DATA FOR OCTOBER 17

CLIMATE RECORD PERIOD 1897-1986

RECORD HIGH..............     92 IN 1961
RECORD LOW...............     31 IN 1984
RECORD RAINFALL..........   0.39 IN 1920

$$
