167
CDUS46 KSTO 140047
CLIRDD

CLIMATE REPORT
NATIONAL WEATHER SERVICE SACRAMENTO, CA
444 PM PST WED DEC 13 2017


...................................

...THE REDDING AIRPORT CA CLIMATE SUMMARY FOR DECEMBER 13 2017...
VALID TODAY AS OF 0400 PM LOCAL TIME.

CLIMATE NORMAL PERIOD 1981 TO 2010
CLIMATE RECORD PERIOD 1986 TO 2017


WEATHER ITEM   OBSERVED RECORD YEAR NORMAL DEPARTURE LAST
                VALUE   VALUE       VALUE  FROM      YEAR
                                           NORMAL
...........................................................
TEMPERATURE (F)
 TODAY
  MAXIMUM         63     74    1988  55      8       49
  MINIMUM         29     25    1989  36     -7       36
  AVERAGE         46

PRECIPITATION (IN)
  TODAY            0.00   3.07 2002   0.20  -0.20     0.41
  MONTH TO DATE    0.08               2.41  -2.33     2.54
  SINCE OCT 1      5.64               8.99  -3.35    15.24
  SINCE JAN 1     34.65              30.76   3.89    45.87

SNOWFALL (IN)
  TODAY            0.0   MM      MM  MM              MM
  MONTH TO DATE    0.0               MM               0.0
  SINCE DEC 1      0.0               MM               0.0
  SINCE JUL 1      0.0               MM               0.0

DEGREE DAYS
 HEATING
  TODAY           19

 COOLING
  TODAY            0
...........................................................


WIND (MPH)
  RESULTANT WIND SPEED   0   RESULTANT WIND DIRECTION   E (90)
  HIGHEST WIND SPEED     5   HIGHEST WIND DIRECTION     N (20)
  HIGHEST GUST SPEED     7   HIGHEST GUST DIRECTION     W (260)


SKY COVER
  POSSIBLE SUNSHINE  MM
  AVERAGE SKY COVER 0.0


WEATHER CONDITIONS
 THE FOLLOWING WEATHER WAS RECORDED TODAY.
  FOG


RELATIVE HUMIDITY (PERCENT)
 HIGHEST    92
 LOWEST     36
 AVERAGE    64

..........................................................


THE REDDING AIRPORT CA CLIMATE NORMALS FOR TOMORROW
                         NORMAL    RECORD    YEAR
 MAXIMUM TEMPERATURE (F)   54        71      1989
 MINIMUM TEMPERATURE (F)   36        24      2011


SUNRISE AND SUNSET
DECEMBER 13 2017......SUNRISE   724 AM PST   SUNSET   443 PM PST
DECEMBER 14 2017......SUNRISE   725 AM PST   SUNSET   443 PM PST


-  INDICATES NEGATIVE NUMBERS.
R  INDICATES RECORD WAS SET OR TIED.
MM INDICATES DATA IS MISSING.
T  INDICATES TRACE AMOUNT.

&&
....................................................................

REDDING CITY CLIMATE DATA FOR DECEMBER 13

CLIMATE RECORD PERIOD 1897-1986

RECORD HIGH..............     81 IN 1924
RECORD LOW...............     22 IN 1972

RECORD RAINFALL..........   2.50 IN 1915

$$

NNNN
