000
CDUS46 KSTO 040836
CLIRDD

CLIMATE REPORT
NATIONAL WEATHER SERVICE SACRAMENTO, CA
136 AM PDT FRI SEP 4 2015


...................................

...THE REDDING AIRPORT CA CLIMATE SUMMARY FOR SEPTEMBER 3 2015...

CLIMATE NORMAL PERIOD 1981 TO 2010
CLIMATE RECORD PERIOD 1986 TO 2015


WEATHER ITEM   OBSERVED RECORD YEAR NORMAL DEPARTURE LAST
                VALUE   VALUE       VALUE  FROM      YEAR
                                           NORMAL
...........................................................
TEMPERATURE (F)
 YESTERDAY
  MAXIMUM         85    116    1988  93     -8      100
  MINIMUM         63     52    1989  60      3       62
  AVERAGE         74

PRECIPITATION (IN)
  YESTERDAY        0.00   0.09 2000   0.02  -0.02     0.00
  MONTH TO DATE    0.00               0.04  -0.04     0.00
  SINCE OCT 1     23.08              34.02 -10.94    16.59
  SINCE JAN 1      6.83              21.17 -14.34    14.48

SNOWFALL (IN)
  YESTERDAY        0.0   MM      MM  MM               0.0
  MONTH TO DATE    0.0               MM               0.0
  SINCE SEP 1      0.0               MM               0.0
  SINCE JUL 1      0.0               MM               0.0

DEGREE DAYS
 HEATING
  YESTERDAY        0

 COOLING
  YESTERDAY        9
...........................................................


WIND (MPH)
  RESULTANT WIND SPEED   5   RESULTANT WIND DIRECTION   S (200)
  HIGHEST WIND SPEED    14   HIGHEST WIND DIRECTION     S (180)
  HIGHEST GUST SPEED    20   HIGHEST GUST DIRECTION    SE (150)


SKY COVER
  POSSIBLE SUNSHINE  MM
  AVERAGE SKY COVER 0.4


WEATHER CONDITIONS
 THE FOLLOWING WEATHER WAS RECORDED YESTERDAY.
  NO SIGNIFICANT WEATHER WAS OBSERVED.


RELATIVE HUMIDITY (PERCENT)
 HIGHEST    63
 LOWEST     23
 AVERAGE    43

..........................................................


THE REDDING AIRPORT CA CLIMATE NORMALS FOR TODAY
                         NORMAL    RECORD    YEAR
 MAXIMUM TEMPERATURE (F)   93       115      1988
 MINIMUM TEMPERATURE (F)   60        53      1995
                                             1992
                                             1990


SUNRISE AND SUNSET
SEPTEMBER  4 2015.....SUNRISE   639 AM PDT   SUNSET   737 PM PDT
SEPTEMBER  5 2015.....SUNRISE   640 AM PDT   SUNSET   735 PM PDT


-  INDICATES NEGATIVE NUMBERS.
R  INDICATES RECORD WAS SET OR TIED.
MM INDICATES DATA IS MISSING.
T  INDICATES TRACE AMOUNT.




&&
....................................................................

REDDING CITY CLIMATE DATA FOR SEPTEMBER 03

CLIMATE RECORD PERIOD 1897-1986

RECORD HIGH..............    112 IN 1955
RECORD LOW...............     43 IN 1912

RECORD RAINFALL..........   0.36 IN 1940

$$

NNNN
