912
CDUS46 KSTO 310836
CLIRDD

CLIMATE REPORT
NATIONAL WEATHER SERVICE SACRAMENTO, CA
134 AM PDT WED AUG 31 2016


...................................

...THE REDDING AIRPORT CA CLIMATE SUMMARY FOR AUGUST 30 2016...

CLIMATE NORMAL PERIOD 1981 TO 2010
CLIMATE RECORD PERIOD 1986 TO 2016


WEATHER ITEM   OBSERVED RECORD YEAR NORMAL DEPARTURE LAST
                VALUE   VALUE       VALUE  FROM      YEAR
                                           NORMAL
...........................................................
TEMPERATURE (F)
 YESTERDAY
  MAXIMUM         93    110    1987  94     -1       90
  MINIMUM         63     50    2010  61      2       57
  AVERAGE         78

PRECIPITATION (IN)
  YESTERDAY        0.00   0.00 2015   0.01  -0.01     0.00
                               2014
                               2013
  MONTH TO DATE    0.00               0.17  -0.17      T
  SINCE OCT 1     40.49              33.97   6.52    23.08
  SINCE JAN 1     30.63              21.12   9.51     6.83

SNOWFALL (IN)
  YESTERDAY        0.0   MM      MM  MM               0.0
  MONTH TO DATE    0.0               MM               0.0
  SINCE JUN 1      0.0               MM               0.0
  SINCE JUL 1      0.0               MM               0.0

DEGREE DAYS
 HEATING
  YESTERDAY        0

 COOLING
  YESTERDAY       13
...........................................................


WIND (MPH)
  RESULTANT WIND SPEED   1   RESULTANT WIND DIRECTION  SE (150)
  HIGHEST WIND SPEED    13   HIGHEST WIND DIRECTION     S (160)
  HIGHEST GUST SPEED    16   HIGHEST GUST DIRECTION     S (170)


SKY COVER
  POSSIBLE SUNSHINE  MM
  AVERAGE SKY COVER 0.0


WEATHER CONDITIONS
 THE FOLLOWING WEATHER WAS RECORDED YESTERDAY.
  NO SIGNIFICANT WEATHER WAS OBSERVED.


RELATIVE HUMIDITY (PERCENT)
 HIGHEST    53
 LOWEST     12
 AVERAGE    33

..........................................................


THE REDDING AIRPORT CA CLIMATE NORMALS FOR TODAY
                         NORMAL    RECORD    YEAR
 MAXIMUM TEMPERATURE (F)   94       111      1987
 MINIMUM TEMPERATURE (F)   61        52      1995


SUNRISE AND SUNSET
AUGUST 31 2016........SUNRISE   636 AM PDT   SUNSET   742 PM PDT
SEPTEMBER  1 2016.....SUNRISE   637 AM PDT   SUNSET   740 PM PDT


-  INDICATES NEGATIVE NUMBERS.
R  INDICATES RECORD WAS SET OR TIED.
MM INDICATES DATA IS MISSING.
T  INDICATES TRACE AMOUNT.




&&
....................................................................

REDDING CITY CLIMATE DATA FOR AUGUST 30

CLIMATE RECORD PERIOD 1897-1986

RECORD HIGH..............    107 IN 1968
RECORD LOW...............     48 IN 1953

RECORD RAINFALL..........   0.06 IN 1966

$$

JCLAPP
