000
CDUS46 KSTO 011441
CLIRDD

CLIMATE REPORT
NATIONAL WEATHER SERVICE SACRAMENTO, CA
730 AM PDT MON SEP 1 2014

.........................................................

...THE REDDING AIRPORT CA CLIMATE SUMMARY FOR AUGUST 31 2014...

CLIMATE NORMAL PERIOD 1981 TO 2010
CLIMATE RECORD PERIOD 1986 TO 2014


WEATHER ITEM   OBSERVED RECORD YEAR NORMAL DEPARTURE LAST
                VALUE   VALUE       VALUE  FROM      YEAR
                                           NORMAL
...........................................................
TEMPERATURE (F)
 YESTERDAY
  MAXIMUM         98    111    1987  94      4       98
  MINIMUM         65     52    1995  61      4       64
  AVERAGE         82

PRECIPITATION (IN)
  YESTERDAY        0.00   0.00 2007   0.01  -0.01     0.00
                               2006
                               2005
  MONTH TO DATE    0.12               0.18  -0.06      T
  SINCE JUL 1      0.21               0.27  -0.06      T
  SINCE JAN 1     14.48              21.13  -6.65     9.30

SNOWFALL (IN)
  YESTERDAY        0.0   MM      MM  MM               0.0
  MONTH TO DATE    0.0               MM               0.0
  SINCE JUN 1      0.0               MM               0.0
  SINCE JUL 1      0.0               MM               0.0

DEGREE DAYS
 HEATING
  YESTERDAY        0

 COOLING
  YESTERDAY       17
...........................................................


WIND (MPH)
  RESULTANT WIND SPEED   3   RESULTANT WIND DIRECTION   N (340)
  HIGHEST WIND SPEED    13   HIGHEST WIND DIRECTION     N (350)
  HIGHEST GUST SPEED    17   HIGHEST GUST DIRECTION     N (340)


SKY COVER
  POSSIBLE SUNSHINE  MM
  AVERAGE SKY COVER 0.1


WEATHER CONDITIONS
 THE FOLLOWING WEATHER WAS RECORDED YESTERDAY.
  HAZE


RELATIVE HUMIDITY (PERCENT)
 HIGHEST    45
 LOWEST     11
 AVERAGE    28

..........................................................


THE REDDING AIRPORT CA CLIMATE NORMALS FOR TODAY
                         NORMAL    RECORD    YEAR
 MAXIMUM TEMPERATURE (F)   94       110      1998
                                             1988
 MINIMUM TEMPERATURE (F)   61        54      2012


SUNRISE AND SUNSET
SEPTEMBER  1 2014.....SUNRISE   637 AM PDT   SUNSET   741 PM PDT
SEPTEMBER  2 2014.....SUNRISE   637 AM PDT   SUNSET   739 PM PDT


-  INDICATES NEGATIVE NUMBERS.
R  INDICATES RECORD WAS SET OR TIED.
MM INDICATES DATA IS MISSING.
T  INDICATES TRACE AMOUNT.

&&
....................................................................

REDDING CITY CLIMATE DATA FOR AUGUST 31

CLIMATE RECORD PERIOD 1897-1986

RECORD HIGH..............    108 IN 1968
RECORD LOW...............     51 IN 1952

RECORD RAINFALL..........   0.25 IN 1983

$$
POWELL
