000
CDUS46 KSTO 221614
CLIRDD

CLIMATE REPORT
NATIONAL WEATHER SERVICE SACRAMENTO, CA
815 AM PDT MON SEP 22 2014


...................................

...THE REDDING AIRPORT CA CLIMATE SUMMARY FOR SEPTEMBER 21 2014...

CLIMATE NORMAL PERIOD 1981 TO 2010
CLIMATE RECORD PERIOD 1986 TO 2014


WEATHER ITEM   OBSERVED RECORD YEAR NORMAL DEPARTURE LAST
                VALUE   VALUE       VALUE  FROM      YEAR
                                           NORMAL
...........................................................
TEMPERATURE (F)
 YESTERDAY
  MAXIMUM         87    108    1987  89     -2       67
  MINIMUM         62     47    1986  57      5       51
  AVERAGE         75

PRECIPITATION (IN)
  YESTERDAY        0.00   1.22 2013   0.02  -0.02     1.22
  MONTH TO DATE    0.00               0.40  -0.40     1.32
  SINCE JUL 1      0.21               0.67  -0.46     1.32
  SINCE JAN 1     14.48              21.53  -7.05    10.62

SNOWFALL (IN)
  YESTERDAY        0.0    0.0  2002  MM               0.0
                               2001
  MONTH TO DATE    0.0               MM               0.0
  SINCE SEP 1      0.0               MM               0.0
  SINCE JUL 1      0.0               MM               0.0

DEGREE DAYS
 HEATING
  YESTERDAY        0

 COOLING
  YESTERDAY       10
...........................................................


WIND (MPH)
  RESULTANT WIND SPEED   4   RESULTANT WIND DIRECTION   S (180)
  HIGHEST WIND SPEED    15   HIGHEST WIND DIRECTION     S (160)
  HIGHEST GUST SPEED    19   HIGHEST GUST DIRECTION    SE (150)


SKY COVER
  POSSIBLE SUNSHINE  MM
  AVERAGE SKY COVER 0.0


WEATHER CONDITIONS
 THE FOLLOWING WEATHER WAS RECORDED YESTERDAY.
  HAZE


RELATIVE HUMIDITY (PERCENT)
 HIGHEST    70
 LOWEST     37
 AVERAGE    54

..........................................................


THE REDDING AIRPORT CA CLIMATE NORMALS FOR TODAY
                         NORMAL    RECORD    YEAR
 MAXIMUM TEMPERATURE (F)   89       105      2009
                                             2003
 MINIMUM TEMPERATURE (F)   56        49      2013
                                             1988


SUNRISE AND SUNSET
SEPTEMBER 22 2014.....SUNRISE   657 AM PDT   SUNSET   706 PM PDT
SEPTEMBER 23 2014.....SUNRISE   658 AM PDT   SUNSET   704 PM PDT


-  INDICATES NEGATIVE NUMBERS.
R  INDICATES RECORD WAS SET OR TIED.
MM INDICATES DATA IS MISSING.
T  INDICATES TRACE AMOUNT.






&&
....................................................................

REDDING CITY CLIMATE DATA FOR SEPTEMBER 21

CLIMATE RECORD PERIOD 1897-1986

RECORD HIGH..............    104 IN 1967
RECORD LOW...............     44 IN 1924

RECORD RAINFALL..........   1.19 IN 1923

$$
