000
CDUS46 KSTO 220046
CLIRDD

SFOCLIRDD 000
TTAA00 KSTO 220045


CLIMATE REPORT
NATIONAL WEATHER SERVICE SACRAMENTO, CA
545 PM PDT THU AUG 21 2014


...................................

...THE REDDING AIRPORT CA CLIMATE SUMMARY FOR AUGUST 21 2014...
VALID TODAY AS OF 0500 PM LOCAL TIME.

CLIMATE NORMAL PERIOD 1981 TO 2010
CLIMATE RECORD PERIOD 1986 TO 2014


WEATHER ITEM   OBSERVED RECORD YEAR NORMAL DEPARTURE LAST
                VALUE   VALUE       VALUE  FROM      YEAR
                                           NORMAL
...........................................................
TEMPERATURE (F)
 TODAY
  MAXIMUM         96    106    2009  96      0       97
  MINIMUM         63     55    1998  62      1       70
  AVERAGE         80

PRECIPITATION (IN)
  TODAY            0.00   0.01 2003   0.01  -0.01     0.00
  MONTH TO DATE    0.12               0.10   0.02     0.00
  SINCE JUL 1      0.21               0.19   0.02      T
  SINCE JAN 1     14.48              21.05  -6.57     9.30

SNOWFALL (IN)
  TODAY            0.0   MM      MM  MM               0.0
  MONTH TO DATE    0.0               MM               0.0
  SINCE JUN 1      0.0               MM               0.0
  SINCE JUL 1      0.0               MM               0.0

DEGREE DAYS
 HEATING
  TODAY            0

 COOLING
  TODAY           15
...........................................................


WIND (MPH)
  RESULTANT WIND SPEED   3   RESULTANT WIND DIRECTION   S (160)
  HIGHEST WIND SPEED    18   HIGHEST WIND DIRECTION     S (160)
  HIGHEST GUST SPEED    24   HIGHEST GUST DIRECTION     S (160)


SKY COVER
  POSSIBLE SUNSHINE  MM
  AVERAGE SKY COVER 0.0


WEATHER CONDITIONS
 THE FOLLOWING WEATHER WAS RECORDED TODAY.
  NO SIGNIFICANT WEATHER WAS OBSERVED.


RELATIVE HUMIDITY (PERCENT)
 HIGHEST    73
 LOWEST     18
 AVERAGE    46

..........................................................


THE REDDING AIRPORT CA CLIMATE NORMALS FOR TOMORROW
                         NORMAL    RECORD    YEAR
 MAXIMUM TEMPERATURE (F)   95       106      1999
 MINIMUM TEMPERATURE (F)   62        53      1992


SUNRISE AND SUNSET
AUGUST 21 2014........SUNRISE   626 AM PDT   SUNSET   758 PM PDT
AUGUST 22 2014........SUNRISE   627 AM PDT   SUNSET   756 PM PDT


-  INDICATES NEGATIVE NUMBERS.
R  INDICATES RECORD WAS SET OR TIED.
MM INDICATES DATA IS MISSING.
T  INDICATES TRACE AMOUNT.




$$
