000
CDUS46 KSTO 220840 RRA
CLIRDD

CLIMATE REPORT
NATIONAL WEATHER SERVICE SACRAMENTO, CA
140 AM PDT TUE AUG 22 2017


...................................

...THE REDDING AIRPORT CA CLIMATE SUMMARY FOR AUGUST 21 2017...

CLIMATE NORMAL PERIOD 1981 TO 2010
CLIMATE RECORD PERIOD 1986 TO 2017


WEATHER ITEM   OBSERVED RECORD YEAR NORMAL DEPARTURE LAST
                VALUE   VALUE       VALUE  FROM      YEAR
                                           NORMAL
...........................................................
TEMPERATURE (F)
 YESTERDAY
  MAXIMUM         93    106    2009  96     -3      100
  MINIMUM         70     55    1998  62      8       68
  AVERAGE         82

PRECIPITATION (IN)
  YESTERDAY        0.00   0.01 2003   0.01  -0.01     0.00
  MONTH TO DATE    0.10               0.10   0.00     0.00
  SINCE OCT 1     47.13              33.90  13.23    40.49
  SINCE JAN 1     28.40              21.05   7.35    30.63

SNOWFALL (IN)
  YESTERDAY        0.0   MM      MM  MM               0.0
  MONTH TO DATE    0.0               MM               0.0
  SINCE JUN 1      0.0               MM               0.0
  SINCE JUL 1      0.0               MM               0.0

DEGREE DAYS
 HEATING
  YESTERDAY        0

 COOLING
  YESTERDAY       17
...........................................................


WIND (MPH)
  RESULTANT WIND SPEED   3   RESULTANT WIND DIRECTION   S (180)
  HIGHEST WIND SPEED    16   HIGHEST WIND DIRECTION     S (180)
  HIGHEST GUST SPEED    23   HIGHEST GUST DIRECTION    SE (140)


SKY COVER
  POSSIBLE SUNSHINE  MM
  AVERAGE SKY COVER 0.0


WEATHER CONDITIONS
 THE FOLLOWING WEATHER WAS RECORDED YESTERDAY.
  HAZE


RELATIVE HUMIDITY (PERCENT)
 HIGHEST    79
 LOWEST     30
 AVERAGE    55

..........................................................


THE REDDING AIRPORT CA CLIMATE NORMALS FOR TODAY
                         NORMAL    RECORD    YEAR
 MAXIMUM TEMPERATURE (F)   95       106      1999
 MINIMUM TEMPERATURE (F)   62        53      1992


SUNRISE AND SUNSET
AUGUST 22 2017........SUNRISE   627 AM PDT   SUNSET   756 PM PDT
AUGUST 23 2017........SUNRISE   628 AM PDT   SUNSET   755 PM PDT


-  INDICATES NEGATIVE NUMBERS.
R  INDICATES RECORD WAS SET OR TIED.
MM INDICATES DATA IS MISSING.
T  INDICATES TRACE AMOUNT.

&&
....................................................................

REDDING CITY CLIMATE DATA FOR AUGUST 21

CLIMATE RECORD PERIOD 1897-1986

RECORD HIGH..............    109 IN 1964
RECORD LOW...............     52 IN 1959
RECORD RAINFALL..........   0.19 IN 1968

$$
