000
CDUS46 KSTO 040851
CLIRDD

CLIMATE REPORT
NATIONAL WEATHER SERVICE SACRAMENTO, CA
133 AM PDT TUE AUG 4 2015


...................................

...THE REDDING AIRPORT CA CLIMATE SUMMARY FOR AUGUST 3 2015...

CLIMATE NORMAL PERIOD 1981 TO 2010
CLIMATE RECORD PERIOD 1986 TO 2015


WEATHER ITEM   OBSERVED RECORD YEAR NORMAL DEPARTURE LAST
                VALUE   VALUE       VALUE  FROM      YEAR
                                           NORMAL
...........................................................
TEMPERATURE (F)
 YESTERDAY
  MAXIMUM         99    112    1998  99      0       97
  MINIMUM         69     59    2013  65      4       63
                               2005
                               1991
  AVERAGE         84

PRECIPITATION (IN)
  YESTERDAY        0.00   0.00 2014   0.00   0.00     0.00
                               2013
                               2012
  MONTH TO DATE    T                  0.01  -0.01     0.00
  SINCE OCT 1     23.08              33.81 -10.73    16.47
  SINCE JAN 1      6.83              20.96 -14.13    14.36

SNOWFALL (IN)
  YESTERDAY        0.0   MM      MM  MM               0.0
  MONTH TO DATE    0.0               MM               0.0
  SINCE JUN 1      0.0               MM               0.0
  SINCE JUL 1      0.0               MM               0.0

DEGREE DAYS
 HEATING
  YESTERDAY        0

 COOLING
  YESTERDAY       19
...........................................................


WIND (MPH)
  RESULTANT WIND SPEED   4   RESULTANT WIND DIRECTION   S (170)
  HIGHEST WIND SPEED    16   HIGHEST WIND DIRECTION     S (180)
  HIGHEST GUST SPEED    25   HIGHEST GUST DIRECTION     S (160)


SKY COVER
  POSSIBLE SUNSHINE  MM
  AVERAGE SKY COVER 0.0


WEATHER CONDITIONS
 THE FOLLOWING WEATHER WAS RECORDED YESTERDAY.
  NO SIGNIFICANT WEATHER WAS OBSERVED.


RELATIVE HUMIDITY (PERCENT)
 HIGHEST    66
 LOWEST     18
 AVERAGE    42

..........................................................


THE REDDING AIRPORT CA CLIMATE NORMALS FOR TODAY
                         NORMAL    RECORD    YEAR
 MAXIMUM TEMPERATURE (F)   99       112      1998
 MINIMUM TEMPERATURE (F)   65        58      1992


SUNRISE AND SUNSET
AUGUST  4 2015........SUNRISE   609 AM PDT   SUNSET   821 PM PDT
AUGUST  5 2015........SUNRISE   610 AM PDT   SUNSET   820 PM PDT


-  INDICATES NEGATIVE NUMBERS.
R  INDICATES RECORD WAS SET OR TIED.
MM INDICATES DATA IS MISSING.
T  INDICATES TRACE AMOUNT.




&&
....................................................................

REDDING CITY CLIMATE DATA FOR AUGUST 03

CLIMATE RECORD PERIOD 1897-1986

RECORD HIGH..............    108 IN 1946
RECORD LOW...............     54 IN 1953

RECORD RAINFALL..........   0.00 IN 1986

$$

NNNN
