000
CDUS46 KSTO 250844
CLIRDD

CLIMATE REPORT
NATIONAL WEATHER SERVICE SACRAMENTO, CA
141 AM PDT SUN JUN 25 2017


...................................

...THE REDDING AIRPORT CA CLIMATE SUMMARY FOR JUNE 24 2017...

CLIMATE NORMAL PERIOD 1981 TO 2010
CLIMATE RECORD PERIOD 1986 TO 2017


WEATHER ITEM   OBSERVED RECORD YEAR NORMAL DEPARTURE LAST
                VALUE   VALUE       VALUE  FROM      YEAR
                                           NORMAL
...........................................................
TEMPERATURE (F)
 YESTERDAY
  MAXIMUM        113    114    2006  93     20       94
  MINIMUM         73     52    1996  64      9       62
  AVERAGE         93

PRECIPITATION (IN)
  YESTERDAY        0.00   0.14 2013   0.01  -0.01     0.00
  MONTH TO DATE    0.59               0.65  -0.06     2.46
  SINCE OCT 1     47.03              33.67  13.36    40.49
  SINCE JAN 1     28.30              20.82   7.48    30.63

SNOWFALL (IN)
  YESTERDAY        0.0   MM      MM  MM               0.0
  MONTH TO DATE    0.0               MM               0.0
  SINCE JUN 1      0.0               MM               0.0
  SINCE JUL 1      3.0               MM               0.0

DEGREE DAYS
 HEATING
  YESTERDAY        0

 COOLING
  YESTERDAY       28
...........................................................


WIND (MPH)
  RESULTANT WIND SPEED   2   RESULTANT WIND DIRECTION   W (270)
  HIGHEST WIND SPEED    17   HIGHEST WIND DIRECTION     S (180)
  HIGHEST GUST SPEED    21   HIGHEST GUST DIRECTION     N (10)


SKY COVER
  POSSIBLE SUNSHINE  MM
  AVERAGE SKY COVER 0.0


WEATHER CONDITIONS
 THE FOLLOWING WEATHER WAS RECORDED YESTERDAY.
  NO SIGNIFICANT WEATHER WAS OBSERVED.


RELATIVE HUMIDITY (PERCENT)
 HIGHEST    60
 LOWEST      9
 AVERAGE    35

..........................................................


THE REDDING AIRPORT CA CLIMATE NORMALS FOR TODAY
                         NORMAL    RECORD    YEAR
 MAXIMUM TEMPERATURE (F)   93       117      2006
 MINIMUM TEMPERATURE (F)   64        53      2012


SUNRISE AND SUNSET
JUNE 25 2017..........SUNRISE   540 AM PDT   SUNSET   844 PM PDT
JUNE 26 2017..........SUNRISE   540 AM PDT   SUNSET   844 PM PDT


-  INDICATES NEGATIVE NUMBERS.
R  INDICATES RECORD WAS SET OR TIED.
MM INDICATES DATA IS MISSING.
T  INDICATES TRACE AMOUNT.




&&
....................................................................

REDDING CITY CLIMATE DATA FOR JUNE 24

CLIMATE RECORD PERIOD 1897-1986

RECORD HIGH..............    113 IN 1925
RECORD LOW...............     49 IN 1975

RECORD RAINFALL..........   0.76 IN 1941

$$

NNNN
