000
CDUS46 KSTO 030840
CLIRDD

CLIMATE REPORT
NATIONAL WEATHER SERVICE SACRAMENTO, CA
1236 AM PST TUE MAR 3 2015


...................................

...THE REDDING AIRPORT CA CLIMATE SUMMARY FOR MARCH 2 2015...

CLIMATE NORMAL PERIOD 1981 TO 2010
CLIMATE RECORD PERIOD 1986 TO 2015


WEATHER ITEM   OBSERVED RECORD YEAR NORMAL DEPARTURE LAST
                VALUE   VALUE       VALUE  FROM      YEAR
                                           NORMAL
...........................................................
TEMPERATURE (F)
 YESTERDAY
  MAXIMUM         61     73    1988  63     -2       56
  MINIMUM         40     32    2003  42     -2       51
  AVERAGE         51

PRECIPITATION (IN)
  YESTERDAY        T      1.27 1990   0.20  -0.20     0.07
  MONTH TO DATE    T                  0.40  -0.40     0.70
  SINCE OCT 1     19.89              24.72  -4.83    11.31
  SINCE JAN 1      3.64              11.87  -8.23     9.20

SNOWFALL (IN)
  YESTERDAY       MM     MM      MM  MM               0.0
  MONTH TO DATE    0.0               MM               0.0
  SINCE MAR 1      0.0               MM               0.0
  SINCE JUL 1      0.0               MM               5.0

DEGREE DAYS
 HEATING
  YESTERDAY       14

 COOLING
  YESTERDAY        0
...........................................................


WIND (MPH)
  RESULTANT WIND SPEED   0   RESULTANT WIND DIRECTION   E (80)
  HIGHEST WIND SPEED     7   HIGHEST WIND DIRECTION    SE (140)
  HIGHEST GUST SPEED    10   HIGHEST GUST DIRECTION    SW (220)


SKY COVER
  POSSIBLE SUNSHINE  MM
  AVERAGE SKY COVER 0.4


WEATHER CONDITIONS
 THE FOLLOWING WEATHER WAS RECORDED YESTERDAY.
  NO SIGNIFICANT WEATHER WAS OBSERVED.


RELATIVE HUMIDITY (PERCENT)
 HIGHEST    83
 LOWEST     42
 AVERAGE    63

..........................................................


THE REDDING AIRPORT CA CLIMATE NORMALS FOR TODAY
                         NORMAL    RECORD    YEAR
 MAXIMUM TEMPERATURE (F)   63        77      2012
 MINIMUM TEMPERATURE (F)   42        28      1989


SUNRISE AND SUNSET
MARCH  3 2015.........SUNRISE   640 AM PST   SUNSET   603 PM PST
MARCH  4 2015.........SUNRISE   639 AM PST   SUNSET   604 PM PST


-  INDICATES NEGATIVE NUMBERS.
R  INDICATES RECORD WAS SET OR TIED.
MM INDICATES DATA IS MISSING.
T  INDICATES TRACE AMOUNT.






&&
....................................................................

REDDING CITY CLIMATE DATA FOR MARCH 02

CLIMATE RECORD PERIOD 1897-1986

RECORD HIGH..............     84 IN 1936
RECORD LOW...............     27 IN 1951

RECORD RAINFALL..........   2.36 IN 1919

$$
