000
CDUS41 KPHI 272131
CLIRDG


CLIMATE REPORT
NATIONAL WEATHER SERVICE MOUNT HOLLY NJ
531 PM EDT FRI MAY 27 2016


...................................

...THE READING PA CLIMATE SUMMARY FOR MAY 27 2016...
VALID TODAY AS OF 0500 PM LOCAL TIME.

CLIMATE NORMAL PERIOD 1981 TO 2010
CLIMATE RECORD PERIOD 1869 TO 2016


WEATHER ITEM   OBSERVED TIME   RECORD YEAR NORMAL DEPARTURE LAST
                VALUE   (LST)  VALUE       VALUE  FROM      YEAR
                                                  NORMAL
..................................................................
TEMPERATURE (F)
 TODAY
  MAXIMUM         90    356 PM  93    1914  76     14       88
  MINIMUM         68    522 AM  35    1972  54     14       66
  AVERAGE         79                        64     15       77

PRECIPITATION (IN)
  TODAY            T             1.97 1906   0.17  -0.17     0.19
  MONTH TO DATE    3.12                      3.59  -0.47     0.63
  SINCE MAR 1      5.93                     10.84  -4.91     7.14
  SINCE JAN 1     12.74                     16.37  -3.63    10.88

SNOWFALL (IN)
  TODAY           MM            MM      MM  MM     MM       MM
  MONTH TO DATE   MM                        MM     MM       MM
  SINCE MAR 1     MM                        MM     MM       MM
  SINCE JUL 1     MM                        MM     MM       MM
  SNOW DEPTH      MM

DEGREE DAYS
 HEATING
  TODAY            0                         3     -3        0
  MONTH TO DATE  192                       159     33       68
  SINCE MAR 1   1147                      1315   -168     1357
  SINCE JUL 1   4494                      5357   -863     5662

 COOLING
  TODAY           14                         3     11       12
  MONTH TO DATE   31                        41    -10      110
  SINCE MAR 1     44                        50     -6      110
  SINCE JAN 1     44                        50     -6      110
..................................................................


WIND (MPH)
  HIGHEST WIND SPEED    14   HIGHEST WIND DIRECTION    SW (230)
  HIGHEST GUST SPEED    20   HIGHEST GUST DIRECTION    SW (240)
  AVERAGE WIND SPEED     4.7


SKY COVER
  POSSIBLE SUNSHINE  MM
  AVERAGE SKY COVER 0.3


WEATHER CONDITIONS
 THE FOLLOWING WEATHER WAS RECORDED TODAY.
  NO SIGNIFICANT WEATHER WAS OBSERVED.


RELATIVE HUMIDITY (PERCENT)
 HIGHEST    87           500 AM
 LOWEST     44           300 PM
 AVERAGE    66

..........................................................


THE READING PA CLIMATE NORMALS FOR TOMORROW
                         NORMAL    RECORD    YEAR
 MAXIMUM TEMPERATURE (F)   76        92      1977
                                             1941
                                             1914
 MINIMUM TEMPERATURE (F)   54        38      1994


SUNRISE AND SUNSET
MAY 27 2016...........SUNRISE   538 AM EDT   SUNSET   824 PM EDT
MAY 28 2016...........SUNRISE   538 AM EDT   SUNSET   825 PM EDT


-  INDICATES NEGATIVE NUMBERS.
R  INDICATES RECORD WAS SET OR TIED.
MM INDICATES DATA IS MISSING.
T  INDICATES TRACE AMOUNT.




$$
