000
CDUS41 KPHI 230555
CLIRDG


CLIMATE REPORT
NATIONAL WEATHER SERVICE MOUNT HOLLY NJ
1253 AM EST FRI FEB 23 2018


...................................

...THE READING PA CLIMATE SUMMARY FOR FEBRUARY 22 2018...

CLIMATE NORMAL PERIOD 1981 TO 2010
CLIMATE RECORD PERIOD 1869 TO 2018


WEATHER ITEM   OBSERVED TIME   RECORD YEAR NORMAL DEPARTURE LAST
                VALUE   (LST)  VALUE       VALUE  FROM      YEAR
                                                  NORMAL
..................................................................
TEMPERATURE (F)
 YESTERDAY
  MAXIMUM         50    204 AM  70    1974  43      7       62
  MINIMUM         38   1159 PM   1    1978  25     13       40
  AVERAGE         44                        34     10       51

PRECIPITATION (IN)
  YESTERDAY        0.11          1.52 1902   0.09   0.02     0.00
                                      1900
  MONTH TO DATE    4.53                      1.95   2.58     0.75
  SINCE DEC 1      9.30                      8.29   1.01     5.24
  SINCE JAN 1      7.78                      5.00   2.78     3.11

DEGREE DAYS
 HEATING
  YESTERDAY       21                        31    -10       14
  MONTH TO DATE  617                       736   -119      594
  SINCE DEC 1   2760                      2794    -34     2421
  SINCE JUL 1   3664                      3861   -197     3275

 COOLING
  YESTERDAY        0                         0      0        0
  MONTH TO DATE    1                         0      1        0
  SINCE DEC 1      1                         0      1        0
  SINCE JAN 1      1                         0      1        0
..................................................................


WIND (MPH)
  HIGHEST WIND SPEED    16   HIGHEST WIND DIRECTION     N (20)
  HIGHEST GUST SPEED    22   HIGHEST GUST DIRECTION    NE (30)
  AVERAGE WIND SPEED     8.3


SKY COVER
  POSSIBLE SUNSHINE  MM
  AVERAGE SKY COVER 1.0


WEATHER CONDITIONS
 THE FOLLOWING WEATHER WAS RECORDED YESTERDAY.
  RAIN
  LIGHT RAIN
  FOG


RELATIVE HUMIDITY (PERCENT)
 HIGHEST   100           300 PM
 LOWEST     61          1200 AM
 AVERAGE    81

..........................................................


THE READING PA CLIMATE NORMALS FOR TODAY
                         NORMAL    RECORD    YEAR
 MAXIMUM TEMPERATURE (F)   43        73      2017
 MINIMUM TEMPERATURE (F)   25         3      1972


SUNRISE AND SUNSET
FEBRUARY 23 2018......SUNRISE   646 AM EST   SUNSET   549 PM EST
FEBRUARY 24 2018......SUNRISE   645 AM EST   SUNSET   550 PM EST


-  INDICATES NEGATIVE NUMBERS.
R  INDICATES RECORD WAS SET OR TIED.
MM INDICATES DATA IS MISSING.
T  INDICATES TRACE AMOUNT.




$$
