000
CDUS41 KPHI 050628
CLIRDG


CLIMATE REPORT
NATIONAL WEATHER SERVICE MOUNT HOLLY NJ
227 AM EDT SAT SEP 5 2015


...................................

...THE READING PA CLIMATE SUMMARY FOR SEPTEMBER 4 2015...

CLIMATE NORMAL PERIOD 1981 TO 2010
CLIMATE RECORD PERIOD 1869 TO 2015


WEATHER ITEM   OBSERVED TIME   RECORD YEAR NORMAL DEPARTURE LAST
                VALUE   (LST)  VALUE       VALUE  FROM      YEAR
                                                  NORMAL
..................................................................
TEMPERATURE (F)
 YESTERDAY
  MAXIMUM         90    228 PM  94    2008  80     10       88
                                      1929
                                      1898
  MINIMUM         70    331 AM  46    1987  59     11       61
  AVERAGE         80                        70     10       75

PRECIPITATION (IN)
  YESTERDAY        T             2.32 1878   0.11  -0.11     0.00
  MONTH TO DATE    T                         0.42  -0.42     0.11
  SINCE SEP 1      T                         0.42  -0.42     0.11
  SINCE JAN 1     25.38                     29.38  -4.00    30.54

SNOWFALL (IN)
  YESTERDAY       MM            MM      MM  MM     MM       MM
  MONTH TO DATE   MM                        MM     MM       MM
  SINCE SEP 1     MM                        MM     MM       MM
  SINCE JUL 1     MM                        MM     MM       MM
  SNOW DEPTH      MM

DEGREE DAYS
 HEATING
  YESTERDAY        0                         0      0        0
  MONTH TO DATE    0                         0      0        0
  SINCE SEP 1      0                         0      0        0
  SINCE JUL 1      0                         5     -5        1

 COOLING
  YESTERDAY       15                         5     10       10
  MONTH TO DATE   57                        22     35       50
  SINCE SEP 1     57                        22     35       50
  SINCE JAN 1   1052                       825    227      871
..................................................................


WIND (MPH)
  HIGHEST WIND SPEED    16   HIGHEST WIND DIRECTION     E (100)
  HIGHEST GUST SPEED    26   HIGHEST GUST DIRECTION     E (110)
  AVERAGE WIND SPEED     6.1


SKY COVER
  POSSIBLE SUNSHINE  MM
  AVERAGE SKY COVER 0.2


WEATHER CONDITIONS
 THE FOLLOWING WEATHER WAS RECORDED YESTERDAY.
  LIGHT RAIN


RELATIVE HUMIDITY (PERCENT)
 HIGHEST    84          1200 AM
 LOWEST     47           100 PM
 AVERAGE    66

..........................................................


THE READING PA CLIMATE NORMALS FOR TODAY
                         NORMAL    RECORD    YEAR
 MAXIMUM TEMPERATURE (F)   80        94      1985
 MINIMUM TEMPERATURE (F)   59        47      1974
                                             1972


SUNRISE AND SUNSET
SEPTEMBER  5 2015.....SUNRISE   635 AM EDT   SUNSET   730 PM EDT
SEPTEMBER  6 2015.....SUNRISE   636 AM EDT   SUNSET   728 PM EDT


-  INDICATES NEGATIVE NUMBERS.
R  INDICATES RECORD WAS SET OR TIED.
MM INDICATES DATA IS MISSING.
T  INDICATES TRACE AMOUNT.




$$
