000
CDUS41 KPHI 012132
CLIRDG


CLIMATE REPORT
NATIONAL WEATHER SERVICE MOUNT HOLLY NJ
531 PM EDT MON SEP 1 2014


...................................

...THE READING PA CLIMATE SUMMARY FOR SEPTEMBER 1 2014...
VALID TODAY AS OF 0500 PM LOCAL TIME.

CLIMATE NORMAL PERIOD 1981 TO 2010
CLIMATE RECORD PERIOD 1869 TO 2014


WEATHER ITEM   OBSERVED TIME   RECORD YEAR NORMAL DEPARTURE LAST
                VALUE   (LST)  VALUE       VALUE  FROM      YEAR
                                                  NORMAL
..................................................................
TEMPERATURE (F)
 TODAY
  MAXIMUM         88    316 PM  98    2010  81      7       88
                                      1953
  MINIMUM         72    602 AM  44    1976  60     12       71
  AVERAGE         80                        70     10       80

PRECIPITATION (IN)
  TODAY            0.02          3.50 1952   0.10  -0.08     0.00
  MONTH TO DATE    0.02                      0.10  -0.08     0.00
  SINCE SEP 1      0.02                      0.10  -0.08     0.00
  SINCE JAN 1     30.45                     29.06   1.39    29.14

SNOWFALL (IN)
  TODAY           MM            MM      MM  MM     MM       MM
  MONTH TO DATE   MM                        MM     MM       MM
  SINCE SEP 1     MM                        MM     MM       MM
  SINCE JUL 1     MM                        MM     MM       MM
  SNOW DEPTH      MM

DEGREE DAYS
 HEATING
  TODAY            0                         0      0        0
  MONTH TO DATE    0                         0      0        0
  SINCE SEP 1      0                         0      0        0
  SINCE JUL 1      1                         5     -4        0

 COOLING
  TODAY           15                         6      9       15
  MONTH TO DATE   15                         6      9       15
  SINCE SEP 1     15                         6      9       15
  SINCE JAN 1    836                       809     27      999
..................................................................


WIND (MPH)
  HIGHEST WIND SPEED    10   HIGHEST WIND DIRECTION    SW (230)
  HIGHEST GUST SPEED    14   HIGHEST GUST DIRECTION     W (290)
  AVERAGE WIND SPEED     2.4


SKY COVER
  POSSIBLE SUNSHINE  MM
  AVERAGE SKY COVER 0.8


WEATHER CONDITIONS
 THE FOLLOWING WEATHER WAS RECORDED TODAY.
  LIGHT RAIN
  FOG
  FOG W/VISIBILITY <= 1/4 MILE


RELATIVE HUMIDITY (PERCENT)
 HIGHEST    93           100 AM
 LOWEST     55           400 PM
 AVERAGE    74

..........................................................


THE READING PA CLIMATE NORMALS FOR TOMORROW
                         NORMAL    RECORD    YEAR
 MAXIMUM TEMPERATURE (F)   81       102      1953
 MINIMUM TEMPERATURE (F)   60        45      1970


SUNRISE AND SUNSET
SEPTEMBER  1 2014.....SUNRISE   631 AM EDT   SUNSET   736 PM EDT
SEPTEMBER  2 2014.....SUNRISE   632 AM EDT   SUNSET   734 PM EDT


-  INDICATES NEGATIVE NUMBERS.
R  INDICATES RECORD WAS SET OR TIED.
MM INDICATES DATA IS MISSING.
T  INDICATES TRACE AMOUNT.




$$
