000
CDUS41 KPHI 012130
CLIRDG


CLIMATE REPORT
NATIONAL WEATHER SERVICE MOUNT HOLLY NJ
530 PM EDT FRI AUG 1 2014


...................................

...THE READING PA CLIMATE SUMMARY FOR AUGUST 1 2014...
VALID TODAY AS OF 0500 PM LOCAL TIME.

CLIMATE NORMAL PERIOD 1981 TO 2010
CLIMATE RECORD PERIOD 1869 TO 2014


WEATHER ITEM   OBSERVED TIME   RECORD YEAR NORMAL DEPARTURE LAST
                VALUE   (LST)  VALUE       VALUE  FROM      YEAR
                                                  NORMAL
..................................................................
TEMPERATURE (F)
 TODAY
  MAXIMUM         85    116 PM  98    2002  85      0       76
                                      1955
  MINIMUM         65    529 AM  52    1903  64      1       68
  AVERAGE         75                        74      1       72

PRECIPITATION (IN)
  TODAY            0.00          3.70 1985   0.13  -0.13     0.56
  MONTH TO DATE    0.00                      0.13  -0.13     0.56
  SINCE JUN 1      8.74                      8.43   0.31    12.19
  SINCE JAN 1     27.56                     25.45   2.11    25.23

SNOWFALL (IN)
  TODAY           MM            MM      MM  MM     MM       MM
  MONTH TO DATE   MM                        MM     MM       MM
  SINCE JUN 1     MM                        MM     MM       MM
  SINCE JUL 1     MM                        MM     MM       MM
  SNOW DEPTH      MM

DEGREE DAYS
 HEATING
  TODAY            0                         0      0        0
  MONTH TO DATE    0                         0      0        0
  SINCE JUN 1      1                        25    -24        2
  SINCE JUL 1      0                         1     -1        0

 COOLING
  TODAY           10                         9      1        7
  MONTH TO DATE   10                         9      1        7
  SINCE JUN 1    547                       501     46      657
  SINCE JAN 1    609                       561     48      756
..................................................................


WIND (MPH)
  HIGHEST WIND SPEED    18   HIGHEST WIND DIRECTION     S (200)
  HIGHEST GUST SPEED    24   HIGHEST GUST DIRECTION     S (190)
  AVERAGE WIND SPEED     3.9


SKY COVER
  POSSIBLE SUNSHINE  MM
  AVERAGE SKY COVER 0.4


WEATHER CONDITIONS
 THE FOLLOWING WEATHER WAS RECORDED TODAY.
  FOG
  HAZE


RELATIVE HUMIDITY (PERCENT)
 HIGHEST    93           400 AM
 LOWEST     51           200 PM
 AVERAGE    72

..........................................................


THE READING PA CLIMATE NORMALS FOR TOMORROW
                         NORMAL    RECORD    YEAR
 MAXIMUM TEMPERATURE (F)   85       102      1955
 MINIMUM TEMPERATURE (F)   64        50      1976


SUNRISE AND SUNSET
AUGUST  1 2014........SUNRISE   601 AM EDT   SUNSET   818 PM EDT
AUGUST  2 2014........SUNRISE   602 AM EDT   SUNSET   817 PM EDT


-  INDICATES NEGATIVE NUMBERS.
R  INDICATES RECORD WAS SET OR TIED.
MM INDICATES DATA IS MISSING.
T  INDICATES TRACE AMOUNT.




$$
