000
CDUS46 KPDT 220844
CLIRDM

CLIMATE REPORT
NATIONAL WEATHER SERVICE PENDLETON OR
1244 AM PST MON DEC 22 2014


...................................

...THE REDMOND OR CLIMATE SUMMARY FOR DECEMBER 21 2014...

CLIMATE NORMAL PERIOD 1981 TO 2010
CLIMATE RECORD PERIOD 1949 TO 2014


WEATHER ITEM   OBSERVED TIME   RECORD YEAR NORMAL DEPARTURE LAST
                VALUE   (LST)  VALUE       VALUE  FROM      YEAR
                                                  NORMAL
..................................................................
TEMPERATURE (F)
 YESTERDAY
  MAXIMUM         49    535 AM  57    1994  40      9       49
  MINIMUM         40   1159 PM -24    1990  20     20       34
  AVERAGE         45                        30     15       42

PRECIPITATION (IN)
  YESTERDAY        0.26          0.92 1955   0.03   0.23     0.00
  MONTH TO DATE    1.11                      0.81   0.30     0.37
  SINCE OCT 1      3.81                      2.41   1.40     0.71
  SINCE JAN 1      9.23                      8.55   0.68     4.80

DEGREE DAYS
 HEATING
  YESTERDAY       20                        35    -15       23
  MONTH TO DATE  554                       721   -167      835
  SINCE DEC 1    554                       721   -167      835
  SINCE JUL 1   2141                      2495   -354     2621

 COOLING
  YESTERDAY        0                         0      0        0
  MONTH TO DATE    0                         0      0        0
  SINCE DEC 1      0                         0      0        0
  SINCE JAN 1    311                       222     89      350
..................................................................


WIND (MPH)
  RESULTANT WIND SPEED   2   RESULTANT WIND DIRECTION   W (280)
  HIGHEST WIND SPEED    15   HIGHEST WIND DIRECTION    NW (300)
  HIGHEST GUST SPEED    22   HIGHEST GUST DIRECTION     W (290)
  AVERAGE WIND SPEED     4.6


SKY COVER
  POSSIBLE SUNSHINE  MM
  AVERAGE SKY COVER 1.0


WEATHER CONDITIONS
 THE FOLLOWING WEATHER WAS RECORDED YESTERDAY.
  LIGHT RAIN
  FOG


RELATIVE HUMIDITY (PERCENT)
 HIGHEST   100           300 AM
 LOWEST     86          1200 AM
 AVERAGE    93

..........................................................


THE REDMOND OR CLIMATE NORMALS FOR TODAY
                         NORMAL    RECORD    YEAR
 MAXIMUM TEMPERATURE (F)   40        58      1989
 MINIMUM TEMPERATURE (F)   20       -18      1990


SUNRISE AND SUNSET
DECEMBER 22 2014......SUNRISE   738 AM PST   SUNSET   429 PM PST
DECEMBER 23 2014......SUNRISE   738 AM PST   SUNSET   430 PM PST


-  INDICATES NEGATIVE NUMBERS.
R  INDICATES RECORD WAS SET OR TIED.
MM INDICATES DATA IS MISSING.
T  INDICATES TRACE AMOUNT.


$$
