110
CDUS46 KPDT 180908
CLIRDM

CLIMATE REPORT
NATIONAL WEATHER SERVICE PENDLETON OR
107 AM PST MON DEC 18 2017


...................................

...THE REDMOND OR CLIMATE SUMMARY FOR DECEMBER 17 2017...

CLIMATE NORMAL PERIOD 1981 TO 2010
CLIMATE RECORD PERIOD 1949 TO 2017


WEATHER ITEM   OBSERVED TIME   RECORD YEAR NORMAL DEPARTURE LAST
                VALUE   (LST)  VALUE       VALUE  FROM      YEAR
                                                  NORMAL
..................................................................
TEMPERATURE (F)
 YESTERDAY
  MAXIMUM         47    305 PM  60    1998  40      7       21
  MINIMUM         19   1210 AM -12    1964  20     -1       -7
  AVERAGE         33                        30      3        7

PRECIPITATION (IN)
  YESTERDAY        T             0.48 2015   0.04  -0.04      T
  MONTH TO DATE    T                         0.66  -0.66     1.59
  SINCE OCT 1      0.99                      2.26  -1.27     3.60
  SINCE JAN 1      6.46                      8.40  -1.94     9.14

DEGREE DAYS
 HEATING
  YESTERDAY       32                        35     -3       58
  MONTH TO DATE  665                       581     84      712
  SINCE DEC 1    665                       581     84      712
  SINCE JUL 1   2244                      2355   -111     2176

 COOLING
  YESTERDAY        0                         0      0        0
  MONTH TO DATE    0                         0      0        0
  SINCE DEC 1      0                         0      0        0
  SINCE JAN 1    434                       222    212      240
..................................................................


WIND (MPH)
  RESULTANT WIND SPEED   3   RESULTANT WIND DIRECTION   E (90)
  HIGHEST WIND SPEED     9   HIGHEST WIND DIRECTION     S (170)
  HIGHEST GUST SPEED    11   HIGHEST GUST DIRECTION     S (170)
  AVERAGE WIND SPEED     3.8


SKY COVER
  POSSIBLE SUNSHINE  MM
  AVERAGE SKY COVER 0.5


WEATHER CONDITIONS
 THE FOLLOWING WEATHER WAS RECORDED YESTERDAY.
  MIXED PRECIP


RELATIVE HUMIDITY (PERCENT)
 HIGHEST    84          1200 AM
 LOWEST     45           100 PM
 AVERAGE    65

..........................................................


THE REDMOND OR CLIMATE NORMALS FOR TODAY
                         NORMAL    RECORD    YEAR
 MAXIMUM TEMPERATURE (F)   40        59      2004
 MINIMUM TEMPERATURE (F)   20        -6      1984


SUNRISE AND SUNSET
DECEMBER 18 2017......SUNRISE   736 AM PST   SUNSET   427 PM PST
DECEMBER 19 2017......SUNRISE   736 AM PST   SUNSET   428 PM PST


-  INDICATES NEGATIVE NUMBERS.
R  INDICATES RECORD WAS SET OR TIED.
MM INDICATES DATA IS MISSING.
T  INDICATES TRACE AMOUNT.

$$
