000
CDUS46 KPDT 230903 RRA
CLIRDM

CLIMATE REPORT
NATIONAL WEATHER SERVICE PENDLETON OR
201 AM PDT FRI JUN 23 2017


...................................

...THE REDMOND OR CLIMATE SUMMARY FOR JUNE 22 2017...

CLIMATE NORMAL PERIOD 1981 TO 2010
CLIMATE RECORD PERIOD 1949 TO 2017


WEATHER ITEM   OBSERVED TIME   RECORD YEAR NORMAL DEPARTURE LAST
                VALUE   (LST)  VALUE       VALUE  FROM      YEAR
                                                  NORMAL
..................................................................
TEMPERATURE (F)
 YESTERDAY
  MAXIMUM         81    416 PM  97    1992  78      3       85
  MINIMUM         36    348 AM  31    2009  42     -6       41
  AVERAGE         59                        60     -1       63

PRECIPITATION (IN)
  YESTERDAY        0.00          0.30 1963   0.01  -0.01     0.00
  MONTH TO DATE    0.36                      0.51  -0.15     0.65
  SINCE OCT 1      8.50                      7.31   1.19     8.40
  SINCE JAN 1      4.75                      4.55   0.20     4.83

DEGREE DAYS
 HEATING
  YESTERDAY        6                         6      0        2
  MONTH TO DATE  157                       178    -21      156
  SINCE JUN 1    157                       178    -21      156
  SINCE JUL 1   6707                      6674     33     5771

 COOLING
  YESTERDAY        0                         1     -1        0
  MONTH TO DATE   19                        12      7       44
  SINCE JUN 1     19                        12      7       44
  SINCE JAN 1     29                        17     12       47
..................................................................


WIND (MPH)
  RESULTANT WIND SPEED   5   RESULTANT WIND DIRECTION   N (340)
  HIGHEST WIND SPEED    21   HIGHEST WIND DIRECTION    NW (330)
  HIGHEST GUST SPEED    26   HIGHEST GUST DIRECTION     N (340)
  AVERAGE WIND SPEED     6.8


SKY COVER
  POSSIBLE SUNSHINE  MM
  AVERAGE SKY COVER 0.0


WEATHER CONDITIONS
 THE FOLLOWING WEATHER WAS RECORDED YESTERDAY.
  NO SIGNIFICANT WEATHER WAS OBSERVED.


RELATIVE HUMIDITY (PERCENT)
 HIGHEST    59           300 AM
 LOWEST      9           400 PM
 AVERAGE    34

..........................................................


THE REDMOND OR CLIMATE NORMALS FOR TODAY
                         NORMAL    RECORD    YEAR
 MAXIMUM TEMPERATURE (F)   79        99      1992
 MINIMUM TEMPERATURE (F)   42        31      2007
                                             1993


SUNRISE AND SUNSET
JUNE 23 2017..........SUNRISE   521 AM PDT   SUNSET   852 PM PDT
JUNE 24 2017..........SUNRISE   522 AM PDT   SUNSET   853 PM PDT


-  INDICATES NEGATIVE NUMBERS.
R  INDICATES RECORD WAS SET OR TIED.
MM INDICATES DATA IS MISSING.
T  INDICATES TRACE AMOUNT.




$$
