000
CDUS46 KPDT 060852
CLIRDM

CLIMATE REPORT
NATIONAL WEATHER SERVICE PENDLETON OR
150 AM PDT MON JUL 6 2015


...................................

...THE REDMOND OR CLIMATE SUMMARY FOR JULY 5 2015...

CLIMATE NORMAL PERIOD 1981 TO 2010
CLIMATE RECORD PERIOD 1949 TO 2015


WEATHER ITEM   OBSERVED TIME   RECORD YEAR NORMAL DEPARTURE LAST
                VALUE   (LST)  VALUE       VALUE  FROM      YEAR
                                                  NORMAL
..................................................................
TEMPERATURE (F)
 YESTERDAY
  MAXIMUM         96    342 PM 104    1968  83     13       92
  MINIMUM         50    447 AM  32    1986  45      5       45
  AVERAGE         73                        64      9       69

PRECIPITATION (IN)
  YESTERDAY        0.00          0.45 1948   0.02  -0.02     0.00
  MONTH TO DATE    0.00                      0.09  -0.09     0.06
  SINCE OCT 1      8.31                      7.53   0.78     4.52
  SINCE JAN 1      4.03                      4.77  -0.74     3.81

DEGREE DAYS
 HEATING
  YESTERDAY        0                         3     -3        0
  MONTH TO DATE    0                        19    -19        0
  SINCE JUN 1     77                       236   -159      223
  SINCE JUL 1      0                        19    -19        0

 COOLING
  YESTERDAY        8                         2      6        4
  MONTH TO DATE   57                        10     47       24
  SINCE JUN 1    164                        34    130       25
  SINCE JAN 1    173                        39    134       25
..................................................................


WIND (MPH)
  RESULTANT WIND SPEED   3   RESULTANT WIND DIRECTION  NW (310)
  HIGHEST WIND SPEED    23   HIGHEST WIND DIRECTION     W (280)
  HIGHEST GUST SPEED    29   HIGHEST GUST DIRECTION    NW (300)
  AVERAGE WIND SPEED     6.6


SKY COVER
  POSSIBLE SUNSHINE  MM
  AVERAGE SKY COVER 0.1


WEATHER CONDITIONS
 THE FOLLOWING WEATHER WAS RECORDED YESTERDAY.
  NO SIGNIFICANT WEATHER WAS OBSERVED.


RELATIVE HUMIDITY (PERCENT)
 HIGHEST    59           500 AM
 LOWEST     16           100 PM
 AVERAGE    38

..........................................................


THE REDMOND OR CLIMATE NORMALS FOR TODAY
                         NORMAL    RECORD    YEAR
 MAXIMUM TEMPERATURE (F)   83       104      1968
 MINIMUM TEMPERATURE (F)   45        32      1971


SUNRISE AND SUNSET
JULY  6 2015..........SUNRISE   528 AM PDT   SUNSET   851 PM PDT
JULY  7 2015..........SUNRISE   528 AM PDT   SUNSET   850 PM PDT


-  INDICATES NEGATIVE NUMBERS.
R  INDICATES RECORD WAS SET OR TIED.
MM INDICATES DATA IS MISSING.
T  INDICATES TRACE AMOUNT.




$$
