000
CDUS46 KPDT 040918
CLIRDM

CLIMATE REPORT
NATIONAL WEATHER SERVICE PENDLETON OR
118 AM PST WED MAR 4 2015


...................................

...THE REDMOND OR CLIMATE SUMMARY FOR MARCH 3 2015...

CLIMATE NORMAL PERIOD 1981 TO 2010
CLIMATE RECORD PERIOD 1949 TO 2015


WEATHER ITEM   OBSERVED TIME   RECORD YEAR NORMAL DEPARTURE LAST
                VALUE   (LST)  VALUE       VALUE  FROM      YEAR
                                                  NORMAL
..................................................................
TEMPERATURE (F)
 YESTERDAY
  MAXIMUM         45    425 PM  70    1986  51     -6       57
  MINIMUM         20   1024 PM   8    1960  25     -5       32
  AVERAGE         33                        38     -5       45

PRECIPITATION (IN)
  YESTERDAY        0.00          0.28 1991   0.02  -0.02      T
  MONTH TO DATE    0.00                      0.06  -0.06     0.14
  SINCE OCT 1      5.26                      4.44   0.82     2.76
  SINCE JAN 1      0.98                      1.68  -0.70     2.05

DEGREE DAYS
 HEATING
  YESTERDAY       32                        27      5       20
  MONTH TO DATE   97                        83     14       79
  SINCE MAR 1     97                        83     14       79
  SINCE JUL 1   4130                      4756   -626     4872

 COOLING
  YESTERDAY        0                         0      0        0
  MONTH TO DATE    0                         0      0        0
  SINCE MAR 1      0                         0      0        0
  SINCE JAN 1      0                         0      0        0
..................................................................


WIND (MPH)
  RESULTANT WIND SPEED   3   RESULTANT WIND DIRECTION   N (350)
  HIGHEST WIND SPEED    12   HIGHEST WIND DIRECTION    NE (30)
  HIGHEST GUST SPEED    16   HIGHEST GUST DIRECTION     N (340)
  AVERAGE WIND SPEED     4.6


SKY COVER
  POSSIBLE SUNSHINE  MM
  AVERAGE SKY COVER 0.3


WEATHER CONDITIONS
THE FOLLOWING WEATHER WAS RECORDED YESTERDAY.
  NO SIGNIFICANT WEATHER WAS OBSERVED.


RELATIVE HUMIDITY (PERCENT)
 HIGHEST    77          1100 PM
 LOWEST     31           400 PM
 AVERAGE    54

..........................................................


THE REDMOND OR CLIMATE NORMALS FOR TODAY
                         NORMAL    RECORD    YEAR
 MAXIMUM TEMPERATURE (F)   51        74      1968
 MINIMUM TEMPERATURE (F)   25        10      2013
                                             1963


SUNRISE AND SUNSET
MARCH  4 2015.........SUNRISE   637 AM PST   SUNSET   557 PM PST
MARCH  5 2015.........SUNRISE   635 AM PST   SUNSET   558 PM PST


-  INDICATES NEGATIVE NUMBERS.
R  INDICATES RECORD WAS SET OR TIED.
MM INDICATES DATA IS MISSING.
T  INDICATES TRACE AMOUNT.

$$
