000
CDUS46 KPDT 280837
CLIRDM

CLIMATE REPORT
NATIONAL WEATHER SERVICE PENDLETON OR
125 AM PDT MON JUL 28 2014


...................................

...THE REDMOND OR CLIMATE SUMMARY FOR JULY 27 2014...

CLIMATE NORMAL PERIOD 1981 TO 2010
CLIMATE RECORD PERIOD 1949 TO 2014


WEATHER ITEM   OBSERVED TIME   RECORD YEAR NORMAL DEPARTURE LAST
                VALUE   (LST)  VALUE       VALUE  FROM      YEAR
                                                  NORMAL
..................................................................
TEMPERATURE (F)
 YESTERDAY
  MAXIMUM         86    113 PM 103    1968  88     -2       88
  MINIMUM         51    522 AM  38    1986  47      4       48
  AVERAGE         69                        68      1       68

PRECIPITATION (IN)
  YESTERDAY        0.00          0.02 1983   0.02  -0.02     0.00
  MONTH TO DATE    0.29                      0.48  -0.19     0.00
  SINCE OCT 1      4.75                      7.92  -3.17     5.83
  SINCE JAN 1      4.04                      5.16  -1.12     1.92

DEGREE DAYS
 HEATING
  YESTERDAY        0                         1     -1        0
  MONTH TO DATE   31                        64    -33       16
  SINCE JUN 1    254                       281    -27      201
  SINCE JUL 1     31                        64    -33       16

 COOLING
  YESTERDAY        4                         4      0        3
  MONTH TO DATE  149                        84     65      160
  SINCE JUN 1    150                       108     42      199
  SINCE JAN 1    150                       113     37      208
..................................................................


WIND (MPH)
  RESULTANT WIND SPEED   2   RESULTANT WIND DIRECTION  NW (330)
  HIGHEST WIND SPEED    21   HIGHEST WIND DIRECTION     W (290)
  HIGHEST GUST SPEED    25   HIGHEST GUST DIRECTION     W (290)
  AVERAGE WIND SPEED     4.9


SKY COVER
  POSSIBLE SUNSHINE  MM
  AVERAGE SKY COVER 0.0


WEATHER CONDITIONS
 THE FOLLOWING WEATHER WAS RECORDED YESTERDAY.
  NO SIGNIFICANT WEATHER WAS OBSERVED.


RELATIVE HUMIDITY (PERCENT)
 HIGHEST    66           200 AM
 LOWEST     20           200 PM
 AVERAGE    43

..........................................................


THE REDMOND OR CLIMATE NORMALS FOR TODAY
                         NORMAL    RECORD    YEAR
 MAXIMUM TEMPERATURE (F)   88       104      1968
 MINIMUM TEMPERATURE (F)   47        32      1959


SUNRISE AND SUNSET
JULY 28 2014..........SUNRISE   548 AM PDT   SUNSET   834 PM PDT
JULY 29 2014..........SUNRISE   549 AM PDT   SUNSET   833 PM PDT


-  INDICATES NEGATIVE NUMBERS.
R  INDICATES RECORD WAS SET OR TIED.
MM INDICATES DATA IS MISSING.
T  INDICATES TRACE AMOUNT.




$$
