000
CDUS46 KPDT 170855
CLIRDM

CLIMATE REPORT
NATIONAL WEATHER SERVICE PENDLETON OR
155 AM PDT WED SEP 17 2014


...................................

...THE REDMOND OR CLIMATE SUMMARY FOR SEPTEMBER 16 2014...

CLIMATE NORMAL PERIOD 1981 TO 2010
CLIMATE RECORD PERIOD 1949 TO 2014


WEATHER ITEM   OBSERVED TIME   RECORD YEAR NORMAL DEPARTURE LAST
                VALUE   (LST)  VALUE       VALUE  FROM      YEAR
                                                  NORMAL
..................................................................
TEMPERATURE (F)
 YESTERDAY
  MAXIMUM         89    331 PM  97    2008  76     13       72
  MINIMUM         43    515 AM  25    2006  38      5       42
  AVERAGE         66                        57      9       57

PRECIPITATION (IN)
  YESTERDAY        0.00          0.29 1954   0.01  -0.01     0.00
  MONTH TO DATE    0.00                      0.21  -0.21     0.02
  SINCE OCT 1      5.71                      8.70  -2.99     7.01
  SINCE JAN 1      5.00                      5.94  -0.94     3.10

DEGREE DAYS
 HEATING
  YESTERDAY        0                         8     -8        8
  MONTH TO DATE  110                       104      6       29
  SINCE SEP 1    110                       104      6       29
  SINCE JUL 1    184                       253    -69       65

 COOLING
  YESTERDAY        1                         0      1        0
  MONTH TO DATE    1                        14    -13       36
  SINCE SEP 1      1                        14    -13       36
  SINCE JAN 1    298                       220     78      350
..................................................................


WIND (MPH)
  RESULTANT WIND SPEED   3   RESULTANT WIND DIRECTION  SW (230)
  HIGHEST WIND SPEED    18   HIGHEST WIND DIRECTION    SW (210)
  HIGHEST GUST SPEED    27   HIGHEST GUST DIRECTION    SW (240)
  AVERAGE WIND SPEED     7.0


SKY COVER
  POSSIBLE SUNSHINE  MM
  AVERAGE SKY COVER 0.0


WEATHER CONDITIONS
THE FOLLOWING WEATHER WAS RECORDED YESTERDAY.
  HAZE


RELATIVE HUMIDITY (PERCENT)
 HIGHEST    50           600 AM
 LOWEST      9           200 PM
 AVERAGE    30

..........................................................


THE REDMOND OR CLIMATE NORMALS FOR TODAY
                         NORMAL    RECORD    YEAR
 MAXIMUM TEMPERATURE (F)   76        95      1981
 MINIMUM TEMPERATURE (F)   38        19      1965


SUNRISE AND SUNSET
SEPTEMBER 17 2014.....SUNRISE   646 AM PDT   SUNSET   711 PM PDT
SEPTEMBER 18 2014.....SUNRISE   647 AM PDT   SUNSET   709 PM PDT


-  INDICATES NEGATIVE NUMBERS.
R  INDICATES RECORD WAS SET OR TIED.
MM INDICATES DATA IS MISSING.
T  INDICATES TRACE AMOUNT.

$$
