593
CDUS46 KPDT 270909
CLIRDM

CLIMATE REPORT
NATIONAL WEATHER SERVICE PENDLETON OR
108 AM PST MON FEB 27 2017


...................................

...THE REDMOND OR CLIMATE SUMMARY FOR FEBRUARY 26 2017...

CLIMATE NORMAL PERIOD 1981 TO 2010
CLIMATE RECORD PERIOD 1949 TO 2017


WEATHER ITEM   OBSERVED TIME   RECORD YEAR NORMAL DEPARTURE LAST
                VALUE   (LST)  VALUE       VALUE  FROM      YEAR
                                                  NORMAL
..................................................................
TEMPERATURE (F)
 YESTERDAY
  MAXIMUM         40    143 PM  64    2016  49     -9       64
                                      1970
  MINIMUM         24   1050 PM  -7    2011  24      0       28
  AVERAGE         32                        37     -5       46

PRECIPITATION (IN)
  YESTERDAY        T             0.21 2000   0.03  -0.03     0.07
  MONTH TO DATE    1.14                      0.61   0.53     0.11
  SINCE OCT 1      6.51                      4.34   2.17     4.90
  SINCE JAN 1      2.76                      1.58   1.18     1.33

DEGREE DAYS
 HEATING
  YESTERDAY       33                        28      5       19
  MONTH TO DATE  766                       778    -12      613
  SINCE DEC 1   3345                      2844    501     2340
  SINCE JUL 1   4809                      4618    191     4058

 COOLING
  YESTERDAY        0                         0      0        0
  MONTH TO DATE    0                         0      0        0
  SINCE DEC 1      0                         0      0        0
  SINCE JAN 1      0                         0      0        0
..................................................................


WIND (MPH)
  RESULTANT WIND SPEED   4   RESULTANT WIND DIRECTION   S (190)
  HIGHEST WIND SPEED    22   HIGHEST WIND DIRECTION     W (280)
  HIGHEST GUST SPEED    32   HIGHEST GUST DIRECTION     S (200)
  AVERAGE WIND SPEED     8.7


SKY COVER
  POSSIBLE SUNSHINE  MM
  AVERAGE SKY COVER 0.5


WEATHER CONDITIONS
 THE FOLLOWING WEATHER WAS RECORDED YESTERDAY.
  NO SIGNIFICANT WEATHER WAS OBSERVED.


RELATIVE HUMIDITY (PERCENT)
 HIGHEST    74          1000 PM
 LOWEST     32           500 PM
 AVERAGE    53

..........................................................


THE REDMOND OR CLIMATE NORMALS FOR TODAY
                         NORMAL    RECORD    YEAR
 MAXIMUM TEMPERATURE (F)   50        63      1967
 MINIMUM TEMPERATURE (F)   24       -12      1960


SUNRISE AND SUNSET
FEBRUARY 27 2017......SUNRISE   644 AM PST   SUNSET   551 PM PST
FEBRUARY 28 2017......SUNRISE   643 AM PST   SUNSET   552 PM PST


-  INDICATES NEGATIVE NUMBERS.
R  INDICATES RECORD WAS SET OR TIED.
MM INDICATES DATA IS MISSING.
T  INDICATES TRACE AMOUNT.


$$
