000
CDUS46 KPDT 090835
CLIRDM

CLIMATE REPORT
NATIONAL WEATHER SERVICE PENDLETON OR
1235 AM PST FRI DEC 9 2016


...................................

...THE REDMOND OR CLIMATE SUMMARY FOR DECEMBER 8 2016...

CLIMATE NORMAL PERIOD 1981 TO 2010
CLIMATE RECORD PERIOD 1949 TO 2016


WEATHER ITEM   OBSERVED TIME   RECORD YEAR NORMAL DEPARTURE LAST
                VALUE   (LST)  VALUE       VALUE  FROM      YEAR
                                                  NORMAL
..................................................................
TEMPERATURE (F)
 YESTERDAY
  MAXIMUM         19    249 PM  73    2015  41    -22       MM
  MINIMUM          8   1236 AM -28    1972  21    -13       MM
  AVERAGE         14                        31    -17       MM

PRECIPITATION (IN)
  YESTERDAY        0.38          0.79 2004   0.04   0.34      T
  MONTH TO DATE    0.73                      0.32   0.41     0.12
  SINCE OCT 1      2.74                      1.92   0.82     1.81
  SINCE JAN 1      8.28                      8.06   0.22     6.37

DEGREE DAYS
 HEATING
  YESTERDAY       51                        34     17       MM
  MONTH TO DATE  310                       268     42       50
  SINCE DEC 1    310                       268     42       50
  SINCE JUL 1   1774                      2042   -268     1768

 COOLING
  YESTERDAY        0                         0      0       MM
  MONTH TO DATE    0                         0      0        0
  SINCE DEC 1      0                         0      0        0
  SINCE JAN 1    240                       222     18      363
..................................................................


WIND (MPH)
  RESULTANT WIND SPEED   4   RESULTANT WIND DIRECTION  NW (310)
  HIGHEST WIND SPEED    10   HIGHEST WIND DIRECTION    NW (320)
  HIGHEST GUST SPEED    13   HIGHEST GUST DIRECTION    NW (320)
  AVERAGE WIND SPEED     5.0


SKY COVER
  POSSIBLE SUNSHINE  MM
  AVERAGE SKY COVER 0.9


WEATHER CONDITIONS
 THE FOLLOWING WEATHER WAS RECORDED YESTERDAY.
  HEAVY SNOW
  SNOW
  LIGHT SNOW
  FOG
  FOG W/VISIBILITY <= 1/4 MILE
  HAZE


RELATIVE HUMIDITY (PERCENT)
 HIGHEST    88           700 AM
 LOWEST     73           200 PM
 AVERAGE    81

..........................................................


THE REDMOND OR CLIMATE NORMALS FOR TODAY
                         NORMAL    RECORD    YEAR
 MAXIMUM TEMPERATURE (F)   41        60      1988
 MINIMUM TEMPERATURE (F)   21       -22      1972


SUNRISE AND SUNSET
DECEMBER  9 2016......SUNRISE   729 AM PST   SUNSET   426 PM PST
DECEMBER 10 2016......SUNRISE   730 AM PST   SUNSET   426 PM PST


-  INDICATES NEGATIVE NUMBERS.
R  INDICATES RECORD WAS SET OR TIED.
MM INDICATES DATA IS MISSING.
T  INDICATES TRACE AMOUNT.


$$
