000
CDUS42 KRAH 210037
CLIRDU


CLIMATE REPORT
NATIONAL WEATHER SERVICE RALEIGH NC
836 PM EDT WED SEP 20 2017


...................................

...THE RALEIGH-DURHAM INTL AIRPORT NC CLIMATE SUMMARY FOR SEPTEMBER 20 2017...
VALID AS OF 0836 PM LOCAL TIME.

CLIMATE NORMAL PERIOD 1981 TO 2010
CLIMATE RECORD PERIOD 1887 TO 2017


WEATHER ITEM   OBSERVED TIME   RECORD YEAR NORMAL DEPARTURE LAST
                VALUE   (LST)  VALUE       VALUE  FROM      YEAR
                                                  NORMAL
..................................................................
TEMPERATURE (F)
 TODAY
  MAXIMUM         91    225 PM  96    1895  81     10       75
  MINIMUM         62    513 AM  44    1959  60      2       71
                                      1929
  AVERAGE         77                        70      7       73

PRECIPITATION (IN)
  TODAY            0.00          2.21 1969   0.14  -0.14     0.02
  MONTH TO DATE    2.28                      3.11  -0.83     2.96
  SINCE SEP 1      2.28                      3.11  -0.83     2.96
  SINCE JAN 1     37.68                     32.65   5.03    39.71

..................................................................


WIND (MPH)
  HIGHEST WIND SPEED    14   HIGHEST WIND DIRECTION     W (280)
  HIGHEST GUST SPEED    20   HIGHEST GUST DIRECTION     W (280)
  AVERAGE WIND SPEED     4.1


SKY COVER
  POSSIBLE SUNSHINE  MM
  AVERAGE SKY COVER 0.3


WEATHER CONDITIONS
 THE FOLLOWING WEATHER WAS RECORDED TODAY.
  FOG


RELATIVE HUMIDITY (PERCENT)
 HIGHEST   100          1200 AM
 LOWEST     38           500 PM
 AVERAGE    69

..........................................................


THE RALEIGH-DURHAM INTL AIRPORT NC CLIMATE NORMALS FOR TOMORROW
                         NORMAL    RECORD    YEAR
 MAXIMUM TEMPERATURE (F)   81        98      1895
 MINIMUM TEMPERATURE (F)   60        41      1962


SUNRISE AND SUNSET
SEPTEMBER 20 2017.....SUNRISE   702 AM EDT   SUNSET   715 PM EDT
SEPTEMBER 21 2017.....SUNRISE   702 AM EDT   SUNSET   713 PM EDT


-  INDICATES NEGATIVE NUMBERS.
R  INDICATES RECORD WAS SET OR TIED.
MM INDICATES DATA IS MISSING.
T  INDICATES TRACE AMOUNT.

&&

CLIMATE REPORT
NWS FORECAST OFFICE
NCSU CENTENNIAL CAMPUS
RALEIGH NC

MAXIMUM TEMPERATURE... 92

MINIMUM TEMPERATURE... 65

PRECIPITATION... 0.05


$$
