000
CDUS42 KRAH 260739
CLIRDU


CLIMATE REPORT
NATIONAL WEATHER SERVICE RALEIGH NC
336 AM EDT TUE JUL 26 2016


...................................

...THE RALEIGH-DURHAM INTL AIRPORT NC CLIMATE SUMMARY FOR JULY 25 2016...

CLIMATE NORMAL PERIOD 1981 TO 2010
CLIMATE RECORD PERIOD 1887 TO 2016


WEATHER ITEM   OBSERVED TIME   RECORD YEAR NORMAL DEPARTURE LAST
                VALUE   (LST)  VALUE       VALUE  FROM      YEAR
                                                  NORMAL
..................................................................
TEMPERATURE (F)
 YESTERDAY
  MAXIMUM         96    306 PM 102    2010  90      6       88
  MINIMUM         77    522 AM  56    1947  70      7       64
  AVERAGE         87                        80      7       76

PRECIPITATION (IN)
  YESTERDAY        0.00          1.76 1985   0.16  -0.16     0.00
  MONTH TO DATE    7.82                      3.78   4.04     5.01
  SINCE JUN 1     13.84                      7.30   6.54    11.36
  SINCE JAN 1     33.45                     24.33   9.12    29.20

DEGREE DAYS
 HEATING
  YESTERDAY        0                         0      0        0
  MONTH TO DATE    0                         0      0        0
  SINCE JUN 1      0                         4     -4        0
  SINCE JUL 1      0                         0      0        0

 COOLING
  YESTERDAY       22                        15      7       11
  MONTH TO DATE  415                       375     40      373
  SINCE JUN 1    774                       722     52      810
  SINCE JAN 1   1010                       931     79     1080
..................................................................


WIND (MPH)
  HIGHEST WIND SPEED    15   HIGHEST WIND DIRECTION    SW (220)
  HIGHEST GUST SPEED    20   HIGHEST GUST DIRECTION    SW (210)
  AVERAGE WIND SPEED     8.8


SKY COVER
  POSSIBLE SUNSHINE  MM
  AVERAGE SKY COVER 0.4


WEATHER CONDITIONS
 THE FOLLOWING WEATHER WAS RECORDED YESTERDAY.
  THUNDERSTORM


RELATIVE HUMIDITY (PERCENT)
 HIGHEST    91           200 AM
 LOWEST     48           300 PM
 AVERAGE    70

..........................................................


THE RALEIGH-DURHAM INTL AIRPORT NC CLIMATE NORMALS FOR TODAY
                         NORMAL    RECORD    YEAR
 MAXIMUM TEMPERATURE (F)   90       101      2005
                                             1940
 MINIMUM TEMPERATURE (F)   70        58      1947


SUNRISE AND SUNSET
JULY 26 2016..........SUNRISE   619 AM EDT   SUNSET   824 PM EDT
JULY 27 2016..........SUNRISE   619 AM EDT   SUNSET   824 PM EDT


-  INDICATES NEGATIVE NUMBERS.
R  INDICATES RECORD WAS SET OR TIED.
MM INDICATES DATA IS MISSING.
T  INDICATES TRACE AMOUNT.

&&

CLIMATE REPORT
NWS FORECAST OFFICE
NCSU CENTENNIAL CAMPUS
RALEIGH NC

MAXIMUM TEMPERATURE...96

MINIMUM TEMPERATURE...76

PRECIPITATION...0.00

$$
