000
CDUS42 KRAH 210754
CLIRDU


CLIMATE REPORT
NATIONAL WEATHER SERVICE RALEIGH NC
351 AM EDT THU AUG 21 2014


...................................

...THE RALEIGH-DURHAM INTL AIRPORT NC CLIMATE SUMMARY FOR AUGUST 20 2014...

CLIMATE NORMAL PERIOD 1981 TO 2010
CLIMATE RECORD PERIOD 1887 TO 2014


WEATHER ITEM   OBSERVED TIME   RECORD YEAR NORMAL DEPARTURE LAST
                VALUE   (LST)  VALUE       VALUE  FROM      YEAR
                                                  NORMAL
..................................................................
TEMPERATURE (F)
 YESTERDAY
  MAXIMUM         90    424 PM 103    2007  88      2       83
  MINIMUM         70    307 AM  54    1998  68      2       68
  AVERAGE         80                        78      2       76

PRECIPITATION (IN)
  YESTERDAY        1.06          4.18 1986   0.12   0.94      T
  MONTH TO DATE    6.79                      2.63   4.16     4.87
  SINCE JUN 1     19.06                     10.88   8.18    18.43
  SINCE JAN 1     38.33                     27.91  10.42    37.46

DEGREE DAYS
 HEATING
  YESTERDAY        0                         0      0        0
  MONTH TO DATE    0                         0      0        0
  SINCE JUN 1      0                         4     -4        0
  SINCE JUL 1      0                         0      0        0

 COOLING
  YESTERDAY       15                        13      2       11
  MONTH TO DATE  215                       283    -68      227
  SINCE JUN 1   1015                      1096    -81     1004
  SINCE JAN 1   1228                      1305    -77     1182
..................................................................


WIND (MPH)
  HIGHEST WIND SPEED    31   HIGHEST WIND DIRECTION    NW (300)
  HIGHEST GUST SPEED    58   HIGHEST GUST DIRECTION    NW (320)
  AVERAGE WIND SPEED     2.3


SKY COVER
  POSSIBLE SUNSHINE  MM
  AVERAGE SKY COVER 0.6


WEATHER CONDITIONS
 THE FOLLOWING WEATHER WAS RECORDED YESTERDAY.
  THUNDERSTORM
  HEAVY RAIN
  LIGHT RAIN
  FOG
  FOG W/VISIBILITY <= 1/4 MILE
  HAZE


RELATIVE HUMIDITY (PERCENT)
 HIGHEST    93           300 AM
 LOWEST     56           400 PM
 AVERAGE    75

..........................................................


THE RALEIGH-DURHAM INTL AIRPORT NC CLIMATE NORMALS FOR TODAY
                         NORMAL    RECORD    YEAR
 MAXIMUM TEMPERATURE (F)   88       105      2007
 MINIMUM TEMPERATURE (F)   68        54      1981


SUNRISE AND SUNSET
AUGUST 21 2014........SUNRISE   638 AM EDT   SUNSET   757 PM EDT
AUGUST 22 2014........SUNRISE   639 AM EDT   SUNSET   756 PM EDT


-  INDICATES NEGATIVE NUMBERS.
R  INDICATES RECORD WAS SET OR TIED.
MM INDICATES DATA IS MISSING.
T  INDICATES TRACE AMOUNT.

&&

CLIMATE REPORT NWS FORECAST OFFICE
NCSU CENTENNIAL CAMPUS
RALEIGH, NC

MAXIMUM TEMPERATURE... 89

MINIMUM TEMPERATURE... 72

PRECIPITATION... T


$$
