474
CDUS42 KRAH 240734
CLIRDU


CLIMATE REPORT
NATIONAL WEATHER SERVICE RALEIGH NC
324 AM EDT MON JUL 24 2017


...................................

...THE RALEIGH-DURHAM INTL AIRPORT NC CLIMATE SUMMARY FOR JULY 23 2017...

CLIMATE NORMAL PERIOD 1981 TO 2010
CLIMATE RECORD PERIOD 1887 TO 2017


WEATHER ITEM   OBSERVED TIME   RECORD YEAR NORMAL DEPARTURE LAST
                VALUE   (LST)  VALUE       VALUE  FROM      YEAR
                                                  NORMAL
..................................................................
TEMPERATURE (F)
 YESTERDAY
  MAXIMUM        102    243 PM 105    1952  90     12       95
  MINIMUM         71   1111 PM  54    1947  70      1       72
  AVERAGE         87                        80      7       84

PRECIPITATION (IN)
  YESTERDAY        0.56          1.78 1919   0.16   0.40     0.00
  MONTH TO DATE    2.14                      3.46  -1.32     7.82
  SINCE JUN 1      8.30                      6.98   1.32    13.84
  SINCE JAN 1     30.16                     24.01   6.15    33.45

DEGREE DAYS
 HEATING
  YESTERDAY        0                         0      0        0
  MONTH TO DATE    0                         0      0        0
  SINCE JUN 1      1                         4     -3        0
  SINCE JUL 1      0                         0      0        0

 COOLING
  YESTERDAY       22                        15      7       19
  MONTH TO DATE  417                       345     72      373
  SINCE JUN 1    742                       692     50      732
  SINCE JAN 1   1081                       901    180      968
..................................................................


WIND (MPH)
  HIGHEST WIND SPEED    25   HIGHEST WIND DIRECTION    SW (220)
  HIGHEST GUST SPEED    32   HIGHEST GUST DIRECTION    SW (220)
  AVERAGE WIND SPEED     8.9


SKY COVER
  POSSIBLE SUNSHINE  MM
  AVERAGE SKY COVER 0.6


WEATHER CONDITIONS
 THE FOLLOWING WEATHER WAS RECORDED YESTERDAY.
  THUNDERSTORM
  HEAVY RAIN
  LIGHT RAIN
  FOG


RELATIVE HUMIDITY (PERCENT)
 HIGHEST   100          1000 PM
 LOWEST     31           300 PM
 AVERAGE    66

..........................................................


THE RALEIGH-DURHAM INTL AIRPORT NC CLIMATE NORMALS FOR TODAY
                         NORMAL    RECORD    YEAR
 MAXIMUM TEMPERATURE (F)   90       101      2011
 MINIMUM TEMPERATURE (F)   70        57      1947


SUNRISE AND SUNSET
JULY 24 2017..........SUNRISE   617 AM EDT   SUNSET   826 PM EDT
JULY 25 2017..........SUNRISE   618 AM EDT   SUNSET   825 PM EDT


-  INDICATES NEGATIVE NUMBERS.
R  INDICATES RECORD WAS SET OR TIED.
MM INDICATES DATA IS MISSING.
T  INDICATES TRACE AMOUNT.


&&

CLIMATE REPORT
NWS FORECAST OFFICE
NCSU CENTENNIAL CAMPUS RALEIGH NC

MAXIMUM TEMPERATURE... 100

MINIMUM TEMPERATURE... 71

PRECIPITATION... 0.14

$$
