000
CDUS42 KRAH 300037
CLIRDU


CLIMATE REPORT
NATIONAL WEATHER SERVICE RALEIGH NC
835 PM EDT WED JUL 29 2015


...................................

...THE RALEIGH-DURHAM INTL AIRPORT NC CLIMATE SUMMARY FOR JULY 29 2015...
VALID AS OF 0800 PM LOCAL TIME.

CLIMATE NORMAL PERIOD 1981 TO 2010
CLIMATE RECORD PERIOD 1887 TO 2015


WEATHER ITEM   OBSERVED TIME   RECORD YEAR NORMAL DEPARTURE LAST
                VALUE   (LST)  VALUE       VALUE  FROM      YEAR
                                                  NORMAL
..................................................................
TEMPERATURE (F)
 TODAY
  MAXIMUM         91    423 PM 104    2011  90      1       82
                                      1952
  MINIMUM         75    642 AM  55    1946  70      5       63
  AVERAGE         83                        80      3       73

PRECIPITATION (IN)
  TODAY            0.00          2.82 2004   0.16  -0.16     0.00
  MONTH TO DATE    5.01                      4.40   0.61     8.88
  SINCE JUN 1     11.36                      7.92   3.44    12.19
  SINCE JAN 1     29.20                     24.95   4.25    31.46

DEGREE DAYS
 HEATING
  TODAY            0                         0      0        0
  MONTH TO DATE    0                         0      0        0
  SINCE JUN 1      0                         4     -4        0
  SINCE JUL 1      0                         0      0        0

 COOLING
  TODAY           18                        15      3        8
  MONTH TO DATE  437                       435      2      407
  SINCE JUN 1    874                       782     92      784
  SINCE JAN 1   1144                       991    153      997
..................................................................


WIND (MPH)
  RESULTANT WIND SPEED   4   RESULTANT WIND DIRECTION  SE (150)
  HIGHEST WIND SPEED     9   HIGHEST WIND DIRECTION    SE (140)
  HIGHEST GUST SPEED    13   HIGHEST GUST DIRECTION     S (170)
  AVERAGE WIND SPEED     4.4


SKY COVER
  POSSIBLE SUNSHINE  MM
  AVERAGE SKY COVER 0.7


WEATHER CONDITIONS
 THE FOLLOWING WEATHER WAS RECORDED TODAY.
  NO SIGNIFICANT WEATHER WAS OBSERVED.


RELATIVE HUMIDITY (PERCENT)
 HIGHEST    85          1200 AM
 LOWEST     49           400 PM
 AVERAGE    67

..........................................................


THE RALEIGH-DURHAM INTL AIRPORT NC CLIMATE NORMALS FOR TOMORROW
                         NORMAL    RECORD    YEAR
 MAXIMUM TEMPERATURE (F)   90       101      1953
 MINIMUM TEMPERATURE (F)   70        56      1946
                                             1936


SUNRISE AND SUNSET
JULY 29 2015..........SUNRISE   620 AM EDT   SUNSET   823 PM EDT
JULY 30 2015..........SUNRISE   621 AM EDT   SUNSET   822 PM EDT


-  INDICATES NEGATIVE NUMBERS.
R  INDICATES RECORD WAS SET OR TIED.
MM INDICATES DATA IS MISSING.
T  INDICATES TRACE AMOUNT.

&&

CLIMATE REPORT NWS FORECAST OFFICE
NCSU CENTENNIAL CAMPUS
RALEIGH, NC

MAXIMUM TEMPERATURE... 92

MINIMUM TEMPERATURE... 74

PRECIPITATION... 0.00


$$
