000
CDUS42 KRAH 280900
CLIRDU


CLIMATE REPORT
NATIONAL WEATHER SERVICE RALEIGH NC
358 AM EST SUN DEC 28 2014


...................................

...THE RALEIGH-DURHAM INTL AIRPORT NC CLIMATE SUMMARY FOR DECEMBER 27 2014...

CLIMATE NORMAL PERIOD 1981 TO 2010
CLIMATE RECORD PERIOD 1887 TO 2014


WEATHER ITEM   OBSERVED TIME   RECORD YEAR NORMAL DEPARTURE LAST
                VALUE   (LST)  VALUE       VALUE  FROM      YEAR
                                                  NORMAL
..................................................................
TEMPERATURE (F)
 YESTERDAY
  MAXIMUM         62    327 PM  73    1904  51     11       52
  MINIMUM         31    740 AM  12    1948  31      0       26
  AVERAGE         47                        41      6       39

PRECIPITATION (IN)
  YESTERDAY        0.00          0.84 1892   0.10  -0.10     0.00
  MONTH TO DATE    4.22                      2.68   1.54     3.97
  SINCE DEC 1      4.22                      2.68   1.54     3.97
  SINCE JAN 1     54.50                     42.95  11.55    48.75

SNOWFALL (IN)
  YESTERDAY        0.0           8.5  1892   0.0    0.0      0.0
  MONTH TO DATE    T                         0.4   -0.4      0.0
  SINCE DEC 1      T                         0.4   -0.4      0.0
  SINCE JUL 1      T                         0.5   -0.5       T
  SNOW DEPTH       0

DEGREE DAYS
 HEATING
  YESTERDAY       18                        24     -6       26
  MONTH TO DATE  536                       573    -37      501
  SINCE DEC 1    536                       573    -37      501
  SINCE JUL 1   1200                      1154     46     1153

 COOLING
  YESTERDAY        0                         0      0        0
  MONTH TO DATE    0                         0      0       13
  SINCE DEC 1      0                         0      0       13
  SINCE JAN 1   1657                      1728    -71     1565
..................................................................


WIND (MPH)
  HIGHEST WIND SPEED    12   HIGHEST WIND DIRECTION    SW (230)
  HIGHEST GUST SPEED    16   HIGHEST GUST DIRECTION    SW (240)
  AVERAGE WIND SPEED     3.2


SKY COVER
  POSSIBLE SUNSHINE  MM
  AVERAGE SKY COVER 0.5


WEATHER CONDITIONS
 THE FOLLOWING WEATHER WAS RECORDED YESTERDAY.
  FOG
  HAZE


RELATIVE HUMIDITY (PERCENT)
 HIGHEST    92           600 AM
 LOWEST     36           300 PM
 AVERAGE    64

..........................................................


THE RALEIGH-DURHAM INTL AIRPORT NC CLIMATE NORMALS FOR TODAY
                         NORMAL    RECORD    YEAR
 MAXIMUM TEMPERATURE (F)   51        76      1942
 MINIMUM TEMPERATURE (F)   31         9      1925


SUNRISE AND SUNSET
DECEMBER 28 2014......SUNRISE   724 AM EST   SUNSET   509 PM EST
DECEMBER 29 2014......SUNRISE   725 AM EST   SUNSET   510 PM EST


-  INDICATES NEGATIVE NUMBERS.
R  INDICATES RECORD WAS SET OR TIED.
MM INDICATES DATA IS MISSING.
T  INDICATES TRACE AMOUNT.

&&

CLIMATE REPORT NWS FORECAST OFFICE
NCSU CENTENNIAL CAMPUS
RALEIGH, NC

MAXIMUM TEMPERATURE... 63

MINIMUM TEMPERATURE... 34

PRECIPITATION... 0.00

$$
