000
CDUS42 KRAH 250653
CLIRDU

CLIMATE REPORT
NATIONAL WEATHER SERVICE RALEIGH NC
151 AM EST SUN JAN 25 2015
...................................

...THE RALEIGH-DURHAM INTL AIRPORT NC CLIMATE SUMMARY FOR JANUARY 24 2015...

CLIMATE NORMAL PERIOD 1981 TO 2010
CLIMATE RECORD PERIOD 1887 TO 2015


WEATHER ITEM   OBSERVED TIME   RECORD YEAR NORMAL DEPARTURE LAST
                VALUE   (LST)  VALUE       VALUE  FROM      YEAR
                                                  NORMAL
..................................................................
TEMPERATURE (F)
 YESTERDAY
  MAXIMUM         49    448 PM  77    1967  51     -2       27
  MINIMUM         35    702 AM   7    1963  31      4       11
  AVERAGE         42                        41      1       19

PRECIPITATION (IN)
  YESTERDAY        0.14          1.85 1913   0.11   0.03     0.00
  MONTH TO DATE    3.08                      2.72   0.36     1.78
  SINCE DEC 1      8.05                      5.79   2.26     7.69
  SINCE JAN 1      3.08                      2.72   0.36     1.78

SNOWFALL (IN)
  YESTERDAY        0.0           3.7  1940   0.1   -0.1      0.0
  MONTH TO DATE    0.0                       2.2   -2.2      0.5
  SINCE DEC 1      T                         2.8   -2.8      0.5
  SINCE JUL 1      T                         2.9   -2.9      0.5
  SNOW DEPTH       0

DEGREE DAYS
 HEATING
  YESTERDAY       23                        24     -1       46
  MONTH TO DATE  588                       582      6      636
  SINCE DEC 1   1210                      1252    -42     1216
  SINCE JUL 1   1874                      1833     41     1868

 COOLING
  YESTERDAY        0                         0      0        0
  MONTH TO DATE    0                         0      0        0
  SINCE DEC 1      0                         2     -2       13
  SINCE JAN 1      0                         0      0        0
..................................................................


WIND (MPH)
  HIGHEST WIND SPEED    13   HIGHEST WIND DIRECTION    NW (310)
  HIGHEST GUST SPEED    21   HIGHEST GUST DIRECTION    NW (330)
  AVERAGE WIND SPEED     5.9


SKY COVER
  POSSIBLE SUNSHINE  MM
  AVERAGE SKY COVER 0.6


WEATHER CONDITIONS
 THE FOLLOWING WEATHER WAS RECORDED YESTERDAY.
  LIGHT RAIN
  FOG


RELATIVE HUMIDITY (PERCENT)
 HIGHEST    92           700 AM
 LOWEST     45           700 PM
 AVERAGE    69

..........................................................


THE RALEIGH-DURHAM INTL AIRPORT NC CLIMATE NORMALS FOR TODAY
                         NORMAL    RECORD    YEAR
 MAXIMUM TEMPERATURE (F)   52        78      1950
 MINIMUM TEMPERATURE (F)   31         8      1963


SUNRISE AND SUNSET
JANUARY 25 2015.......SUNRISE   720 AM EST   SUNSET   535 PM EST
JANUARY 26 2015.......SUNRISE   720 AM EST   SUNSET   536 PM EST


-  INDICATES NEGATIVE NUMBERS.
R  INDICATES RECORD WAS SET OR TIED.
MM INDICATES DATA IS MISSING.
T  INDICATES TRACE AMOUNT.

&&

CLIMATE REPORT NWS FORECAST OFFICE
NCSU CENTENNIAL CAMPUS
RALEIGH, NC

MAXIMUM TEMPERATURE...49

MINIMUM TEMPERATURE...35

PRECIPITATION...0.32



$$
