000
CDUS42 KRAH 052148
CLIRDU


CLIMATE REPORT
NATIONAL WEATHER SERVICE RALEIGH NC
447 PM EST FRI FEB 5 2016


...................................

...THE RALEIGH-DURHAM INTL AIRPORT NC CLIMATE SUMMARY FOR FEBRUARY 5 2016...
VALID TODAY AS OF 0447 PM LOCAL TIME.

CLIMATE NORMAL PERIOD 1981 TO 2010
CLIMATE RECORD PERIOD 1887 TO 2016


WEATHER ITEM   OBSERVED TIME   RECORD YEAR NORMAL DEPARTURE LAST
                VALUE   (LST)  VALUE       VALUE  FROM      YEAR
                                                  NORMAL
..................................................................
TEMPERATURE (F)
 TODAY
  MAXIMUM         47    440 PM  78    1890  53     -6       50
  MINIMUM         37    746 AM   0    1996  32      5       27
  AVERAGE         42                        43     -1       39

PRECIPITATION (IN)
  TODAY            0.01          1.37 2010   0.11  -0.10      T
  MONTH TO DATE    1.54                      0.56   0.98     0.39
  SINCE DEC 1      9.34                      7.13   2.21     8.71
  SINCE JAN 1      3.27                      4.06  -0.79     3.74

SNOWFALL (IN)
  TODAY            0.0           2.3  1905   0.1   -0.1      0.0
  MONTH TO DATE    0.0                       0.4   -0.4      0.0
  SINCE DEC 1      1.2                       3.9   -2.7       T
  SINCE JUL 1      1.2                       4.0   -2.8       T
  SNOW DEPTH       0

DEGREE DAYS
 HEATING
  TODAY           23                        22      1       26
  MONTH TO DATE   53                       113    -60      121
  SINCE DEC 1   1139                      1529   -390     1518
  SINCE JUL 1   1590                      2110   -520     2182

 COOLING
  TODAY            0                         0      0        0
  MONTH TO DATE    0                         0      0        0
  SINCE DEC 1     27                         2     25        0
  SINCE JAN 1      0                         0      0        0
..................................................................


WIND (MPH)
  HIGHEST WIND SPEED    15   HIGHEST WIND DIRECTION     N (360)
  HIGHEST GUST SPEED    23   HIGHEST GUST DIRECTION    NW (320)
  AVERAGE WIND SPEED     8.2


SKY COVER
  POSSIBLE SUNSHINE  MM
  AVERAGE SKY COVER 0.4


WEATHER CONDITIONS
 THE FOLLOWING WEATHER WAS RECORDED TODAY.
  LIGHT RAIN
  FOG


RELATIVE HUMIDITY (PERCENT)
 HIGHEST    73           400 AM
 LOWEST     31           400 PM
 AVERAGE    52

..........................................................


THE RALEIGH-DURHAM INTL AIRPORT NC CLIMATE NORMALS FOR TOMORROW
                         NORMAL    RECORD    YEAR
 MAXIMUM TEMPERATURE (F)   53        77      2008
 MINIMUM TEMPERATURE (F)   33         9      1917


SUNRISE AND SUNSET
FEBRUARY  5 2016......SUNRISE   713 AM EST   SUNSET   546 PM EST
FEBRUARY  6 2016......SUNRISE   712 AM EST   SUNSET   547 PM EST


-  INDICATES NEGATIVE NUMBERS.
R  INDICATES RECORD WAS SET OR TIED.
MM INDICATES DATA IS MISSING.
T  INDICATES TRACE AMOUNT.

&&

CLIMATE REPORT NWS FORECAST OFFICE
NCSU CENTENNIAL CAMPUS
RALEIGH...NC

MAXIMUM TEMPERATURE... 47

MINIMUM TEMPERATURE... 37

PRECIPITATION... 0.14


$$
