000
CDUS46 KBOI 210931
CLIREO


CLIMATE REPORT
NATIONAL WEATHER SERVICE BOISE ID
230 AM MST WED FEB 21 2018


...................................

...THE ROME OR CLIMATE SUMMARY FOR FEBRUARY 20 2018...

CLIMATE NORMAL PERIOD 1981 TO 2010
CLIMATE RECORD PERIOD 9999 TO 9999


WEATHER ITEM   OBSERVED TIME   NORMAL DEPARTURE LAST
                VALUE   (LST)  VALUE  FROM      YEAR
                                      NORMAL
......................................................
TEMPERATURE (F)
 YESTERDAY
  MAXIMUM         31    423 PM  47    -16       54
  MINIMUM         -1    808 AM  22    -23       39
  AVERAGE         15            34    -19       47

PRECIPITATION (IN)
  YESTERDAY        0.00          0.03  -0.03     0.08
  MONTH TO DATE    0.06          0.53  -0.47     0.85
  SINCE OCT 1      2.44          3.37  -0.93     5.07
  SINCE JAN 1      0.56          1.18  -0.62     2.69

DEGREE DAYS
 HEATING
  YESTERDAY       50            30     20       18
  MONTH TO DATE  550           649    -99      491
  SINCE DEC 1   2594          2885   -291     3034
  SINCE JUL 1   4016          4498   -482     4269

 COOLING
  YESTERDAY        0             0      0        0
  MONTH TO DATE    0             0      0        0
  SINCE DEC 1      0             0      0        0
  SINCE JAN 1      0             0      0        0
......................................................


WIND (MPH)
  RESULTANT WIND SPEED   5   RESULTANT WIND DIRECTION  SE (150)
  HIGHEST WIND SPEED    14   HIGHEST WIND DIRECTION     S (190)
  HIGHEST GUST SPEED    18   HIGHEST GUST DIRECTION     S (190)
  AVERAGE WIND SPEED     6.6


SKY COVER
  AVERAGE SKY COVER 0.0


WEATHER CONDITIONS
 THE FOLLOWING WEATHER WAS RECORDED YESTERDAY.
  NO SIGNIFICANT WEATHER WAS OBSERVED.


RELATIVE HUMIDITY (PERCENT)
 HIGHEST    79           200 AM
 LOWEST     22           300 PM
 AVERAGE    51

..........................................................


THE ROME OR CLIMATE NORMALS FOR TODAY
                         NORMAL    RECORD    YEAR
 MAXIMUM TEMPERATURE (F)   47        MM        MM
 MINIMUM TEMPERATURE (F)   23        MM        MM


SUNRISE AND SUNSET
FEBRUARY 21 2018......SUNRISE   639 AM PST   SUNSET   531 PM PST
FEBRUARY 22 2018......SUNRISE   638 AM PST   SUNSET   533 PM PST


-  INDICATES NEGATIVE NUMBERS.
R  INDICATES RECORD WAS SET OR TIED.
MM INDICATES DATA IS MISSING.
T  INDICATES TRACE AMOUNT.




$$
