000
CDUS46 KBOI 260935
CLIREO


CLIMATE REPORT
NATIONAL WEATHER SERVICE BOISE ID
334 AM MDT SUN MAR 26 2017


...................................

...THE ROME OR CLIMATE SUMMARY FOR MARCH 25 2017...

CLIMATE NORMAL PERIOD 1981 TO 2010
CLIMATE RECORD PERIOD 9999 TO 9999


WEATHER ITEM   OBSERVED TIME   NORMAL DEPARTURE LAST
                VALUE   (LST)  VALUE  FROM      YEAR
                                      NORMAL
......................................................
TEMPERATURE (F)
 YESTERDAY
  MAXIMUM         58    441 PM  56      2       52
  MINIMUM         29    723 AM  27      2       21
  AVERAGE         44            41      3       37

PRECIPITATION (IN)
  YESTERDAY        0.00          0.03  -0.03     0.00
  MONTH TO DATE    0.24          0.76  -0.52     0.44
  SINCE OCT 1      5.89          4.36   1.53     5.60
  SINCE JAN 1      3.51          2.17   1.34     1.17

DEGREE DAYS
 HEATING
  YESTERDAY       21            24     -3       28
  MONTH TO DATE  425           644   -219      484
  SINCE MAR 1    425           644   -219      484
  SINCE JUL 1   5005          5378   -373     4580

 COOLING
  YESTERDAY        0             0      0        0
  MONTH TO DATE    0             0      0        0
  SINCE MAR 1      0             0      0        0
  SINCE JAN 1      0             0      0        0
......................................................


WIND (MPH)
  RESULTANT WIND SPEED   2   RESULTANT WIND DIRECTION   S (170)
  HIGHEST WIND SPEED    17   HIGHEST WIND DIRECTION    SW (220)
  HIGHEST GUST SPEED    22   HIGHEST GUST DIRECTION    SW (210)
  AVERAGE WIND SPEED     6.2


SKY COVER
  AVERAGE SKY COVER 0.0


WEATHER CONDITIONS
 THE FOLLOWING WEATHER WAS RECORDED YESTERDAY.
  NO SIGNIFICANT WEATHER WAS OBSERVED.


RELATIVE HUMIDITY (PERCENT)
 HIGHEST    85           500 AM
 LOWEST     26           300 PM
 AVERAGE    56

..........................................................


THE ROME OR CLIMATE NORMALS FOR TODAY
                         NORMAL    RECORD    YEAR
 MAXIMUM TEMPERATURE (F)   56        MM        MM
 MINIMUM TEMPERATURE (F)   27        MM        MM


SUNRISE AND SUNSET
MARCH 26 2017.........SUNRISE   644 AM PDT   SUNSET   711 PM PDT
MARCH 27 2017.........SUNRISE   642 AM PDT   SUNSET   712 PM PDT


-  INDICATES NEGATIVE NUMBERS.
R  INDICATES RECORD WAS SET OR TIED.
MM INDICATES DATA IS MISSING.
T  INDICATES TRACE AMOUNT.




$$
