004
CDUS46 KBOI 230936
CLIREO


CLIMATE REPORT
NATIONAL WEATHER SERVICE BOISE ID
336 AM MDT SUN APR 23 2017


...................................

...THE ROME OR CLIMATE SUMMARY FOR APRIL 22 2017...

CLIMATE NORMAL PERIOD 1981 TO 2010
CLIMATE RECORD PERIOD 9999 TO 9999


WEATHER ITEM   OBSERVED TIME   NORMAL DEPARTURE LAST
                VALUE   (LST)  VALUE  FROM      YEAR
                                      NORMAL
......................................................
TEMPERATURE (F)
 YESTERDAY
  MAXIMUM         71    245 PM  63      8       67
  MINIMUM         29    559 AM  32     -3       39
  AVERAGE         50            47      3       53

PRECIPITATION (IN)
  YESTERDAY        0.00          0.04  -0.04     0.00
  MONTH TO DATE    0.44          0.70  -0.26     0.48
  SINCE OCT 1      6.81          5.28   1.53     6.08
  SINCE JAN 1      4.43          3.09   1.34     1.65

DEGREE DAYS
 HEATING
  YESTERDAY       15            18     -3       12
  MONTH TO DATE  400           447    -47      254
  SINCE MAR 1    947          1228   -281      875
  SINCE JUL 1   5527          5962   -435     4971

 COOLING
  YESTERDAY        0             0      0        0
  MONTH TO DATE    0             0      0        0
  SINCE MAR 1      0             0      0        0
  SINCE JAN 1      0             0      0        0
......................................................


WIND (MPH)
  RESULTANT WIND SPEED   8   RESULTANT WIND DIRECTION   S (180)
  HIGHEST WIND SPEED    26   HIGHEST WIND DIRECTION    SE (150)
  HIGHEST GUST SPEED    33   HIGHEST GUST DIRECTION    SE (150)
  AVERAGE WIND SPEED     8.5


SKY COVER
  AVERAGE SKY COVER 0.0


WEATHER CONDITIONS
 THE FOLLOWING WEATHER WAS RECORDED YESTERDAY.
  NO SIGNIFICANT WEATHER WAS OBSERVED.


RELATIVE HUMIDITY (PERCENT)
 HIGHEST    78           500 AM
 LOWEST     18           300 PM
 AVERAGE    48

..........................................................


THE ROME OR CLIMATE NORMALS FOR TODAY
                         NORMAL    RECORD    YEAR
 MAXIMUM TEMPERATURE (F)   63        MM        MM
 MINIMUM TEMPERATURE (F)   32        MM        MM


SUNRISE AND SUNSET
APRIL 23 2017.........SUNRISE   557 AM PDT   SUNSET   743 PM PDT
APRIL 24 2017.........SUNRISE   556 AM PDT   SUNSET   744 PM PDT


-  INDICATES NEGATIVE NUMBERS.
R  INDICATES RECORD WAS SET OR TIED.
MM INDICATES DATA IS MISSING.
T  INDICATES TRACE AMOUNT.




$$
