000
CDUS46 KBOI 220937
CLIREO


CLIMATE REPORT
NATIONAL WEATHER SERVICE BOISE ID
337 AM MDT FRI SEP 22 2017


...................................

...THE ROME OR CLIMATE SUMMARY FOR SEPTEMBER 21 2017...

CLIMATE NORMAL PERIOD 1981 TO 2010
CLIMATE RECORD PERIOD 9999 TO 9999


WEATHER ITEM   OBSERVED TIME   NORMAL DEPARTURE LAST
                VALUE   (LST)  VALUE  FROM      YEAR
                                      NORMAL
......................................................
TEMPERATURE (F)
 YESTERDAY
  MAXIMUM         55        MM  77    -22       76
  MINIMUM         35        MM  39     -4       39
  AVERAGE         45            58    -13       58

PRECIPITATION (IN)
  YESTERDAY        0.02          0.02   0.00     0.03
  MONTH TO DATE    0.40          0.24   0.16     0.22
  SINCE OCT 1      9.50          8.76   0.74     8.32
  SINCE JAN 1      7.12          6.57   0.55     3.89

DEGREE DAYS
 HEATING
  YESTERDAY       20             7     13        7
  MONTH TO DATE   84            97    -13      116
  SINCE SEP 1     84            97    -13      116
  SINCE JUL 1     84           138    -54      137

 COOLING
  YESTERDAY        0             0      0        0
  MONTH TO DATE  132            39     93       24
  SINCE SEP 1    132            39     93       24
  SINCE JAN 1   1037           505    532      685
......................................................


WIND (MPH)
  RESULTANT WIND SPEED   1   RESULTANT WIND DIRECTION   W (260)
  HIGHEST WIND SPEED    18   HIGHEST WIND DIRECTION    NW (310)
  HIGHEST GUST SPEED    27   HIGHEST GUST DIRECTION    NW (310)
  AVERAGE WIND SPEED     6.2


SKY COVER
  AVERAGE SKY COVER 0.0


WEATHER CONDITIONS
 THE FOLLOWING WEATHER WAS RECORDED YESTERDAY.
  LIGHT RAIN


RELATIVE HUMIDITY (PERCENT)
 HIGHEST    92           300 AM
 LOWEST     44           200 PM
 AVERAGE    68

..........................................................


THE ROME OR CLIMATE NORMALS FOR TODAY
                         NORMAL    RECORD    YEAR
 MAXIMUM TEMPERATURE (F)   77        MM        MM
 MINIMUM TEMPERATURE (F)   38        MM        MM


SUNRISE AND SUNSET
SEPTEMBER 22 2017.....SUNRISE   639 AM PDT   SUNSET   648 PM PDT
SEPTEMBER 23 2017.....SUNRISE   640 AM PDT   SUNSET   646 PM PDT


-  INDICATES NEGATIVE NUMBERS.
R  INDICATES RECORD WAS SET OR TIED.
MM INDICATES DATA IS MISSING.
T  INDICATES TRACE AMOUNT.




$$
