000
CDUS46 KBOI 280932
CLIREO


CLIMATE REPORT
NATIONAL WEATHER SERVICE BOISE ID
331 AM MDT MON JUL 28 2014


...................................

...THE ROME OR CLIMATE SUMMARY FOR JULY 27 2014...

CLIMATE NORMAL PERIOD 1981 TO 2010
CLIMATE RECORD PERIOD 9999 TO 9999


WEATHER ITEM   OBSERVED TIME   NORMAL DEPARTURE LAST
                VALUE   (LST)  VALUE  FROM      YEAR
                                      NORMAL
......................................................
TEMPERATURE (F)
 YESTERDAY
  MAXIMUM        102    354 PM  93      9       94
  MINIMUM         58    403 AM  53      5       56
  AVERAGE         80            73      7       75

PRECIPITATION (IN)
  YESTERDAY        0.00          0.01  -0.01     0.00
  MONTH TO DATE    0.03          0.32  -0.29     0.42
  SINCE OCT 1      2.38          8.13  -5.75     4.50
  SINCE JAN 1      2.19          5.94  -3.75     3.04

DEGREE DAYS
 HEATING
  YESTERDAY        0             0      0        0
  MONTH TO DATE    0            11    -11        0
  SINCE JUN 1     59           136    -77       94
  SINCE JUL 1      0            11    -11        0

 COOLING
  YESTERDAY       15             8      7       10
  MONTH TO DATE  307           187    120      342
  SINCE JUN 1    356           249    107      478
  SINCE JAN 1    367           259    108      500
......................................................


WIND (MPH)
  RESULTANT WIND SPEED   4   RESULTANT WIND DIRECTION  NE (40)
  HIGHEST WIND SPEED    15   HIGHEST WIND DIRECTION    NW (320)
  HIGHEST GUST SPEED    29   HIGHEST GUST DIRECTION    NW (310)
  AVERAGE WIND SPEED     6.2


SKY COVER
  AVERAGE SKY COVER 0.0


WEATHER CONDITIONS
 THE FOLLOWING WEATHER WAS RECORDED YESTERDAY.
  NO SIGNIFICANT WEATHER WAS OBSERVED.


RELATIVE HUMIDITY (PERCENT)
 HIGHEST    31           500 AM
 LOWEST      6           200 PM
 AVERAGE    19

..........................................................


THE ROME OR CLIMATE NORMALS FOR TODAY
                         NORMAL    RECORD    YEAR
 MAXIMUM TEMPERATURE (F)   93        MM        MM
 MINIMUM TEMPERATURE (F)   53        MM        MM


SUNRISE AND SUNSET
JULY 28 2014..........SUNRISE   539 AM PDT   SUNSET   816 PM PDT
JULY 29 2014..........SUNRISE   540 AM PDT   SUNSET   815 PM PDT


-  INDICATES NEGATIVE NUMBERS.
R  INDICATES RECORD WAS SET OR TIED.
MM INDICATES DATA IS MISSING.
T  INDICATES TRACE AMOUNT.




$$
