000
CDUS46 KBOI 161155
CLIREO


CLIMATE REPORT
NATIONAL WEATHER SERVICE BOISE ID
455 AM MST MON JAN 16 2017


...................................

...THE ROME OR CLIMATE SUMMARY FOR JANUARY 15 2017...

CLIMATE NORMAL PERIOD 1981 TO 2010
CLIMATE RECORD PERIOD 9999 TO 9999


WEATHER ITEM   OBSERVED TIME   NORMAL DEPARTURE LAST
                VALUE   (LST)  VALUE  FROM      YEAR
                                      NORMAL
......................................................
TEMPERATURE (F)
 YESTERDAY
  MAXIMUM         17    318 PM  39    -22       41
  MINIMUM         -2   1150 PM  20    -22       19
  AVERAGE          8            29    -21       30

PRECIPITATION (IN)
  YESTERDAY        0.00          0.02  -0.02     0.00
  MONTH TO DATE    1.54          0.35   1.19     0.15
  SINCE OCT 1      3.92          2.54   1.38     4.58
  SINCE JAN 1      1.54          0.35   1.19     0.15

DEGREE DAYS
 HEATING
  YESTERDAY       57            36     21       35
  MONTH TO DATE  642           544     98      634
  SINCE DEC 1   1931          1678    253     1669
  SINCE JUL 1   3166          3291   -125     2925

 COOLING
  YESTERDAY        0             0      0        0
  MONTH TO DATE    0             0      0        0
  SINCE DEC 1      0             0      0        0
  SINCE JAN 1      0             0      0        0
......................................................


WIND (MPH)
  RESULTANT WIND SPEED   1   RESULTANT WIND DIRECTION  NE (40)
  HIGHEST WIND SPEED     8   HIGHEST WIND DIRECTION    SE (150)
  HIGHEST GUST SPEED     9   HIGHEST GUST DIRECTION    NE (30)
  AVERAGE WIND SPEED     3.2


SKY COVER
  AVERAGE SKY COVER 0.0


WEATHER CONDITIONS
 THE FOLLOWING WEATHER WAS RECORDED YESTERDAY.
  NO SIGNIFICANT WEATHER WAS OBSERVED.


RELATIVE HUMIDITY (PERCENT)
 HIGHEST    91          1000 AM
 LOWEST     67           100 PM
 AVERAGE    79

..........................................................


THE ROME OR CLIMATE NORMALS FOR TODAY
                         NORMAL    RECORD    YEAR
 MAXIMUM TEMPERATURE (F)   39        MM        MM
 MINIMUM TEMPERATURE (F)   20        MM        MM


SUNRISE AND SUNSET
JANUARY 16 2017.......SUNRISE   718 AM PST   SUNSET   445 PM PST
JANUARY 17 2017.......SUNRISE   717 AM PST   SUNSET   446 PM PST


-  INDICATES NEGATIVE NUMBERS.
R  INDICATES RECORD WAS SET OR TIED.
MM INDICATES DATA IS MISSING.
T  INDICATES TRACE AMOUNT.




$$
