000
CDUS46 KBOI 100932
CLIREO


CLIMATE REPORT
NATIONAL WEATHER SERVICE BOISE ID
232 AM MST WED FEB 10 2016


...................................

...THE ROME OR CLIMATE SUMMARY FOR FEBRUARY 9 2016...

CLIMATE NORMAL PERIOD 1981 TO 2010
CLIMATE RECORD PERIOD 9999 TO 9999


WEATHER ITEM   OBSERVED TIME   NORMAL DEPARTURE LAST
                VALUE   (LST)  VALUE  FROM      YEAR
                                      NORMAL
......................................................
TEMPERATURE (F)
 YESTERDAY
  MAXIMUM         34    430 PM  43     -9       58
  MINIMUM         30    521 AM  21      9       39
  AVERAGE         32            32      0       49

PRECIPITATION (IN)
  YESTERDAY        0.00          0.03  -0.03     0.01
  MONTH TO DATE    0.05          0.26  -0.21     0.18
  SINCE OCT 1      5.10          3.10   2.00     2.35
  SINCE JAN 1      0.67          0.91  -0.24     0.35

DEGREE DAYS
 HEATING
  YESTERDAY       33            33      0       16
  MONTH TO DATE  271           302    -31      145
  SINCE DEC 1   2388          2538   -150     2059
  SINCE JUL 1   3644          4151   -507     3297

 COOLING
  YESTERDAY        0             0      0        0
  MONTH TO DATE    0             0      0        0
  SINCE DEC 1      0             0      0        0
  SINCE JAN 1      0             0      0        0
......................................................


WIND (MPH)
  RESULTANT WIND SPEED   2   RESULTANT WIND DIRECTION  NE (30)
  HIGHEST WIND SPEED     8   HIGHEST WIND DIRECTION    SW (240)
  HIGHEST GUST SPEED    11   HIGHEST GUST DIRECTION    NE (40)
  AVERAGE WIND SPEED     2.3


SKY COVER
  AVERAGE SKY COVER 0.0


WEATHER CONDITIONS
 THE FOLLOWING WEATHER WAS RECORDED YESTERDAY.
  NO SIGNIFICANT WEATHER WAS OBSERVED.


RELATIVE HUMIDITY (PERCENT)
 HIGHEST   100           800 AM
 LOWEST     85          1200 AM
 AVERAGE    93

..........................................................


THE ROME OR CLIMATE NORMALS FOR TODAY
                         NORMAL    RECORD    YEAR
 MAXIMUM TEMPERATURE (F)   44        MM        MM
 MINIMUM TEMPERATURE (F)   21        MM        MM


SUNRISE AND SUNSET
FEBRUARY 10 2016......SUNRISE   656 AM PST   SUNSET   516 PM PST
FEBRUARY 11 2016......SUNRISE   654 AM PST   SUNSET   518 PM PST


-  INDICATES NEGATIVE NUMBERS.
R  INDICATES RECORD WAS SET OR TIED.
MM INDICATES DATA IS MISSING.
T  INDICATES TRACE AMOUNT.




$$
