598
CDUS43 KGRB 142230
CLIRHI


CLIMATE REPORT
NATIONAL WEATHER SERVICE GREEN BAY
430 PM CST SUN FEB 14 2016


...................................

...THE RHINELANDER WI CLIMATE SUMMARY FOR FEBRUARY 14 2016...
VALID TODAY AS OF 0400 PM LOCAL TIME.

CLIMATE NORMAL PERIOD 1981 TO 2010
CLIMATE RECORD PERIOD 1908 TO 2016


WEATHER ITEM   OBSERVED TIME   RECORD YEAR NORMAL DEPARTURE LAST
                VALUE   (LST)  VALUE       VALUE  FROM      YEAR
                                                  NORMAL
..................................................................
TEMPERATURE (F)
 TODAY
  MAXIMUM         20    323 PM  45    1954  26     -6       10
  MINIMUM        -20    628 AM -31    1951   6    -26      -12
  AVERAGE          0                        16    -16       -1

PRECIPITATION (IN)
  TODAY            0.00          0.60 1918   0.03  -0.03      T
  MONTH TO DATE    0.43                      0.43   0.00     0.16
  SINCE DEC 1      5.15                      2.98   2.17     2.86
  SINCE JAN 1      1.19                      1.54  -0.35     0.84

SNOWFALL (IN)
  TODAY            0.0           6.0  1918  MM     MM         T
  MONTH TO DATE    5.6                      MM     MM        3.1
  SINCE DEC 1     25.7                      MM     MM       31.5
  SINCE JUL 1     29.8                      MM     MM       66.6
  SNOW DEPTH      MM

DEGREE DAYS
 HEATING
  TODAY           65                        49     16       66
  MONTH TO DATE  715                       709      6      794
  SINCE DEC 1   3374                      3836   -462     3885
  SINCE JUL 1   5091                      5970   -879     6406

 COOLING
  TODAY            0                         0      0        0
  MONTH TO DATE    0                         0      0        0
  SINCE DEC 1      0                         0      0        0
  SINCE JAN 1      0                         0      0        0
..................................................................


WIND (MPH)
  HIGHEST WIND SPEED    18   HIGHEST WIND DIRECTION     S (160)
  HIGHEST GUST SPEED    25   HIGHEST GUST DIRECTION     S (190)
  AVERAGE WIND SPEED     6.5


SKY COVER
  POSSIBLE SUNSHINE  MM
  AVERAGE SKY COVER 0.1


WEATHER CONDITIONS
 THE FOLLOWING WEATHER WAS RECORDED TODAY.
  NO SIGNIFICANT WEATHER WAS OBSERVED.


RELATIVE HUMIDITY (PERCENT)
 HIGHEST    81           100 AM
 LOWEST     34          1100 AM
 AVERAGE    58

..........................................................


THE RHINELANDER WI CLIMATE NORMALS FOR TOMORROW
                         NORMAL    RECORD    YEAR
 MAXIMUM TEMPERATURE (F)   26        50      1931
                                             1921
 MINIMUM TEMPERATURE (F)    6       -29      1943


SUNRISE AND SUNSET
FEBRUARY 14 2016......SUNRISE   702 AM CST   SUNSET   523 PM CST
FEBRUARY 15 2016......SUNRISE   700 AM CST   SUNSET   524 PM CST


-  INDICATES NEGATIVE NUMBERS.
R  INDICATES RECORD WAS SET OR TIED.
MM INDICATES DATA IS MISSING.
T  INDICATES TRACE AMOUNT.




$$
