000
CDUS43 KGRB 300708
CLIRHI


CLIMATE REPORT
NATIONAL WEATHER SERVICE GREEN BAY
207 AM CDT THU JUL 30 2015


...................................

...THE RHINELANDER WI CLIMATE SUMMARY FOR JULY 29 2015...

CLIMATE NORMAL PERIOD 1981 TO 2010
CLIMATE RECORD PERIOD 1908 TO 2015


WEATHER ITEM   OBSERVED TIME   RECORD YEAR NORMAL DEPARTURE LAST
                VALUE   (LST)  VALUE       VALUE  FROM      YEAR
                                                  NORMAL
..................................................................
TEMPERATURE (F)
 YESTERDAY
  MAXIMUM         81   1236 PM  98    1917  79      2       74
  MINIMUM         65   1057 PM  39    1952  54     11       48
  AVERAGE         73                        67      6       61

PRECIPITATION (IN)
  YESTERDAY        T             1.55 1990   0.12  -0.12     0.06
  MONTH TO DATE    3.04                      3.79  -0.75     3.99
  SINCE JUN 1      6.60                      7.68  -1.08    10.72
  SINCE JAN 1     15.20                     17.36  -2.16    21.83

SNOWFALL (IN)
  YESTERDAY        0.0           0.0    MM  MM     MM        0.0
  MONTH TO DATE    0.0                      MM     MM        0.0
  SINCE JUN 1      0.0                      MM     MM        0.0
  SINCE JUL 1      0.0                      MM     MM        0.0
  SNOW DEPTH       0

DEGREE DAYS
 HEATING
  YESTERDAY        0                         1     -1        4
  MONTH TO DATE   49                        55     -6      117
  SINCE JUN 1    181                       189     -8      210
  SINCE JUL 1     49                        55     -6      117

 COOLING
  YESTERDAY        8                         3      5        0
  MONTH TO DATE   88                        98    -10       49
  SINCE JUN 1     91                       151    -60      111
  SINCE JAN 1     96                       163    -67      118
..................................................................


WIND (MPH)
  HIGHEST WIND SPEED    29   HIGHEST WIND DIRECTION     W (260)
  HIGHEST GUST SPEED    40   HIGHEST GUST DIRECTION     W (280)
  AVERAGE WIND SPEED    15.2


SKY COVER
  POSSIBLE SUNSHINE  MM
  AVERAGE SKY COVER 0.3


WEATHER CONDITIONS
 THE FOLLOWING WEATHER WAS RECORDED YESTERDAY.
  LIGHT RAIN
  FOG


RELATIVE HUMIDITY (PERCENT)
 HIGHEST    68           200 AM
 LOWEST     39          1100 AM
 AVERAGE    54

..........................................................


THE RHINELANDER WI CLIMATE NORMALS FOR TODAY
                         NORMAL    RECORD    YEAR
 MAXIMUM TEMPERATURE (F)   79        98      1999
 MINIMUM TEMPERATURE (F)   54        32      1928


SUNRISE AND SUNSET
JULY 30 2015..........SUNRISE   539 AM CDT   SUNSET   829 PM CDT
JULY 31 2015..........SUNRISE   540 AM CDT   SUNSET   828 PM CDT


-  INDICATES NEGATIVE NUMBERS.
R  INDICATES RECORD WAS SET OR TIED.
MM INDICATES DATA IS MISSING.
T  INDICATES TRACE AMOUNT.




$$
