000
CDUS43 KGRB 010628
CLIRHI


CLIMATE REPORT
NATIONAL WEATHER SERVICE GREEN BAY
128 AM CDT SAT OCT 1 2016


...................................

...THE RHINELANDER WI CLIMATE SUMMARY FOR SEPTEMBER 30 2016...

CLIMATE NORMAL PERIOD 1981 TO 2010
CLIMATE RECORD PERIOD 1908 TO 2016


WEATHER ITEM   OBSERVED TIME   RECORD YEAR NORMAL DEPARTURE LAST
                VALUE   (LST)  VALUE       VALUE  FROM      YEAR
                                                  NORMAL
..................................................................
TEMPERATURE (F)
 YESTERDAY
  MAXIMUM         70    145 PM  79    1976  60     10       60
  MINIMUM         46    517 AM  21    1918  39      7       29
  AVERAGE         58                        49      9       45

PRECIPITATION (IN)
  YESTERDAY        0.00          2.45 1971   0.13  -0.13     0.00
  MONTH TO DATE    5.62                      4.20   1.42     2.76
  SINCE SEP 1      5.62                      4.20   1.42     2.76
  SINCE JAN 1     33.21                     25.08   8.13    21.44

SNOWFALL (IN)
  YESTERDAY        0.0           0.5  1985  MM     MM        0.0
                                      1985
                                      1908
  MONTH TO DATE    0.0                      MM     MM        0.0
  SINCE SEP 1      0.0                      MM     MM        0.0
  SINCE JUL 1      0.0                      MM     MM        0.0
  SNOW DEPTH       0

DEGREE DAYS
 HEATING
  YESTERDAY        7                        16     -9       20
  MONTH TO DATE  160                       304   -144      144
  SINCE SEP 1    160                       305   -145      144
  SINCE JUL 1    221                       432   -211      281

 COOLING
  YESTERDAY        0                         0      0        0
  MONTH TO DATE   13                        18     -5       71
  SINCE SEP 1     13                        18     -5       71
  SINCE JAN 1    321                       259     62      233
..................................................................


WIND (MPH)
  HIGHEST WIND SPEED    16   HIGHEST WIND DIRECTION     E (80)
  HIGHEST GUST SPEED    22   HIGHEST GUST DIRECTION     E (80)
  AVERAGE WIND SPEED     6.2


SKY COVER
  POSSIBLE SUNSHINE  MM
  AVERAGE SKY COVER 0.2


WEATHER CONDITIONS
 THE FOLLOWING WEATHER WAS RECORDED YESTERDAY.
  FOG


RELATIVE HUMIDITY (PERCENT)
 HIGHEST   100          1200 AM
 LOWEST     49           100 PM
 AVERAGE    75

..........................................................


THE RHINELANDER WI CLIMATE NORMALS FOR TODAY
                         NORMAL    RECORD    YEAR
 MAXIMUM TEMPERATURE (F)   60        92      1976
 MINIMUM TEMPERATURE (F)   38        24      2003
                                             1920


SUNRISE AND SUNSET
OCTOBER  1 2016.......SUNRISE   657 AM CDT   SUNSET   637 PM CDT
OCTOBER  2 2016.......SUNRISE   658 AM CDT   SUNSET   635 PM CDT


-  INDICATES NEGATIVE NUMBERS.
R  INDICATES RECORD WAS SET OR TIED.
MM INDICATES DATA IS MISSING.
T  INDICATES TRACE AMOUNT.




$$
