000
CDUS43 KGRB 200727
CLIRHI


CLIMATE REPORT
NATIONAL WEATHER SERVICE GREEN BAY
127 AM CST MON FEB 20 2017


...................................

...THE RHINELANDER WI CLIMATE SUMMARY FOR FEBRUARY 19 2017...

CLIMATE NORMAL PERIOD 1981 TO 2010
CLIMATE RECORD PERIOD 1908 TO 2017


WEATHER ITEM   OBSERVED TIME   RECORD YEAR NORMAL DEPARTURE LAST
                VALUE   (LST)  VALUE       VALUE  FROM      YEAR
                                                  NORMAL
..................................................................
TEMPERATURE (F)
 YESTERDAY
  MAXIMUM         58R   250 PM  57    1930  28     30       38
  MINIMUM         28    735 AM -32    1929   8     20       31
  AVERAGE         43                        18     25       35

PRECIPITATION (IN)
  YESTERDAY        0.00          0.43 1971   0.03  -0.03     0.12
  MONTH TO DATE    0.25                      0.59  -0.34     0.68
  SINCE DEC 1      4.25                      3.14   1.11     5.40
  SINCE JAN 1      2.18                      1.70   0.48     1.44

SNOWFALL (IN)
  YESTERDAY        0.0           4.0  1933  MM     MM         T
                                      1925
  MONTH TO DATE    1.5                      MM     MM        9.0
  SINCE DEC 1     38.2                      MM     MM       29.0
  SINCE JUL 1     44.8                      MM     MM       33.1
  SNOW DEPTH      MM

DEGREE DAYS
 HEATING
  YESTERDAY       22                        47    -25       30
  MONTH TO DATE  816                       949   -133      934
  SINCE DEC 1   3731                      4076   -345     3593
  SINCE JUL 1   5213                      6210   -997     5310

 COOLING
  YESTERDAY        0                         0      0        0
  MONTH TO DATE    0                         0      0        0
  SINCE DEC 1      0                         0      0        0
  SINCE JAN 1      0                         0      0        0
..................................................................


WIND (MPH)
  HIGHEST WIND SPEED    14   HIGHEST WIND DIRECTION     W (280)
  HIGHEST GUST SPEED    18   HIGHEST GUST DIRECTION     W (280)
  AVERAGE WIND SPEED     4.1


SKY COVER
  POSSIBLE SUNSHINE  MM
  AVERAGE SKY COVER 0.0


WEATHER CONDITIONS
 THE FOLLOWING WEATHER WAS RECORDED YESTERDAY.
  NO SIGNIFICANT WEATHER WAS OBSERVED.


RELATIVE HUMIDITY (PERCENT)
 HIGHEST    92           600 AM
 LOWEST     30           300 PM
 AVERAGE    61

..........................................................


THE RHINELANDER WI CLIMATE NORMALS FOR TODAY
                         NORMAL    RECORD    YEAR
 MAXIMUM TEMPERATURE (F)   28        58      1930
 MINIMUM TEMPERATURE (F)    8       -34      1929


SUNRISE AND SUNSET
FEBRUARY 20 2017......SUNRISE   651 AM CST   SUNSET   532 PM CST
FEBRUARY 21 2017......SUNRISE   650 AM CST   SUNSET   534 PM CST


-  INDICATES NEGATIVE NUMBERS.
R  INDICATES RECORD WAS SET OR TIED.
MM INDICATES DATA IS MISSING.
T  INDICATES TRACE AMOUNT.




$$
