000
CDUS43 KGRB 270726
CLIRHI


CLIMATE REPORT
NATIONAL WEATHER SERVICE GREEN BAY
224 AM CDT FRI MAY 27 2016


...................................

...THE RHINELANDER WI CLIMATE SUMMARY FOR MAY 26 2016...

CLIMATE NORMAL PERIOD 1981 TO 2010
CLIMATE RECORD PERIOD 1908 TO 2016


WEATHER ITEM   OBSERVED TIME   RECORD YEAR NORMAL DEPARTURE LAST
                VALUE   (LST)  VALUE       VALUE  FROM      YEAR
                                                  NORMAL
..................................................................
TEMPERATURE (F)
 YESTERDAY
  MAXIMUM         76    245 PM  90    1911  68      8       70
  MINIMUM         56   1118 PM  27    1925  44     12       57
  AVERAGE         66                        56     10       64

PRECIPITATION (IN)
  YESTERDAY        0.16          1.90 1991   0.11   0.05     0.20
  MONTH TO DATE    1.91                      2.88  -0.97     2.57
  SINCE MAR 1      8.36                      7.03   1.33     6.59
  SINCE JAN 1     10.09                      9.07   1.02     7.48

SNOWFALL (IN)
  YESTERDAY        0.0           0.0    MM  MM     MM        0.0
  MONTH TO DATE    T                        MM     MM         T
  SINCE MAR 1     21.2                      MM     MM       20.4
  SINCE JUL 1     55.7                      MM     MM       89.3
  SNOW DEPTH       0

DEGREE DAYS
 HEATING
  YESTERDAY        0                        10    -10        1
  MONTH TO DATE  333                       343    -10      277
  SINCE MAR 1   2008                      2221   -213     2092
  SINCE JUL 1   7691                      8843  -1152     9433

 COOLING
  YESTERDAY        1                         1      0        0
  MONTH TO DATE   11                         4      7        5
  SINCE MAR 1     11                         5      6        5
  SINCE JAN 1     11                         5      6        5
..................................................................


WIND (MPH)
  HIGHEST WIND SPEED    14   HIGHEST WIND DIRECTION     W (270)
  HIGHEST GUST SPEED    21   HIGHEST GUST DIRECTION    SW (220)
  AVERAGE WIND SPEED     4.2


SKY COVER
  POSSIBLE SUNSHINE  MM
  AVERAGE SKY COVER 0.7


WEATHER CONDITIONS
 THE FOLLOWING WEATHER WAS RECORDED YESTERDAY.
  HEAVY RAIN
  LIGHT RAIN
  FOG
  FOG W/VISIBILITY <= 1/4 MILE


RELATIVE HUMIDITY (PERCENT)
 HIGHEST   100           400 AM
 LOWEST     57           300 PM
 AVERAGE    79

..........................................................


THE RHINELANDER WI CLIMATE NORMALS FOR TODAY
                         NORMAL    RECORD    YEAR
 MAXIMUM TEMPERATURE (F)   68        90      1919
 MINIMUM TEMPERATURE (F)   44        26      2011


SUNRISE AND SUNSET
MAY 27 2016...........SUNRISE   515 AM CDT   SUNSET   836 PM CDT
MAY 28 2016...........SUNRISE   514 AM CDT   SUNSET   837 PM CDT


-  INDICATES NEGATIVE NUMBERS.
R  INDICATES RECORD WAS SET OR TIED.
MM INDICATES DATA IS MISSING.
T  INDICATES TRACE AMOUNT.

$$
