000
CDUS43 KGRB 220649
CLIRHI


CLIMATE REPORT
NATIONAL WEATHER SERVICE GREEN BAY
147 AM CDT MON MAY 22 2017


...................................

...THE RHINELANDER WI CLIMATE SUMMARY FOR MAY 21 2017...

CLIMATE NORMAL PERIOD 1981 TO 2010
CLIMATE RECORD PERIOD 1908 TO 2017


WEATHER ITEM   OBSERVED TIME   RECORD YEAR NORMAL DEPARTURE LAST
                VALUE   (LST)  VALUE       VALUE  FROM      YEAR
                                                  NORMAL
..................................................................
TEMPERATURE (F)
 YESTERDAY
  MAXIMUM         56    244 PM  88    1930  67    -11       79
                                      1922
  MINIMUM         44    300 AM  24    2002  42      2       40
  AVERAGE         50                        54     -4       60

PRECIPITATION (IN)
  YESTERDAY        0.06          1.73 1945   0.12  -0.06     0.00
  MONTH TO DATE    5.21                      2.31   2.90     0.64
  SINCE MAR 1     13.35                      6.46   6.89     7.09
  SINCE JAN 1     16.71                      8.50   8.21     8.82

SNOWFALL (IN)
  YESTERDAY        0.0           0.0    MM  MM     MM        0.0
  MONTH TO DATE    0.0                      MM     MM         T
  SINCE MAR 1     14.3                      MM     MM       21.2
  SINCE JUL 1     65.8                      MM     MM       55.7
  SNOW DEPTH       0

DEGREE DAYS
 HEATING
  YESTERDAY       15                        11      4        5
  MONTH TO DATE  307                       291     16      330
  SINCE MAR 1   2075                      2169    -94     2005
  SINCE JUL 1   7586                      8791  -1205     7688

 COOLING
  YESTERDAY        0                         0      0        0
  MONTH TO DATE    1                         0      1        5
  SINCE MAR 1      1                         1      0        5
  SINCE JAN 1      1                         1      0        5
..................................................................


WIND (MPH)
  HIGHEST WIND SPEED    18   HIGHEST WIND DIRECTION    SW (230)
  HIGHEST GUST SPEED    26   HIGHEST GUST DIRECTION    SW (230)
  AVERAGE WIND SPEED    10.0


SKY COVER
  POSSIBLE SUNSHINE  MM
  AVERAGE SKY COVER 0.6


WEATHER CONDITIONS
 THE FOLLOWING WEATHER WAS RECORDED YESTERDAY.
  LIGHT RAIN


RELATIVE HUMIDITY (PERCENT)
 HIGHEST   100           800 AM
 LOWEST     72           300 PM
 AVERAGE    86

..........................................................


THE RHINELANDER WI CLIMATE NORMALS FOR TODAY
                         NORMAL    RECORD    YEAR
 MAXIMUM TEMPERATURE (F)   67        90      1975
 MINIMUM TEMPERATURE (F)   42        26      2006


SUNRISE AND SUNSET
MAY 22 2017...........SUNRISE   519 AM CDT   SUNSET   830 PM CDT
MAY 23 2017...........SUNRISE   518 AM CDT   SUNSET   831 PM CDT


-  INDICATES NEGATIVE NUMBERS.
R  INDICATES RECORD WAS SET OR TIED.
MM INDICATES DATA IS MISSING.
T  INDICATES TRACE AMOUNT.




$$
