000
CDUS43 KGRB 290719
CLIRHI

CLIMATE REPORT
NATIONAL WEATHER SERVICE GREEN BAY
117 AM CST SAT NOV 29 2014

...................................

...THE RHINELANDER WI CLIMATE SUMMARY FOR NOVEMBER 28 2014...

CLIMATE NORMAL PERIOD 1981 TO 2010
CLIMATE RECORD PERIOD 1908 TO 2014

WEATHER ITEM   OBSERVED TIME   RECORD YEAR NORMAL DEPARTURE LAST
                VALUE   (LST)  VALUE       VALUE  FROM      YEAR
                                                  NORMAL
..................................................................
TEMPERATURE (F)
 YESTERDAY
  MAXIMUM         15   1146 PM  56    1909  31    -16       22
  MINIMUM         -6   1208 AM -14    1976  16    -22        3
  AVERAGE          5                        24    -19       13

PRECIPITATION (IN)
  YESTERDAY        0.07          0.70 1934   0.05   0.02     0.03
  MONTH TO DATE    3.32                      1.72   1.60     2.10
  SINCE SEP 1     13.14                      8.96   4.18     8.37
  SINCE JAN 1     39.60                     29.84   9.76    35.21

SNOWFALL (IN)
  YESTERDAY        0.8           8.0  1934  MM     MM        0.4
  MONTH TO DATE   32.4                      MM     MM        7.6
  SINCE SEP 1     35.1                      MM     MM        9.8
  SINCE JUL 1     35.1                      MM     MM        9.8
  SNOW DEPTH      10

DEGREE DAYS
 HEATING
  YESTERDAY       60                        41     19       52
  MONTH TO DATE 1230                       957    273     1037
  SINCE SEP 1   2229                      1923    306     1949
  SINCE JUL 1   2429                      2050    379     2139

COOLING
  YESTERDAY        0                         0      0        0
  MONTH TO DATE    0                         0      0        0
  SINCE SEP 1      1                        20    -19       17
  SINCE JAN 1    148                       261   -113      281
..................................................................

WIND (MPH)
  HIGHEST WIND SPEED    10   HIGHEST WIND DIRECTION     S (170)
  HIGHEST GUST SPEED    14   HIGHEST GUST DIRECTION     S (170)
  AVERAGE WIND SPEED     4.6

SKY COVER
  POSSIBLE SUNSHINE  MM
  AVERAGE SKY COVER 1.0

WEATHER CONDITIONS
 THE FOLLOWING WEATHER WAS RECORDED YESTERDAY.
  SNOW
  LIGHT SNOW
  FOG
  HAZE

RELATIVE HUMIDITY (PERCENT)
 HIGHEST    90          1200 AM
 LOWEST     83           200 AM
 AVERAGE    87
..........................................................

THE RHINELANDER WI CLIMATE NORMALS FOR TODAY
                         NORMAL    RECORD    YEAR
 MAXIMUM TEMPERATURE (F)   31        57      1998
 MINIMUM TEMPERATURE (F)   16       -15      1976

SUNRISE AND SUNSET
NOVEMBER 29 2014......SUNRISE   716 AM CST   SUNSET   416 PM CST
NOVEMBER 30 2014......SUNRISE   717 AM CST   SUNSET   416 PM CST

-  INDICATES NEGATIVE NUMBERS.
R  INDICATES RECORD WAS SET OR TIED.
MM INDICATES DATA IS MISSING.
T  INDICATES TRACE AMOUNT.

$$
