000
CDUS43 KGRB 230736
CLIRHI


CLIMATE REPORT
NATIONAL WEATHER SERVICE GREEN BAY
234 AM CDT WED APR 23 2014


...................................

...THE RHINELANDER WI CLIMATE SUMMARY FOR APRIL 22 2014...

CLIMATE NORMAL PERIOD 1981 TO 2010
CLIMATE RECORD PERIOD 1908 TO 2014


WEATHER ITEM   OBSERVED TIME   RECORD YEAR NORMAL DEPARTURE LAST
                VALUE   (LST)  VALUE       VALUE  FROM      YEAR
                                                  NORMAL
..................................................................
TEMPERATURE (F)
 YESTERDAY
  MAXIMUM         44    211 PM  89    1980  57    -13       41
  MINIMUM         23   1109 PM  18    1936  32     -9       34
                                      1927
  AVERAGE         34                        45    -11       38

PRECIPITATION (IN)
  YESTERDAY        0.00          1.24 1972   0.09  -0.09     0.37
  MONTH TO DATE    3.08                      1.79   1.29     3.26
  SINCE MAR 1      3.84                      3.36   0.48     5.27
  SINCE JAN 1      6.45                      5.40   1.05     8.07

SNOWFALL (IN)
  YESTERDAY        0.0           6.5  1972  MM     MM        0.0
  MONTH TO DATE   25.7                      MM     MM       12.9
  SINCE MAR 1     35.3                      MM     MM       29.1
  SINCE JUL 1    107.8                      MM     MM       81.7
  SNOW DEPTH       0

DEGREE DAYS
 HEATING
  YESTERDAY       31                        20     11       27
  MONTH TO DATE  685                       554    131      744
  SINCE MAR 1   2124                      1727    397     2073
  SINCE JUL 1   9753                      8349   1404     8473

 COOLING
  YESTERDAY        0                         0      0        0
  MONTH TO DATE    0                         0      0        0
  SINCE MAR 1      0                         0      0        0
  SINCE JAN 1      0                         0      0        0
..................................................................


WIND (MPH)
  HIGHEST WIND SPEED    17   HIGHEST WIND DIRECTION    NW (330)
  HIGHEST GUST SPEED    28   HIGHEST GUST DIRECTION    NW (320)
  AVERAGE WIND SPEED     8.1


SKY COVER
  POSSIBLE SUNSHINE  MM
  AVERAGE SKY COVER 0.7


WEATHER CONDITIONS
 THE FOLLOWING WEATHER WAS RECORDED YESTERDAY.
  NO SIGNIFICANT WEATHER WAS OBSERVED.


RELATIVE HUMIDITY (PERCENT)
 HIGHEST    81          1100 PM
 LOWEST     45           600 PM
 AVERAGE    63

..........................................................


THE RHINELANDER WI CLIMATE NORMALS FOR TODAY
                         NORMAL    RECORD    YEAR
 MAXIMUM TEMPERATURE (F)   58        84      1925
 MINIMUM TEMPERATURE (F)   33        16      1909


SUNRISE AND SUNSET
APRIL 23 2014.........SUNRISE   558 AM CDT   SUNSET   755 PM CDT
APRIL 24 2014.........SUNRISE   557 AM CDT   SUNSET   756 PM CDT


-  INDICATES NEGATIVE NUMBERS.
R  INDICATES RECORD WAS SET OR TIED.
MM INDICATES DATA IS MISSING.
T  INDICATES TRACE AMOUNT.

$$
