000
CDUS43 KGRB 220618
CLIRHI


CLIMATE REPORT
NATIONAL WEATHER SERVICE GREEN BAY
117 AM CDT FRI AUG 22 2014


...................................

...THE RHINELANDER WI CLIMATE SUMMARY FOR AUGUST 21 2014...

CLIMATE NORMAL PERIOD 1981 TO 2010
CLIMATE RECORD PERIOD 1908 TO 2014


WEATHER ITEM   OBSERVED TIME   RECORD YEAR NORMAL DEPARTURE LAST
                VALUE   (LST)  VALUE       VALUE  FROM      YEAR
                                                  NORMAL
..................................................................
TEMPERATURE (F)
 YESTERDAY
  MAXIMUM         69        MM  91    1955  76     -7       87
  MINIMUM         57        MM  34    2004  52      5       59
  AVERAGE         63                        64     -1       73

PRECIPITATION (IN)
  YESTERDAY        0.02          1.80 1936   0.11  -0.09      T
  MONTH TO DATE    2.79                      2.22   0.57     1.39
  SINCE JUN 1     13.51                     10.13   3.38     9.43
  SINCE JAN 1     24.62                     19.81   4.81    22.76

SNOWFALL (IN)
  YESTERDAY        0.0           0.0    MM  MM     MM        0.0
  MONTH TO DATE    0.0                      MM     MM        0.0
  SINCE JUN 1      0.0                      MM     MM        0.0
  SINCE JUL 1      0.0                      MM     MM        0.0
  SNOW DEPTH       0

DEGREE DAYS
 HEATING
  YESTERDAY        2                         3     -1        0
  MONTH TO DATE   50                        41      9      105
  SINCE JUN 1    267                       226     41      363
  SINCE JUL 1    174                        92     82      189

 COOLING
  YESTERDAY        0                         2     -2        8
  MONTH TO DATE    5                        58    -53       22
  SINCE JUN 1    116                       216   -100      194
  SINCE JAN 1    123                       228   -105      208
..................................................................


WIND (MPH)
  HIGHEST WIND SPEED    12   HIGHEST WIND DIRECTION     E (110)
  HIGHEST GUST SPEED    MM   HIGHEST GUST DIRECTION    MM
  AVERAGE WIND SPEED     7.2


SKY COVER
  POSSIBLE SUNSHINE  MM
  AVERAGE SKY COVER 1.0


WEATHER CONDITIONS
 THE FOLLOWING WEATHER WAS RECORDED YESTERDAY.
  LIGHT RAIN
  FOG
  FOG W/VISIBILITY <= 1/4 MILE


RELATIVE HUMIDITY (PERCENT)
 HIGHEST   100           200 AM
 LOWEST     81           200 PM
 AVERAGE    91

..........................................................


THE RHINELANDER WI CLIMATE NORMALS FOR TODAY
                         NORMAL    RECORD    YEAR
 MAXIMUM TEMPERATURE (F)   76        92      1947
 MINIMUM TEMPERATURE (F)   52        35      1920


SUNRISE AND SUNSET
AUGUST 22 2014........SUNRISE   607 AM CDT   SUNSET   754 PM CDT
AUGUST 23 2014........SUNRISE   608 AM CDT   SUNSET   752 PM CDT


-  INDICATES NEGATIVE NUMBERS.
R  INDICATES RECORD WAS SET OR TIED.
MM INDICATES DATA IS MISSING.
T  INDICATES TRACE AMOUNT.




$$
