655
CDUS43 KGRB 182237
CLIRHI


CLIMATE REPORT
NATIONAL WEATHER SERVICE GREEN BAY
437 PM CST MON DEC 18 2017


...................................

...THE RHINELANDER WI CLIMATE SUMMARY FOR DECEMBER 18 2017...
VALID TODAY AS OF 0400 PM LOCAL TIME.

CLIMATE NORMAL PERIOD 1981 TO 2010
CLIMATE RECORD PERIOD 1908 TO 2017


WEATHER ITEM   OBSERVED TIME   RECORD YEAR NORMAL DEPARTURE LAST
                VALUE   (LST)  VALUE       VALUE  FROM      YEAR
                                                  NORMAL
..................................................................
TEMPERATURE (F)
 TODAY
  MAXIMUM         29    359 PM  46    2002  25      4       -2
  MINIMUM         25    725 AM -34    1983   7     18      -14
  AVERAGE         27                        16     11       -8

PRECIPITATION (IN)
  TODAY           MM             0.46 2002   0.05  MM        0.00
  MONTH TO DATE    1.65                      0.89   0.76     1.02
  SINCE DEC 1      1.65                      0.89   0.76     1.02
  SINCE JAN 1     40.21                     30.85   9.36    41.90

SNOWFALL (IN)
  TODAY           MM             3.0  1998  MM     MM        0.0
  MONTH TO DATE   12.0                      MM     MM       14.1
  SINCE DEC 1     12.0                      MM     MM       14.1
  SINCE JUL 1     25.7                      MM     MM       20.7
  SNOW DEPTH       8

DEGREE DAYS
 HEATING
  TODAY           38                        49    -11       73
  MONTH TO DATE  795                       833    -38      897
  SINCE DEC 1    795                       833    -38      897
  SINCE JUL 1   2768                      2967   -199     2379

 COOLING
  TODAY            0                         0      0        0
  MONTH TO DATE    0                         0      0        0
  SINCE DEC 1      0                         0      0        0
  SINCE JAN 1    215                       261    -46      321
..................................................................


WIND (MPH)
  HIGHEST WIND SPEED    13   HIGHEST WIND DIRECTION    SW (220)
  HIGHEST GUST SPEED    19   HIGHEST GUST DIRECTION    SW (210)
  AVERAGE WIND SPEED     7.8


SKY COVER
  POSSIBLE SUNSHINE  MM
  AVERAGE SKY COVER 1.0


WEATHER CONDITIONS
 THE FOLLOWING WEATHER WAS RECORDED TODAY.
  FOG


RELATIVE HUMIDITY (PERCENT)
 HIGHEST   100          1200 AM
 LOWEST     92           300 AM
 AVERAGE    96

..........................................................


THE RHINELANDER WI CLIMATE NORMALS FOR TOMORROW
                         NORMAL    RECORD    YEAR
 MAXIMUM TEMPERATURE (F)   24        44      1923
 MINIMUM TEMPERATURE (F)    7       -32      1983


SUNRISE AND SUNSET
DECEMBER 18 2017......SUNRISE   734 AM CST   SUNSET   415 PM CST
DECEMBER 19 2017......SUNRISE   734 AM CST   SUNSET   416 PM CST


-  INDICATES NEGATIVE NUMBERS.
R  INDICATES RECORD WAS SET OR TIED.
MM INDICATES DATA IS MISSING.
T  INDICATES TRACE AMOUNT.




$$
