000
CDUS41 KAKQ 292238
CLIRIC


CLIMATE REPORT
NATIONAL WEATHER SERVICE WAKEFIELD, VA
528 PM EST THU JAN 29 2015


...................................

...THE RICHMOND VA CLIMATE SUMMARY FOR JANUARY 29 2015...
VALID TODAY AS OF 0500 PM LOCAL TIME.

CLIMATE NORMAL PERIOD 1981 TO 2010
CLIMATE RECORD PERIOD 1871 TO 2015


WEATHER ITEM   OBSERVED TIME   RECORD YEAR NORMAL DEPARTURE LAST
                VALUE   (LST)  VALUE       VALUE  FROM      YEAR
                                                  NORMAL
..................................................................
TEMPERATURE (F)
 TODAY
  MAXIMUM         42    359 PM  77    1975  48     -6       26
  MINIMUM         22    644 AM -12    1940  29     -7       11
  AVERAGE         32

PRECIPITATION (IN)
  TODAY            0.00          1.20 1912   0.10  -0.10     0.09
  MONTH TO DATE    3.49                      2.84   0.65     3.28
  SINCE DEC 1      6.63                      6.10   0.53     9.39
  SINCE JAN 1      3.49                      2.84   0.65     3.28

SNOWFALL (IN)
  TODAY            0.0
  MONTH TO DATE    0.3
  SINCE NOV 1      0.3
  SINCE JUL 1      0.3
  SNOW DEPTH       0

DEGREE DAYS
 HEATING
  TODAY           33                        27      6       46
  MONTH TO DATE  788                       783      5      884
  SINCE DEC 1   1434                      1526    -92     1535
  SINCE JUL 1   2104                      2202    -98     2175

 COOLING
  TODAY            0                         0      0        0
  MONTH TO DATE    0                         0      0        0
  SINCE DEC 1      0                         1     -1        4
  SINCE JAN 1      0                         0      0        0
..................................................................


WIND (MPH)
  RESULTANT WIND SPEED   3   RESULTANT WIND DIRECTION   S (170)
  HIGHEST WIND SPEED    15   HIGHEST WIND DIRECTION     S (180)
  HIGHEST GUST SPEED    18   HIGHEST GUST DIRECTION     S (170)


SKY COVER
  POSSIBLE SUNSHINE  MM
  AVERAGE SKY COVER 0.6


WEATHER CONDITIONS
 THE FOLLOWING WEATHER WAS RECORDED TODAY.
  NO SIGNIFICANT WEATHER WAS OBSERVED.


RELATIVE HUMIDITY (PERCENT)
 HIGHEST    74
 LOWEST     29
 AVERAGE    52

..........................................................


THE RICHMOND VA CLIMATE NORMALS FOR TOMORROW
                         NORMAL    RECORD    YEAR
 MAXIMUM TEMPERATURE (F)   48        81      2002
 MINIMUM TEMPERATURE (F)   29        -3      1940


SUNRISE AND SUNSET
JANUARY 29 2015.......SUNRISE   715 AM EST   SUNSET   530 PM EST
JANUARY 30 2015.......SUNRISE   715 AM EST   SUNSET   531 PM EST


-  INDICATES NEGATIVE NUMBERS.
R  INDICATES RECORD WAS SET OR TIED.
MM INDICATES DATA IS MISSING.
T  INDICATES TRACE AMOUNT.




$$
