000
CDUS41 KAKQ 240835
CLIRIC


CLIMATE REPORT
NATIONAL WEATHER SERVICE WAKEFIELD, VA
334 AM EST MON NOV 24 2014


...................................

...THE RICHMOND VA CLIMATE SUMMARY FOR NOVEMBER 23 2014...

CLIMATE NORMAL PERIOD 1981 TO 2010
CLIMATE RECORD PERIOD 1871 TO 2014


WEATHER ITEM   OBSERVED TIME   RECORD YEAR NORMAL DEPARTURE LAST
                VALUE   (LST)  VALUE       VALUE  FROM      YEAR
                                                  NORMAL
..................................................................
TEMPERATURE (F)
 YESTERDAY
  MAXIMUM         61   1159 PM  82    1900  59      2       63
  MINIMUM         34    354 AM  20    2008  37     -3       41
                                      1984
                                      1976
  AVERAGE         48                        48      0       52

PRECIPITATION (IN)
  YESTERDAY        0.23          1.47 1907   0.10   0.13     0.00
  MONTH TO DATE    1.47                      2.47  -1.00     0.48
  SINCE SEP 1      5.45                      9.58  -4.13     6.12
  SINCE JAN 1     31.12                     39.57  -8.45    44.99

SNOWFALL (IN)
  YESTERDAY        0.0           2.9  1929   0.0    0.0
  MONTH TO DATE    0.0                       0.1   -0.1
  SINCE NOV 1      0.0                       0.1   -0.1
  SINCE JUL 1      0.0                       0.1   -0.1
  SNOW DEPTH       0

DEGREE DAYS
 HEATING
  YESTERDAY       17                        17      0       13
  MONTH TO DATE  418                       313    105      299
  SINCE SEP 1    553                       545      8      449
  SINCE JUL 1    553                       546      7      449

 COOLING
  YESTERDAY        0                         0      0        0
  MONTH TO DATE    0                         0      0        8
  SINCE SEP 1    296                       236     60      273
  SINCE JAN 1   1676                      1543    133     1678
..................................................................


WIND (MPH)
  HIGHEST WIND SPEED    22   HIGHEST WIND DIRECTION    SE (140)
  HIGHEST GUST SPEED    28   HIGHEST GUST DIRECTION    SE (140)
  AVERAGE WIND SPEED     5.7


SKY COVER
  POSSIBLE SUNSHINE  MM
  AVERAGE SKY COVER 0.8


WEATHER CONDITIONS
 THE FOLLOWING WEATHER WAS RECORDED YESTERDAY.
  RAIN
  LIGHT RAIN
  FOG


RELATIVE HUMIDITY (PERCENT)
 HIGHEST    90          1100 PM
 LOWEST     44           200 AM
 AVERAGE    67

..........................................................


THE RICHMOND VA CLIMATE NORMALS FOR TODAY
                         NORMAL    RECORD    YEAR
 MAXIMUM TEMPERATURE (F)   58        76      1979
 MINIMUM TEMPERATURE (F)   37        16      1976


SUNRISE AND SUNSET
NOVEMBER 24 2014......SUNRISE   658 AM EST   SUNSET   454 PM EST
NOVEMBER 25 2014......SUNRISE   659 AM EST   SUNSET   453 PM EST


-  INDICATES NEGATIVE NUMBERS.
R  INDICATES RECORD WAS SET OR TIED.
MM INDICATES DATA IS MISSING.
T  INDICATES TRACE AMOUNT.




$$
