000
CDUS41 KAKQ 240545
CLIRIC


CLIMATE REPORT
NATIONAL WEATHER SERVICE WAKEFIELD, VA
145 AM EDT FRI MAR 24 2017


...................................

...THE RICHMOND VA CLIMATE SUMMARY FOR MARCH 23 2017...

CLIMATE NORMAL PERIOD 1981 TO 2010
CLIMATE RECORD PERIOD 1871 TO 2017


WEATHER ITEM   OBSERVED TIME   RECORD YEAR NORMAL DEPARTURE LAST
                VALUE   (LST)  VALUE       VALUE  FROM      YEAR
                                                  NORMAL
..................................................................
TEMPERATURE (F)
 YESTERDAY
  MAXIMUM         51    309 PM  94    1907  62    -11       76
  MINIMUM         28    627 AM  21    2004  39    -11       45
                                      2002
                                      1940
  AVERAGE         40                        51    -11       61

PRECIPITATION (IN)
  YESTERDAY        0.00          1.04 1903   0.13  -0.13     0.00
  MONTH TO DATE    2.11                      2.96  -0.85     0.75
  SINCE MAR 1      2.11                      2.96  -0.85     0.75
  SINCE JAN 1      7.11                      8.76  -1.65     8.40

SNOWFALL (IN)
  YESTERDAY        0.0           0.2  1934   0.0    0.0
  MONTH TO DATE    T                         0.6   -0.6
  SINCE NOV 1      7.1                      10.2   -3.1
  SINCE JUL 1      7.1                      10.2   -3.1
  SNOW DEPTH       0

DEGREE DAYS
 HEATING
  YESTERDAY       25                        14     11        4
  MONTH TO DATE  449                       411     38      302
  SINCE MAR 1    449                       411     38      302
  SINCE JUL 1   2931                      3347   -416     2890

 COOLING
  YESTERDAY        0                         0      0        0
  MONTH TO DATE    4                         0      4        6
  SINCE MAR 1      4                         0      4        6
  SINCE JAN 1      4                         0      4        6
..................................................................


WIND (MPH)
  HIGHEST WIND SPEED    15   HIGHEST WIND DIRECTION    NE (60)
  HIGHEST GUST SPEED    18   HIGHEST GUST DIRECTION    NE (60)
  AVERAGE WIND SPEED     5.8


SKY COVER
  POSSIBLE SUNSHINE  MM
  AVERAGE SKY COVER 0.1


WEATHER CONDITIONS
 THE FOLLOWING WEATHER WAS RECORDED YESTERDAY.
  NO SIGNIFICANT WEATHER WAS OBSERVED.


RELATIVE HUMIDITY (PERCENT)
 HIGHEST    59          1100 PM
 LOWEST     21           500 PM
 AVERAGE    40

..........................................................


THE RICHMOND VA CLIMATE NORMALS FOR TODAY
                         NORMAL    RECORD    YEAR
 MAXIMUM TEMPERATURE (F)   63        87      1929
                                             1907
 MINIMUM TEMPERATURE (F)   39        18      1940


SUNRISE AND SUNSET
MARCH 24 2017.........SUNRISE   706 AM EDT   SUNSET   725 PM EDT
MARCH 25 2017.........SUNRISE   705 AM EDT   SUNSET   726 PM EDT


-  INDICATES NEGATIVE NUMBERS.
R  INDICATES RECORD WAS SET OR TIED.
MM INDICATES DATA IS MISSING.
T  INDICATES TRACE AMOUNT.




$$
