000
CDUS41 KAKQ 272232
CLIRIC


CLIMATE REPORT
NATIONAL WEATHER SERVICE WAKEFIELD, VA
531 PM EST FRI FEB 27 2015


...................................

...THE RICHMOND VA CLIMATE SUMMARY FOR FEBRUARY 27 2015...
VALID TODAY AS OF 0500 PM LOCAL TIME.

CLIMATE NORMAL PERIOD 1981 TO 2010
CLIMATE RECORD PERIOD 1871 TO 2015


WEATHER ITEM   OBSERVED TIME   RECORD YEAR NORMAL DEPARTURE LAST
                VALUE   (LST)  VALUE       VALUE  FROM      YEAR
                                                  NORMAL
..................................................................
TEMPERATURE (F)
 TODAY
  MAXIMUM         37    359 PM  79    1997  54    -17       49
  MINIMUM         25   1200 AM   4    1934  33     -8       24
  AVERAGE         31

PRECIPITATION (IN)
  TODAY            0.00          1.20 1982   0.10  -0.10     0.00
  MONTH TO DATE    3.77                      2.66   1.11     3.03
  SINCE DEC 1     10.40                      8.96   1.44    12.42
  SINCE JAN 1      7.26                      5.70   1.56     6.31

SNOWFALL (IN)
  TODAY            0.0
  MONTH TO DATE   12.2
  SINCE NOV 1     12.5
  SINCE JUL 1     12.5
  SNOW DEPTH       2

DEGREE DAYS
 HEATING
  TODAY           34                        22     12       28
  MONTH TO DATE  898                       654    244      662
  SINCE DEC 1   2395                      2239    156     2275
  SINCE JUL 1   3065                      2915    150     2915

 COOLING
  TODAY            0                         0      0        0
  MONTH TO DATE    0                         0      0        0
  SINCE DEC 1      0                         1     -1        4
  SINCE JAN 1      0                         0      0        0
..................................................................


WIND (MPH)
  RESULTANT WIND SPEED   3   RESULTANT WIND DIRECTION  NE (30)
  HIGHEST WIND SPEED    15   HIGHEST WIND DIRECTION    NE (30)
  HIGHEST GUST SPEED    18   HIGHEST GUST DIRECTION    NE (30)


SKY COVER
  POSSIBLE SUNSHINE  MM
  AVERAGE SKY COVER 0.9


WEATHER CONDITIONS
 THE FOLLOWING WEATHER WAS RECORDED TODAY.
  FOG
  HAZE


RELATIVE HUMIDITY (PERCENT)
 HIGHEST    92
 LOWEST     52
 AVERAGE    72

..........................................................


THE RICHMOND VA CLIMATE NORMALS FOR TOMORROW
                         NORMAL    RECORD    YEAR
 MAXIMUM TEMPERATURE (F)   55        81      1948
 MINIMUM TEMPERATURE (F)   33        -1      1934


SUNRISE AND SUNSET
FEBRUARY 27 2015......SUNRISE   644 AM EST   SUNSET   601 PM EST
FEBRUARY 28 2015......SUNRISE   642 AM EST   SUNSET   602 PM EST


-  INDICATES NEGATIVE NUMBERS.
R  INDICATES RECORD WAS SET OR TIED.
MM INDICATES DATA IS MISSING.
T  INDICATES TRACE AMOUNT.




$$
