000
CDUS41 KAKQ 162230
CLIRIC


CLIMATE REPORT
NATIONAL WEATHER SERVICE WAKEFIELD, VA
529 PM EST MON JAN 16 2017


...................................

...THE RICHMOND VA CLIMATE SUMMARY FOR JANUARY 16 2017...
VALID TODAY AS OF 0500 PM LOCAL TIME.

CLIMATE NORMAL PERIOD 1981 TO 2010
CLIMATE RECORD PERIOD 1871 TO 2017


WEATHER ITEM   OBSERVED TIME   RECORD YEAR NORMAL DEPARTURE LAST
                VALUE   (LST)  VALUE       VALUE  FROM      YEAR
                                                  NORMAL
..................................................................
TEMPERATURE (F)
 TODAY
  MAXIMUM         43    359 PM  73    1953  47     -4       59
  MINIMUM         37    654 AM   3    1977  28      9       40
                                      1972
  AVERAGE         40

PRECIPITATION (IN)
  TODAY            0.11          1.27 1909   0.10   0.01     0.02
  MONTH TO DATE    2.40                      1.57   0.83     1.30
  SINCE DEC 1      5.20                      4.83   0.37     7.24
  SINCE JAN 1      2.40                      1.57   0.83     1.30

SNOWFALL (IN)
  TODAY            0.0
  MONTH TO DATE    7.1
  SINCE NOV 1      7.1
  SINCE JUL 1      7.1
  SNOW DEPTH       0

DEGREE DAYS
 HEATING
  TODAY           25                        27     -2       15
  MONTH TO DATE  429                       432     -3      410
  SINCE DEC 1   1163                      1175    -12      813
  SINCE JUL 1   1753                      1851    -98     1405

 COOLING
  TODAY            0                         0      0        0
  MONTH TO DATE    0                         0      0        0
  SINCE DEC 1      0                         1     -1        8
  SINCE JAN 1      0                         0      0        0
..................................................................


WIND (MPH)
  RESULTANT WIND SPEED   2   RESULTANT WIND DIRECTION  SE (140)
  HIGHEST WIND SPEED     7   HIGHEST WIND DIRECTION     S (170)
  HIGHEST GUST SPEED     8   HIGHEST GUST DIRECTION     S (190)


SKY COVER
  POSSIBLE SUNSHINE  MM
  AVERAGE SKY COVER 0.9


WEATHER CONDITIONS
 THE FOLLOWING WEATHER WAS RECORDED TODAY.
  LIGHT RAIN
  FOG


RELATIVE HUMIDITY (PERCENT)
 HIGHEST    92
 LOWEST     76
 AVERAGE    84

..........................................................


THE RICHMOND VA CLIMATE NORMALS FOR TOMORROW
                         NORMAL    RECORD    YEAR
 MAXIMUM TEMPERATURE (F)   47        80      1943
 MINIMUM TEMPERATURE (F)   28        -1      1977


SUNRISE AND SUNSET
JANUARY 16 2017.......SUNRISE   722 AM EST   SUNSET   516 PM EST
JANUARY 17 2017.......SUNRISE   722 AM EST   SUNSET   517 PM EST


-  INDICATES NEGATIVE NUMBERS.
R  INDICATES RECORD WAS SET OR TIED.
MM INDICATES DATA IS MISSING.
T  INDICATES TRACE AMOUNT.




$$
