000
CDUS41 KAKQ 050550
CLIRIC


CLIMATE REPORT
NATIONAL WEATHER SERVICE WAKEFIELD, VA
150 AM EDT SAT SEP 5 2015


...................................

...THE RICHMOND VA CLIMATE SUMMARY FOR SEPTEMBER 4 2015...

CLIMATE NORMAL PERIOD 1981 TO 2010
CLIMATE RECORD PERIOD 1871 TO 2015


WEATHER ITEM   OBSERVED TIME   RECORD YEAR NORMAL DEPARTURE LAST
                VALUE   (LST)  VALUE       VALUE  FROM      YEAR
                                                  NORMAL
..................................................................
TEMPERATURE (F)
 YESTERDAY
  MAXIMUM         94   1249 PM  95    1970  85      9       92
                                      1947
                                      1925
  MINIMUM         73   1159 PM  50    1967  64      9       72
  AVERAGE         84                        74     10       82

PRECIPITATION (IN)
  YESTERDAY        0.00          2.46 2003   0.14  -0.14      T
  MONTH TO DATE    0.22                      0.56  -0.34     0.06
  SINCE SEP 1      0.22                      0.56  -0.34     0.06
  SINCE JAN 1     32.77                     30.55   2.22    25.73

SNOWFALL (IN)
  YESTERDAY        0.0           0.0  2002   0.0    0.0
                                      2001
  MONTH TO DATE    0.0                       0.0    0.0
  SINCE NOV 1     12.8                      10.3    2.5
  SINCE JUL 1      0.0                       0.0    0.0
  SNOW DEPTH       0

DEGREE DAYS
 HEATING
  YESTERDAY        0                         0      0        0
  MONTH TO DATE    0                         0      0        0
  SINCE SEP 1      0                         0      0        0
  SINCE JUL 1      0                         1     -1        0

 COOLING
  YESTERDAY       19                        10      9       17
  MONTH TO DATE   70                        40     30       78
  SINCE SEP 1     70                        40     30       78
  SINCE JAN 1   1577                      1347    230     1458
..................................................................


WIND (MPH)
  HIGHEST WIND SPEED    17   HIGHEST WIND DIRECTION     N (20)
  HIGHEST GUST SPEED    21   HIGHEST GUST DIRECTION    NE (60)
  AVERAGE WIND SPEED     5.1


SKY COVER
  POSSIBLE SUNSHINE  MM
  AVERAGE SKY COVER 0.6


WEATHER CONDITIONS
 THE FOLLOWING WEATHER WAS RECORDED YESTERDAY.
  THUNDERSTORM


RELATIVE HUMIDITY (PERCENT)
 HIGHEST    87           500 AM
 LOWEST     49          1200 PM
 AVERAGE    68

..........................................................


THE RICHMOND VA CLIMATE NORMALS FOR TODAY
                         NORMAL    RECORD    YEAR
 MAXIMUM TEMPERATURE (F)   85       100      1954
 MINIMUM TEMPERATURE (F)   64        51      1997
                                             1994


SUNRISE AND SUNSET
SEPTEMBER  5 2015.....SUNRISE   643 AM EDT   SUNSET   733 PM EDT
SEPTEMBER  6 2015.....SUNRISE   644 AM EDT   SUNSET   731 PM EDT


-  INDICATES NEGATIVE NUMBERS.
R  INDICATES RECORD WAS SET OR TIED.
MM INDICATES DATA IS MISSING.
T  INDICATES TRACE AMOUNT.




$$
