000
CDUS41 KAKQ 210529
CLIRIC


CLIMATE REPORT
NATIONAL WEATHER SERVICE WAKEFIELD, VA
129 AM EDT SAT OCT 21 2017


...................................

...THE RICHMOND VA CLIMATE SUMMARY FOR OCTOBER 20 2017...

CLIMATE NORMAL PERIOD 1981 TO 2010
CLIMATE RECORD PERIOD 1871 TO 2017


WEATHER ITEM   OBSERVED TIME   RECORD YEAR NORMAL DEPARTURE LAST
                VALUE   (LST)  VALUE       VALUE  FROM      YEAR
                                                  NORMAL
..................................................................
TEMPERATURE (F)
 YESTERDAY
  MAXIMUM         80    218 PM  89    1984  70     10       84
  MINIMUM         44    632 AM  27    1940  47     -3       63
                                      1930
  AVERAGE         62                        58      4       74

PRECIPITATION (IN)
  YESTERDAY        0.00          4.76 1961   0.09  -0.09     0.00
  MONTH TO DATE    2.64                      1.91   0.73     4.17
  SINCE SEP 1      4.12                      6.04  -1.92    15.36
  SINCE JAN 1     33.17                     36.03  -2.86    48.80

SNOWFALL (IN)
  YESTERDAY        0.0           0.0  2002   0.0    0.0
                                      2001
  MONTH TO DATE    0.0                       0.0    0.0
  SINCE NOV 1      7.1                      10.3   -3.2
  SINCE JUL 1      0.0                       0.0    0.0
  SNOW DEPTH       0

DEGREE DAYS
 HEATING
  YESTERDAY        3                         8     -5        0
  MONTH TO DATE   49                       105    -56       50
  SINCE SEP 1     61                       133    -72       50
  SINCE JUL 1     61                       134    -73       50

 COOLING
  YESTERDAY        0                         1     -1        9
  MONTH TO DATE   83                        33     50       54
  SINCE SEP 1    285                       230     55      333
  SINCE JAN 1   1698                      1537    161     1687
..................................................................


WIND (MPH)
  HIGHEST WIND SPEED    13   HIGHEST WIND DIRECTION     N (350)
  HIGHEST GUST SPEED    21   HIGHEST GUST DIRECTION     N (10)
  AVERAGE WIND SPEED     3.1


SKY COVER
  POSSIBLE SUNSHINE  MM
  AVERAGE SKY COVER 0.2


WEATHER CONDITIONS
 THE FOLLOWING WEATHER WAS RECORDED YESTERDAY.
  NO SIGNIFICANT WEATHER WAS OBSERVED.


RELATIVE HUMIDITY (PERCENT)
 HIGHEST    93           400 AM
 LOWEST     39           300 PM
 AVERAGE    66

..........................................................


THE RICHMOND VA CLIMATE NORMALS FOR TODAY
                         NORMAL    RECORD    YEAR
 MAXIMUM TEMPERATURE (F)   70        86      1993
 MINIMUM TEMPERATURE (F)   46        25      1930


SUNRISE AND SUNSET
OCTOBER 21 2017.......SUNRISE   723 AM EDT   SUNSET   624 PM EDT
OCTOBER 22 2017.......SUNRISE   724 AM EDT   SUNSET   623 PM EDT


-  INDICATES NEGATIVE NUMBERS.
R  INDICATES RECORD WAS SET OR TIED.
MM INDICATES DATA IS MISSING.
T  INDICATES TRACE AMOUNT.




$$
