000
CDUS45 KGJT 240730
CLIRIL


CLIMATE REPORT
NATIONAL WEATHER SERVICE GRAND JUNCTION CO
127 AM MDT SAT SEP 24 2016


...................................

...THE RIFLE CO CLIMATE SUMMARY FOR SEPTEMBER 23 2016...

CLIMATE NORMAL PERIOD 1981 TO 2010
CLIMATE RECORD PERIOD 9999 TO 9999


WEATHER ITEM   OBSERVED TIME   RECORD YEAR NORMAL DEPARTURE LAST
                VALUE   (LST)  VALUE       VALUE  FROM      YEAR
                                                  NORMAL
..................................................................
TEMPERATURE (F)
 YESTERDAY
  MAXIMUM         60    225 AM  MM      MM  75    -15       87
  MINIMUM         43   1116 PM  MM      MM  42      1       49
  AVERAGE         52                        58     -6       68

PRECIPITATION (IN)
  YESTERDAY        0.54         MM      MM   0.05   0.49     0.00
  MONTH TO DATE    0.97                      1.17  -0.20     1.36
  SINCE SEP 1      0.97                      1.17  -0.20     1.36
  SINCE JAN 1      8.05                     10.14  -2.09    12.53

SNOWFALL (IN)
  YESTERDAY       MM            MM      MM  MM     MM       MM
  MONTH TO DATE   MM                        MM     MM       MM
  SINCE SEP 1     MM                        MM     MM       MM
  SINCE JUL 1     MM                        MM     MM       MM
  SNOW DEPTH      MM

DEGREE DAYS
 HEATING
  YESTERDAY       13                         7      6        0
  MONTH TO DATE   43                        80    -37       25
  SINCE SEP 1     43                        80    -37       25
  SINCE JUL 1     48                        87    -39       25

 COOLING
  YESTERDAY        0                         0      0        3
  MONTH TO DATE   34                        22     12       21
  SINCE SEP 1     34                        22     12       21
  SINCE JAN 1    675                       538    137      612
..................................................................


WIND (MPH)
  HIGHEST WIND SPEED    36   HIGHEST WIND DIRECTION     W (280)
  HIGHEST GUST SPEED    47   HIGHEST GUST DIRECTION     W (290)
  AVERAGE WIND SPEED    10.2


SKY COVER
  POSSIBLE SUNSHINE  MM
  AVERAGE SKY COVER 0.7


WEATHER CONDITIONS
 THE FOLLOWING WEATHER WAS RECORDED YESTERDAY.
  HEAVY RAIN
  RAIN
  LIGHT RAIN
  FOG


RELATIVE HUMIDITY (PERCENT)
 HIGHEST   100           600 AM
 LOWEST     50           400 PM
 AVERAGE    75

..........................................................


THE RIFLE CO CLIMATE NORMALS FOR TODAY
                         NORMAL    RECORD    YEAR
 MAXIMUM TEMPERATURE (F)   74        MM        MM
 MINIMUM TEMPERATURE (F)   42        MM        MM


SUNRISE AND SUNSET
SEPTEMBER 24 2016.....SUNRISE   701 AM MDT   SUNSET   704 PM MDT
SEPTEMBER 25 2016.....SUNRISE   702 AM MDT   SUNSET   702 PM MDT


-  INDICATES NEGATIVE NUMBERS.
R  INDICATES RECORD WAS SET OR TIED.
MM INDICATES DATA IS MISSING.
T  INDICATES TRACE AMOUNT.




$$
