858
CDUS45 KGJT 250729
CLIRIL


CLIMATE REPORT
NATIONAL WEATHER SERVICE GRAND JUNCTION CO
127 AM MDT THU AUG 25 2016


...................................

...THE RIFLE CO CLIMATE SUMMARY FOR AUGUST 24 2016...

CLIMATE NORMAL PERIOD 1981 TO 2010
CLIMATE RECORD PERIOD 9999 TO 9999


WEATHER ITEM   OBSERVED TIME   RECORD YEAR NORMAL DEPARTURE LAST
                VALUE   (LST)  VALUE       VALUE  FROM      YEAR
                                                  NORMAL
..................................................................
TEMPERATURE (F)
 YESTERDAY
  MAXIMUM         79    117 PM  MM      MM  86     -7       94
  MINIMUM         51    626 AM  MM      MM  51      0       51
  AVERAGE         65                        69     -4       73

PRECIPITATION (IN)
  YESTERDAY        0.03         MM      MM   0.05  -0.02     0.00
  MONTH TO DATE    0.70                      1.06  -0.36     0.91
  SINCE JUN 1      2.37                      3.21  -0.84     3.23
  SINCE JAN 1      6.75                      8.63  -1.88    10.16

SNOWFALL (IN)
  YESTERDAY       MM            MM      MM  MM     MM       MM
  MONTH TO DATE   MM                        MM     MM       MM
  SINCE JUN 1     MM                        MM     MM       MM
  SINCE JUL 1     MM                        MM     MM       MM
  SNOW DEPTH      MM

DEGREE DAYS
 HEATING
  YESTERDAY        0                         0      0        0
  MONTH TO DATE    0                         0      0        0
  SINCE JUN 1      8                        60    -52       18
  SINCE JUL 1      0                         1     -1        0

 COOLING
  YESTERDAY        0                         4     -4        8
  MONTH TO DATE  148                       151     -3      180
  SINCE JUN 1    628                       487    141      552
  SINCE JAN 1    629                       494    135      553
..................................................................


WIND (MPH)
  HIGHEST WIND SPEED    35   HIGHEST WIND DIRECTION    SW (210)
  HIGHEST GUST SPEED    46   HIGHEST GUST DIRECTION     S (200)
  AVERAGE WIND SPEED     4.2


SKY COVER
  POSSIBLE SUNSHINE  MM
  AVERAGE SKY COVER 0.0


WEATHER CONDITIONS
 THE FOLLOWING WEATHER WAS RECORDED YESTERDAY.
  THUNDERSTORM
  LIGHT RAIN


RELATIVE HUMIDITY (PERCENT)
 HIGHEST    96           600 AM
 LOWEST     25           500 PM
 AVERAGE    61

..........................................................


THE RIFLE CO CLIMATE NORMALS FOR TODAY
                         NORMAL    RECORD    YEAR
 MAXIMUM TEMPERATURE (F)   86        MM        MM
 MINIMUM TEMPERATURE (F)   51        MM        MM


SUNRISE AND SUNSET
AUGUST 25 2016........SUNRISE   633 AM MDT   SUNSET   752 PM MDT
AUGUST 26 2016........SUNRISE   634 AM MDT   SUNSET   750 PM MDT


-  INDICATES NEGATIVE NUMBERS.
R  INDICATES RECORD WAS SET OR TIED.
MM INDICATES DATA IS MISSING.
T  INDICATES TRACE AMOUNT.




$$
