000
CDUS45 KRIW 280731
CLIRIW


CLIMATE REPORT
NATIONAL WEATHER SERVICE RIVERTON WY
130 AM MDT WED JUN 28 2017


...................................

...THE RIVERTON WY CLIMATE SUMMARY FOR JUNE 27 2017...

CLIMATE NORMAL PERIOD 1981 TO 2010
CLIMATE RECORD PERIOD 1995 TO 2017


WEATHER ITEM   OBSERVED TIME   RECORD YEAR NORMAL DEPARTURE LAST
                VALUE   (LST)  VALUE       VALUE  FROM      YEAR
                                                  NORMAL
..................................................................
TEMPERATURE (F)
 YESTERDAY
  MAXIMUM         83    113 PM  98    2013  82      1       87
  MINIMUM         55   1159 PM  40    1998  52      3       56
  AVERAGE         69                        67      2       72

PRECIPITATION (IN)
  YESTERDAY        T             0.31 2014   0.04  -0.04     0.00
  MONTH TO DATE    0.18                      1.18  -1.00     0.32
  SINCE JUN 1      0.18                      1.18  -1.00     0.32
  SINCE JAN 1     10.34                      5.26   5.08     9.21

SNOWFALL (IN)
  YESTERDAY        0.0                                       0.0
  MONTH TO DATE    0.0                                       0.0
  SINCE JUN 1      0.0                                       0.0
  SINCE JUL 1     66.4                                      62.4
  SNOW DEPTH       0

DEGREE DAYS
 HEATING
  YESTERDAY        0                         2     -2        0
  MONTH TO DATE   54                       115    -61       16
  SINCE JUN 1     54                       115    -61       16
  SINCE JUL 1   7626                      7866   -240     7104

 COOLING
  YESTERDAY        4                         4      0        7
  MONTH TO DATE   51                        54     -3      141
  SINCE JUN 1     51                        54     -3      141
  SINCE JAN 1     51                        63    -12      141
..................................................................


WIND (MPH)
  HIGHEST WIND SPEED    45   HIGHEST WIND DIRECTION    NW (310)
  HIGHEST GUST SPEED    56   HIGHEST GUST DIRECTION    NW (320)
  AVERAGE WIND SPEED    16.1


SKY COVER
  POSSIBLE SUNSHINE  MM
  AVERAGE SKY COVER 0.1


WEATHER CONDITIONS
 THE FOLLOWING WEATHER WAS RECORDED YESTERDAY.
  LIGHT RAIN


RELATIVE HUMIDITY (PERCENT)
 HIGHEST    51          1100 PM
 LOWEST     17           100 PM
 AVERAGE    34

..........................................................


THE RIVERTON WY CLIMATE NORMALS FOR TODAY
                         NORMAL    RECORD    YEAR
 MAXIMUM TEMPERATURE (F)   83        96      2002
 MINIMUM TEMPERATURE (F)   53        40      1998


SUNRISE AND SUNSET
JUNE 28 2017..........SUNRISE   537 AM MDT   SUNSET   857 PM MDT
JUNE 29 2017..........SUNRISE   537 AM MDT   SUNSET   857 PM MDT


-  INDICATES NEGATIVE NUMBERS.
R  INDICATES RECORD WAS SET OR TIED.
MM INDICATES DATA IS MISSING.
T  INDICATES TRACE AMOUNT.




$$
