000
CDUS45 KRIW 290748
CLIRIW


CLIMATE REPORT
NATIONAL WEATHER SERVICE RIVERTON WY
133 AM MDT SAT APR 29 2017


...................................

...THE RIVERTON WY CLIMATE SUMMARY FOR APRIL 28 2017...

CLIMATE NORMAL PERIOD 1981 TO 2010
CLIMATE RECORD PERIOD 1995 TO 2017


WEATHER ITEM   OBSERVED TIME   RECORD YEAR NORMAL DEPARTURE LAST
                VALUE   (LST)  VALUE       VALUE  FROM      YEAR
                                                  NORMAL
..................................................................
TEMPERATURE (F)
 YESTERDAY
  MAXIMUM         33   1149 AM  83    2007  61    -28       40
  MINIMUM         28   1159 PM  22    2005  35     -7       32
  AVERAGE         31                        48    -17       36

PRECIPITATION (IN)
  YESTERDAY        0.87R         0.21 2005   0.07   0.80      T
  MONTH TO DATE    3.19                      1.18   2.01     2.86
  SINCE MAR 1      6.90                      1.73   5.17     4.99
  SINCE JAN 1      8.76                      2.24   6.52     5.67

SNOWFALL (IN)
  YESTERDAY        9.5                                        T
  MONTH TO DATE   14.5                                      12.7
  SINCE MAR 1     14.5                                      34.2
  SINCE JUL 1     62.2                                      62.4
  SNOW DEPTH       5

DEGREE DAYS
 HEATING
  YESTERDAY       34                        17     17       29
  MONTH TO DATE  570                       590    -20      509
  SINCE MAR 1   1274                      1508   -234     1319
  SINCE JUL 1   7148                      7362   -214     6640

 COOLING
  YESTERDAY        0                         0      0        0
  MONTH TO DATE    0                         0      0        0
  SINCE MAR 1      0                         0      0        0
  SINCE JAN 1      0                         0      0        0
..................................................................


WIND (MPH)
  HIGHEST WIND SPEED    26   HIGHEST WIND DIRECTION    NE (30)
  HIGHEST GUST SPEED    33   HIGHEST GUST DIRECTION    NE (40)
  AVERAGE WIND SPEED    10.4


SKY COVER
  POSSIBLE SUNSHINE  MM
  AVERAGE SKY COVER 1.0


WEATHER CONDITIONS
 THE FOLLOWING WEATHER WAS RECORDED YESTERDAY.
  HEAVY SNOW
  SNOW
  LIGHT SNOW
  FOG
  FOG W/VISIBILITY <= 1/4 MILE


RELATIVE HUMIDITY (PERCENT)
 HIGHEST   100          1200 AM
 LOWEST     85          1000 PM
 AVERAGE    93

..........................................................


THE RIVERTON WY CLIMATE NORMALS FOR TODAY
                         NORMAL    RECORD    YEAR
 MAXIMUM TEMPERATURE (F)   62        84      2007
 MINIMUM TEMPERATURE (F)   35        23      1996


SUNRISE AND SUNSET
APRIL 29 2017.........SUNRISE   610 AM MDT   SUNSET   813 PM MDT
APRIL 30 2017.........SUNRISE   608 AM MDT   SUNSET   814 PM MDT


-  INDICATES NEGATIVE NUMBERS.
R  INDICATES RECORD WAS SET OR TIED.
MM INDICATES DATA IS MISSING.
T  INDICATES TRACE AMOUNT.




$$
