000
CDUS45 KRIW 120042
CLIRIW


CLIMATE REPORT
NATIONAL WEATHER SERVICE RIVERTON WY
535 PM MST THU FEB 11 2016


...................................

...THE RIVERTON WY CLIMATE SUMMARY FOR FEBRUARY 11 2016...
VALID TODAY AS OF 0500 PM LOCAL TIME.

CLIMATE NORMAL PERIOD 1981 TO 2010
CLIMATE RECORD PERIOD 1995 TO 2016


WEATHER ITEM   OBSERVED TIME   RECORD YEAR NORMAL DEPARTURE LAST
                VALUE   (LST)  VALUE       VALUE  FROM      YEAR
                                                  NORMAL
..................................................................
TEMPERATURE (F)
 TODAY
  MAXIMUM         50        MM  54    2002  34     16       49
  MINIMUM         26        MM  -7    2004  11     15       28
  AVERAGE         38                        23     15       39

PRECIPITATION (IN)
  TODAY            0.00          0.04 2004   0.01  -0.01     0.00
  MONTH TO DATE    0.24                      0.08   0.16     0.29
  SINCE DEC 1      0.72                      0.64   0.08     0.97
  SINCE JAN 1      0.64                      0.32   0.32     0.32

SNOWFALL (IN)
  TODAY            0.0                                       0.0
  MONTH TO DATE    2.6                                       3.8
  SINCE DEC 1     10.1                                      11.1
  SINCE JUL 1     28.2                                      16.6
  SNOW DEPTH       2

DEGREE DAYS
 HEATING
  TODAY           27                        42    -15       26
  MONTH TO DATE  461                       476    -15      307
  SINCE DEC 1   3303                      3275     28     2922
  SINCE JUL 1   4842                      5191   -349     4699

 COOLING
  TODAY            0                         0      0        0
  MONTH TO DATE    0                         0      0        0
  SINCE DEC 1      0                         0      0        0
  SINCE JAN 1      0                         0      0        0
..................................................................


WIND (MPH)
  HIGHEST WIND SPEED    21   HIGHEST WIND DIRECTION     W (260)
  HIGHEST GUST SPEED    31   HIGHEST GUST DIRECTION     W (260)
  AVERAGE WIND SPEED     6.1


SKY COVER
  POSSIBLE SUNSHINE  MM
  AVERAGE SKY COVER 0.0


WEATHER CONDITIONS
 THE FOLLOWING WEATHER WAS RECORDED TODAY.
  NO SIGNIFICANT WEATHER WAS OBSERVED.


RELATIVE HUMIDITY (PERCENT)
 HIGHEST    68           300 AM
 LOWEST     36           400 PM
 AVERAGE    52

..........................................................


THE RIVERTON WY CLIMATE NORMALS FOR TOMORROW
                         NORMAL    RECORD    YEAR
 MAXIMUM TEMPERATURE (F)   35        58      2015
 MINIMUM TEMPERATURE (F)   12       -12      2004


SUNRISE AND SUNSET
FEBRUARY 11 2016......SUNRISE   717 AM MST   SUNSET   539 PM MST
FEBRUARY 12 2016......SUNRISE   716 AM MST   SUNSET   541 PM MST


-  INDICATES NEGATIVE NUMBERS.
R  INDICATES RECORD WAS SET OR TIED.
MM INDICATES DATA IS MISSING.
T  INDICATES TRACE AMOUNT.




$$
