000
CDUS45 KRIW 280057
CLIRIW


CLIMATE REPORT
NATIONAL WEATHER SERVICE RIVERTON WY
653 PM MDT MON JUL 27 2015


...................................

...THE RIVERTON WY CLIMATE SUMMARY FOR JULY 27 2015...
VALID TODAY AS OF 0500 PM LOCAL TIME.

CLIMATE NORMAL PERIOD 1981 TO 2010
CLIMATE RECORD PERIOD 1995 TO 2015


WEATHER ITEM   OBSERVED TIME   RECORD YEAR NORMAL DEPARTURE LAST
                VALUE   (LST)  VALUE       VALUE  FROM      YEAR
                                                  NORMAL
..................................................................
TEMPERATURE (F)
 TODAY
  MAXIMUM         91        MM  98    2008  89      2       87
  MINIMUM         57    500 AM  46    2005  58     -1       57
  AVERAGE         74                        73      1       72

PRECIPITATION (IN)
  TODAY            0.00          0.12 2009   0.02  -0.02     0.00
  MONTH TO DATE    1.10                      0.80   0.30     0.47
  SINCE JUN 1      1.89                      2.08  -0.19     1.59
  SINCE JAN 1      8.74                      6.16   2.58     3.91

SNOWFALL (IN)
  TODAY            0.0                                       0.0
  MONTH TO DATE    0.0                                       0.0
  SINCE JUN 1      T                                         0.0
  SINCE JUL 1      0.0                                       0.0
  SNOW DEPTH       0

DEGREE DAYS
 HEATING
  TODAY            0                         0      0        0
  MONTH TO DATE    6                         8     -2        4
  SINCE JUN 1     29                       127    -98      130
  SINCE JUL 1      6                         8     -2        4

 COOLING
  TODAY            9                         8      1        7
  MONTH TO DATE  144                       186    -42      224
  SINCE JUN 1    275                       252     23      247
  SINCE JAN 1    275                       261     14      262
..................................................................


WIND (MPH)
  HIGHEST WIND SPEED    45   HIGHEST WIND DIRECTION     W (260)
  HIGHEST GUST SPEED    59   HIGHEST GUST DIRECTION     W (270)
  AVERAGE WIND SPEED    13.4


SKY COVER
  POSSIBLE SUNSHINE  MM
  AVERAGE SKY COVER 0.0


WEATHER CONDITIONS
 THE FOLLOWING WEATHER WAS RECORDED TODAY.
  NO SIGNIFICANT WEATHER WAS OBSERVED.


RELATIVE HUMIDITY (PERCENT)
 HIGHEST    33           500 AM
 LOWEST      9           100 PM
 AVERAGE    21

..........................................................


THE RIVERTON WY CLIMATE NORMALS FOR TOMORROW
                         NORMAL    RECORD    YEAR
 MAXIMUM TEMPERATURE (F)   89        98      2006
 MINIMUM TEMPERATURE (F)   58        50      2002


SUNRISE AND SUNSET
JULY 27 2015..........SUNRISE   559 AM MDT   SUNSET   841 PM MDT
JULY 28 2015..........SUNRISE   600 AM MDT   SUNSET   840 PM MDT


-  INDICATES NEGATIVE NUMBERS.
R  INDICATES RECORD WAS SET OR TIED.
MM INDICATES DATA IS MISSING.
T  INDICATES TRACE AMOUNT.




$$
