000
CDUS45 KRIW 280047
CLIRIW


CLIMATE REPORT
NATIONAL WEATHER SERVICE RIVERTON WY
545 PM MST MON FEB 27 2017


...................................

...THE RIVERTON WY CLIMATE SUMMARY FOR FEBRUARY 27 2017...
VALID TODAY AS OF 0500 PM LOCAL TIME.

CLIMATE NORMAL PERIOD 1981 TO 2010
CLIMATE RECORD PERIOD 1995 TO 2017


WEATHER ITEM   OBSERVED TIME   RECORD YEAR NORMAL DEPARTURE LAST
                VALUE   (LST)  VALUE       VALUE  FROM      YEAR
                                                  NORMAL
..................................................................
TEMPERATURE (F)
 TODAY
  MAXIMUM         26        MM  61    2016  41    -15       61
  MINIMUM          4    300 AM -16    1996  17    -13       26
  AVERAGE         15                        29    -14       44

PRECIPITATION (IN)
  TODAY            0.00          0.23 2004   0.01  -0.01     0.00
  MONTH TO DATE    0.85                      0.26   0.59     0.28
  SINCE DEC 1      2.63                      0.82   1.81     0.76
  SINCE JAN 1      1.86                      0.50   1.36     0.68

SNOWFALL (IN)
  TODAY            0.0                                       0.0
  MONTH TO DATE   14.3                                       2.6
  SINCE DEC 1     43.3                                      10.1
  SINCE JUL 1     47.7                                      28.2
  SNOW DEPTH       4

DEGREE DAYS
 HEATING
  TODAY           50                        36     14       21
  MONTH TO DATE 1078                      1105    -27      894
  SINCE DEC 1   4231                      3904    327     3736
  SINCE JUL 1   5827                      5820      7     5275

 COOLING
  TODAY            0                         0      0        0
  MONTH TO DATE    0                         0      0        0
  SINCE DEC 1      0                         0      0        0
  SINCE JAN 1      0                         0      0        0
..................................................................


WIND (MPH)
  HIGHEST WIND SPEED    12   HIGHEST WIND DIRECTION    NW (320)
  HIGHEST GUST SPEED    MM   HIGHEST GUST DIRECTION    MM
  AVERAGE WIND SPEED     6.4


SKY COVER
  POSSIBLE SUNSHINE  MM
  AVERAGE SKY COVER 0.4


WEATHER CONDITIONS
 THE FOLLOWING WEATHER WAS RECORDED TODAY.
  NO SIGNIFICANT WEATHER WAS OBSERVED.


RELATIVE HUMIDITY (PERCENT)
 HIGHEST    84           600 AM
 LOWEST     50          1200 PM
 AVERAGE    67

..........................................................


THE RIVERTON WY CLIMATE NORMALS FOR TOMORROW
                         NORMAL    RECORD    YEAR
 MAXIMUM TEMPERATURE (F)   41        60      1999
 MINIMUM TEMPERATURE (F)   17       -21      1996


SUNRISE AND SUNSET
FEBRUARY 27 2017......SUNRISE   652 AM MST   SUNSET   601 PM MST
FEBRUARY 28 2017......SUNRISE   651 AM MST   SUNSET   602 PM MST


-  INDICATES NEGATIVE NUMBERS.
R  INDICATES RECORD WAS SET OR TIED.
MM INDICATES DATA IS MISSING.
T  INDICATES TRACE AMOUNT.




$$
