000
CDUS45 KRIW 270745
CLIRIW


CLIMATE REPORT
NATIONAL WEATHER SERVICE RIVERTON WY
1239 AM MST THU NOV 27 2014


...................................

...THE RIVERTON WY CLIMATE SUMMARY FOR NOVEMBER 26 2014...

CLIMATE NORMAL PERIOD 1981 TO 2010
CLIMATE RECORD PERIOD 1995 TO 2014


WEATHER ITEM   OBSERVED TIME   RECORD YEAR NORMAL DEPARTURE LAST
                VALUE   (LST)  VALUE       VALUE  FROM      YEAR
                                                  NORMAL
..................................................................
TEMPERATURE (F)
 YESTERDAY
  MAXIMUM         45    517 PM  59    1999  36      9       41
  MINIMUM         20    738 AM   0    2002  14      6       17
  AVERAGE         33                        25      8       29

PRECIPITATION (IN)
  YESTERDAY        0.02          0.08 2005   0.02   0.00     0.00
  MONTH TO DATE    0.41                      0.44  -0.03     0.03
  SINCE SEP 1      1.38                      2.23  -0.85     4.98
  SINCE JAN 1      6.75                      9.05  -2.30     9.04

SNOWFALL (IN)
  YESTERDAY        0.3                                       0.0
  MONTH TO DATE    5.1                                       1.5
  SINCE SEP 1      5.4                                      26.3
  SINCE JUL 1      5.4                                      26.3
  SNOW DEPTH       2

DEGREE DAYS
 HEATING
  YESTERDAY       32                        40     -8       36
  MONTH TO DATE 1002                       872    130      821
  SINCE SEP 1   1628                      1714    -86     1767
  SINCE JUL 1   1678                      1752    -74     1767

 COOLING
  YESTERDAY        0                         0      0        0
  MONTH TO DATE    0                         0      0        0
  SINCE SEP 1     31                        26      5       68
  SINCE JAN 1    431                       494    -63      798
..................................................................


WIND (MPH)
  HIGHEST WIND SPEED    21   HIGHEST WIND DIRECTION     W (280)
  HIGHEST GUST SPEED    27   HIGHEST GUST DIRECTION     W (290)
  AVERAGE WIND SPEED     7.2


SKY COVER
  POSSIBLE SUNSHINE  MM
  AVERAGE SKY COVER 0.5


WEATHER CONDITIONS
 THE FOLLOWING WEATHER WAS RECORDED YESTERDAY.
  LIGHT SNOW
  FOG


RELATIVE HUMIDITY (PERCENT)
 HIGHEST    92          1200 AM
 LOWEST     53           800 PM
 AVERAGE    73

..........................................................


THE RIVERTON WY CLIMATE NORMALS FOR TODAY
                         NORMAL    RECORD    YEAR
 MAXIMUM TEMPERATURE (F)   36        53      1998
 MINIMUM TEMPERATURE (F)   13         3      2002


SUNRISE AND SUNSET
NOVEMBER 27 2014......SUNRISE   721 AM MST   SUNSET   442 PM MST
NOVEMBER 28 2014......SUNRISE   722 AM MST   SUNSET   441 PM MST


-  INDICATES NEGATIVE NUMBERS.
R  INDICATES RECORD WAS SET OR TIED.
MM INDICATES DATA IS MISSING.
T  INDICATES TRACE AMOUNT.




$$
