000
CDUS45 KRIW 070738
CLIRKS


CLIMATE REPORT
NATIONAL WEATHER SERVICE RIVERTON WY
1236 AM MST SUN FEB 7 2016


...................................

...THE ROCK SPRINGS WY CLIMATE SUMMARY FOR FEBRUARY 6 2016...

CLIMATE NORMAL PERIOD 1981 TO 2010
CLIMATE RECORD PERIOD 1948 TO 2016


WEATHER ITEM   OBSERVED TIME   RECORD YEAR NORMAL DEPARTURE LAST
                VALUE   (LST)  VALUE       VALUE  FROM      YEAR
                                                  NORMAL
..................................................................
TEMPERATURE (F)
 YESTERDAY
  MAXIMUM         33    341 PM  57    2015  31      2       57
  MINIMUM         18    757 AM -25    1989  13      5       33
  AVERAGE         26                        22      4       45

PRECIPITATION (IN)
  YESTERDAY        0.00          0.26 1950   0.02  -0.02     0.00
  MONTH TO DATE    0.01                      0.11  -0.10     0.05
  SINCE DEC 1      0.08                      1.06  -0.98     0.17
  SINCE JAN 1      0.04                      0.56  -0.52     0.06

DEGREE DAYS
 HEATING
  YESTERDAY       39                        43     -4       20
  MONTH TO DATE  299                       258     41      162
  SINCE DEC 1   3138                      2969    169     2524
  SINCE JUL 1   4804                      4962   -158     4340

 COOLING
  YESTERDAY        0                         0      0        0
  MONTH TO DATE    0                         0      0        0
  SINCE DEC 1      0                         0      0        0
  SINCE JAN 1      0                         0      0        0
..................................................................


WIND (MPH)
  HIGHEST WIND SPEED    41   HIGHEST WIND DIRECTION     W (250)
  HIGHEST GUST SPEED    50   HIGHEST GUST DIRECTION     W (260)
  AVERAGE WIND SPEED    22.8


SKY COVER
  POSSIBLE SUNSHINE  MM
  AVERAGE SKY COVER 0.1


WEATHER CONDITIONS
 THE FOLLOWING WEATHER WAS RECORDED YESTERDAY.
  NO SIGNIFICANT WEATHER WAS OBSERVED.


RELATIVE HUMIDITY (PERCENT)
 HIGHEST    80           800 AM
 LOWEST     51           300 PM
 AVERAGE    66

..........................................................


THE ROCK SPRINGS WY CLIMATE NORMALS FOR TODAY
                         NORMAL    RECORD    YEAR
 MAXIMUM TEMPERATURE (F)   31        55      2015
 MINIMUM TEMPERATURE (F)   13       -29      1989


SUNRISE AND SUNSET
FEBRUARY  7 2016......SUNRISE   722 AM MST   SUNSET   539 PM MST
FEBRUARY  8 2016......SUNRISE   721 AM MST   SUNSET   540 PM MST


-  INDICATES NEGATIVE NUMBERS.
R  INDICATES RECORD WAS SET OR TIED.
MM INDICATES DATA IS MISSING.
T  INDICATES TRACE AMOUNT.




$$
