000
CDUS45 KRIW 310911
CLIRKS


CLIMATE REPORT
NATIONAL WEATHER SERVICE RIVERTON WY
310 AM MDT FRI JUL 31 2015


...................................

...THE ROCK SPRINGS WY CLIMATE SUMMARY FOR JULY 30 2015...

CLIMATE NORMAL PERIOD 1981 TO 2010
CLIMATE RECORD PERIOD 1948 TO 2015


WEATHER ITEM   OBSERVED TIME   RECORD YEAR NORMAL DEPARTURE LAST
                VALUE   (LST)  VALUE       VALUE  FROM      YEAR
                                                  NORMAL
..................................................................
TEMPERATURE (F)
 YESTERDAY
  MAXIMUM         84    410 PM  95    1966  85     -1       62
  MINIMUM         49    555 AM  40    1950  55     -6       52
  AVERAGE         67                        70     -3       57

PRECIPITATION (IN)
  YESTERDAY        0.00          0.26 1965   0.02  -0.02     0.12
  MONTH TO DATE    2.12                      0.62   1.50     0.36
  SINCE JUN 1      3.23                      1.41   1.82     0.65
  SINCE JAN 1      7.31                      5.14   2.17     1.96

DEGREE DAYS
 HEATING
  YESTERDAY        0                         0      0        8
  MONTH TO DATE   26                        19      7       13
  SINCE JUN 1     75                       186   -111      160
  SINCE JUL 1     26                        19      7       13

 COOLING
  YESTERDAY        2                         5     -3        0
  MONTH TO DATE   78                       135    -57      205
  SINCE JUN 1    166                       170     -4      222
  SINCE JAN 1    166                       171     -5      229
..................................................................


WIND (MPH)
  HIGHEST WIND SPEED    17   HIGHEST WIND DIRECTION     W (260)
  HIGHEST GUST SPEED    23   HIGHEST GUST DIRECTION     W (260)
  AVERAGE WIND SPEED     5.2


SKY COVER
  POSSIBLE SUNSHINE  MM
  AVERAGE SKY COVER 0.0


WEATHER CONDITIONS
 THE FOLLOWING WEATHER WAS RECORDED YESTERDAY.
  NO SIGNIFICANT WEATHER WAS OBSERVED.


RELATIVE HUMIDITY (PERCENT)
 HIGHEST    36           600 AM
 LOWEST      8           300 PM
 AVERAGE    22

..........................................................


THE ROCK SPRINGS WY CLIMATE NORMALS FOR TODAY
                         NORMAL    RECORD    YEAR
 MAXIMUM TEMPERATURE (F)   85        94      2003
                                             1988
 MINIMUM TEMPERATURE (F)   55        42      1995


SUNRISE AND SUNSET
JULY 31 2015..........SUNRISE   610 AM MDT   SUNSET   835 PM MDT
AUGUST  1 2015........SUNRISE   611 AM MDT   SUNSET   834 PM MDT


-  INDICATES NEGATIVE NUMBERS.
R  INDICATES RECORD WAS SET OR TIED.
MM INDICATES DATA IS MISSING.
T  INDICATES TRACE AMOUNT.




$$
