000
CDUS45 KRIW 070742
CLIRKS


CLIMATE REPORT
NATIONAL WEATHER SERVICE RIVERTON WY
130 AM MDT TUE JUL 7 2015


...................................

...THE ROCK SPRINGS WY CLIMATE SUMMARY FOR JULY 6 2015...

CLIMATE NORMAL PERIOD 1981 TO 2010
CLIMATE RECORD PERIOD 1948 TO 2015


WEATHER ITEM   OBSERVED TIME   RECORD YEAR NORMAL DEPARTURE LAST
                VALUE   (LST)  VALUE       VALUE  FROM      YEAR
                                                  NORMAL
..................................................................
TEMPERATURE (F)
 YESTERDAY
  MAXIMUM         75    446 PM  94    1989  82     -7       92
  MINIMUM         52    554 PM  39    1993  53     -1       58
  AVERAGE         64                        68     -4       75

PRECIPITATION (IN)
  YESTERDAY        0.90R         0.34 1960   0.02   0.88     0.00
  MONTH TO DATE    1.07                      0.11   0.96      T
  SINCE JUN 1      2.18                      0.90   1.28     0.29
  SINCE JAN 1      6.26                      4.63   1.63     1.60

DEGREE DAYS
 HEATING
  YESTERDAY        1                         1      0        0
  MONTH TO DATE    2                         9     -7        3
  SINCE JUN 1     51                       176   -125      150
  SINCE JUL 1      2                         9     -7        3

 COOLING
  YESTERDAY        0                         4     -4       10
  MONTH TO DATE   33                        20     13       34
  SINCE JUN 1    121                        55     66       51
  SINCE JAN 1    121                        56     65       58
..................................................................


WIND (MPH)
  HIGHEST WIND SPEED    29   HIGHEST WIND DIRECTION    NW (320)
  HIGHEST GUST SPEED    34   HIGHEST GUST DIRECTION    NW (320)
  AVERAGE WIND SPEED     8.0


SKY COVER
  POSSIBLE SUNSHINE  MM
  AVERAGE SKY COVER 0.5


WEATHER CONDITIONS
 THE FOLLOWING WEATHER WAS RECORDED YESTERDAY.
  THUNDERSTORM
  HEAVY RAIN
  RAIN
  LIGHT RAIN
  FOG
  HAZE


RELATIVE HUMIDITY (PERCENT)
 HIGHEST    93           200 AM
 LOWEST     41           400 PM
 AVERAGE    67

..........................................................


THE ROCK SPRINGS WY CLIMATE NORMALS FOR TODAY
                         NORMAL    RECORD    YEAR
 MAXIMUM TEMPERATURE (F)   83        95      1989
 MINIMUM TEMPERATURE (F)   53        38      1952


SUNRISE AND SUNSET
JULY  7 2015..........SUNRISE   549 AM MDT   SUNSET   853 PM MDT
JULY  8 2015..........SUNRISE   550 AM MDT   SUNSET   852 PM MDT


-  INDICATES NEGATIVE NUMBERS.
R  INDICATES RECORD WAS SET OR TIED.
MM INDICATES DATA IS MISSING.
T  INDICATES TRACE AMOUNT.




$$
