000
CDUS45 KRIW 290029
CLIRKS


CLIMATE REPORT
NATIONAL WEATHER SERVICE RIVERTON WY
628 PM MDT SUN AUG 28 2016


...................................

...THE ROCK SPRINGS WY CLIMATE SUMMARY FOR AUGUST 28 2016...
VALID TODAY AS OF 0500 PM LOCAL TIME.

CLIMATE NORMAL PERIOD 1981 TO 2010
CLIMATE RECORD PERIOD 1948 TO 2016


WEATHER ITEM   OBSERVED TIME   RECORD YEAR NORMAL DEPARTURE LAST
                VALUE   (LST)  VALUE       VALUE  FROM      YEAR
                                                  NORMAL
..................................................................
TEMPERATURE (F)
 TODAY
  MAXIMUM         82        MM  89    1974  78      4       82
  MINIMUM         49        MM  38    1977  50     -1       49
  AVERAGE         66                        64      2       66

PRECIPITATION (IN)
  TODAY            0.00                      0.02  -0.02     0.00
  MONTH TO DATE    0.20                      0.55  -0.35     0.19
  SINCE JUN 1      0.71                      1.98  -1.27     3.42
  SINCE JAN 1      5.17                      5.71  -0.54     7.50

DEGREE DAYS
 HEATING
  TODAY            0                         3     -3        0
  MONTH TO DATE   46                        30     16       28
  SINCE JUN 1     98                       221   -123      103
  SINCE JUL 1     59                        54      5       54

 COOLING
  TODAY            1                         1      0        1
  MONTH TO DATE   77                        93    -16       72
  SINCE JUN 1    332                       272     60      241
  SINCE JAN 1    332                       273     59      241
..................................................................


WIND (MPH)
  HIGHEST WIND SPEED    17   HIGHEST WIND DIRECTION     W (250)
  HIGHEST GUST SPEED    28   HIGHEST GUST DIRECTION     W (260)
  AVERAGE WIND SPEED     8.3


SKY COVER
  POSSIBLE SUNSHINE  MM
  AVERAGE SKY COVER 0.0


WEATHER CONDITIONS
 THE FOLLOWING WEATHER WAS RECORDED TODAY.
  NO SIGNIFICANT WEATHER WAS OBSERVED.


RELATIVE HUMIDITY (PERCENT)
 HIGHEST    36           600 AM
 LOWEST     10           400 PM
 AVERAGE    23

..........................................................


THE ROCK SPRINGS WY CLIMATE NORMALS FOR TOMORROW
                         NORMAL    RECORD    YEAR
 MAXIMUM TEMPERATURE (F)   78        90      1948
 MINIMUM TEMPERATURE (F)   49        34      1964


SUNRISE AND SUNSET
AUGUST 28 2016........SUNRISE   639 AM MDT   SUNSET   755 PM MDT
AUGUST 29 2016........SUNRISE   640 AM MDT   SUNSET   753 PM MDT


-  INDICATES NEGATIVE NUMBERS.
R  INDICATES RECORD WAS SET OR TIED.
MM INDICATES DATA IS MISSING.
T  INDICATES TRACE AMOUNT.




$$
