000
CDUS45 KRIW 250741
CLIRKS


CLIMATE REPORT
NATIONAL WEATHER SERVICE RIVERTON WY
1240 AM MST THU DEC 25 2014


...................................

...THE ROCK SPRINGS WY CLIMATE SUMMARY FOR DECEMBER 24 2014...

CLIMATE NORMAL PERIOD 1981 TO 2010
CLIMATE RECORD PERIOD 1948 TO 2014


WEATHER ITEM   OBSERVED TIME   RECORD YEAR NORMAL DEPARTURE LAST
                VALUE   (LST)  VALUE       VALUE  FROM      YEAR
                                                  NORMAL
..................................................................
TEMPERATURE (F)
 YESTERDAY
  MAXIMUM         36    241 PM  46    1955  29      7       36
  MINIMUM         18    257 AM -16    1983  12      6       17
  AVERAGE         27                        20      7       27

PRECIPITATION (IN)
  YESTERDAY        0.00          0.22 1964   0.01  -0.01      T
  MONTH TO DATE    0.03                      0.39  -0.36     0.18
  SINCE DEC 1      0.03                      0.39  -0.36     0.18
  SINCE JAN 1      4.16                      8.45  -4.29     4.64

DEGREE DAYS
 HEATING
  YESTERDAY       38                        44     -6       38
  MONTH TO DATE  847                      1049   -202     1028
  SINCE DEC 1    847                      1049   -202     1028
  SINCE JUL 1   2663                      3042   -379     2936

 COOLING
  YESTERDAY        0                         0      0        0
  MONTH TO DATE    0                         0      0        0
  SINCE DEC 1      0                         0      0        0
  SINCE JAN 1    307                       286     21      517
..................................................................


WIND (MPH)
  HIGHEST WIND SPEED    30   HIGHEST WIND DIRECTION     W (250)
  HIGHEST GUST SPEED    34   HIGHEST GUST DIRECTION     W (270)
  AVERAGE WIND SPEED    14.2


SKY COVER
  POSSIBLE SUNSHINE  MM
  AVERAGE SKY COVER 0.4


WEATHER CONDITIONS
 THE FOLLOWING WEATHER WAS RECORDED YESTERDAY.
  NO SIGNIFICANT WEATHER WAS OBSERVED.


RELATIVE HUMIDITY (PERCENT)
 HIGHEST    69          1100 AM
 LOWEST     61           300 PM
 AVERAGE    65

..........................................................


THE ROCK SPRINGS WY CLIMATE NORMALS FOR TODAY
                         NORMAL    RECORD    YEAR
 MAXIMUM TEMPERATURE (F)   29        47      1980
 MINIMUM TEMPERATURE (F)   12       -17      1987


SUNRISE AND SUNSET
DECEMBER 25 2014......SUNRISE   741 AM MST   SUNSET   452 PM MST
DECEMBER 26 2014......SUNRISE   742 AM MST   SUNSET   452 PM MST


-  INDICATES NEGATIVE NUMBERS.
R  INDICATES RECORD WAS SET OR TIED.
MM INDICATES DATA IS MISSING.
T  INDICATES TRACE AMOUNT.




$$
