000
CDUS45 KRIW 190749
CLIRKS


CLIMATE REPORT
NATIONAL WEATHER SERVICE RIVERTON WY
143 AM MDT SAT APR 19 2014


...................................

...THE ROCK SPRINGS WY CLIMATE SUMMARY FOR APRIL 18 2014...

CLIMATE NORMAL PERIOD 1981 TO 2010
CLIMATE RECORD PERIOD 1948 TO 2014


WEATHER ITEM   OBSERVED TIME   RECORD YEAR NORMAL DEPARTURE LAST
                VALUE   (LST)  VALUE       VALUE  FROM      YEAR
                                                  NORMAL
..................................................................
TEMPERATURE (F)
 YESTERDAY
  MAXIMUM         71    123 PM  73    1981  54     17       40
  MINIMUM         42    304 AM  12    2013  30     12       12
                                      1966
  AVERAGE         57                        42     15       26

PRECIPITATION (IN)
  YESTERDAY        0.00          0.72 1966   0.03  -0.03     0.00
  MONTH TO DATE    0.17                      0.50  -0.33     0.28
  SINCE MAR 1      0.60                      1.18  -0.58     0.47
  SINCE JAN 1      0.75                      2.11  -1.36     0.84

DEGREE DAYS
 HEATING
  YESTERDAY        8                        23    -15       39
  MONTH TO DATE  417                       451    -34      547
  SINCE MAR 1   1303                      1428   -125     1462
  SINCE JUL 1   6755                      7280   -525     6943

 COOLING
  YESTERDAY        0                         0      0        0
  MONTH TO DATE    0                         0      0        0
  SINCE MAR 1      0                         0      0        0
  SINCE JAN 1      0                         0      0        0
..................................................................


WIND (MPH)
  HIGHEST WIND SPEED    39   HIGHEST WIND DIRECTION     W (260)
  HIGHEST GUST SPEED    50   HIGHEST GUST DIRECTION    SW (230)
  AVERAGE WIND SPEED    15.2


SKY COVER
  POSSIBLE SUNSHINE  MM
  AVERAGE SKY COVER 0.3


WEATHER CONDITIONS
 THE FOLLOWING WEATHER WAS RECORDED YESTERDAY.
  NO SIGNIFICANT WEATHER WAS OBSERVED.


RELATIVE HUMIDITY (PERCENT)
 HIGHEST    53          1100 PM
 LOWEST     12           100 PM
 AVERAGE    33

..........................................................


THE ROCK SPRINGS WY CLIMATE NORMALS FOR TODAY
                         NORMAL    RECORD    YEAR
 MAXIMUM TEMPERATURE (F)   55        75      1989
 MINIMUM TEMPERATURE (F)   30         7      1966


SUNRISE AND SUNSET
APRIL 19 2014.........SUNRISE   630 AM MDT   SUNSET   801 PM MDT
APRIL 20 2014.........SUNRISE   629 AM MDT   SUNSET   802 PM MDT


-  INDICATES NEGATIVE NUMBERS.
R  INDICATES RECORD WAS SET OR TIED.
MM INDICATES DATA IS MISSING.
T  INDICATES TRACE AMOUNT.




$$
