000
CDUS45 KRIW 250738
CLIRKS


CLIMATE REPORT
NATIONAL WEATHER SERVICE RIVERTON WY
137 AM MDT MON MAY 25 2015


...................................

...THE ROCK SPRINGS WY CLIMATE SUMMARY FOR MAY 24 2015...

CLIMATE NORMAL PERIOD 1981 TO 2010
CLIMATE RECORD PERIOD 1948 TO 2015


WEATHER ITEM   OBSERVED TIME   RECORD YEAR NORMAL DEPARTURE LAST
                VALUE   (LST)  VALUE       VALUE  FROM      YEAR
                                                  NORMAL
..................................................................
TEMPERATURE (F)
 YESTERDAY
  MAXIMUM         47    255 PM  80    2003  67    -20       64
                                      2001
  MINIMUM         32    910 AM  30    2007  40     -8       43
  AVERAGE         40                        53    -13       54

PRECIPITATION (IN)
  YESTERDAY        0.58          0.94 1957   0.03   0.55     0.03
  MONTH TO DATE    2.53                      0.94   1.59     0.26
  SINCE MAR 1      3.42                      2.53   0.89     0.93
  SINCE JAN 1      3.51                      3.46   0.05     1.08

DEGREE DAYS
 HEATING
  YESTERDAY       25                        12     13       11
  MONTH TO DATE  429                       368     61      334
  SINCE MAR 1   1874                      2048   -174     1877
  SINCE JUL 1   6987                      7900   -913     7329

 COOLING
  YESTERDAY        0                         0      0        0
  MONTH TO DATE    0                         0      0        0
  SINCE MAR 1      0                         0      0        0
  SINCE JAN 1      0                         0      0        0
..................................................................


WIND (MPH)
  HIGHEST WIND SPEED    14   HIGHEST WIND DIRECTION     E (70)
  HIGHEST GUST SPEED    18   HIGHEST GUST DIRECTION     E (80)
  AVERAGE WIND SPEED     4.7


SKY COVER
  POSSIBLE SUNSHINE  MM
  AVERAGE SKY COVER 1.0


WEATHER CONDITIONS
 THE FOLLOWING WEATHER WAS RECORDED YESTERDAY.
  RAIN
  LIGHT RAIN
  SNOW
  LIGHT SNOW
  FOG
  FOG W/VISIBILITY <= 1/4 MILE


RELATIVE HUMIDITY (PERCENT)
 HIGHEST   100           900 AM
 LOWEST     76           300 PM
 AVERAGE    88

..........................................................


THE ROCK SPRINGS WY CLIMATE NORMALS FOR TODAY
                         NORMAL    RECORD    YEAR
 MAXIMUM TEMPERATURE (F)   67        82      2003
 MINIMUM TEMPERATURE (F)   40        26      1975


SUNRISE AND SUNSET
MAY 25 2015...........SUNRISE   549 AM MDT   SUNSET   838 PM MDT
MAY 26 2015...........SUNRISE   548 AM MDT   SUNSET   839 PM MDT


-  INDICATES NEGATIVE NUMBERS.
R  INDICATES RECORD WAS SET OR TIED.
MM INDICATES DATA IS MISSING.
T  INDICATES TRACE AMOUNT.




$$
