000
CDUS45 KRIW 280046
CLIRKS


CLIMATE REPORT
NATIONAL WEATHER SERVICE RIVERTON WY
644 PM MDT TUE SEP 27 2016


...................................

...THE ROCK SPRINGS WY CLIMATE SUMMARY FOR SEPTEMBER 27 2016...
VALID TODAY AS OF 0500 PM LOCAL TIME.

CLIMATE NORMAL PERIOD 1981 TO 2010
CLIMATE RECORD PERIOD 1948 TO 2016


WEATHER ITEM   OBSERVED TIME   RECORD YEAR NORMAL DEPARTURE LAST
                VALUE   (LST)  VALUE       VALUE  FROM      YEAR
                                                  NORMAL
..................................................................
TEMPERATURE (F)
 TODAY
  MAXIMUM         72        MM  82    2015  65      7       82
                                      2001
                                      1969
  MINIMUM         40        MM  18    1996  38      2       53
  AVERAGE         56                        52      4       68

PRECIPITATION (IN)
  TODAY            0.00                      0.03  -0.03     0.00
  MONTH TO DATE    1.59                      0.82   0.77     0.55
  SINCE SEP 1      1.59                      0.82   0.77     0.55
  SINCE JAN 1      6.76                      6.60   0.16     8.23

DEGREE DAYS
 HEATING
  TODAY            9                        13     -4        0
  MONTH TO DATE  220                       221     -1      101
  SINCE SEP 1    220                       221     -1      101
  SINCE JUL 1    279                       285     -6      156

 COOLING
  TODAY            0                         0      0        3
  MONTH TO DATE   12                         7      5       16
  SINCE SEP 1     12                         7      5       16
  SINCE JAN 1    354                       284     70      268
..................................................................


WIND (MPH)
  HIGHEST WIND SPEED     5   HIGHEST WIND DIRECTION     E (99)
  HIGHEST GUST SPEED    MM   HIGHEST GUST DIRECTION    MM
  AVERAGE WIND SPEED     2.0


SKY COVER
  POSSIBLE SUNSHINE  MM
  AVERAGE SKY COVER 0.0


WEATHER CONDITIONS
 THE FOLLOWING WEATHER WAS RECORDED TODAY.
  NO SIGNIFICANT WEATHER WAS OBSERVED.


RELATIVE HUMIDITY (PERCENT)
 HIGHEST    89           500 AM
 LOWEST     23           400 PM
 AVERAGE    56

..........................................................


THE ROCK SPRINGS WY CLIMATE NORMALS FOR TOMORROW
                         NORMAL    RECORD    YEAR
 MAXIMUM TEMPERATURE (F)   65        84      2010
 MINIMUM TEMPERATURE (F)   38        20      1985


SUNRISE AND SUNSET
SEPTEMBER 27 2016.....SUNRISE   709 AM MDT   SUNSET   704 PM MDT
SEPTEMBER 28 2016.....SUNRISE   710 AM MDT   SUNSET   702 PM MDT


-  INDICATES NEGATIVE NUMBERS.
R  INDICATES RECORD WAS SET OR TIED.
MM INDICATES DATA IS MISSING.
T  INDICATES TRACE AMOUNT.




$$
