002
CDUS42 KFFC 030836
CLIRMG


CLIMATE REPORT
NATIONAL WEATHER SERVICE PEACHTREE CITY GA
436 AM EDT TUE MAY 3 2016


...................................

...THE ROME  CLIMATE SUMMARY FOR MAY 2 2016...

CLIMATE NORMAL PERIOD 1981 TO 2010
CLIMATE RECORD PERIOD 9999 TO 9999


WEATHER ITEM   OBSERVED TIME   RECORD YEAR NORMAL DEPARTURE LAST
                VALUE   (LST)  VALUE       VALUE  FROM      YEAR
                                                  NORMAL
..................................................................
TEMPERATURE (F)
 YESTERDAY
  MAXIMUM         85    151 PM  MM      MM  77      8       78
  MINIMUM         58    250 AM  MM      MM  51      7       45
  AVERAGE         72                        64      8       62

PRECIPITATION (IN)
  YESTERDAY        0.16         MM      MM   0.13   0.03     0.00
  MONTH TO DATE    0.21                      0.26  -0.05     0.00
  SINCE MAR 1      6.97                      9.26  -2.29     8.57
  SINCE JAN 1     15.98                     18.95  -2.97    16.65

DEGREE DAYS
 COOLING
  YESTERDAY        7                         2      5        0
  MONTH TO DATE   13                         4      9        0
  SINCE MAR 1     73                        37     36       54
  SINCE JAN 1     73                        37     36       54
..................................................................


WIND (MPH)
  RESULTANT WIND SPEED   2   RESULTANT WIND DIRECTION  SW (210)
  HIGHEST WIND SPEED    22   HIGHEST WIND DIRECTION    NW (310)
  HIGHEST GUST SPEED    28   HIGHEST GUST DIRECTION    NW (310)
  AVERAGE WIND SPEED     3.2


SKY COVER
  AVERAGE SKY COVER 0.6


WEATHER CONDITIONS
 THE FOLLOWING WEATHER WAS RECORDED YESTERDAY.
  THUNDERSTORM
  LIGHT RAIN
  FOG
  FOG W/VISIBILITY <= 1/4 MILE


RELATIVE HUMIDITY (PERCENT)
 HIGHEST    97           200 AM
 LOWEST     44           200 PM
 AVERAGE    71

..........................................................


THE ROME  CLIMATE NORMALS FOR TODAY
                         NORMAL    RECORD    YEAR
 MAXIMUM TEMPERATURE (F)   77        MM        MM
 MINIMUM TEMPERATURE (F)   51        MM        MM


SUNRISE AND SUNSET
MAY  3 2016...........SUNRISE   648 AM EDT   SUNSET   827 PM EDT
MAY  4 2016...........SUNRISE   647 AM EDT   SUNSET   828 PM EDT


-  INDICATES NEGATIVE NUMBERS.
R  INDICATES RECORD WAS SET OR TIED.
MM INDICATES DATA IS MISSING.
T  INDICATES TRACE AMOUNT.




$$
