000
CDUS42 KFFC 280820
CLIRMG


CLIMATE REPORT
NATIONAL WEATHER SERVICE PEACHTREE CITY GA
420 AM EDT WED JUN 28 2017


...................................

...THE ROME  CLIMATE SUMMARY FOR JUNE 27 2017...

CLIMATE NORMAL PERIOD 1981 TO 2010
CLIMATE RECORD PERIOD 9999 TO 9999


WEATHER ITEM   OBSERVED TIME   RECORD YEAR NORMAL DEPARTURE LAST
                VALUE   (LST)  VALUE       VALUE  FROM      YEAR
                                                  NORMAL
..................................................................
TEMPERATURE (F)
 YESTERDAY
  MAXIMUM         85    257 PM  MM      MM  89     -4       96
  MINIMUM         60    435 AM  MM      MM  67     -7       70
  AVERAGE         73                        78     -5       83

PRECIPITATION (IN)
  YESTERDAY        0.00         MM      MM   0.15  -0.15     0.93
  MONTH TO DATE    3.31                      3.64  -0.33     2.28
  SINCE JUN 1      3.31                      3.64  -0.33     2.28
  SINCE JAN 1     31.26                     26.51   4.75    19.40

DEGREE DAYS
 COOLING
  YESTERDAY        8                        13     -5       18
  MONTH TO DATE  319                       289     30      389
  SINCE JUN 1    319                       289     30      389
  SINCE JAN 1    645                       457    188      614
..................................................................


WIND (MPH)
  RESULTANT WIND SPEED   5   RESULTANT WIND DIRECTION   N (10)
  HIGHEST WIND SPEED    16   HIGHEST WIND DIRECTION     N (10)
  HIGHEST GUST SPEED    21   HIGHEST GUST DIRECTION     N (20)
  AVERAGE WIND SPEED     5.3


SKY COVER
  AVERAGE SKY COVER 0.0


WEATHER CONDITIONS
 THE FOLLOWING WEATHER WAS RECORDED YESTERDAY.
  NO SIGNIFICANT WEATHER WAS OBSERVED.


RELATIVE HUMIDITY (PERCENT)
 HIGHEST   100           200 AM
 LOWEST     37           200 PM
 AVERAGE    69

..........................................................


THE ROME  CLIMATE NORMALS FOR TODAY
                         NORMAL    RECORD    YEAR
 MAXIMUM TEMPERATURE (F)   89        MM        MM
 MINIMUM TEMPERATURE (F)   67        MM        MM


SUNRISE AND SUNSET
JUNE 28 2017..........SUNRISE   631 AM EDT   SUNSET   857 PM EDT
JUNE 29 2017..........SUNRISE   631 AM EDT   SUNSET   857 PM EDT


-  INDICATES NEGATIVE NUMBERS.
R  INDICATES RECORD WAS SET OR TIED.
MM INDICATES DATA IS MISSING.
T  INDICATES TRACE AMOUNT.




$$
