000
CDUS42 KFFC 060824
CLIRMG


CLIMATE REPORT
NATIONAL WEATHER SERVICE PEACHTREE CITY GA
423 AM EDT MON JUL 6 2015


...................................

...THE ROME  CLIMATE SUMMARY FOR JULY 5 2015...

CLIMATE NORMAL PERIOD 1981 TO 2010
CLIMATE RECORD PERIOD 9999 TO 9999


WEATHER ITEM   OBSERVED TIME   RECORD YEAR NORMAL DEPARTURE LAST
                VALUE   (LST)  VALUE       VALUE  FROM      YEAR
                                                  NORMAL
..................................................................
TEMPERATURE (F)
 YESTERDAY
  MAXIMUM         83    516 PM  MM      MM  90     -7       86
  MINIMUM         69   1159 PM  MM      MM  68      1       59
  AVERAGE         76                        79     -3       73

PRECIPITATION (IN)
  YESTERDAY        0.48         MM      MM   0.17   0.31     0.00
  MONTH TO DATE    1.68                      0.91   0.77     0.00
  SINCE JUN 1      4.48                      5.01  -0.53     4.96
  SINCE JAN 1     24.12                     27.88  -3.76    29.45

DEGREE DAYS
 COOLING
  YESTERDAY       11                        14     -3        8
  MONTH TO DATE   43                        70    -27       60
  SINCE JUN 1    461                       400     61      429
  SINCE JAN 1    718                       568    150      630
..................................................................


WIND (MPH)
  RESULTANT WIND SPEED   5   RESULTANT WIND DIRECTION  SW (240)
  HIGHEST WIND SPEED    14   HIGHEST WIND DIRECTION     W (260)
  HIGHEST GUST SPEED    19   HIGHEST GUST DIRECTION     W (280)
  AVERAGE WIND SPEED     5.5


SKY COVER
  AVERAGE SKY COVER 0.4


WEATHER CONDITIONS
 THE FOLLOWING WEATHER WAS RECORDED YESTERDAY.
  HEAVY RAIN
  RAIN
  LIGHT RAIN
  FOG


RELATIVE HUMIDITY (PERCENT)
 HIGHEST    93          1000 AM
 LOWEST     58           300 PM
 AVERAGE    76

..........................................................


THE ROME  CLIMATE NORMALS FOR TODAY
                         NORMAL    RECORD    YEAR
 MAXIMUM TEMPERATURE (F)   90        MM        MM
 MINIMUM TEMPERATURE (F)   68        MM        MM


SUNRISE AND SUNSET
JULY  6 2015..........SUNRISE   634 AM EDT   SUNSET   856 PM EDT
JULY  7 2015..........SUNRISE   635 AM EDT   SUNSET   856 PM EDT


-  INDICATES NEGATIVE NUMBERS.
R  INDICATES RECORD WAS SET OR TIED.
MM INDICATES DATA IS MISSING.
T  INDICATES TRACE AMOUNT.




$$
