706
CDUS41 KRNK 310703
CLIRNK


CLIMATE REPORT
NATIONAL WEATHER SERVICE BLACKSBURG VA
301 AM EDT TUE MAY 31 2016


...................................

...THE BLACKSBURG VA CLIMATE SUMMARY FOR MAY 30 2016...

CLIMATE NORMAL PERIOD 1981 TO 2010
CLIMATE RECORD PERIOD 1952 TO 2016


WEATHER ITEM   OBSERVED RECORD YEAR NORMAL DEPARTURE LAST
                VALUE   VALUE       VALUE  FROM      YEAR
                                           NORMAL
...........................................................
TEMPERATURE (F)
 YESTERDAY
  MAXIMUM         81     90    2011  75      6       82
  MINIMUM         56     39    1964  52      4       58
  AVERAGE         69                 63      6       70

PRECIPITATION (IN)
  YESTERDAY        0.02   1.30 1971   0.16  -0.14     0.00
  MONTH TO DATE    4.56               4.18   0.38     2.24
  SINCE MAR 1      8.88              11.30  -2.42    12.11
  SINCE JAN 1     16.02              17.19  -1.17    15.53

SNOWFALL (IN)
  YESTERDAY        0.0                                0.0
  MONTH TO DATE    0.0                                0.0
  SINCE MAR 1      1.6                                4.4
  SINCE JUL 1     25.6                               27.8
  SNOW DEPTH       0

DEGREE DAYS
 HEATING
  YESTERDAY        0                  3     -3        0
  MONTH TO DATE  172                199    -27       78
  SINCE MAR 1   1019               1356   -337     1083
  SINCE JUL 1   4454               5404   -950     5209

 COOLING
  YESTERDAY        4                  2      2        5
  MONTH TO DATE   30                 22      8       72
  SINCE MAR 1     40                 25     15       72
  SINCE JAN 1     40                 25     15       72
...........................................................


WIND (MPH)
  HIGHEST WIND SPEED     9   HIGHEST WIND DIRECTION     E (110)
  HIGHEST GUST SPEED    MM   HIGHEST GUST DIRECTION    MM
  AVERAGE WIND SPEED     1.7


SKY COVER
  AVERAGE SKY COVER 0.8


WEATHER CONDITIONS
 THE FOLLOWING WEATHER WAS RECORDED YESTERDAY.
  LIGHT RAIN
  FOG
  FOG W/VISIBILITY <= 1/4 MILE


RELATIVE HUMIDITY (PERCENT)
 HIGHEST   100          1200 AM
 LOWEST     56           200 PM
 AVERAGE    78

..........................................................


THE BLACKSBURG VA CLIMATE NORMALS FOR TODAY
                         NORMAL    RECORD    YEAR
 MAXIMUM TEMPERATURE (F)   75        92      2011
 MINIMUM TEMPERATURE (F)   52        33      1984


SUNRISE AND SUNSET
MAY 31 2016...........SUNRISE   603 AM EDT   SUNSET   836 PM EDT
JUNE  1 2016..........SUNRISE   603 AM EDT   SUNSET   837 PM EDT


-  INDICATES NEGATIVE NUMBERS.
R  INDICATES RECORD WAS SET OR TIED.
MM INDICATES DATA IS MISSING.
T  INDICATES TRACE AMOUNT.

$$
RCS
