000
CDUS41 KRNK 062112
CLIRNK


CLIMATE REPORT
NATIONAL WEATHER SERVICE BLACKSBURG VA
512 PM EDT FRI MAY 6 2016


...................................

...THE BLACKSBURG VA CLIMATE SUMMARY FOR MAY 6 2016...
VALID TODAY AS OF 0500 PM LOCAL TIME.

CLIMATE NORMAL PERIOD 1981 TO 2010
CLIMATE RECORD PERIOD 1952 TO 2016


WEATHER ITEM   OBSERVED RECORD YEAR NORMAL DEPARTURE LAST
                VALUE   VALUE       VALUE  FROM      YEAR
                                           NORMAL
...........................................................
TEMPERATURE (F)
 TODAY
  MAXIMUM         61     84    2014  69     -8       80
  MINIMUM         44     29    1968  44      0       53
  AVERAGE         53                 57     -4       67

PRECIPITATION (IN)
  TODAY            0.05   1.84 1958   0.12  -0.07     0.01
  MONTH TO DATE    2.35               0.74   1.61     0.92
  SINCE MAR 1      6.67               7.86  -1.19    10.79
  SINCE JAN 1     13.81              13.75   0.06    14.21

SNOWFALL (IN)
  TODAY           MM                                  0.0
  MONTH TO DATE    0.0                                0.0
  SINCE MAR 1      1.6                                4.4
  SINCE JUL 1     25.6                               27.8
  SNOW DEPTH       0

DEGREE DAYS
 HEATING
  TODAY           12                  9      3        0
  MONTH TO DATE   48                 56     -8       38
  SINCE MAR 1    895               1213   -318     1043
  SINCE JUL 1   4330               5261   -931     5169

 COOLING
  TODAY            0                  0      0        2
  MONTH TO DATE    1                  0      1        3
  SINCE MAR 1     11                  3      8        3
  SINCE JAN 1     11                  3      8        3
...........................................................


WIND (MPH)
  HIGHEST WIND SPEED    17   HIGHEST WIND DIRECTION    NW (310)
  HIGHEST GUST SPEED    29   HIGHEST GUST DIRECTION    NW (310)
  AVERAGE WIND SPEED     7.9


SKY COVER
  AVERAGE SKY COVER 1.0


WEATHER CONDITIONS
 THE FOLLOWING WEATHER WAS RECORDED TODAY.
  RAIN
  LIGHT RAIN


RELATIVE HUMIDITY (PERCENT)
 HIGHEST    96          1200 AM
 LOWEST     48           300 PM
 AVERAGE    72

..........................................................


THE BLACKSBURG VA CLIMATE NORMALS FOR TOMORROW
                         NORMAL    RECORD    YEAR
 MAXIMUM TEMPERATURE (F)   69        85      1959
 MINIMUM TEMPERATURE (F)   44        24      1968


SUNRISE AND SUNSET
MAY  6 2016...........SUNRISE   621 AM EDT   SUNSET   816 PM EDT
MAY  7 2016...........SUNRISE   620 AM EDT   SUNSET   817 PM EDT


-  INDICATES NEGATIVE NUMBERS.
R  INDICATES RECORD WAS SET OR TIED.
MM INDICATES DATA IS MISSING.
T  INDICATES TRACE AMOUNT.




$$
