000
CDUS41 KRNK 110910 CCA
CLIRNK

CLIMATE REPORT
NATIONAL WEATHER SERVICE BLACKSBURG VA
508 AM EDT FRI JUL 11 2014


...................................

...THE BLACKSBURG VA CLIMATE SUMMARY FOR JULY 10 2014...

CLIMATE NORMAL PERIOD 1981 TO 2010
CLIMATE RECORD PERIOD 1952 TO 2014


WEATHER ITEM   OBSERVED TIME   RECORD YEAR NORMAL DEPARTURE LAST
                VALUE   (LST)  VALUE       VALUE  FROM      YEAR
                                                  NORMAL
..................................................................
TEMPERATURE (F)
 YESTERDAY
  MAXIMUM         82    500 PM  94    1993  82      0       82
  MINIMUM         64    100 AM  41    1961  60      4       65
  AVERAGE         73                        71      2       74

PRECIPITATION (IN)
  YESTERDAY        T             0.86 1965   0.14  -0.14     0.48
  MONTH TO DATE    0.64                      1.31  -0.67     5.32
  SINCE JUN 1      3.71                      5.31  -1.60    13.26
  SINCE JAN 1     18.54                     22.65  -4.11    35.13

SNOWFALL (IN)
  YESTERDAY        0.0
  MONTH TO DATE    0.0
  SINCE JUN 1      T
  SINCE JUL 1      0.0
  SNOW DEPTH       0

DEGREE DAYS
 HEATING
  YESTERDAY        0                         0      0        0
  MONTH TO DATE    2                         0      2        0
  SINCE JUN 1      5                        38    -33        7
  SINCE JUL 1      2                         0      2        0

 COOLING
  YESTERDAY        8                         6      2        9
  MONTH TO DATE   68                        60      8       76
  SINCE JUN 1    234                       179     55      192
  SINCE JAN 1    292                       208     84      223
..................................................................


WIND (MPH)
  HIGHEST WIND SPEED     7   HIGHEST WIND DIRECTION    SE (130)
  HIGHEST GUST SPEED    MM   HIGHEST GUST DIRECTION    MM
  AVERAGE WIND SPEED     2.7


SKY COVER
  POSSIBLE SUNSHINE  MM
  AVERAGE SKY COVER 0.6


WEATHER CONDITIONS
 THE FOLLOWING WEATHER WAS RECORDED YESTERDAY.
  LIGHT RAIN
  FOG
  FOG W/VISIBILITY <= 1/4 MILE


RELATIVE HUMIDITY (PERCENT)
 HIGHEST   100          1200 AM
 LOWEST     54           500 PM
 AVERAGE    77

..........................................................


THE BLACKSBURG VA CLIMATE NORMALS FOR TODAY
                         NORMAL    RECORD    YEAR
 MAXIMUM TEMPERATURE (F)   82        94      1988
 MINIMUM TEMPERATURE (F)   60        46      1961


SUNRISE AND SUNSET
JULY 11 2014..........SUNRISE   611 AM EDT   SUNSET   843 PM EDT
JULY 12 2014..........SUNRISE   611 AM EDT   SUNSET   843 PM EDT


-  INDICATES NEGATIVE NUMBERS.
R  INDICATES RECORD WAS SET OR TIED.
MM INDICATES DATA IS MISSING.
T  INDICATES TRACE AMOUNT.

REMARKS:
TRACE OF SNOW IS FROM HAIL ON JUNE 17.


$$
