000
CDUS41 KRNK 222111
CLIRNK


CLIMATE REPORT
NATIONAL WEATHER SERVICE BLACKSBURG VA
509 PM EDT WED MAR 22 2017


...................................

...THE BLACKSBURG VA CLIMATE SUMMARY FOR MARCH 22 2017...
VALID TODAY AS OF 0500 PM LOCAL TIME.

CLIMATE NORMAL PERIOD 1981 TO 2010
CLIMATE RECORD PERIOD 1952 TO 2017


WEATHER ITEM   OBSERVED RECORD YEAR NORMAL DEPARTURE LAST
                VALUE   VALUE       VALUE  FROM      YEAR
                                           NORMAL
...........................................................
TEMPERATURE (F)
 TODAY
  MAXIMUM         50     80    1968  55     -5       61
  MINIMUM         39     15    1986  31      8       28
  AVERAGE         45                 43      2       45

PRECIPITATION (IN)
  TODAY            0.00   0.90 1961   0.12  -0.12     0.00
  MONTH TO DATE    1.84               2.48  -0.64     2.25
  SINCE MAR 1      1.84               2.48  -0.64     2.25
  SINCE JAN 1      7.62               8.37  -0.75     9.39

SNOWFALL (IN)
  TODAY            0.0                                0.0
  MONTH TO DATE    1.0                                1.0
  SINCE MAR 1      1.0                                1.0
  SINCE JUL 1      7.6                               25.0
  SNOW DEPTH       0

DEGREE DAYS
 HEATING
  TODAY           20                 22     -2       20
  MONTH TO DATE  563                546     17      358
  SINCE MAR 1    563                546     17      358
  SINCE JUL 1   3655               4594   -939     3793

 COOLING
  TODAY            0                  0      0        0
  MONTH TO DATE    0                  0      0        0
  SINCE MAR 1      0                  0      0        0
  SINCE JAN 1      0                  0      0        0
...........................................................


WIND (MPH)
  HIGHEST WIND SPEED    23   HIGHEST WIND DIRECTION    NW (330)
  HIGHEST GUST SPEED    33   HIGHEST GUST DIRECTION    NW (320)
  AVERAGE WIND SPEED    10.7


SKY COVER
  AVERAGE SKY COVER 0.1


WEATHER CONDITIONS
 THE FOLLOWING WEATHER WAS RECORDED TODAY.
  NO SIGNIFICANT WEATHER WAS OBSERVED.


RELATIVE HUMIDITY (PERCENT)
 HIGHEST    86           200 AM
 LOWEST     26           300 PM
 AVERAGE    56

..........................................................


THE BLACKSBURG VA CLIMATE NORMALS FOR TOMORROW
                         NORMAL    RECORD    YEAR
 MAXIMUM TEMPERATURE (F)   56        80      1966
 MINIMUM TEMPERATURE (F)   32        12      2004


SUNRISE AND SUNSET
MARCH 22 2017.........SUNRISE   722 AM EDT   SUNSET   736 PM EDT
MARCH 23 2017.........SUNRISE   720 AM EDT   SUNSET   736 PM EDT


-  INDICATES NEGATIVE NUMBERS.
R  INDICATES RECORD WAS SET OR TIED.
MM INDICATES DATA IS MISSING.
T  INDICATES TRACE AMOUNT.


$$

PW
