000
CDUS41 KRNK 200919
CLIRNK


CLIMATE REPORT
NATIONAL WEATHER SERVICE BLACKSBURG VA
513 AM EDT FRI OCT 20 2017


...................................

...THE BLACKSBURG VA CLIMATE SUMMARY FOR OCTOBER 19 2017...

CLIMATE NORMAL PERIOD 1981 TO 2010
CLIMATE RECORD PERIOD 1952 TO 2017


WEATHER ITEM   OBSERVED RECORD YEAR NORMAL DEPARTURE LAST
                VALUE   VALUE       VALUE  FROM      YEAR
                                           NORMAL
...........................................................
TEMPERATURE (F)
 YESTERDAY
  MAXIMUM         71     83    2016  65      6       83
  MINIMUM         34     25    1970  38     -4       53
  AVERAGE         53                 51      2       68

PRECIPITATION (IN)
  YESTERDAY        0.00   2.94 1966   0.08  -0.08     0.00
  MONTH TO DATE    3.69               1.69   2.00     1.96
  SINCE SEP 1      5.14               4.79   0.35     8.67
  SINCE JAN 1     35.10              33.98   1.12    37.34

SNOWFALL (IN)
  YESTERDAY        0.0                                0.0
  MONTH TO DATE    0.0                                0.0
  SINCE SEP 1      0.0                                0.0
  SINCE JUL 1      0.0                                0.0
  SNOW DEPTH       0

DEGREE DAYS
 HEATING
  YESTERDAY       12                 14     -2        0
  MONTH TO DATE  102                212   -110      110
  SINCE SEP 1    172                325   -153      117
  SINCE JUL 1    181                343   -162      117

 COOLING
  YESTERDAY        0                  0      0        3
  MONTH TO DATE   35                  1     34        3
  SINCE SEP 1     96                 58     38      135
  SINCE JAN 1    632                570     62      912
...........................................................


WIND (MPH)
  HIGHEST WIND SPEED     8   HIGHEST WIND DIRECTION     W (280)
  HIGHEST GUST SPEED    MM   HIGHEST GUST DIRECTION    MM
  AVERAGE WIND SPEED     1.3


SKY COVER
  AVERAGE SKY COVER 0.1


WEATHER CONDITIONS
 THE FOLLOWING WEATHER WAS RECORDED YESTERDAY.
  FOG
  FOG W/VISIBILITY <= 1/4 MILE


RELATIVE HUMIDITY (PERCENT)
 HIGHEST   100           400 AM
 LOWEST     36           200 PM
 AVERAGE    68

..........................................................


THE BLACKSBURG VA CLIMATE NORMALS FOR TODAY
                         NORMAL    RECORD    YEAR
 MAXIMUM TEMPERATURE (F)   64        82      1985
 MINIMUM TEMPERATURE (F)   38        18      1972


SUNRISE AND SUNSET
OCTOBER 20 2017.......SUNRISE   734 AM EDT   SUNSET   638 PM EDT
OCTOBER 21 2017.......SUNRISE   735 AM EDT   SUNSET   636 PM EDT


-  INDICATES NEGATIVE NUMBERS.
R  INDICATES RECORD WAS SET OR TIED.
MM INDICATES DATA IS MISSING.
T  INDICATES TRACE AMOUNT.

DUE TO MISSING TEMPERATURES ON SEPTEMBER 8-10...ALL TEMPERATURE
AND DEGREE INFORMATION WILL BE CALCULATED WITHOUT DATA FORM THESE
DATES.

$$

RAB
