000
CDUS41 KRNK 230922
CLIRNK


CLIMATE REPORT
NATIONAL WEATHER SERVICE BLACKSBURG VA
516 AM EDT WED AUG 23 2017


...................................

...THE BLACKSBURG VA CLIMATE SUMMARY FOR AUGUST 22 2017...

CLIMATE NORMAL PERIOD 1981 TO 2010
CLIMATE RECORD PERIOD 1952 TO 2017


WEATHER ITEM   OBSERVED RECORD YEAR NORMAL DEPARTURE LAST
                VALUE   VALUE       VALUE  FROM      YEAR
                                           NORMAL
...........................................................
TEMPERATURE (F)
 YESTERDAY
  MAXIMUM         87     98    1983  81      6       78
  MINIMUM         63     42    1956  58      5       55
  AVERAGE         75                 70      5       67

PRECIPITATION (IN)
  YESTERDAY        0.00   1.91 1960   0.11  -0.11     0.00
  MONTH TO DATE    2.36               2.60  -0.24     4.15
  SINCE JUN 1      8.58              10.86  -2.28    12.29
  SINCE JAN 1     29.82              28.20   1.62    28.31

SNOWFALL (IN)
  YESTERDAY        0.0                                0.0
  MONTH TO DATE    0.0                                0.0
  SINCE JUN 1      0.0                                0.0
  SINCE JUL 1      0.0                                0.0
  SNOW DEPTH       0

DEGREE DAYS
 HEATING
  YESTERDAY        0                  0      0        0
  MONTH TO DATE    2                  0      2        0
  SINCE JUN 1     36                 44     -8       12
  SINCE JUL 1      2                  6     -4        0

 COOLING
  YESTERDAY       10                  5      5        2
  MONTH TO DATE  133                127      6      193
  SINCE JUN 1    470                442     28      650
  SINCE JAN 1    524                471     53      696
...........................................................


WIND (MPH)
  HIGHEST WIND SPEED     9   HIGHEST WIND DIRECTION    SW (240)
  HIGHEST GUST SPEED    20   HIGHEST GUST DIRECTION    SW (240)
  AVERAGE WIND SPEED     2.0


SKY COVER
  AVERAGE SKY COVER 0.4


WEATHER CONDITIONS
 THE FOLLOWING WEATHER WAS RECORDED YESTERDAY.
  FOG
  FOG W/VISIBILITY <= 1/4 MILE


RELATIVE HUMIDITY (PERCENT)
 HIGHEST   100          1200 AM
 LOWEST     48           500 PM
 AVERAGE    74

..........................................................


THE BLACKSBURG VA CLIMATE NORMALS FOR TODAY
                         NORMAL    RECORD    YEAR
 MAXIMUM TEMPERATURE (F)   81        99      1983
 MINIMUM TEMPERATURE (F)   58        47      1969


SUNRISE AND SUNSET
AUGUST 23 2017........SUNRISE   645 AM EDT   SUNSET   803 PM EDT
AUGUST 24 2017........SUNRISE   646 AM EDT   SUNSET   801 PM EDT


-  INDICATES NEGATIVE NUMBERS.
R  INDICATES RECORD WAS SET OR TIED.
MM INDICATES DATA IS MISSING.
T  INDICATES TRACE AMOUNT.

$$

RAB
