000
CDUS41 KRNK 240628
CLIRNK


CLIMATE REPORT
NATIONAL WEATHER SERVICE BLACKSBURG VA
227 AM EDT SUN MAY 24 2015


...................................

...THE BLACKSBURG VA CLIMATE SUMMARY FOR MAY 23 2015...

CLIMATE NORMAL PERIOD 1981 TO 2010
CLIMATE RECORD PERIOD 1952 TO 2015


WEATHER ITEM   OBSERVED TIME   RECORD YEAR NORMAL DEPARTURE LAST
                VALUE   (LST)  VALUE       VALUE  FROM      YEAR
                                                  NORMAL
..................................................................
TEMPERATURE (F)
 YESTERDAY
  MAXIMUM         75        MM  87    1953  73      2       76
  MINIMUM         42        MM  30    2002  49     -7       56
  AVERAGE         59                        61     -2       66

PRECIPITATION (IN)
  YESTERDAY        0.00          1.90 1984   0.15  -0.15     0.00
  MONTH TO DATE    1.86                      3.07  -1.21     2.43
  SINCE MAR 1     11.73                     10.19   1.54     8.95
  SINCE JAN 1     15.15                     16.08  -0.93    14.58

SNOWFALL (IN)
  YESTERDAY        0.0
  MONTH TO DATE    0.0
  SINCE MAR 1      4.4
  SINCE JUL 1     27.8
  SNOW DEPTH       0

DEGREE DAYS
 HEATING
  YESTERDAY        6                         5      1        0
  MONTH TO DATE   75                       170    -95      102
  SINCE MAR 1   1080                      1327   -247     1254
  SINCE JUL 1   5206                      5375   -169     5435

 COOLING
  YESTERDAY        0                         1     -1        1
  MONTH TO DATE   46                        12     34       32
  SINCE MAR 1     46                        15     31       32
  SINCE JAN 1     46                        15     31       32
..................................................................


WIND (MPH)
  HIGHEST WIND SPEED     9   HIGHEST WIND DIRECTION    SE (130)
  HIGHEST GUST SPEED     9   HIGHEST GUST DIRECTION    SE (130)
  AVERAGE WIND SPEED     2.5


SKY COVER
  POSSIBLE SUNSHINE  MM
  AVERAGE SKY COVER 0.1


WEATHER CONDITIONS
 THE FOLLOWING WEATHER WAS RECORDED YESTERDAY.
  NO SIGNIFICANT WEATHER WAS OBSERVED.


RELATIVE HUMIDITY (PERCENT)
 HIGHEST    96           500 AM
 LOWEST     42           500 PM
 AVERAGE    69

..........................................................


THE BLACKSBURG VA CLIMATE NORMALS FOR TODAY
                         NORMAL    RECORD    YEAR
 MAXIMUM TEMPERATURE (F)   73        84      1994
 MINIMUM TEMPERATURE (F)   50        31      1967


SUNRISE AND SUNSET
MAY 24 2015...........SUNRISE   607 AM EDT   SUNSET   830 PM EDT
MAY 25 2015...........SUNRISE   606 AM EDT   SUNSET   831 PM EDT


-  INDICATES NEGATIVE NUMBERS.
R  INDICATES RECORD WAS SET OR TIED.
MM INDICATES DATA IS MISSING.
T  INDICATES TRACE AMOUNT.




$$
