000
CDUS41 KRNK 240559
CLIRNK


CLIMATE REPORT
NATIONAL WEATHER SERVICE BLACKSBURG VA
158 AM EDT SUN JUL 24 2016


...................................

...THE BLACKSBURG VA CLIMATE SUMMARY FOR JULY 23 2016...

CLIMATE NORMAL PERIOD 1981 TO 2010
CLIMATE RECORD PERIOD 1952 TO 2016


WEATHER ITEM   OBSERVED RECORD YEAR NORMAL DEPARTURE LAST
                VALUE   VALUE       VALUE  FROM      YEAR
                                           NORMAL
...........................................................
TEMPERATURE (F)
 YESTERDAY
  MAXIMUM         92     93    1991  82     10       80
  MINIMUM         64     50    2007  60      4       62
                               2001
  AVERAGE         78                 71      7       71

PRECIPITATION (IN)
  YESTERDAY        0.00   2.32 1992   0.14  -0.14     0.00
  MONTH TO DATE    3.90               3.17   0.73     4.16
  SINCE JUN 1      7.18               7.17   0.01     7.64
  SINCE JAN 1     23.20              24.51  -1.31    23.17

SNOWFALL (IN)
  YESTERDAY        0.0                                0.0
  MONTH TO DATE    0.0                                 T
  SINCE JUN 1      0.0                                 T
  SINCE JUL 1      0.0                                 T
  SNOW DEPTH       0

DEGREE DAYS
 HEATING
  YESTERDAY        0                  0      0        0
  MONTH TO DATE    0                  0      0        0
  SINCE JUN 1     12                 38    -26       11
  SINCE JUL 1      0                  0      0        0

 COOLING
  YESTERDAY       13                  6      7        6
  MONTH TO DATE  200                144     56      173
  SINCE JUN 1    358                263     95      385
  SINCE JAN 1    404                292    112      461
...........................................................


WIND (MPH)
  HIGHEST WIND SPEED     8   HIGHEST WIND DIRECTION     E (70)
  HIGHEST GUST SPEED    MM   HIGHEST GUST DIRECTION    MM
  AVERAGE WIND SPEED     0.8


SKY COVER
  AVERAGE SKY COVER 0.0


WEATHER CONDITIONS
 THE FOLLOWING WEATHER WAS RECORDED YESTERDAY.
  FOG


RELATIVE HUMIDITY (PERCENT)
 HIGHEST   100           400 AM
 LOWEST     41           400 PM
 AVERAGE    71

..........................................................


THE BLACKSBURG VA CLIMATE NORMALS FOR TODAY
                         NORMAL    RECORD    YEAR
 MAXIMUM TEMPERATURE (F)   82        92      1991
 MINIMUM TEMPERATURE (F)   60        51      1971


SUNRISE AND SUNSET
JULY 24 2016..........SUNRISE   620 AM EDT   SUNSET   836 PM EDT
JULY 25 2016..........SUNRISE   621 AM EDT   SUNSET   835 PM EDT


-  INDICATES NEGATIVE NUMBERS.
R  INDICATES RECORD WAS SET OR TIED.
MM INDICATES DATA IS MISSING.
T  INDICATES TRACE AMOUNT.




$$
