000
CDUS41 KRNK 250915
CLIRNK


CLIMATE REPORT
NATIONAL WEATHER SERVICE BLACKSBURG VA
512 AM EDT FRI JUL 25 2014


...................................

...THE BLACKSBURG VA CLIMATE SUMMARY FOR JULY 24 2014...

CLIMATE NORMAL PERIOD 1981 TO 2010
CLIMATE RECORD PERIOD 1952 TO 2014


WEATHER ITEM   OBSERVED TIME   RECORD YEAR NORMAL DEPARTURE LAST
                VALUE   (LST)  VALUE       VALUE  FROM      YEAR
                                                  NORMAL
..................................................................
TEMPERATURE (F)
 YESTERDAY
  MAXIMUM         83   1200 PM  92    1991  82      1       80
  MINIMUM         63   1100 PM  51    1971  60      3       64
  AVERAGE         73                        71      2       72

PRECIPITATION (IN)
  YESTERDAY        0.15          0.81 1963   0.13   0.02     0.00
  MONTH TO DATE    1.72                      3.30  -1.58     5.94
  SINCE JUN 1      4.79                      7.30  -2.51    13.88
  SINCE JAN 1     19.62                     24.64  -5.02    35.75

SNOWFALL (IN)
  YESTERDAY        0.0
  MONTH TO DATE    0.0
  SINCE JUN 1      T
  SINCE JUL 1      0.0
  SNOW DEPTH       0

DEGREE DAYS
 HEATING
  YESTERDAY        0                         0      0        0
  MONTH TO DATE    6                         0      6        0
  SINCE JUN 1      9                        38    -29        7
  SINCE JUL 1      6                         0      6        0

 COOLING
  YESTERDAY        8                         6      2        7
  MONTH TO DATE  149                       150     -1      200
  SINCE JUN 1    315                       269     46      316
  SINCE JAN 1    373                       298     75      347
..................................................................


WIND (MPH)
  HIGHEST WIND SPEED     8   HIGHEST WIND DIRECTION     W (280)
  HIGHEST GUST SPEED    MM   HIGHEST GUST DIRECTION    MM
  AVERAGE WIND SPEED     2.0


SKY COVER
  POSSIBLE SUNSHINE  MM
  AVERAGE SKY COVER 0.5


WEATHER CONDITIONS
 THE FOLLOWING WEATHER WAS RECORDED YESTERDAY.
  THUNDERSTORM
  LIGHT RAIN
  FOG


RELATIVE HUMIDITY (PERCENT)
 HIGHEST   100           400 AM
 LOWEST     63          1200 PM
 AVERAGE    82

..........................................................


THE BLACKSBURG VA CLIMATE NORMALS FOR TODAY
                         NORMAL    RECORD    YEAR
 MAXIMUM TEMPERATURE (F)   82        92      1987
 MINIMUM TEMPERATURE (F)   60        53      1988


SUNRISE AND SUNSET
JULY 25 2014..........SUNRISE   621 AM EDT   SUNSET   835 PM EDT
JULY 26 2014..........SUNRISE   622 AM EDT   SUNSET   834 PM EDT


-  INDICATES NEGATIVE NUMBERS.
R  INDICATES RECORD WAS SET OR TIED.
MM INDICATES DATA IS MISSING.
T  INDICATES TRACE AMOUNT.

REMARKS:
TRACE OF SNOW IS FROM HAIL ON JUNE 17.


$$
