000
CDUS41 KRNK 242115
CLIRNK


CLIMATE REPORT
NATIONAL WEATHER SERVICE BLACKSBURG VA
513 PM EDT MON APR 24 2017


...................................

...THE BLACKSBURG VA CLIMATE SUMMARY FOR APRIL 24 2017...
VALID TODAY AS OF 0500 PM LOCAL TIME.

CLIMATE NORMAL PERIOD 1981 TO 2010
CLIMATE RECORD PERIOD 1952 TO 2017


WEATHER ITEM   OBSERVED RECORD YEAR NORMAL DEPARTURE LAST
                VALUE   VALUE       VALUE  FROM      YEAR
                                           NORMAL
...........................................................
TEMPERATURE (F)
 TODAY
  MAXIMUM         50     85    2001  66    -16       76
  MINIMUM         43     28    1974  41      2       37
  AVERAGE         47                 53     -6       57

PRECIPITATION (IN)
  TODAY            1.06   1.80 1987   0.11   0.95     0.00
  MONTH TO DATE    5.27               2.78   2.49     1.13
  SINCE MAR 1      8.51               6.42   2.09     3.70
  SINCE JAN 1     14.29              12.31   1.98    10.84

SNOWFALL (IN)
  TODAY            0.0                                0.0
  MONTH TO DATE    0.1                                0.6
  SINCE MAR 1      1.1                                1.6
  SINCE JUL 1      7.7                               25.6
  SNOW DEPTH       0

DEGREE DAYS
 HEATING
  TODAY           18                 12      6        8
  MONTH TO DATE  238                365   -127      349
  SINCE MAR 1    905               1092   -187      834
  SINCE JUL 1   3997               5140  -1143     4269

 COOLING
  TODAY            0                  0      0        0
  MONTH TO DATE    3                  0      3        0
  SINCE MAR 1      3                  0      3        0
  SINCE JAN 1      3                  0      3        0
...........................................................


WIND (MPH)
  HIGHEST WIND SPEED    15   HIGHEST WIND DIRECTION    NE (60)
  HIGHEST GUST SPEED    21   HIGHEST GUST DIRECTION    NE (60)
  AVERAGE WIND SPEED     8.8


SKY COVER
  AVERAGE SKY COVER 1.0


WEATHER CONDITIONS
 THE FOLLOWING WEATHER WAS RECORDED TODAY.
  HEAVY RAIN
  RAIN
  LIGHT RAIN
  FOG


RELATIVE HUMIDITY (PERCENT)
 HIGHEST    96          1200 AM
 LOWEST     89          1100 AM
 AVERAGE    93

..........................................................


THE BLACKSBURG VA CLIMATE NORMALS FOR TOMORROW
                         NORMAL    RECORD    YEAR
 MAXIMUM TEMPERATURE (F)   66        86      2009
 MINIMUM TEMPERATURE (F)   41        25      1967


SUNRISE AND SUNSET
APRIL 24 2017.........SUNRISE   635 AM EDT   SUNSET   805 PM EDT
APRIL 25 2017.........SUNRISE   634 AM EDT   SUNSET   806 PM EDT


-  INDICATES NEGATIVE NUMBERS.
R  INDICATES RECORD WAS SET OR TIED.
MM INDICATES DATA IS MISSING.
T  INDICATES TRACE AMOUNT.




$$
