000
CDUS46 KSGX 250022
CLIRNM


CLIMATE REPORT
NATIONAL WEATHER SERVICE SAN DIEGO, CA
421 PM PST FRI FEB 24 2017


...................................

...THE RAMONA AIRPORT CA CLIMATE SUMMARY FOR FEBRUARY 24 2017...
VALID TODAY AS OF 0400 PM LOCAL TIME.

CLIMATE NORMAL PERIOD 1981 TO 2010
CLIMATE RECORD PERIOD 1974 TO 2017


WEATHER ITEM   OBSERVED TIME   RECORD YEAR NORMAL DEPARTURE LAST
                VALUE   (LST)  VALUE       VALUE  FROM      YEAR
                                                  NORMAL
..................................................................
TEMPERATURE (F)
 TODAY
  MAXIMUM         60    144 PM  88    1986  65     -5       79
  MINIMUM         32    642 AM  26    2006  38     -6       40
  AVERAGE         46                        52     -6       60

PRECIPITATION (IN)
  TODAY            0.00          1.61 1998   0.14  -0.14     0.00
  MONTH TO DATE    2.00                      2.62  -0.62     0.11
  SINCE OCT 1     16.36                     10.08   6.28    10.18
  SINCE JAN 1      9.34                      5.94   3.40     6.65

DEGREE DAYS
 HEATING
  TODAY           19                        13      6        5
  MONTH TO DATE  260                       342    -82      186
  SINCE DEC 1   1116                      1278   -162     1128
  SINCE JUL 1   1367                      1689   -322     1467

 COOLING
  TODAY            0                         0      0        0
  MONTH TO DATE    0                         0      0        5
  SINCE DEC 1      1                         1      0        5
  SINCE JAN 1      0                         1     -1        5
..................................................................


WIND (MPH)
  RESULTANT WIND SPEED   1   RESULTANT WIND DIRECTION   W (270)
  HIGHEST WIND SPEED    10   HIGHEST WIND DIRECTION    NW (300)
  HIGHEST GUST SPEED    30   HIGHEST GUST DIRECTION    NW (330)
  AVERAGE WIND SPEED     3.6


SKY COVER
  POSSIBLE SUNSHINE  MM
  AVERAGE SKY COVER 0.2


WEATHER CONDITIONS
 THE FOLLOWING WEATHER WAS RECORDED TODAY.
  FOG


RELATIVE HUMIDITY (PERCENT)
 HIGHEST   100          1200 AM
 LOWEST     44           100 PM
 AVERAGE    72

..........................................................


THE RAMONA AIRPORT CA CLIMATE NORMALS FOR TOMORROW
                         NORMAL    RECORD    YEAR
 MAXIMUM TEMPERATURE (F)   65        84      1986
 MINIMUM TEMPERATURE (F)   38        24      2013


SUNRISE AND SUNSET
FEBRUARY 24 2017......SUNRISE   621 AM PST   SUNSET   541 PM PST
FEBRUARY 25 2017......SUNRISE   620 AM PST   SUNSET   542 PM PST


-  INDICATES NEGATIVE NUMBERS.
R  INDICATES RECORD WAS SET OR TIED.
MM INDICATES DATA IS MISSING.
T  INDICATES TRACE AMOUNT.




$$
