000
CDUS46 KSGX 111528
CLIRNM


CLIMATE REPORT
NATIONAL WEATHER SERVICE SAN DIEGO, CA
728 AM PST THU FEB 11 2016


...................................

...THE RAMONA AIRPORT CA CLIMATE SUMMARY FOR FEBRUARY 10 2016...

CLIMATE NORMAL PERIOD 1981 TO 2010
CLIMATE RECORD PERIOD 1974 TO 2016


WEATHER ITEM   OBSERVED TIME   RECORD YEAR NORMAL DEPARTURE LAST
                VALUE   (LST)  VALUE       VALUE  FROM      YEAR
                                                  NORMAL
..................................................................
TEMPERATURE (F)
 YESTERDAY
  MAXIMUM         85R   201 PM  81    1988  65     20       78
  MINIMUM         37    644 AM  27    2009  37      0       33
  AVERAGE         61                        51     10       56

PRECIPITATION (IN)
  YESTERDAY        0.00          1.01 1982   0.11  -0.11     0.00
  MONTH TO DATE    0.01                      0.83  -0.82     0.00
  SINCE OCT 1     10.08                      8.29   1.79     5.39
  SINCE JAN 1      6.55                      4.15   2.40     0.79

DEGREE DAYS
 HEATING
  YESTERDAY        4                        14    -10        9
  MONTH TO DATE   93                       148    -55       83
  SINCE DEC 1   1035                      1084    -49      831
  SINCE JUL 1   1374                      1495   -121     1031

 COOLING
  YESTERDAY        0                         0      0        0
  MONTH TO DATE    2                         0      2        0
  SINCE DEC 1      2                         1      1        0
  SINCE JAN 1      2                         1      1        0
..................................................................


WIND (MPH)
  RESULTANT WIND SPEED   0   RESULTANT WIND DIRECTION   N (340)
  HIGHEST WIND SPEED    12   HIGHEST WIND DIRECTION    NW (310)
  HIGHEST GUST SPEED    14   HIGHEST GUST DIRECTION    NW (310)
  AVERAGE WIND SPEED     2.6


SKY COVER
  POSSIBLE SUNSHINE  MM
  AVERAGE SKY COVER 0.0


WEATHER CONDITIONS
 THE FOLLOWING WEATHER WAS RECORDED YESTERDAY.
  NO SIGNIFICANT WEATHER WAS OBSERVED.


RELATIVE HUMIDITY (PERCENT)
 HIGHEST    76           400 AM
 LOWEST     11          1200 PM
 AVERAGE    44

..........................................................


THE RAMONA AIRPORT CA CLIMATE NORMALS FOR TODAY
                         NORMAL    RECORD    YEAR
 MAXIMUM TEMPERATURE (F)   65        83      2006
 MINIMUM TEMPERATURE (F)   37        22      2011


SUNRISE AND SUNSET
FEBRUARY 11 2016......SUNRISE   635 AM PST   SUNSET   529 PM PST
FEBRUARY 12 2016......SUNRISE   634 AM PST   SUNSET   530 PM PST


-  INDICATES NEGATIVE NUMBERS.
R  INDICATES RECORD WAS SET OR TIED.
MM INDICATES DATA IS MISSING.
T  INDICATES TRACE AMOUNT.




$$
