000
CDUS46 KSGX 051432
CLIRNM


CLIMATE REPORT
NATIONAL WEATHER SERVICE SAN DIEGO, CA
732 AM PDT THU MAY 5 2016


...................................

...THE RAMONA AIRPORT CA CLIMATE SUMMARY FOR MAY 4 2016...

CLIMATE NORMAL PERIOD 1981 TO 2010
CLIMATE RECORD PERIOD 1974 TO 2016


WEATHER ITEM   OBSERVED TIME   RECORD YEAR NORMAL DEPARTURE LAST
                VALUE   (LST)  VALUE       VALUE  FROM      YEAR
                                                  NORMAL
..................................................................
TEMPERATURE (F)
 YESTERDAY
  MAXIMUM         77   1248 PM  94    2004  74      3       70
  MINIMUM         45    122 AM  37    2001  45      0       55
  AVERAGE         61                        59      2       63

PRECIPITATION (IN)
  YESTERDAY        0.00          0.11 1982   0.02  -0.02     0.00
  MONTH TO DATE    0.00                      0.10  -0.10     0.00
  SINCE OCT 1     12.94                     15.15  -2.21     7.93
  SINCE JAN 1      9.41                     11.01  -1.60     3.33

DEGREE DAYS
 HEATING
  YESTERDAY        4                         6     -2        2
  MONTH TO DATE   19                        25     -6        3
  SINCE MAR 1    529                       676   -147      391
  SINCE JUL 1   2032                      2417   -385     1575

 COOLING
  YESTERDAY        0                         0      0        0
  MONTH TO DATE    0                         0      0        6
  SINCE MAR 1      1                         4     -3       25
  SINCE JAN 1      6                         5      1       27
..................................................................


WIND (MPH)
  RESULTANT WIND SPEED   4   RESULTANT WIND DIRECTION   W (280)
  HIGHEST WIND SPEED    18   HIGHEST WIND DIRECTION     W (270)
  HIGHEST GUST SPEED    23   HIGHEST GUST DIRECTION     W (280)
  AVERAGE WIND SPEED     6.8


SKY COVER
  POSSIBLE SUNSHINE  MM
  AVERAGE SKY COVER 0.6


WEATHER CONDITIONS
 THE FOLLOWING WEATHER WAS RECORDED YESTERDAY.
  FOG
  FOG W/VISIBILITY <= 1/4 MILE
  HAZE


RELATIVE HUMIDITY (PERCENT)
 HIGHEST   100           200 AM
 LOWEST     46           100 PM
 AVERAGE    73

..........................................................


THE RAMONA AIRPORT CA CLIMATE NORMALS FOR TODAY
                         NORMAL    RECORD    YEAR
 MAXIMUM TEMPERATURE (F)   74        94      1990
 MINIMUM TEMPERATURE (F)   46        37      2014
                                             1999


SUNRISE AND SUNSET
MAY  5 2016...........SUNRISE   556 AM PDT   SUNSET   733 PM PDT
MAY  6 2016...........SUNRISE   555 AM PDT   SUNSET   734 PM PDT


-  INDICATES NEGATIVE NUMBERS.
R  INDICATES RECORD WAS SET OR TIED.
MM INDICATES DATA IS MISSING.
T  INDICATES TRACE AMOUNT.




$$
