000
CDUS46 KSGX 240017
CLIRNM


CLIMATE REPORT
NATIONAL WEATHER SERVICE SAN DIEGO, CA
517 PM PDT WED AUG 23 2017


...................................

...THE RAMONA AIRPORT CA CLIMATE SUMMARY FOR AUGUST 23 2017...
VALID TODAY AS OF 0500 PM LOCAL TIME.

CLIMATE NORMAL PERIOD 1981 TO 2010
CLIMATE RECORD PERIOD 1974 TO 2017


WEATHER ITEM   OBSERVED TIME   RECORD YEAR NORMAL DEPARTURE LAST
                VALUE   (LST)  VALUE       VALUE  FROM      YEAR
                                                  NORMAL
..................................................................
TEMPERATURE (F)
 TODAY
  MAXIMUM         81   1255 PM 103    1996  91    -10       88
  MINIMUM         63    613 AM  38    1978  58      5       53
  AVERAGE         72                        74     -2       71

PRECIPITATION (IN)
  TODAY            0.00          0.01 2006   0.00   0.00     0.00
  MONTH TO DATE    0.17                      0.09   0.08     0.00
  SINCE OCT 1     22.91                     15.69   7.22    13.19
  SINCE JAN 1     15.89                     11.55   4.34     9.66

DEGREE DAYS
 HEATING
  TODAY            0                         0      0        0
  MONTH TO DATE    0                         0      0        0
  SINCE JUN 1     13                        29    -16        4
  SINCE JUL 1      0                         2     -2        0

 COOLING
  TODAY            7                         9     -2        6
  MONTH TO DATE  219                       206     13      228
  SINCE JUN 1    760                       514    246      715
  SINCE JAN 1    810                       541    269      727
..................................................................


WIND (MPH)
  RESULTANT WIND SPEED   4   RESULTANT WIND DIRECTION   W (280)
  HIGHEST WIND SPEED    14   HIGHEST WIND DIRECTION     W (270)
  HIGHEST GUST SPEED    20   HIGHEST GUST DIRECTION     W (270)
  AVERAGE WIND SPEED     4.7


SKY COVER
  POSSIBLE SUNSHINE  MM
  AVERAGE SKY COVER 0.7


WEATHER CONDITIONS
 THE FOLLOWING WEATHER WAS RECORDED TODAY.
  FOG
  HAZE


RELATIVE HUMIDITY (PERCENT)
 HIGHEST   100          1200 AM
 LOWEST     58           100 PM
 AVERAGE    79

..........................................................


THE RAMONA AIRPORT CA CLIMATE NORMALS FOR TOMORROW
                         NORMAL    RECORD    YEAR
 MAXIMUM TEMPERATURE (F)   91       102      1985
 MINIMUM TEMPERATURE (F)   58        42      1978


SUNRISE AND SUNSET
AUGUST 23 2017........SUNRISE   616 AM PDT   SUNSET   723 PM PDT
AUGUST 24 2017........SUNRISE   617 AM PDT   SUNSET   722 PM PDT


-  INDICATES NEGATIVE NUMBERS.
R  INDICATES RECORD WAS SET OR TIED.
MM INDICATES DATA IS MISSING.
T  INDICATES TRACE AMOUNT.




$$
