000
CDUS46 KSGX 231141
CLIRNM


CLIMATE REPORT
NATIONAL WEATHER SERVICE SAN DIEGO, CA
441 AM PDT TUE MAY 23 2017


...................................

...THE RAMONA AIRPORT CA CLIMATE SUMMARY FOR MAY 22 2017...

CLIMATE NORMAL PERIOD 1981 TO 2010
CLIMATE RECORD PERIOD 1974 TO 2017


WEATHER ITEM   OBSERVED TIME   RECORD YEAR NORMAL DEPARTURE LAST
                VALUE   (LST)  VALUE       VALUE  FROM      YEAR
                                                  NORMAL
..................................................................
TEMPERATURE (F)
 YESTERDAY
  MAXIMUM         90    220 PM  91    2005  77     13       71
  MINIMUM         49    511 AM  36    2002  48      1       39
  AVERAGE         70                        62      8       55

PRECIPITATION (IN)
  YESTERDAY        0.00          0.37 2006   0.00   0.00     0.00
  MONTH TO DATE    1.14                      0.29   0.85     0.25
  SINCE OCT 1     22.72                     15.34   7.38    13.19
  SINCE JAN 1     15.70                     11.20   4.50     9.66

DEGREE DAYS
 HEATING
  YESTERDAY        0                         4     -4       10
  MONTH TO DATE   90                       107    -17      101
  SINCE MAR 1    464                       758   -294      611
  SINCE JUL 1   1899                      2499   -600     2114

 COOLING
  YESTERDAY        5                         1      4        0
  MONTH TO DATE   27                        10     17        6
  SINCE MAR 1     39                        14     25        7
  SINCE JAN 1     39                        15     24       12
..................................................................


WIND (MPH)
  RESULTANT WIND SPEED   4   RESULTANT WIND DIRECTION  NW (300)
  HIGHEST WIND SPEED    15   HIGHEST WIND DIRECTION    NW (310)
  HIGHEST GUST SPEED    25   HIGHEST GUST DIRECTION    NE (40)
  AVERAGE WIND SPEED     4.7


SKY COVER
  POSSIBLE SUNSHINE  MM
  AVERAGE SKY COVER 0.0


WEATHER CONDITIONS
 THE FOLLOWING WEATHER WAS RECORDED YESTERDAY.
  NO SIGNIFICANT WEATHER WAS OBSERVED.


RELATIVE HUMIDITY (PERCENT)
 HIGHEST    93           400 AM
 LOWEST     23           300 PM
 AVERAGE    58

..........................................................


THE RAMONA AIRPORT CA CLIMATE NORMALS FOR TODAY
                         NORMAL    RECORD    YEAR
 MAXIMUM TEMPERATURE (F)   77        94      2001
 MINIMUM TEMPERATURE (F)   49        38      1975


SUNRISE AND SUNSET
MAY 23 2017...........SUNRISE   543 AM PDT   SUNSET   746 PM PDT
MAY 24 2017...........SUNRISE   543 AM PDT   SUNSET   747 PM PDT


-  INDICATES NEGATIVE NUMBERS.
R  INDICATES RECORD WAS SET OR TIED.
MM INDICATES DATA IS MISSING.
T  INDICATES TRACE AMOUNT.




$$
