000
CDUS46 KSGX 011430
CLIRNM


CLIMATE REPORT
NATIONAL WEATHER SERVICE SAN DIEGO, CA
729 AM PDT WED JUL 1 2015


...................................

...THE RAMONA AIRPORT CA CLIMATE SUMMARY FOR JUNE 30 2015...

CLIMATE NORMAL PERIOD 1981 TO 2010
CLIMATE RECORD PERIOD 1974 TO 2015


WEATHER ITEM   OBSERVED TIME   RECORD YEAR NORMAL DEPARTURE LAST
                VALUE   (LST)  VALUE       VALUE  FROM      YEAR
                                                  NORMAL
..................................................................
TEMPERATURE (F)
 YESTERDAY
  MAXIMUM         96   1108 AM 103    1996  86     10       85
  MINIMUM         61    402 AM  46    2012  54      7       56
  AVERAGE         79                        70      9       71

PRECIPITATION (IN)
  YESTERDAY        0.23R         0.02 2006   0.00   0.23     0.00
  MONTH TO DATE    0.23                      0.12   0.11     0.00
  SINCE OCT 1      9.64                     15.47  -5.83     7.76
  SINCE JAN 1      5.04                     11.33  -6.29     5.09

SNOWFALL (IN)
  YESTERDAY        0.0
  MONTH TO DATE    0.0
  SINCE JUN 1      0.0
  SINCE JUL 1      0.0
  SNOW DEPTH       0

DEGREE DAYS
 HEATING
  YESTERDAY        0                         0      0        0
  MONTH TO DATE    8                        26    -18        7
  SINCE JUN 1      8                        27    -19        7
  SINCE JUL 1   1729                      2551   -822     1937

 COOLING
  YESTERDAY       14                         5      9        6
  MONTH TO DATE  192                        86    106       88
  SINCE JUN 1    192                        86    106       88
  SINCE JAN 1    227                       113    114      171
..................................................................


WIND (MPH)
  RESULTANT WIND SPEED   2   RESULTANT WIND DIRECTION   W (290)
  HIGHEST WIND SPEED    16   HIGHEST WIND DIRECTION     N (20)
  HIGHEST GUST SPEED    21   HIGHEST GUST DIRECTION     S (200)
  AVERAGE WIND SPEED     4.2


SKY COVER
  POSSIBLE SUNSHINE  MM
  AVERAGE SKY COVER 0.1


WEATHER CONDITIONS
 THE FOLLOWING WEATHER WAS RECORDED YESTERDAY.
  THUNDERSTORM
  HEAVY RAIN
  LIGHT RAIN


RELATIVE HUMIDITY (PERCENT)
 HIGHEST    90          1000 PM
 LOWEST     33          1100 AM
 AVERAGE    62

..........................................................


THE RAMONA AIRPORT CA CLIMATE NORMALS FOR TODAY
                         NORMAL    RECORD    YEAR
 MAXIMUM TEMPERATURE (F)   87       105      1985
 MINIMUM TEMPERATURE (F)   54        45      1975


SUNRISE AND SUNSET
JULY  1 2015..........SUNRISE   543 AM PDT   SUNSET   800 PM PDT
JULY  2 2015..........SUNRISE   543 AM PDT   SUNSET   800 PM PDT


-  INDICATES NEGATIVE NUMBERS.
R  INDICATES RECORD WAS SET OR TIED.
MM INDICATES DATA IS MISSING.
T  INDICATES TRACE AMOUNT.




$$
