000
CDUS45 KREV 210038
CLIRNO


CLIMATE REPORT
NATIONAL WEATHER SERVICE RENO NV
437 PM PST MON NOV 20 2017


...................................

...THE RENO-TAHOE INTL AIRPORT NV CLIMATE SUMMARY FOR NOVEMBER 20 2017...
VALID TODAY AS OF 0400 PM LOCAL TIME.

CLIMATE NORMAL PERIOD 1981 TO 2010
CLIMATE RECORD PERIOD 1888 TO 2017


WEATHER ITEM   OBSERVED TIME   RECORD YEAR NORMAL DEPARTURE LAST
                VALUE   (LST)  VALUE       VALUE  FROM      YEAR
                                                  NORMAL
..................................................................
TEMPERATURE (F)
 TODAY
  MAXIMUM         60    321 PM  72    1932  53      7       52
  MINIMUM         39    345 AM   7    1977  29     10       42
  AVERAGE         50                        41      9       47

PRECIPITATION (IN)
  TODAY            T             0.50 1961   0.03  -0.03      T
  MONTH TO DATE    0.97                      0.52   0.45      T
  SINCE OCT 1      1.25                      1.03   0.22     2.43
  SINCE JAN 1     13.41                      6.07   7.34     7.68

SNOWFALL (IN)
  TODAY           MM             6.4  1961   0.1   MM        0.0
  MONTH TO DATE    T                         1.9   -1.9       T
  SINCE SEP 1      T                         2.3   -2.3       T
  SINCE JUL 1      T                         2.3   -2.3       T
  SNOW DEPTH       0

DEGREE DAYS
 HEATING
  TODAY           15                        24     -9       18
  MONTH TO DATE  343                       411    -68      284
  SINCE SEP 1    800                       837    -37      613
  SINCE JUL 1    800                       847    -47      613

 COOLING
  TODAY            0                         0      0        0
  MONTH TO DATE    0                         0      0        0
  SINCE SEP 1    151                        93     58       95
  SINCE JAN 1   1401                       839    562     1088
..................................................................


WIND (MPH)
  RESULTANT WIND SPEED   2   RESULTANT WIND DIRECTION   W (260)
  HIGHEST WIND SPEED    16   HIGHEST WIND DIRECTION     W (290)
  HIGHEST GUST SPEED    21   HIGHEST GUST DIRECTION     W (270)
  AVERAGE WIND SPEED     4.2



WEATHER CONDITIONS
 THE FOLLOWING WEATHER WAS RECORDED TODAY.
  LIGHT RAIN


RELATIVE HUMIDITY (PERCENT)
 HIGHEST    59           900 AM
 LOWEST     36           300 AM
 AVERAGE    48

..........................................................


THE RENO-TAHOE INTL AIRPORT NV CLIMATE NORMALS FOR TOMORROW
                         NORMAL    RECORD    YEAR
 MAXIMUM TEMPERATURE (F)   52        74      1924
 MINIMUM TEMPERATURE (F)   29         7      1979


SUNRISE AND SUNSET
NOVEMBER 20 2017......SUNRISE   649 AM PST   SUNSET   440 PM PST
NOVEMBER 21 2017......SUNRISE   650 AM PST   SUNSET   440 PM PST


-  INDICATES NEGATIVE NUMBERS.
R  INDICATES RECORD WAS SET OR TIED.
MM INDICATES DATA IS MISSING.
T  INDICATES TRACE AMOUNT.




$$
