000
CDUS45 KREV 181118
CLIRNO


CLIMATE REPORT
NATIONAL WEATHER SERVICE RENO NV
318 AM PST SUN FEB 18 2018


...................................

...THE RENO-TAHOE INTL AIRPORT NV CLIMATE SUMMARY FOR FEBRUARY 17 2018...

CLIMATE NORMAL PERIOD 1981 TO 2010
CLIMATE RECORD PERIOD 1888 TO 2018


WEATHER ITEM   OBSERVED TIME   RECORD YEAR NORMAL DEPARTURE LAST
                VALUE   (LST)  VALUE       VALUE  FROM      YEAR
                                                  NORMAL
..................................................................
TEMPERATURE (F)
 YESTERDAY
  MAXIMUM         67    242 PM  71    1930  52     15       39
  MINIMUM         25    701 AM   0    1894  29     -4       33
  AVERAGE         46                        40      6       36

PRECIPITATION (IN)
  YESTERDAY        0.00          0.96 1986   0.04  -0.04     0.21
  MONTH TO DATE    0.06                      0.58  -0.52     1.15
  SINCE OCT 1      2.30                      3.97  -1.67    10.51
  SINCE JAN 1      0.73                      1.61  -0.88     6.72

SNOWFALL (IN)
  YESTERDAY        0.0           7.1  1917   0.2   -0.2       T
  MONTH TO DATE    1.5                       2.9   -1.4       T
  SINCE DEC 1      2.5                      13.4  -10.9     19.7
  SINCE JUL 1      2.5                      16.9  -14.4     20.3
  SNOW DEPTH       0

DEGREE DAYS
 HEATING
  YESTERDAY       19                        25     -6       29
  MONTH TO DATE  375                       446    -71      343
  SINCE DEC 1   1947                      2280   -333     2183
  SINCE JUL 1   2887                      3383   -496     3061

 COOLING
  YESTERDAY        0                         0      0        0
  MONTH TO DATE    0                         0      0        0
  SINCE DEC 1      0                         0      0        0
  SINCE JAN 1      0                         0      0        0
..................................................................


WIND (MPH)
  RESULTANT WIND SPEED   3   RESULTANT WIND DIRECTION   W (260)
  HIGHEST WIND SPEED    29   HIGHEST WIND DIRECTION     S (200)
  HIGHEST GUST SPEED    33   HIGHEST GUST DIRECTION    SW (220)
  AVERAGE WIND SPEED     5.9



WEATHER CONDITIONS
 THE FOLLOWING WEATHER WAS RECORDED YESTERDAY.
  NO SIGNIFICANT WEATHER WAS OBSERVED.


RELATIVE HUMIDITY (PERCENT)
 HIGHEST    81           700 AM
 LOWEST     16           300 PM
 AVERAGE    49

..........................................................


THE RENO-TAHOE INTL AIRPORT NV CLIMATE NORMALS FOR TODAY
                         NORMAL    RECORD    YEAR
 MAXIMUM TEMPERATURE (F)   52        70      2015
 MINIMUM TEMPERATURE (F)   29         1      1917


SUNRISE AND SUNSET
FEBRUARY 18 2018......SUNRISE   647 AM PST   SUNSET   539 PM PST
FEBRUARY 19 2018......SUNRISE   646 AM PST   SUNSET   540 PM PST


-  INDICATES NEGATIVE NUMBERS.
R  INDICATES RECORD WAS SET OR TIED.
MM INDICATES DATA IS MISSING.
T  INDICATES TRACE AMOUNT.




$$
