000
CDUS45 KREV 210838
CLIRNO


CLIMATE REPORT
NATIONAL WEATHER SERVICE RENO NV
138 AM PDT SUN SEP 21 2014


...................................

...THE RENO TAHOE AIRPORT NV CLIMATE SUMMARY FOR SEPTEMBER 20 2014...

CLIMATE NORMAL PERIOD 1981 TO 2010
CLIMATE RECORD PERIOD 1888 TO 2014


WEATHER ITEM   OBSERVED TIME   RECORD YEAR NORMAL DEPARTURE LAST
                VALUE   (LST)  VALUE       VALUE  FROM      YEAR
                                                  NORMAL
..................................................................
TEMPERATURE (F)
 YESTERDAY
  MAXIMUM         88    231 PM  92    1991  81      7       84
                                      1943
  MINIMUM         56    606 AM  24    1965  47      9       47
  AVERAGE         72                        64      8       66

PRECIPITATION (IN)
  YESTERDAY        0.00          0.05 1944   0.01  -0.01     0.00
  MONTH TO DATE    0.01                      0.19  -0.18      T
  SINCE OCT 1      4.25                      7.24  -2.99     6.08
  SINCE JAN 1      3.29                      4.88  -1.59     3.04

SNOWFALL (IN)
  YESTERDAY        0.0           0.0    MM   0.0    0.0      0.0
  MONTH TO DATE    0.0                       0.0    0.0      0.0
  SINCE SEP 1      0.0                       0.0    0.0      0.0
  SINCE JUL 1      0.0                       0.0    0.0       T
  SNOW DEPTH       0

DEGREE DAYS
 HEATING
  YESTERDAY        0                         3     -3        0
  MONTH TO DATE    0                        36    -36        8
  SINCE SEP 1      0                        36    -36        8
  SINCE JUL 1      4                        46    -42        8

 COOLING
  YESTERDAY        7                         2      5        1
  MONTH TO DATE  151                        73     78      139
  SINCE SEP 1    151                        73     78      139
  SINCE JAN 1   1187                       819    368     1172
..................................................................


WIND (MPH)
  RESULTANT WIND SPEED   3   RESULTANT WIND DIRECTION   E (110)
  HIGHEST WIND SPEED    20   HIGHEST WIND DIRECTION    SE (130)
  HIGHEST GUST SPEED    24   HIGHEST GUST DIRECTION    SE (140)
  AVERAGE WIND SPEED     4.9



WEATHER CONDITIONS
 THE FOLLOWING WEATHER WAS RECORDED YESTERDAY.
  NO SIGNIFICANT WEATHER WAS OBSERVED.


RELATIVE HUMIDITY (PERCENT)
 HIGHEST    57           300 AM
 LOWEST     16           100 PM
 AVERAGE    37

..........................................................


THE RENO TAHOE AIRPORT NV CLIMATE NORMALS FOR TODAY
                         NORMAL    RECORD    YEAR
 MAXIMUM TEMPERATURE (F)   80        91      2012
 MINIMUM TEMPERATURE (F)   47        24      1895


SUNRISE AND SUNSET
SEPTEMBER 21 2014.....SUNRISE   646 AM PDT   SUNSET   658 PM PDT
SEPTEMBER 22 2014.....SUNRISE   647 AM PDT   SUNSET   656 PM PDT


-  INDICATES NEGATIVE NUMBERS.
R  INDICATES RECORD WAS SET OR TIED.
MM INDICATES DATA IS MISSING.
T  INDICATES TRACE AMOUNT.




$$
