000
CDUS45 KREV 220858
CLIRNO


CLIMATE REPORT
NATIONAL WEATHER SERVICE RENO NV
158 AM PDT TUE JUL 22 2014


...................................

...THE RENO TAHOE AIRPORT NV CLIMATE SUMMARY FOR JULY 21 2014...

CLIMATE NORMAL PERIOD 1981 TO 2010
CLIMATE RECORD PERIOD 1888 TO 2014


WEATHER ITEM   OBSERVED TIME   RECORD YEAR NORMAL DEPARTURE LAST
                VALUE   (LST)  VALUE       VALUE  FROM      YEAR
                                                  NORMAL
..................................................................
TEMPERATURE (F)
 YESTERDAY
  MAXIMUM         82    240 PM 105    2013  93    -11      105
  MINIMUM         61    557 AM  39    1967  59      2       69
  AVERAGE         72                        76     -4       87

PRECIPITATION (IN)
  YESTERDAY        0.03          0.24 2006   0.01   0.02     0.00
  MONTH TO DATE    0.20                      0.11   0.09     0.21
  SINCE OCT 1      3.16                      6.75  -3.59     4.72
  SINCE JAN 1      2.20                      4.39  -2.19     1.68

SNOWFALL (IN)
  YESTERDAY        0.0           0.0    MM   0.0    0.0      0.0
  MONTH TO DATE    0.0                       0.0    0.0      0.0
  SINCE JUN 1      0.0                       T      0.0      0.0
  SINCE JUL 1      0.0                       0.0    0.0      0.0
  SNOW DEPTH       0

DEGREE DAYS
 HEATING
  YESTERDAY        0                         0      0        0
  MONTH TO DATE    0                         0      0        0
  SINCE JUN 1     10                        56    -46       16
  SINCE JUL 1      0                         0      0        0

 COOLING
  YESTERDAY        7                        11     -4       22
  MONTH TO DATE  354                       204    150      328
  SINCE JUN 1    566                       340    226      555
  SINCE JAN 1    613                       377    236      591
..................................................................


WIND (MPH)
  RESULTANT WIND SPEED   5   RESULTANT WIND DIRECTION   N (10)
  HIGHEST WIND SPEED    20   HIGHEST WIND DIRECTION     E (90)
  HIGHEST GUST SPEED    24   HIGHEST GUST DIRECTION     E (90)
  AVERAGE WIND SPEED     6.1



WEATHER CONDITIONS
 THE FOLLOWING WEATHER WAS RECORDED YESTERDAY.
  LIGHT RAIN


RELATIVE HUMIDITY (PERCENT)
 HIGHEST    97           600 AM
 LOWEST     33           100 PM
 AVERAGE    65

..........................................................


THE RENO TAHOE AIRPORT NV CLIMATE NORMALS FOR TODAY
                         NORMAL    RECORD    YEAR
 MAXIMUM TEMPERATURE (F)   94       104      2003
 MINIMUM TEMPERATURE (F)   59        37      1987


SUNRISE AND SUNSET
JULY 22 2014..........SUNRISE   550 AM PDT   SUNSET   821 PM PDT
JULY 23 2014..........SUNRISE   551 AM PDT   SUNSET   820 PM PDT


-  INDICATES NEGATIVE NUMBERS.
R  INDICATES RECORD WAS SET OR TIED.
MM INDICATES DATA IS MISSING.
T  INDICATES TRACE AMOUNT.




$$
