000
CDUS45 KREV 280838
CLIRNO


CLIMATE REPORT
NATIONAL WEATHER SERVICE RENO NV
137 AM PDT FRI APR 28 2017


...................................

...THE RENO-TAHOE INTL AIRPORT NV CLIMATE SUMMARY FOR APRIL 27 2017...

CLIMATE NORMAL PERIOD 1981 TO 2010
CLIMATE RECORD PERIOD 1888 TO 2017


WEATHER ITEM   OBSERVED TIME   RECORD YEAR NORMAL DEPARTURE LAST
                VALUE   (LST)  VALUE       VALUE  FROM      YEAR
                                                  NORMAL
..................................................................
TEMPERATURE (F)
 YESTERDAY
  MAXIMUM         62    420 PM  84    2013  67     -5       59
                                      2004
                                      1987
  MINIMUM         43    544 AM  17    1955  40      3       42
  AVERAGE         53                        54     -1       51

PRECIPITATION (IN)
  YESTERDAY        0.03          0.21 1953   0.01   0.02     0.02
  MONTH TO DATE    0.68                      0.42   0.26     0.80
  SINCE OCT 1     14.33                      5.59   8.74     7.84
  SINCE JAN 1     10.54                      3.23   7.31     3.89

SNOWFALL (IN)
  YESTERDAY        0.0           0.2  1970   0.0    0.0      0.0
  MONTH TO DATE    T                         0.5   -0.5       T
  SINCE MAR 1      2.9                       2.5    0.4      6.8
  SINCE JUL 1     27.0                      21.5    5.5     30.9
  SNOW DEPTH       0

DEGREE DAYS
 HEATING
  YESTERDAY       12                        11      1       14
  MONTH TO DATE  355                       394    -39      262
  SINCE MAR 1    856                       992   -136      773
  SINCE JUL 1   4229                      4630   -401     4110

 COOLING
  YESTERDAY        0                         0      0        0
  MONTH TO DATE    0                         0      0        0
  SINCE MAR 1      0                         0      0        0
  SINCE JAN 1      0                         0      0        0
..................................................................


WIND (MPH)
  RESULTANT WIND SPEED  12   RESULTANT WIND DIRECTION   N (350)
  HIGHEST WIND SPEED    25   HIGHEST WIND DIRECTION     N (20)
  HIGHEST GUST SPEED    31   HIGHEST GUST DIRECTION     N (340)
  AVERAGE WIND SPEED    12.8



WEATHER CONDITIONS
 THE FOLLOWING WEATHER WAS RECORDED YESTERDAY.
  LIGHT RAIN
  FOG


RELATIVE HUMIDITY (PERCENT)
 HIGHEST    76           400 AM
 LOWEST     20           100 PM
 AVERAGE    48

..........................................................


THE RENO-TAHOE INTL AIRPORT NV CLIMATE NORMALS FOR TODAY
                         NORMAL    RECORD    YEAR
 MAXIMUM TEMPERATURE (F)   68        86      2007
 MINIMUM TEMPERATURE (F)   41        20      1968
                                             1967


SUNRISE AND SUNSET
APRIL 28 2017.........SUNRISE   603 AM PDT   SUNSET   750 PM PDT
APRIL 29 2017.........SUNRISE   602 AM PDT   SUNSET   751 PM PDT


-  INDICATES NEGATIVE NUMBERS.
R  INDICATES RECORD WAS SET OR TIED.
MM INDICATES DATA IS MISSING.
T  INDICATES TRACE AMOUNT.




$$
