000
CDUS45 KREV 300836
CLIRNO


CLIMATE REPORT
NATIONAL WEATHER SERVICE RENO NV
136 AM PDT TUE SEP 30 2014


...................................

...THE RENO TAHOE AIRPORT NV CLIMATE SUMMARY FOR SEPTEMBER 29 2014...

CLIMATE NORMAL PERIOD 1981 TO 2010
CLIMATE RECORD PERIOD 1888 TO 2014


WEATHER ITEM   OBSERVED TIME   RECORD YEAR NORMAL DEPARTURE LAST
                VALUE   (LST)  VALUE       VALUE  FROM      YEAR
                                                  NORMAL
..................................................................
TEMPERATURE (F)
 YESTERDAY
  MAXIMUM         75    346 PM  96    2010  77     -2       75
  MINIMUM         43    315 AM  23    1965  44     -1       59
  AVERAGE         59                        61     -2       67

PRECIPITATION (IN)
  YESTERDAY        0.00          1.04 1930   0.01  -0.01     0.00
  MONTH TO DATE    0.29                      0.33  -0.04     0.02
  SINCE OCT 1      4.53                      7.38  -2.85     6.10
  SINCE JAN 1      3.57                      5.02  -1.45     3.06

SNOWFALL (IN)
  YESTERDAY        0.0           1.5  1982   0.0    0.0      0.0
  MONTH TO DATE    0.0                       0.1   -0.1      0.0
  SINCE SEP 1      0.0                       0.1   -0.1      0.0
  SINCE JUL 1      0.0                       0.1   -0.1       T
  SNOW DEPTH       0

DEGREE DAYS
 HEATING
  YESTERDAY        6                         5      1        0
  MONTH TO DATE   44                        75    -31       82
  SINCE SEP 1     44                        75    -31       82
  SINCE JUL 1     48                        85    -37       82

 COOLING
  YESTERDAY        0                         1     -1        2
  MONTH TO DATE  170                        86     84      141
  SINCE SEP 1    170                        86     84      141
  SINCE JAN 1   1206                       832    374     1174
..................................................................


WIND (MPH)
  RESULTANT WIND SPEED   2   RESULTANT WIND DIRECTION   N (360)
  HIGHEST WIND SPEED    21   HIGHEST WIND DIRECTION     N (340)
  HIGHEST GUST SPEED    25   HIGHEST GUST DIRECTION     N (350)
  AVERAGE WIND SPEED     4.3



WEATHER CONDITIONS
 THE FOLLOWING WEATHER WAS RECORDED YESTERDAY.
  NO SIGNIFICANT WEATHER WAS OBSERVED.


RELATIVE HUMIDITY (PERCENT)
 HIGHEST    92           100 AM
 LOWEST     27           100 PM
 AVERAGE    60

..........................................................


THE RENO TAHOE AIRPORT NV CLIMATE NORMALS FOR TODAY
                         NORMAL    RECORD    YEAR
 MAXIMUM TEMPERATURE (F)   76        96      2010
 MINIMUM TEMPERATURE (F)   44        21      1950


SUNRISE AND SUNSET
SEPTEMBER 30 2014.....SUNRISE   654 AM PDT   SUNSET   643 PM PDT
OCTOBER  1 2014.......SUNRISE   655 AM PDT   SUNSET   641 PM PDT


-  INDICATES NEGATIVE NUMBERS.
R  INDICATES RECORD WAS SET OR TIED.
MM INDICATES DATA IS MISSING.
T  INDICATES TRACE AMOUNT.




$$
