000
CDUS45 KREV 210945
CLIRNO


CLIMATE REPORT
NATIONAL WEATHER SERVICE RENO NV
143 AM PST SAT JAN 21 2017


...................................

...THE RENO TAHOE AIRPORT NV CLIMATE SUMMARY FOR JANUARY 20 2017...

CLIMATE NORMAL PERIOD 1981 TO 2010
CLIMATE RECORD PERIOD 1888 TO 2017


WEATHER ITEM   OBSERVED TIME   RECORD YEAR NORMAL DEPARTURE LAST
                VALUE   (LST)  VALUE       VALUE  FROM      YEAR
                                                  NORMAL
..................................................................
TEMPERATURE (F)
 YESTERDAY
  MAXIMUM         44    147 PM  65    1950  46     -2       56
  MINIMUM         32   1159 PM -12    1937  26      6       37
  AVERAGE         38                        36      2       47

PRECIPITATION (IN)
  YESTERDAY        0.17          0.60 1896   0.03   0.14     0.00
  MONTH TO DATE    4.88                      0.72   4.16     0.66
  SINCE OCT 1      8.67                      3.08   5.59     4.61
  SINCE JAN 1      4.88                      0.72   4.16     0.66

SNOWFALL (IN)
  YESTERDAY        1.7           4.3  1982   0.2    1.5      0.0
  MONTH TO DATE   11.2                       4.3    6.9      3.1
  SINCE DEC 1     12.0                       9.2    2.8      9.4
  SINCE JUL 1     12.6                      12.7   -0.1     14.5
  SNOW DEPTH       0

DEGREE DAYS
 HEATING
  YESTERDAY       27                        29     -2       18
  MONTH TO DATE  618                       598     20      584
  SINCE DEC 1   1481                      1519    -38     1479
  SINCE JUL 1   2359                      2622   -263     2472

 COOLING
  YESTERDAY        0                         0      0        0
  MONTH TO DATE    0                         0      0        0
  SINCE DEC 1      0                         0      0        0
  SINCE JAN 1      0                         0      0        0
..................................................................


WIND (MPH)
  RESULTANT WIND SPEED   5   RESULTANT WIND DIRECTION   S (190)
  HIGHEST WIND SPEED    30   HIGHEST WIND DIRECTION     S (180)
  HIGHEST GUST SPEED    35   HIGHEST GUST DIRECTION     S (180)
  AVERAGE WIND SPEED     9.0



WEATHER CONDITIONS
 THE FOLLOWING WEATHER WAS RECORDED YESTERDAY.
  HEAVY SNOW
  SNOW
  LIGHT SNOW
  FOG
  FOG W/VISIBILITY <= 1/4 MILE


RELATIVE HUMIDITY (PERCENT)
 HIGHEST    96           800 AM
 LOWEST     53           400 PM
 AVERAGE    75

..........................................................


THE RENO TAHOE AIRPORT NV CLIMATE NORMALS FOR TODAY
                         NORMAL    RECORD    YEAR
 MAXIMUM TEMPERATURE (F)   46        62      1994
 MINIMUM TEMPERATURE (F)   26       -17      1916


SUNRISE AND SUNSET
JANUARY 21 2017.......SUNRISE   715 AM PST   SUNSET   507 PM PST
JANUARY 22 2017.......SUNRISE   714 AM PST   SUNSET   508 PM PST


-  INDICATES NEGATIVE NUMBERS.
R  INDICATES RECORD WAS SET OR TIED.
MM INDICATES DATA IS MISSING.
T  INDICATES TRACE AMOUNT.




$$
