000
CDUS45 KREV 260839
CLIRNO


CLIMATE REPORT
NATIONAL WEATHER SERVICE RENO NV
1238 AM PST MON JAN 26 2015


...................................

...THE RENO TAHOE AIRPORT NV CLIMATE SUMMARY FOR JANUARY 25 2015...

CLIMATE NORMAL PERIOD 1981 TO 2010
CLIMATE RECORD PERIOD 1888 TO 2015


WEATHER ITEM   OBSERVED TIME   RECORD YEAR NORMAL DEPARTURE LAST
                VALUE   (LST)  VALUE       VALUE  FROM      YEAR
                                                  NORMAL
..................................................................
TEMPERATURE (F)
 YESTERDAY
  MAXIMUM         63    257 PM  67    1975  47     16       58
  MINIMUM         27    627 AM -16    1949  26      1       22
  AVERAGE         45                        36      9       40

PRECIPITATION (IN)
  YESTERDAY        0.00          1.34 1969   0.03  -0.03     0.00
  MONTH TO DATE    0.00                      0.86  -0.86      T
  SINCE OCT 1      1.42                      3.22  -1.80     0.96
  SINCE JAN 1      0.00                      0.86  -0.86      T

SNOWFALL (IN)
  YESTERDAY        0.0          11.0  1956   0.1   -0.1      0.0
  MONTH TO DATE    0.0                       4.9   -4.9      0.0
  SINCE DEC 1      2.2                       9.8   -7.6      4.3
  SINCE JUL 1      2.2                      13.3  -11.1      4.7
  SNOW DEPTH       0

DEGREE DAYS
 HEATING
  YESTERDAY       20                        29     -9       25
  MONTH TO DATE  626                       743   -117      654
  SINCE DEC 1   1392                      1664   -272     1770
  SINCE JUL 1   2217                      2767   -550     2888

 COOLING
  YESTERDAY        0                         0      0        0
  MONTH TO DATE    0                         0      0        0
  SINCE DEC 1      0                         0      0        0
  SINCE JAN 1      0                         0      0        0
..................................................................


WIND (MPH)
  RESULTANT WIND SPEED   1   RESULTANT WIND DIRECTION   E (100)
  HIGHEST WIND SPEED    15   HIGHEST WIND DIRECTION     E (100)
  HIGHEST GUST SPEED    18   HIGHEST GUST DIRECTION     E (90)
  AVERAGE WIND SPEED     2.1



WEATHER CONDITIONS
 THE FOLLOWING WEATHER WAS RECORDED YESTERDAY.
  NO SIGNIFICANT WEATHER WAS OBSERVED.


RELATIVE HUMIDITY (PERCENT)
 HIGHEST    69           400 AM
 LOWEST     25           200 PM
 AVERAGE    47

..........................................................


THE RENO TAHOE AIRPORT NV CLIMATE NORMALS FOR TODAY
                         NORMAL    RECORD    YEAR
 MAXIMUM TEMPERATURE (F)   47        67      1987
 MINIMUM TEMPERATURE (F)   26       -15      1949


SUNRISE AND SUNSET
JANUARY 26 2015.......SUNRISE   712 AM PST   SUNSET   512 PM PST
JANUARY 27 2015.......SUNRISE   711 AM PST   SUNSET   513 PM PST


-  INDICATES NEGATIVE NUMBERS.
R  INDICATES RECORD WAS SET OR TIED.
MM INDICATES DATA IS MISSING.
T  INDICATES TRACE AMOUNT.




$$
