435
CDUS41 KRNK 270548
CLIROA


CLIMATE REPORT
NATIONAL WEATHER SERVICE BLACKSBURG VA
145 AM EDT TUE JUN 27 2017


...................................

...THE ROANOKE VA CLIMATE SUMMARY FOR JUNE 26 2017...

CLIMATE NORMAL PERIOD 1981 TO 2010
CLIMATE RECORD PERIOD 1912 TO 2017


WEATHER ITEM   OBSERVED TIME   RECORD YEAR NORMAL DEPARTURE LAST
                VALUE   (LST)  VALUE       VALUE  FROM      YEAR
                                                  NORMAL
..................................................................
TEMPERATURE (F)
 YESTERDAY
  MAXIMUM         82    300 PM 101    1930  86     -4       83
  MINIMUM         55    346 AM  46    1979  65    -10       68
  AVERAGE         69                        75     -6       76

PRECIPITATION (IN)
  YESTERDAY        0.00          4.08 2006   0.11  -0.11     0.00
  MONTH TO DATE    4.50                      3.35   1.15     5.92
  SINCE JUN 1      4.50                      3.35   1.15     5.92
  SINCE JAN 1     25.52                     20.05   5.47    23.65

SNOWFALL (IN)
  YESTERDAY        0.0                                       0.0
  MONTH TO DATE    0.0                                       0.0
  SINCE JUN 1      0.0                                       0.0
  SINCE JUL 1      4.6                                      23.0
  SNOW DEPTH       0

DEGREE DAYS
 HEATING
  YESTERDAY        0                         0      0        0
  MONTH TO DATE    4                         9     -5        0
  SINCE JUN 1      4                         9     -5        0
  SINCE JUL 1   3213                      4142   -929     3505

 COOLING
  YESTERDAY        4                        10     -6       11
  MONTH TO DATE  217                       203     14      240
  SINCE JUN 1    217                       203     14      240
  SINCE JAN 1    401                       319     82      365
..................................................................


WIND (MPH)
  HIGHEST WIND SPEED    18   HIGHEST WIND DIRECTION    NW (300)
  HIGHEST GUST SPEED    23   HIGHEST GUST DIRECTION     W (290)
  AVERAGE WIND SPEED     5.7


SKY COVER
  AVERAGE SKY COVER 0.2


WEATHER CONDITIONS
 THE FOLLOWING WEATHER WAS RECORDED YESTERDAY.
  NO SIGNIFICANT WEATHER WAS OBSERVED.


RELATIVE HUMIDITY (PERCENT)
 HIGHEST    80           300 AM
 LOWEST     30           300 PM
 AVERAGE    55

..........................................................


THE ROANOKE VA CLIMATE NORMALS FOR TODAY
                         NORMAL    RECORD    YEAR
 MAXIMUM TEMPERATURE (F)   86       100      1952
 MINIMUM TEMPERATURE (F)   65        49      1981
                                             1927


SUNRISE AND SUNSET
JUNE 27 2017..........SUNRISE   601 AM EDT   SUNSET   844 PM EDT
JUNE 28 2017..........SUNRISE   602 AM EDT   SUNSET   844 PM EDT


-  INDICATES NEGATIVE NUMBERS.
R  INDICATES RECORD WAS SET OR TIED.
MM INDICATES DATA IS MISSING.
T  INDICATES TRACE AMOUNT.




$$
