000
CDUS41 KBUF 061008
CLIROC


CLIMATE REPORT
NATIONAL WEATHER SERVICE BUFFALO NY
506 AM EST FRI MAR 6 2015


...................................

...THE ROCHESTER NY CLIMATE SUMMARY FOR MARCH 5 2015...

CLIMATE NORMAL PERIOD 1981 TO 2010
CLIMATE RECORD PERIOD 1871 TO 2015


WEATHER ITEM   OBSERVED TIME   RECORD YEAR NORMAL DEPARTURE LAST
                VALUE   (LST)  VALUE       VALUE  FROM      YEAR
                                                  NORMAL
..................................................................
TEMPERATURE (F)
 YESTERDAY
  MAXIMUM         24   1208 AM  67    2004  39    -15       21
                                      1976
  MINIMUM          6   1159 PM  -7    1872  22    -16        1
  AVERAGE         15                        30    -15       11

PRECIPITATION (IN)
  YESTERDAY        0.03          1.08 1917   0.07  -0.04     0.04
  MONTH TO DATE    0.47                      0.38   0.09     0.12
  SINCE MAR 1      0.47                      0.38   0.09     0.12
  SINCE JAN 1      4.72                      4.74  -0.02     3.74

SNOWFALL (IN)
  YESTERDAY        1.0          12.0  1917   0.7    0.3      1.6
  MONTH TO DATE    6.5                       3.5    3.0      3.2
  SINCE MAR 1      6.5                       3.5    3.0      3.2
  SINCE JUL 1     95.1                      82.4   12.7     86.3
  SNOW DEPTH      16

DEGREE DAYS
 HEATING
  YESTERDAY       50                        35     15       54
  MONTH TO DATE  217                       176     41      258
  SINCE MAR 1    217                       176     41      258
  SINCE JUL 1   5311                      4962    349     5343

 COOLING
  YESTERDAY        0                         0      0        0
  MONTH TO DATE    0                         0      0        0
  SINCE MAR 1      0                         0      0        0
  SINCE JAN 1      0                         0      0        0
..................................................................


WIND (MPH)
  HIGHEST WIND SPEED    24   HIGHEST WIND DIRECTION    NW (330)
  HIGHEST GUST SPEED    32   HIGHEST GUST DIRECTION     N (340)
  AVERAGE WIND SPEED    12.2


SKY COVER
  AVERAGE SKY COVER 1.0


WEATHER CONDITIONS
 THE FOLLOWING WEATHER WAS RECORDED YESTERDAY.
  LIGHT SNOW
  HAZE
  BLOWING SNOW


RELATIVE HUMIDITY (PERCENT)
 HIGHEST    81          1200 AM
 LOWEST     58           500 AM
 AVERAGE    70

..........................................................


THE ROCHESTER NY CLIMATE NORMALS FOR TODAY
                         NORMAL    RECORD    YEAR
 MAXIMUM TEMPERATURE (F)   39        70      1894
 MINIMUM TEMPERATURE (F)   23        -9      2014


SUNRISE AND SUNSET
MARCH  6 2015.........SUNRISE   639 AM EST   SUNSET   606 PM EST
MARCH  7 2015.........SUNRISE   637 AM EST   SUNSET   607 PM EST


-  INDICATES NEGATIVE NUMBERS.
R  INDICATES RECORD WAS SET OR TIED.
MM INDICATES DATA IS MISSING.
T  INDICATES TRACE AMOUNT.




$$
