980
CDUS41 KBUF 170705
CLIROC


CLIMATE REPORT
NATIONAL WEATHER SERVICE BUFFALO NY
205 AM EST TUE JAN 17 2017


...................................

...THE ROCHESTER NY CLIMATE SUMMARY FOR JANUARY 16 2017...

CLIMATE NORMAL PERIOD 1981 TO 2010
CLIMATE RECORD PERIOD 1871 TO 2017


WEATHER ITEM   OBSERVED TIME   RECORD YEAR NORMAL DEPARTURE LAST
                VALUE   (LST)  VALUE       VALUE  FROM      YEAR
                                                  NORMAL
..................................................................
TEMPERATURE (F)
 YESTERDAY
  MAXIMUM         42    207 PM  56    1953  31     11       43
  MINIMUM         18    251 AM -17    1994  17      1       30
  AVERAGE         30                        24      6       37

PRECIPITATION (IN)
  YESTERDAY        0.00          0.76 1890   0.08  -0.08     0.12
  MONTH TO DATE    1.05                      1.29  -0.24     0.95
  SINCE DEC 1      3.96                      3.92   0.04     3.68
  SINCE JAN 1      1.05                      1.29  -0.24     0.95

SNOWFALL (IN)
  YESTERDAY        0.0           9.0  1959   1.0   -1.0       T
  MONTH TO DATE    4.4                      14.6  -10.2      5.2
  SINCE DEC 1     33.7                      36.4   -2.7      7.5
  SINCE JUL 1     49.6                      43.8    5.8      8.7
  SNOW DEPTH       0

DEGREE DAYS
 HEATING
  YESTERDAY       35                        41     -6       28
  MONTH TO DATE  594                       639    -45      589
  SINCE DEC 1   1629                      1724    -95     1288
  SINCE JUL 1   2607                      3092   -485     2328

 COOLING
  YESTERDAY        0                         0      0        0
  MONTH TO DATE    0                         0      0        0
  SINCE DEC 1      0                         0      0        0
  SINCE JAN 1      0                         0      0        0
..................................................................


WIND (MPH)
  HIGHEST WIND SPEED    14   HIGHEST WIND DIRECTION     W (250)
  HIGHEST GUST SPEED    16   HIGHEST GUST DIRECTION     W (250)
  AVERAGE WIND SPEED     4.5


SKY COVER
  AVERAGE SKY COVER 0.6


WEATHER CONDITIONS
 THE FOLLOWING WEATHER WAS RECORDED YESTERDAY.
  FOG


RELATIVE HUMIDITY (PERCENT)
 HIGHEST    84          1200 AM
 LOWEST     38           200 PM
 AVERAGE    61

..........................................................


THE ROCHESTER NY CLIMATE NORMALS FOR TODAY
                         NORMAL    RECORD    YEAR
 MAXIMUM TEMPERATURE (F)   31        56      1990
                                             1913
 MINIMUM TEMPERATURE (F)   17       -10      1982


SUNRISE AND SUNSET
JANUARY 17 2017.......SUNRISE   738 AM EST   SUNSET   504 PM EST
JANUARY 18 2017.......SUNRISE   738 AM EST   SUNSET   505 PM EST


-  INDICATES NEGATIVE NUMBERS.
R  INDICATES RECORD WAS SET OR TIED.
MM INDICATES DATA IS MISSING.
T  INDICATES TRACE AMOUNT.




$$
