000
CDUS41 KBUF 062023
CLIROC


CLIMATE REPORT
NATIONAL WEATHER SERVICE BUFFALO NY
423 PM EDT FRI MAY 6 2016


...................................

...THE ROCHESTER NY CLIMATE SUMMARY FOR MAY 6 2016...
VALID TODAY AS OF 0400 PM LOCAL TIME.

CLIMATE NORMAL PERIOD 1981 TO 2010
CLIMATE RECORD PERIOD 1871 TO 2016


WEATHER ITEM   OBSERVED TIME   RECORD YEAR NORMAL DEPARTURE LAST
                VALUE   (LST)  VALUE       VALUE  FROM      YEAR
                                                  NORMAL
..................................................................
TEMPERATURE (F)
 TODAY
  MAXIMUM         62    259 PM  92    1895  65     -3       75
  MINIMUM         47    506 AM  28    1968  43      4       54
  AVERAGE         55                        54      1       65

PRECIPITATION (IN)
  TODAY            0.00          0.74 1944   0.09  -0.09     0.00
  MONTH TO DATE    0.76                      0.55   0.21      T
  SINCE MAR 1      4.14                      5.78  -1.64     4.04
  SINCE JAN 1      9.44                     10.14  -0.70     8.29

SNOWFALL (IN)
  TODAY            0.0           T    1974   0.1   -0.1      0.0
  MONTH TO DATE    0.0                       0.2   -0.2      0.0
  SINCE MAR 1     12.0                      20.4   -8.4     13.3
  SINCE JUL 1     63.7                      99.3  -35.6    101.9
  SNOW DEPTH       0

DEGREE DAYS
 HEATING
  TODAY           10                        12     -2        0
  MONTH TO DATE   87                        75     12       23
  SINCE MAR 1   1523                      1592    -69     1615
  SINCE JUL 1   5440                      6378   -938     6709

 COOLING
  TODAY            0                         0      0        0
  MONTH TO DATE    0                         0      0        4
  SINCE MAR 1      0                         4     -4        4
  SINCE JAN 1      0                         4     -4        4
..................................................................


WIND (MPH)
  HIGHEST WIND SPEED    21   HIGHEST WIND DIRECTION    NE (50)
  HIGHEST GUST SPEED    26   HIGHEST GUST DIRECTION    NE (60)
  AVERAGE WIND SPEED    10.8


SKY COVER
  AVERAGE SKY COVER 0.6


WEATHER CONDITIONS
 THE FOLLOWING WEATHER WAS RECORDED TODAY.
  NO SIGNIFICANT WEATHER WAS OBSERVED.


RELATIVE HUMIDITY (PERCENT)
 HIGHEST    86           300 AM
 LOWEST     43           200 PM
 AVERAGE    65

..........................................................


THE ROCHESTER NY CLIMATE NORMALS FOR TOMORROW
                         NORMAL    RECORD    YEAR
 MAXIMUM TEMPERATURE (F)   65        88      1930
 MINIMUM TEMPERATURE (F)   44        26      1970


SUNRISE AND SUNSET
MAY  6 2016...........SUNRISE   557 AM EDT   SUNSET   818 PM EDT
MAY  7 2016...........SUNRISE   556 AM EDT   SUNSET   819 PM EDT


-  INDICATES NEGATIVE NUMBERS.
R  INDICATES RECORD WAS SET OR TIED.
MM INDICATES DATA IS MISSING.
T  INDICATES TRACE AMOUNT.

$$
