000
CDUS41 KBUF 271028
CLIROC


CLIMATE REPORT
NATIONAL WEATHER SERVICE BUFFALO NY
626 AM EDT FRI MAY 27 2016


...................................

...THE ROCHESTER NY CLIMATE SUMMARY FOR MAY 26 2016...

CLIMATE NORMAL PERIOD 1981 TO 2010
CLIMATE RECORD PERIOD 1871 TO 2016


WEATHER ITEM   OBSERVED TIME   RECORD YEAR NORMAL DEPARTURE LAST
                VALUE   (LST)  VALUE       VALUE  FROM      YEAR
                                                  NORMAL
..................................................................
TEMPERATURE (F)
 YESTERDAY
  MAXIMUM         85    224 PM  90    1944  71     14       84
  MINIMUM         57    432 AM  36    1879  50      7       66
  AVERAGE         71                        60     11       75

PRECIPITATION (IN)
  YESTERDAY        0.07          1.03 1907   0.10  -0.03     0.07
  MONTH TO DATE    1.45                      2.41  -0.96     1.20
  SINCE MAR 1      4.83                      7.64  -2.81     5.24
  SINCE JAN 1     10.13                     12.00  -1.87     9.49

SNOWFALL (IN)
  YESTERDAY        0.0           0.0    MM   0.0    0.0      0.0
  MONTH TO DATE    T                         0.4   -0.4      0.0
  SINCE MAR 1     12.0                      20.6   -8.6     13.3
  SINCE JUL 1     63.7                      99.5  -35.8    101.9
  SNOW DEPTH       0

DEGREE DAYS
 HEATING
  YESTERDAY        0                         6     -6        0
  MONTH TO DATE  255                       248      7      119
  SINCE MAR 1   1691                      1765    -74     1711
  SINCE JUL 1   5608                      6551   -943     6805

 COOLING
  YESTERDAY        6                         1      5       10
  MONTH TO DATE   14                        17     -3       74
  SINCE MAR 1     14                        21     -7       74
  SINCE JAN 1     14                        21     -7       74
..................................................................


WIND (MPH)
  HIGHEST WIND SPEED    17   HIGHEST WIND DIRECTION     N (350)
  HIGHEST GUST SPEED    21   HIGHEST GUST DIRECTION     N (340)
  AVERAGE WIND SPEED     5.9


SKY COVER
  AVERAGE SKY COVER 0.9


WEATHER CONDITIONS
 THE FOLLOWING WEATHER WAS RECORDED YESTERDAY.
  HEAVY RAIN
  LIGHT RAIN


RELATIVE HUMIDITY (PERCENT)
 HIGHEST    87          1000 PM
 LOWEST     43           100 PM
 AVERAGE    65

..........................................................


THE ROCHESTER NY CLIMATE NORMALS FOR TODAY
                         NORMAL    RECORD    YEAR
 MAXIMUM TEMPERATURE (F)   71        92      1978
 MINIMUM TEMPERATURE (F)   50        35      1969


SUNRISE AND SUNSET
MAY 27 2016...........SUNRISE   536 AM EDT   SUNSET   840 PM EDT
MAY 28 2016...........SUNRISE   536 AM EDT   SUNSET   841 PM EDT


-  INDICATES NEGATIVE NUMBERS.
R  INDICATES RECORD WAS SET OR TIED.
MM INDICATES DATA IS MISSING.
T  INDICATES TRACE AMOUNT.

$$
