000
CDUS45 KABQ 020838
CLIROW


CLIMATE REPORT
NATIONAL WEATHER SERVICE ALBUQUERQUE NM
237 AM MDT SAT AUG 2 2014


...................................

...THE ROSWELL NM CLIMATE SUMMARY FOR AUGUST 1 2014...

CLIMATE NORMAL PERIOD 1981 TO 2010
CLIMATE RECORD PERIOD 1893 TO 2014


WEATHER ITEM   OBSERVED TIME   RECORD YEAR NORMAL DEPARTURE
                VALUE   (LST)  VALUE       VALUE  FROM
                                                  NORMAL
...............................................................
TEMPERATURE (F)
 YESTERDAY
  MAXIMUM         77    310 PM 107    1966  93    -16
  MINIMUM         66    538 AM  55    1925  67     -1
  AVERAGE         72                        80     -8

PRECIPITATION (IN)
  YESTERDAY        0.29          1.54 1976   0.06   0.23
  MONTH TO DATE    0.29                      0.06   0.23
  SINCE JUN 1      5.14                      3.85   1.29
  SINCE JAN 1     10.00                      7.02   2.98

SNOWFALL (IN)
  YESTERDAY        0.0
  MONTH TO DATE    0.0
  SINCE JUN 1      0.0
  SINCE JUL 1      0.0

DEGREE DAYS
 HEATING
  YESTERDAY        0                         0      0
  MONTH TO DATE    0                         0      0
  SINCE JUN 1      0                         1     -1
  SINCE JUL 1      0                         0      0

 COOLING
  YESTERDAY        7                        15     -8
  MONTH TO DATE    7                        15     -8
  SINCE JUN 1    985                       888     97
  SINCE JAN 1   1239                      1113    126
...............................................................


WIND (MPH)
  HIGHEST WIND SPEED    20   HIGHEST WIND DIRECTION    NW (310)
  HIGHEST GUST SPEED    24   HIGHEST GUST DIRECTION    NW (310)
  AVERAGE WIND SPEED     6.8


SKY COVER
  AVERAGE SKY COVER 0.9


WEATHER CONDITIONS
 THE FOLLOWING WEATHER WAS RECORDED YESTERDAY.
  HEAVY RAIN
  RAIN
  LIGHT RAIN
  FOG


RELATIVE HUMIDITY (PERCENT)
 HIGHEST    93           300 AM
 LOWEST     60           300 PM
 AVERAGE    77

..........................................................


THE ROSWELL NM CLIMATE NORMALS FOR TODAY
                         NORMAL    RECORD    YEAR
 MAXIMUM TEMPERATURE (F)   93       106      2012
 MINIMUM TEMPERATURE (F)   67        54      1897


SUNRISE AND SUNSET
AUGUST  2 2014........SUNRISE   612 AM MDT   SUNSET   757 PM MDT
AUGUST  3 2014........SUNRISE   612 AM MDT   SUNSET   756 PM MDT


-  INDICATES NEGATIVE NUMBERS.
R  INDICATES RECORD WAS SET OR TIED.
MM INDICATES DATA IS MISSING.
T  INDICATES TRACE AMOUNT.




$$
