000
CDUS45 KABQ 310832
CLIROW


CLIMATE REPORT
NATIONAL WEATHER SERVICE ALBUQUERQUE NM
227 AM MDT TUE MAY 31 2016


...................................

...THE ROSWELL NM CLIMATE SUMMARY FOR MAY 30 2016...

CLIMATE NORMAL PERIOD 1981 TO 2010
CLIMATE RECORD PERIOD 1893 TO 2016


WEATHER ITEM   OBSERVED TIME   RECORD YEAR NORMAL DEPARTURE
                VALUE   (LST)  VALUE       VALUE  FROM
                                                  NORMAL
...............................................................
TEMPERATURE (F)
 YESTERDAY
  MAXIMUM         90    239 PM 107    1896  90      0
  MINIMUM         59    947 PM  47    1905  59      0
                                      1899
  AVERAGE         75                        74      1

PRECIPITATION (IN)
  YESTERDAY        T             1.98 1894   0.05  -0.05
  MONTH TO DATE    0.60                      1.21  -0.61
  SINCE MAR 1      1.37                      2.33  -0.96
  SINCE JAN 1      1.93                      3.13  -1.20

SNOWFALL (IN)
  YESTERDAY        0.0
  MONTH TO DATE    0.0
  SINCE MAR 1      T
  SINCE JUL 1     17.8

DEGREE DAYS
 HEATING
  YESTERDAY        0                         0      0
  MONTH TO DATE   62                        27     35
  SINCE MAR 1    477                       578   -101
  SINCE JUL 1   3037                      3285   -248

 COOLING
  YESTERDAY       10                        10      0
  MONTH TO DATE  153                       176    -23
  SINCE MAR 1    173                       216    -43
  SINCE JAN 1    173                       216    -43
...............................................................


WIND (MPH)
  HIGHEST WIND SPEED    26   HIGHEST WIND DIRECTION    SW (210)
  HIGHEST GUST SPEED    35   HIGHEST GUST DIRECTION    SE (140)
  AVERAGE WIND SPEED     9.1


SKY COVER
  AVERAGE SKY COVER 0.4


WEATHER CONDITIONS
 THE FOLLOWING WEATHER WAS RECORDED YESTERDAY.
  THUNDERSTORM
  LIGHT RAIN


RELATIVE HUMIDITY (PERCENT)
 HIGHEST    69          1000 PM
 LOWEST     25           300 PM
 AVERAGE    47

..........................................................


THE ROSWELL NM CLIMATE NORMALS FOR TODAY
                         NORMAL    RECORD    YEAR
 MAXIMUM TEMPERATURE (F)   90       103      2008
 MINIMUM TEMPERATURE (F)   59        43      1909


SUNRISE AND SUNSET
MAY 31 2016...........SUNRISE   550 AM MDT   SUNSET   802 PM MDT
JUNE  1 2016..........SUNRISE   550 AM MDT   SUNSET   803 PM MDT


-  INDICATES NEGATIVE NUMBERS.
R  INDICATES RECORD WAS SET OR TIED.
MM INDICATES DATA IS MISSING.
T  INDICATES TRACE AMOUNT.

$$
