000
CDUS45 KABQ 180828
CLIROW


CLIMATE REPORT
NATIONAL WEATHER SERVICE ALBUQUERQUE NM
126 AM MST MON DEC 18 2017


...................................

...THE ROSWELL NM CLIMATE SUMMARY FOR DECEMBER 17 2017...

CLIMATE NORMAL PERIOD 1981 TO 2010
CLIMATE RECORD PERIOD 1893 TO 2017


WEATHER ITEM   OBSERVED TIME   RECORD YEAR NORMAL DEPARTURE
                VALUE   (LST)  VALUE       VALUE  FROM
                                                  NORMAL
...............................................................
TEMPERATURE (F)
 YESTERDAY
  MAXIMUM         65    307 PM  74    1980  54     11
  MINIMUM         27    605 AM   5    1960  26      1
  AVERAGE         46                        40      6

PRECIPITATION (IN)
  YESTERDAY        0.00          0.57 1898   0.02  -0.02
  MONTH TO DATE    T                         0.37  -0.37
  SINCE DEC 1      T                         0.37  -0.37
  SINCE JAN 1     11.16                     12.64  -1.48

SNOWFALL (IN)
  YESTERDAY        0.0
  MONTH TO DATE    0.0
  SINCE DEC 1      0.0
  SINCE JUL 1      0.0

DEGREE DAYS
 HEATING
  YESTERDAY       19                        25     -6
  MONTH TO DATE  343                       404    -61
  SINCE DEC 1    343                       404    -61
  SINCE JUL 1    793                      1050   -257

 COOLING
  YESTERDAY        0                         0      0
  MONTH TO DATE    0                         0      0
  SINCE DEC 1      0                         0      0
  SINCE JAN 1   2172                      1789    383
...............................................................


WIND (MPH)
  HIGHEST WIND SPEED    18   HIGHEST WIND DIRECTION     S (180)
  HIGHEST GUST SPEED    23   HIGHEST GUST DIRECTION     S (180)
  AVERAGE WIND SPEED     6.4


SKY COVER
  AVERAGE SKY COVER 0.1


WEATHER CONDITIONS
 THE FOLLOWING WEATHER WAS RECORDED YESTERDAY.
  HAZE


RELATIVE HUMIDITY (PERCENT)
 HIGHEST    63           600 AM
 LOWEST     23          1200 PM
 AVERAGE    43

..........................................................


THE ROSWELL NM CLIMATE NORMALS FOR TODAY
                         NORMAL    RECORD    YEAR
 MAXIMUM TEMPERATURE (F)   54        79      1980
 MINIMUM TEMPERATURE (F)   26         6      2016


SUNRISE AND SUNSET
DECEMBER 18 2017......SUNRISE   656 AM MST   SUNSET   453 PM MST
DECEMBER 19 2017......SUNRISE   657 AM MST   SUNSET   454 PM MST


-  INDICATES NEGATIVE NUMBERS.
R  INDICATES RECORD WAS SET OR TIED.
MM INDICATES DATA IS MISSING.
T  INDICATES TRACE AMOUNT.

$$
