000
CDUS45 KABQ 250834
CLIROW


CLIMATE REPORT
NATIONAL WEATHER SERVICE ALBUQUERQUE NM
233 AM MDT SAT MAR 25 2017


...................................

...THE ROSWELL NM CLIMATE SUMMARY FOR MARCH 24 2017...

CLIMATE NORMAL PERIOD 1981 TO 2010
CLIMATE RECORD PERIOD 1893 TO 2017


WEATHER ITEM   OBSERVED TIME   RECORD YEAR NORMAL DEPARTURE
                VALUE   (LST)  VALUE       VALUE  FROM
                                                  NORMAL
...............................................................
TEMPERATURE (F)
 YESTERDAY
  MAXIMUM         76    102 PM  89    1899  71      5
  MINIMUM         45   1156 PM  15    1898  38      7
  AVERAGE         61                        54      7

PRECIPITATION (IN)
  YESTERDAY        0.00          0.29 1934   0.01  -0.01
  MONTH TO DATE    T                         0.39  -0.39
  SINCE MAR 1      T                         0.39  -0.39
  SINCE JAN 1      1.25                      1.19   0.06

SNOWFALL (IN)
  YESTERDAY        0.0
  MONTH TO DATE    0.0
  SINCE MAR 1      0.0
  SINCE JUL 1      2.5

DEGREE DAYS
 HEATING
  YESTERDAY        4                        11     -7
  MONTH TO DATE  138                       321   -183
  SINCE MAR 1    138                       321   -183
  SINCE JUL 1   2283                      3028   -745

 COOLING
  YESTERDAY        0                         0      0
  MONTH TO DATE   32                         0     32
  SINCE MAR 1     32                         0     32
  SINCE JAN 1     32                         0     32
...............................................................


WIND (MPH)
  HIGHEST WIND SPEED    31   HIGHEST WIND DIRECTION    NW (310)
  HIGHEST GUST SPEED    52   HIGHEST GUST DIRECTION    NW (330)
  AVERAGE WIND SPEED    17.1


SKY COVER
  AVERAGE SKY COVER 0.2


WEATHER CONDITIONS
 THE FOLLOWING WEATHER WAS RECORDED YESTERDAY.
  NO SIGNIFICANT WEATHER WAS OBSERVED.


RELATIVE HUMIDITY (PERCENT)
 HIGHEST    41          1000 PM
 LOWEST     16           100 PM
 AVERAGE    29

..........................................................


THE ROSWELL NM CLIMATE NORMALS FOR TODAY
                         NORMAL    RECORD    YEAR
 MAXIMUM TEMPERATURE (F)   71        91      2012
 MINIMUM TEMPERATURE (F)   39        23      1955


SUNRISE AND SUNSET
MARCH 25 2017.........SUNRISE   655 AM MDT   SUNSET   714 PM MDT
MARCH 26 2017.........SUNRISE   653 AM MDT   SUNSET   714 PM MDT


-  INDICATES NEGATIVE NUMBERS.
R  INDICATES RECORD WAS SET OR TIED.
MM INDICATES DATA IS MISSING.
T  INDICATES TRACE AMOUNT.




$$
