000
CDUS45 KABQ 180833
CLIROW


CLIMATE REPORT
NATIONAL WEATHER SERVICE ALBUQUERQUE NM
231 AM MDT THU SEP 18 2014


...................................

...THE ROSWELL NM CLIMATE SUMMARY FOR SEPTEMBER 17 2014...

CLIMATE NORMAL PERIOD 1981 TO 2010
CLIMATE RECORD PERIOD 1893 TO 2014


WEATHER ITEM   OBSERVED TIME   RECORD YEAR NORMAL DEPARTURE
                VALUE   (LST)  VALUE       VALUE  FROM
                                                  NORMAL
...............................................................
TEMPERATURE (F)
 YESTERDAY
  MAXIMUM         78    235 PM  98    2005  85     -7
                                      1896
  MINIMUM         66    645 AM  41    1968  58      8
                                      1951
  AVERAGE         72                        72      0

PRECIPITATION (IN)
  YESTERDAY        0.03          1.60 1974   0.06  -0.03
  MONTH TO DATE    1.89                      0.93   0.96
  SINCE SEP 1      1.89                      0.93   0.96
  SINCE JAN 1     14.13                      9.86   4.27

SNOWFALL (IN)
  YESTERDAY        0.0
  MONTH TO DATE    0.0
  SINCE SEP 1      0.0
  SINCE JUL 1      0.0

DEGREE DAYS
 HEATING
  YESTERDAY        0                         0      0
  MONTH TO DATE   16                         0     16
  SINCE SEP 1     16                         0     16
  SINCE JUL 1     16                         0     16

 COOLING
  YESTERDAY        7                         7      0
  MONTH TO DATE  141                       160    -19
  SINCE SEP 1    141                       160    -19
  SINCE JAN 1   1826                      1684    142
...............................................................


WIND (MPH)
  HIGHEST WIND SPEED    12   HIGHEST WIND DIRECTION    NW (320)
  HIGHEST GUST SPEED    14   HIGHEST GUST DIRECTION    NW (330)
  AVERAGE WIND SPEED     3.6


SKY COVER
  AVERAGE SKY COVER 0.6


WEATHER CONDITIONS
 THE FOLLOWING WEATHER WAS RECORDED YESTERDAY.
  LIGHT RAIN
  FOG
  HAZE


RELATIVE HUMIDITY (PERCENT)
 HIGHEST    93          1200 AM
 LOWEST     64           100 PM
 AVERAGE    79

..........................................................


THE ROSWELL NM CLIMATE NORMALS FOR TODAY
                         NORMAL    RECORD    YEAR
 MAXIMUM TEMPERATURE (F)   85        99      1997
 MINIMUM TEMPERATURE (F)   58        36      1968


SUNRISE AND SUNSET
SEPTEMBER 18 2014.....SUNRISE   644 AM MDT   SUNSET   700 PM MDT
SEPTEMBER 19 2014.....SUNRISE   644 AM MDT   SUNSET   659 PM MDT


-  INDICATES NEGATIVE NUMBERS.
R  INDICATES RECORD WAS SET OR TIED.
MM INDICATES DATA IS MISSING.
T  INDICATES TRACE AMOUNT.




$$
