000
CDUS45 KABQ 240832
CLIROW


CLIMATE REPORT
NATIONAL WEATHER SERVICE ALBUQUERQUE NM
131 AM MST MON NOV 24 2014


...................................

...THE ROSWELL NM CLIMATE SUMMARY FOR NOVEMBER 23 2014...

CLIMATE NORMAL PERIOD 1981 TO 2010
CLIMATE RECORD PERIOD 1893 TO 2014


WEATHER ITEM   OBSERVED TIME   RECORD YEAR NORMAL DEPARTURE
                VALUE   (LST)  VALUE       VALUE  FROM
                                                  NORMAL
...............................................................
TEMPERATURE (F)
 YESTERDAY
  MAXIMUM         66   1135 AM  89    1905  61      5
  MINIMUM         29    959 PM   7    1957  31     -2
  AVERAGE         48                        46      2

PRECIPITATION (IN)
  YESTERDAY        T             0.60 1940   0.01  -0.01
  MONTH TO DATE    0.42                      0.46  -0.04
  SINCE SEP 1      5.66                      3.22   2.44
  SINCE JAN 1     17.90                     12.15   5.75

SNOWFALL (IN)
  YESTERDAY        0.0
  MONTH TO DATE    1.8
  SINCE SEP 1      1.8
  SINCE JUL 1      1.8

DEGREE DAYS
 HEATING
  YESTERDAY       17                        19     -2
  MONTH TO DATE  437                       331    106
  SINCE SEP 1    531                       505     26
  SINCE JUL 1    531                       505     26

 COOLING
  YESTERDAY        0                         0      0
  MONTH TO DATE    0                         0      0
  SINCE SEP 1    243                       264    -21
  SINCE JAN 1   1928                      1788    140
...............................................................


WIND (MPH)
  HIGHEST WIND SPEED    39   HIGHEST WIND DIRECTION    NW (310)
  HIGHEST GUST SPEED    52   HIGHEST GUST DIRECTION     W (290)
  AVERAGE WIND SPEED    16.2


SKY COVER
  AVERAGE SKY COVER 0.0


WEATHER CONDITIONS
 THE FOLLOWING WEATHER WAS RECORDED YESTERDAY.
  LIGHT RAIN


RELATIVE HUMIDITY (PERCENT)
 HIGHEST    85          1000 PM
 LOWEST     20          1100 AM
 AVERAGE    53

..........................................................


THE ROSWELL NM CLIMATE NORMALS FOR TODAY
                         NORMAL    RECORD    YEAR
 MAXIMUM TEMPERATURE (F)   61        84      1990
 MINIMUM TEMPERATURE (F)   31         0      1938


SUNRISE AND SUNSET
NOVEMBER 24 2014......SUNRISE   638 AM MST   SUNSET   452 PM MST
NOVEMBER 25 2014......SUNRISE   638 AM MST   SUNSET   452 PM MST


-  INDICATES NEGATIVE NUMBERS.
R  INDICATES RECORD WAS SET OR TIED.
MM INDICATES DATA IS MISSING.
T  INDICATES TRACE AMOUNT.




$$
