000
CDUS45 KABQ 290827
CLIROW


CLIMATE REPORT
NATIONAL WEATHER SERVICE ALBUQUERQUE NM
226 AM MDT FRI MAY 29 2015


...................................

...THE ROSWELL NM CLIMATE SUMMARY FOR MAY 28 2015...

CLIMATE NORMAL PERIOD 1981 TO 2010
CLIMATE RECORD PERIOD 1893 TO 2015


WEATHER ITEM   OBSERVED TIME   RECORD YEAR NORMAL DEPARTURE
                VALUE   (LST)  VALUE       VALUE  FROM
                                                  NORMAL
...............................................................
TEMPERATURE (F)
 YESTERDAY
  MAXIMUM         91    258 PM 105    2011  89      2
  MINIMUM         61   1159 PM  39    1913  58      3
  AVERAGE         76                        74      2

PRECIPITATION (IN)
  YESTERDAY        0.00          1.41 1988   0.05  -0.05
  MONTH TO DATE    2.47                      1.12   1.35
  SINCE MAR 1      4.50                      2.24   2.26
  SINCE JAN 1      6.41                      3.04   3.37

SNOWFALL (IN)
  YESTERDAY        0.0
  MONTH TO DATE    0.0
  SINCE MAR 1      T
  SINCE JUL 1     16.2

DEGREE DAYS
 HEATING
  YESTERDAY        0                         0      0
  MONTH TO DATE   26                        27     -1
  SINCE MAR 1    516                       578    -62
  SINCE JUL 1   3233                      3285    -52

 COOLING
  YESTERDAY       11                         9      2
  MONTH TO DATE   76                       157    -81
  SINCE MAR 1     92                       197   -105
  SINCE JAN 1     92                       197   -105
...............................................................


WIND (MPH)
  HIGHEST WIND SPEED    28   HIGHEST WIND DIRECTION     S (180)
  HIGHEST GUST SPEED    38   HIGHEST GUST DIRECTION     S (190)
  AVERAGE WIND SPEED    10.5


SKY COVER
  AVERAGE SKY COVER 0.1


WEATHER CONDITIONS
 THE FOLLOWING WEATHER WAS RECORDED YESTERDAY.
  THUNDERSTORM
  FOG
  HAZE


RELATIVE HUMIDITY (PERCENT)
 HIGHEST    84           400 AM
 LOWEST     25           500 PM
 AVERAGE    55

..........................................................


THE ROSWELL NM CLIMATE NORMALS FOR TODAY
                         NORMAL    RECORD    YEAR
 MAXIMUM TEMPERATURE (F)   90       103      1951
 MINIMUM TEMPERATURE (F)   59        40      1947


SUNRISE AND SUNSET
MAY 29 2015...........SUNRISE   551 AM MDT   SUNSET   801 PM MDT
MAY 30 2015...........SUNRISE   550 AM MDT   SUNSET   801 PM MDT


-  INDICATES NEGATIVE NUMBERS.
R  INDICATES RECORD WAS SET OR TIED.
MM INDICATES DATA IS MISSING.
T  INDICATES TRACE AMOUNT.

$$
