000
CDUS45 KABQ 020840
CLIROW


CLIMATE REPORT
NATIONAL WEATHER SERVICE ALBUQUERQUE NM
138 AM MST MON MAR 2 2015


...................................

...THE ROSWELL NM CLIMATE SUMMARY FOR MARCH 1 2015...

CLIMATE NORMAL PERIOD 1981 TO 2010
CLIMATE RECORD PERIOD 1893 TO 2015


WEATHER ITEM   OBSERVED TIME   RECORD YEAR NORMAL DEPARTURE
                VALUE   (LST)  VALUE       VALUE  FROM
                                                  NORMAL
...............................................................
TEMPERATURE (F)
 YESTERDAY
  MAXIMUM         39    848 PM  86    2006  64    -25
                                      1901
  MINIMUM         29    130 AM   2    1922  34     -5
  AVERAGE         34                        49    -15

PRECIPITATION (IN)
  YESTERDAY        0.00          0.71 1934   0.01  -0.01
  MONTH TO DATE    0.00                      0.01  -0.01
  SINCE MAR 1      0.00                      0.01  -0.01
  SINCE JAN 1      1.91                      0.81   1.10

SNOWFALL (IN)
  YESTERDAY        0.0
  MONTH TO DATE    0.0
  SINCE MAR 1      0.0
  SINCE JUL 1     16.2

DEGREE DAYS
 HEATING
  YESTERDAY       31                        16     15
  MONTH TO DATE   31                        16     15
  SINCE MAR 1     31                        16     15
  SINCE JUL 1   2748                      2723     25

 COOLING
  YESTERDAY        0                         0      0
  MONTH TO DATE    0                         0      0
  SINCE MAR 1      0                         0      0
  SINCE JAN 1      0                         0      0
...............................................................


WIND (MPH)
  HIGHEST WIND SPEED    13   HIGHEST WIND DIRECTION     S (180)
  HIGHEST GUST SPEED    15   HIGHEST GUST DIRECTION     S (160)
  AVERAGE WIND SPEED     6.1


SKY COVER
  AVERAGE SKY COVER 0.9


WEATHER CONDITIONS
 THE FOLLOWING WEATHER WAS RECORDED YESTERDAY.
  FOG


RELATIVE HUMIDITY (PERCENT)
 HIGHEST   100           100 AM
 LOWEST     79           400 PM
 AVERAGE    90

..........................................................


THE ROSWELL NM CLIMATE NORMALS FOR TODAY
                         NORMAL    RECORD    YEAR
 MAXIMUM TEMPERATURE (F)   64        90      1967
 MINIMUM TEMPERATURE (F)   34         4      1922


SUNRISE AND SUNSET
MARCH  2 2015.........SUNRISE   625 AM MST   SUNSET   556 PM MST
MARCH  3 2015.........SUNRISE   624 AM MST   SUNSET   556 PM MST


-  INDICATES NEGATIVE NUMBERS.
R  INDICATES RECORD WAS SET OR TIED.
MM INDICATES DATA IS MISSING.
T  INDICATES TRACE AMOUNT.




$$
