000
CDUS45 KABQ 210841
CLIROW


CLIMATE REPORT
NATIONAL WEATHER SERVICE ALBUQUERQUE NM
237 AM MDT MON AUG 21 2017


...................................

...THE ROSWELL NM CLIMATE SUMMARY FOR AUGUST 20 2017...

CLIMATE NORMAL PERIOD 1981 TO 2010
CLIMATE RECORD PERIOD 1893 TO 2017


WEATHER ITEM   OBSERVED TIME   RECORD YEAR NORMAL DEPARTURE
                VALUE   (LST)  VALUE       VALUE  FROM
                                                  NORMAL
...............................................................
TEMPERATURE (F)
 YESTERDAY
  MAXIMUM         93   1242 PM 107    2007  92      1
  MINIMUM         70   1159 PM  54    1897  66      4
  AVERAGE         82                        79      3

PRECIPITATION (IN)
  YESTERDAY        T             1.45 1978   0.06  -0.06
  MONTH TO DATE    0.83                      1.30  -0.47
  SINCE JUN 1      3.07                      5.09  -2.02
  SINCE JAN 1      6.63                      8.26  -1.63

SNOWFALL (IN)
  YESTERDAY        0.0
  MONTH TO DATE    0.0
  SINCE JUN 1      0.0
  SINCE JUL 1      0.0

DEGREE DAYS
 HEATING
  YESTERDAY        0                         0      0
  MONTH TO DATE    0                         0      0
  SINCE JUN 1      0                         1     -1
  SINCE JUL 1      0                         0      0

 COOLING
  YESTERDAY       17                        14      3
  MONTH TO DATE  307                       288     19
  SINCE JUN 1   1375                      1161    214
  SINCE JAN 1   1656                      1386    270
...............................................................


WIND (MPH)
  HIGHEST WIND SPEED    21   HIGHEST WIND DIRECTION     S (190)
  HIGHEST GUST SPEED    27   HIGHEST GUST DIRECTION     S (170)
  AVERAGE WIND SPEED     8.1


SKY COVER
  AVERAGE SKY COVER 0.4


WEATHER CONDITIONS
 THE FOLLOWING WEATHER WAS RECORDED YESTERDAY.
  THUNDERSTORM


RELATIVE HUMIDITY (PERCENT)
 HIGHEST    90          1000 PM
 LOWEST     34          1100 AM
 AVERAGE    62

..........................................................


THE ROSWELL NM CLIMATE NORMALS FOR TODAY
                         NORMAL    RECORD    YEAR
 MAXIMUM TEMPERATURE (F)   92       101      2015
                                             1911
 MINIMUM TEMPERATURE (F)   66        55      1950
                                             1922


SUNRISE AND SUNSET
AUGUST 21 2017........SUNRISE   625 AM MDT   SUNSET   737 PM MDT
AUGUST 22 2017........SUNRISE   626 AM MDT   SUNSET   735 PM MDT


-  INDICATES NEGATIVE NUMBERS.
R  INDICATES RECORD WAS SET OR TIED.
MM INDICATES DATA IS MISSING.
T  INDICATES TRACE AMOUNT.




$$
