598
CDUS45 KABQ 040826
CLIROW


CLIMATE REPORT
NATIONAL WEATHER SERVICE ALBUQUERQUE NM
226 AM MDT WED MAY 4 2016


...................................

...THE ROSWELL NM CLIMATE SUMMARY FOR MAY 3 2016...

CLIMATE NORMAL PERIOD 1981 TO 2010
CLIMATE RECORD PERIOD 1893 TO 2016


WEATHER ITEM   OBSERVED TIME   RECORD YEAR NORMAL DEPARTURE
                VALUE   (LST)  VALUE       VALUE  FROM
                                                  NORMAL
...............................................................
TEMPERATURE (F)
 YESTERDAY
  MAXIMUM         80    143 PM  98    2012  81     -1
  MINIMUM         36    509 AM  32    1935  51    -15
  AVERAGE         58                        66     -8

PRECIPITATION (IN)
  YESTERDAY        T             1.49 1935   0.03  -0.03
  MONTH TO DATE    0.01                      0.09  -0.08
  SINCE MAR 1      0.78                      1.21  -0.43
  SINCE JAN 1      1.34                      2.01  -0.67

SNOWFALL (IN)
  YESTERDAY       MM
  MONTH TO DATE    0.0
  SINCE MAR 1      T
  SINCE JUL 1     17.8

DEGREE DAYS
 HEATING
  YESTERDAY        7                         2      5
  MONTH TO DATE   34                         6     28
  SINCE MAR 1    449                       557   -108
  SINCE JUL 1   3009                      3264   -255

 COOLING
  YESTERDAY        0                         3     -3
  MONTH TO DATE    0                         9     -9
  SINCE MAR 1     20                        49    -29
  SINCE JAN 1     20                        49    -29
...............................................................


WIND (MPH)
  HIGHEST WIND SPEED    39   HIGHEST WIND DIRECTION     N (10)
  HIGHEST GUST SPEED    48   HIGHEST GUST DIRECTION     N (360)
  AVERAGE WIND SPEED     5.0


SKY COVER
  AVERAGE SKY COVER 0.1


WEATHER CONDITIONS
 THE FOLLOWING WEATHER WAS RECORDED YESTERDAY.
  LIGHT RAIN


RELATIVE HUMIDITY (PERCENT)
 HIGHEST    70           500 AM
 LOWEST     19           100 PM
 AVERAGE    45

..........................................................


THE ROSWELL NM CLIMATE NORMALS FOR TODAY
                         NORMAL    RECORD    YEAR
 MAXIMUM TEMPERATURE (F)   82       101      1947
 MINIMUM TEMPERATURE (F)   51        31      1913


SUNRISE AND SUNSET
MAY  4 2016...........SUNRISE   607 AM MDT   SUNSET   743 PM MDT
MAY  5 2016...........SUNRISE   606 AM MDT   SUNSET   744 PM MDT


-  INDICATES NEGATIVE NUMBERS.
R  INDICATES RECORD WAS SET OR TIED.
MM INDICATES DATA IS MISSING.
T  INDICATES TRACE AMOUNT.




$$
