000
CDUS45 KABQ 030830
CLIROW


CLIMATE REPORT
NATIONAL WEATHER SERVICE ALBUQUERQUE NM
228 AM MDT MON AUG 3 2015


...................................

...THE ROSWELL NM CLIMATE SUMMARY FOR AUGUST 2 2015...

CLIMATE NORMAL PERIOD 1981 TO 2010
CLIMATE RECORD PERIOD 1893 TO 2015


WEATHER ITEM   OBSERVED TIME   RECORD YEAR NORMAL DEPARTURE
                VALUE   (LST)  VALUE       VALUE  FROM
                                                  NORMAL
...............................................................
TEMPERATURE (F)
 YESTERDAY
  MAXIMUM         98   1224 PM 106    2012  93      5
  MINIMUM         69    429 AM  54    1897  67      2
  AVERAGE         84                        80      4

PRECIPITATION (IN)
  YESTERDAY        0.00          1.38 1978   0.07  -0.07
  MONTH TO DATE    0.00                      0.13  -0.13
  SINCE JUN 1      3.68                      3.92  -0.24
  SINCE JAN 1     11.37                      7.09   4.28

SNOWFALL (IN)
  YESTERDAY        0.0
  MONTH TO DATE    0.0
  SINCE JUN 1      0.0
  SINCE JUL 1      0.0

DEGREE DAYS
 HEATING
  YESTERDAY        0                         0      0
  MONTH TO DATE    0                         0      0
  SINCE JUN 1      0                         1     -1
  SINCE JUL 1      0                         0      0

 COOLING
  YESTERDAY       19                        15      4
  MONTH TO DATE   39                        30      9
  SINCE JUN 1    994                       903     91
  SINCE JAN 1   1101                      1128    -27
...............................................................


WIND (MPH)
  HIGHEST WIND SPEED    26   HIGHEST WIND DIRECTION    SW (210)
  HIGHEST GUST SPEED    37   HIGHEST GUST DIRECTION     S (190)
  AVERAGE WIND SPEED     6.2


SKY COVER
  AVERAGE SKY COVER 0.1


WEATHER CONDITIONS
 THE FOLLOWING WEATHER WAS RECORDED YESTERDAY.
  THUNDERSTORM


RELATIVE HUMIDITY (PERCENT)
 HIGHEST    73           500 AM
 LOWEST     24           100 PM
 AVERAGE    49

..........................................................


THE ROSWELL NM CLIMATE NORMALS FOR TODAY
                         NORMAL    RECORD    YEAR
 MAXIMUM TEMPERATURE (F)   93       106      2012
 MINIMUM TEMPERATURE (F)   67        56      1961


SUNRISE AND SUNSET
AUGUST  3 2015........SUNRISE   612 AM MDT   SUNSET   756 PM MDT
AUGUST  4 2015........SUNRISE   613 AM MDT   SUNSET   755 PM MDT


-  INDICATES NEGATIVE NUMBERS.
R  INDICATES RECORD WAS SET OR TIED.
MM INDICATES DATA IS MISSING.
T  INDICATES TRACE AMOUNT.

$$
