000
CDUS45 KABQ 280832
CLIROW


CLIMATE REPORT
NATIONAL WEATHER SERVICE ALBUQUERQUE NM
232 AM MDT SAT MAR 28 2015


...................................

...THE ROSWELL NM CLIMATE SUMMARY FOR MARCH 27 2015...

CLIMATE NORMAL PERIOD 1981 TO 2010
CLIMATE RECORD PERIOD 1893 TO 2015


WEATHER ITEM   OBSERVED TIME   RECORD YEAR NORMAL DEPARTURE
                VALUE   (LST)  VALUE       VALUE  FROM
                                                  NORMAL
...............................................................
TEMPERATURE (F)
 YESTERDAY
  MAXIMUM         81    346 PM  95    1971  72      9
  MINIMUM         34    230 AM  16    1931  39     -5
  AVERAGE         58                        55      3

PRECIPITATION (IN)
  YESTERDAY        0.00          0.76 1930   0.01  -0.01
  MONTH TO DATE    0.29                      0.44  -0.15
  SINCE MAR 1      0.29                      0.44  -0.15
  SINCE JAN 1      2.20                      1.24   0.96

SNOWFALL (IN)
  YESTERDAY        0.0
  MONTH TO DATE    T
  SINCE MAR 1      T
  SINCE JUL 1     16.2

DEGREE DAYS
 HEATING
  YESTERDAY        7                        10     -3
  MONTH TO DATE  355                       351      4
  SINCE MAR 1    355                       351      4
  SINCE JUL 1   3072                      3058     14

 COOLING
  YESTERDAY        0                         0      0
  MONTH TO DATE    0                         0      0
  SINCE MAR 1      0                         0      0
  SINCE JAN 1      0                         0      0
...............................................................


WIND (MPH)
  HIGHEST WIND SPEED    16   HIGHEST WIND DIRECTION    SE (150)
  HIGHEST GUST SPEED    20   HIGHEST GUST DIRECTION    SE (150)
  AVERAGE WIND SPEED     6.0


SKY COVER
  AVERAGE SKY COVER 0.0


WEATHER CONDITIONS
 THE FOLLOWING WEATHER WAS RECORDED YESTERDAY.
  NO SIGNIFICANT WEATHER WAS OBSERVED.


RELATIVE HUMIDITY (PERCENT)
 HIGHEST    75           500 AM
 LOWEST     12           500 PM
 AVERAGE    44

..........................................................


THE ROSWELL NM CLIMATE NORMALS FOR TODAY
                         NORMAL    RECORD    YEAR
 MAXIMUM TEMPERATURE (F)   72        94      1967
 MINIMUM TEMPERATURE (F)   39        17      1955


SUNRISE AND SUNSET
MARCH 28 2015.........SUNRISE   651 AM MDT   SUNSET   715 PM MDT
MARCH 29 2015.........SUNRISE   650 AM MDT   SUNSET   716 PM MDT


-  INDICATES NEGATIVE NUMBERS.
R  INDICATES RECORD WAS SET OR TIED.
MM INDICATES DATA IS MISSING.
T  INDICATES TRACE AMOUNT.




$$
