000
CDUS43 KARX 180707
CLIRST


CLIMATE REPORT
NATIONAL WEATHER SERVICE LA CROSSE WI
105 AM CST SUN FEB 18 2018


...................................

...THE ROCHESTER MN CLIMATE SUMMARY FOR FEBRUARY 17 2018...

CLIMATE NORMAL PERIOD 1981 TO 2010
CLIMATE RECORD PERIOD 1886 TO 2018


WEATHER ITEM   OBSERVED TIME   RECORD YEAR NORMAL DEPARTURE LAST
                VALUE   (LST)  VALUE       VALUE  FROM      YEAR
                                                  NORMAL
..................................................................
TEMPERATURE (F)
 YESTERDAY
  MAXIMUM         29    302 PM  63    1981  29      0       47
  MINIMUM         15   1224 AM -22    1910  13      2       30
  AVERAGE         22                        21      1       39

PRECIPITATION (IN)
  YESTERDAY        0.08          0.45 1911   0.03   0.05     0.00
  MONTH TO DATE    0.34                      0.46  -0.12     0.05
  SINCE DEC 1      2.27                      2.55  -0.28     4.24
  SINCE JAN 1      1.76                      1.32   0.44     2.17

SNOWFALL (IN)
  YESTERDAY        0.8           3.6  2014   0.3    0.5      0.0
  MONTH TO DATE    5.6                       5.3    0.3      0.2
  SINCE JUL 1     32.3                      36.7   -4.4     34.1
  SNOW DEPTH       3

DEGREE DAYS
 HEATING
  YESTERDAY       43                        44     -1       26
  MONTH TO DATE  932                       791    141      706
  SINCE JUL 1   5517                      5399    118     4709

 COOLING
  YESTERDAY        0                         0      0        0
  MONTH TO DATE    0                         0      0        0
  SINCE JAN 1      0                         0      0        0
..................................................................


WIND (MPH)
  HIGHEST WIND SPEED    22   HIGHEST WIND DIRECTION     S (200)
  HIGHEST GUST SPEED    28   HIGHEST GUST DIRECTION     S (190)
  AVERAGE WIND SPEED    14.2


SKY COVER
  POSSIBLE SUNSHINE  MM
  AVERAGE SKY COVER 0.6


WEATHER CONDITIONS
 THE FOLLOWING WEATHER WAS RECORDED YESTERDAY.
  SNOW
  LIGHT SNOW
  FOG
  HAZE


RELATIVE HUMIDITY (PERCENT)
 HIGHEST    96          1200 PM
 LOWEST     67           200 AM
 AVERAGE    82

..........................................................


THE ROCHESTER MN CLIMATE NORMALS FOR TODAY
                         NORMAL    RECORD    YEAR
 MAXIMUM TEMPERATURE (F)   29        60      1981
 MINIMUM TEMPERATURE (F)   13       -19      2006


SUNRISE AND SUNSET
FEBRUARY 18 2018......SUNRISE   704 AM CST   SUNSET   544 PM CST
FEBRUARY 19 2018......SUNRISE   703 AM CST   SUNSET   545 PM CST


-  INDICATES NEGATIVE NUMBERS.
R  INDICATES RECORD WAS SET OR TIED.
MM INDICATES DATA IS MISSING.
T  INDICATES TRACE AMOUNT.




$$
