000
CDUS43 KARX 260640
CLIRST


CLIMATE REPORT
NATIONAL WEATHER SERVICE LA CROSSE WI
1239 AM CST FRI DEC 26 2014


...................................

...THE ROCHESTER MN CLIMATE SUMMARY FOR DECEMBER 25 2014...

CLIMATE NORMAL PERIOD 1981 TO 2010
CLIMATE RECORD PERIOD 1886 TO 2014


WEATHER ITEM   OBSERVED TIME   RECORD YEAR NORMAL DEPARTURE LAST
                VALUE   (LST)  VALUE       VALUE  FROM      YEAR
                                                  NORMAL
..................................................................
TEMPERATURE (F)
 YESTERDAY
  MAXIMUM         34    326 PM  50    1936  25      9       28
  MINIMUM         27   1150 PM -25    2000  10     17        7
  AVERAGE         31                        17     14       18

PRECIPITATION (IN)
  YESTERDAY        T             0.75 1893   0.03  -0.03     0.06
  MONTH TO DATE    0.70                      1.05  -0.35     0.95
  SINCE DEC 1      0.70                      1.05  -0.35     0.95
  SINCE JAN 1     33.71                     32.84   0.87    41.61

SNOWFALL (IN)
  YESTERDAY        T            10.3  1955   0.4   -0.4      1.1
  MONTH TO DATE    4.0                      10.4   -6.4     10.0
  SINCE JUL 1     13.2                      17.3   -4.1     11.3
  SNOW DEPTH       2

DEGREE DAYS
 HEATING
  YESTERDAY       34                        48    -14       47
  MONTH TO DATE  939                      1115   -176     1286
  SINCE JUL 1   2886                      2787     99     2979

 COOLING
  YESTERDAY        0                         0      0        0
  MONTH TO DATE    0                         0      0        0
  SINCE JAN 1    491                       585    -94      656
..................................................................


WIND (MPH)
  HIGHEST WIND SPEED    22   HIGHEST WIND DIRECTION    SW (220)
  HIGHEST GUST SPEED    25   HIGHEST GUST DIRECTION    SW (230)
  AVERAGE WIND SPEED    10.7


SKY COVER
  POSSIBLE SUNSHINE  MM
  AVERAGE SKY COVER 0.6


WEATHER CONDITIONS
 THE FOLLOWING WEATHER WAS RECORDED YESTERDAY.
  LIGHT SNOW
  FOG


RELATIVE HUMIDITY (PERCENT)
 HIGHEST    92          1200 AM
 LOWEST     82           100 PM
 AVERAGE    87

..........................................................


THE ROCHESTER MN CLIMATE NORMALS FOR TODAY
                         NORMAL    RECORD    YEAR
 MAXIMUM TEMPERATURE (F)   25        54      1936
 MINIMUM TEMPERATURE (F)    9       -26      1950
                                             1914


SUNRISE AND SUNSET
DECEMBER 26 2014......SUNRISE   743 AM CST   SUNSET   438 PM CST
DECEMBER 27 2014......SUNRISE   744 AM CST   SUNSET   439 PM CST


-  INDICATES NEGATIVE NUMBERS.
R  INDICATES RECORD WAS SET OR TIED.
MM INDICATES DATA IS MISSING.
T  INDICATES TRACE AMOUNT.




$$
