000
CDUS43 KARX 302143
CLIRST


CLIMATE REPORT
NATIONAL WEATHER SERVICE LA CROSSE WI
442 PM CDT TUE AUG 30 2016


...................................

...THE ROCHESTER MN CLIMATE SUMMARY FOR AUGUST 30 2016...
VALID TODAY AS OF 0400 PM LOCAL TIME.

CLIMATE NORMAL PERIOD 1981 TO 2010
CLIMATE RECORD PERIOD 1886 TO 2016


WEATHER ITEM   OBSERVED TIME   RECORD YEAR NORMAL DEPARTURE LAST
                VALUE   (LST)  VALUE       VALUE  FROM      YEAR
                                                  NORMAL
..................................................................
TEMPERATURE (F)
 TODAY
  MAXIMUM         82    246 PM  96    1941  77      5       73
  MINIMUM         65    555 AM  32    1915  57      8       56
  AVERAGE         74                        67      7       65

PRECIPITATION (IN)
  TODAY            T             2.12 1962   0.14  -0.14     0.00
  MONTH TO DATE    5.74                      4.38   1.36     3.16
  SINCE JUN 1     16.58                     13.61   2.97    12.56
  SINCE JAN 1     28.27                     24.05   4.22    25.17

SNOWFALL (IN)
  TODAY            0.0           0.0  2012   0.0    0.0      0.0
  MONTH TO DATE    0.0                       0.0    0.0      0.0
  SINCE JUL 1      0.0                       0.0    0.0      0.0
  SNOW DEPTH       0

DEGREE DAYS
 HEATING
  TODAY            0                         2     -2        0
  MONTH TO DATE    7                        28    -21       42
  SINCE JUL 1     11                        39    -28       59

 COOLING
  TODAY            9                         4      5        0
  MONTH TO DATE  174                       152     22       92
  SINCE JAN 1    574                       523     51      369
..................................................................


WIND (MPH)
  HIGHEST WIND SPEED    16   HIGHEST WIND DIRECTION     N (10)
  HIGHEST GUST SPEED    21   HIGHEST GUST DIRECTION     N (10)
  AVERAGE WIND SPEED     6.8


SKY COVER
  POSSIBLE SUNSHINE  MM
  AVERAGE SKY COVER 0.3


WEATHER CONDITIONS
 THE FOLLOWING WEATHER WAS RECORDED TODAY.
  LIGHT RAIN
  FOG
  FOG W/VISIBILITY <= 1/4 MILE


RELATIVE HUMIDITY (PERCENT)
 HIGHEST   100          1200 AM
 LOWEST     58           300 PM
 AVERAGE    79

..........................................................


THE ROCHESTER MN CLIMATE NORMALS FOR TOMORROW
                         NORMAL    RECORD    YEAR
 MAXIMUM TEMPERATURE (F)   77        93      1960
                                             1953
 MINIMUM TEMPERATURE (F)   57        38      1967
                                             1886


SUNRISE AND SUNSET
AUGUST 30 2016........SUNRISE   632 AM CDT   SUNSET   748 PM CDT
AUGUST 31 2016........SUNRISE   633 AM CDT   SUNSET   747 PM CDT


-  INDICATES NEGATIVE NUMBERS.
R  INDICATES RECORD WAS SET OR TIED.
MM INDICATES DATA IS MISSING.
T  INDICATES TRACE AMOUNT.




$$
