000
CDUS45 KCYS 240324
CLIRWL


CLIMATE REPORT
NATIONAL WEATHER SERVICE CHEYENNE WY
924 PM MDT WED JUL 23 2014


...................................

...THE RAWLINS WY AIRPORT CLIMATE SUMMARY FOR JULY 23 2014...
VALID TODAY AS OF 0900 PM LOCAL TIME.

CLIMATE NORMAL PERIOD 1981 TO 2010
CLIMATE RECORD PERIOD 1951 TO 2014


WEATHER ITEM   OBSERVED TIME   RECORD YEAR NORMAL DEPARTURE LAST
                VALUE   (LST)  VALUE       VALUE  FROM      YEAR
                                                  NORMAL
..................................................................
TEMPERATURE (F)
 TODAY
  MAXIMUM         96R   310 PM  96    2006  85     11       90
                                      2003
  MINIMUM         50    448 AM  42    1954  51     -1       48
  AVERAGE         73                        68      5       69

PRECIPITATION (IN)
  TODAY            0.00          0.57 1989   0.03  -0.03     0.00
  MONTH TO DATE    0.12                      0.60  -0.48     0.67
  SINCE JAN 1      2.93                      5.55  -2.62     2.77

DEGREE DAYS
 HEATING
  TODAY            0                         1     -1        0
  MONTH TO DATE   15                        30    -15        0
  SINCE JUN 1    187                       220    -33      101
  SINCE JUL 1     15                        30    -15        0

 COOLING
  TODAY            8                         4      4        4
  MONTH TO DATE  123                        70     53      126
  SINCE JUN 1    134                        89     45      173
  SINCE JAN 1    136                        89     47      174
..................................................................


WIND (MPH)
  HIGHEST WIND SPEED    25   HIGHEST WIND DIRECTION    SW (220)
  HIGHEST GUST SPEED    41   HIGHEST GUST DIRECTION    SW (210)
  AVERAGE WIND SPEED    10.0


SKY COVER
  AVERAGE SKY COVER 0.0


WEATHER CONDITIONS
 THE FOLLOWING WEATHER WAS RECORDED TODAY.
  NO SIGNIFICANT WEATHER WAS OBSERVED.


RELATIVE HUMIDITY (PERCENT)
 HIGHEST    54           500 AM
 LOWEST      6           200 PM
 AVERAGE    30

..........................................................


THE RAWLINS WY AIRPORT CLIMATE NORMALS FOR TOMORROW
                         NORMAL    RECORD    YEAR
 MAXIMUM TEMPERATURE (F)   85        95      2003
 MINIMUM TEMPERATURE (F)   52        45      1999
                                             1978
                                             1970


SUNRISE AND SUNSET
JULY 23 2014..........SUNRISE   554 AM MDT   SUNSET   836 PM MDT
JULY 24 2014..........SUNRISE   555 AM MDT   SUNSET   835 PM MDT


-  INDICATES NEGATIVE NUMBERS.
R  INDICATES RECORD WAS SET OR TIED.
MM INDICATES DATA IS MISSING.
T  INDICATES TRACE AMOUNT.




$$
