000
CDUS45 KCYS 220728
CLIRWL


CLIMATE REPORT
NATIONAL WEATHER SERVICE CHEYENNE WY
127 AM MDT FRI MAY 22 2015


...................................

...THE RAWLINS WY AIRPORT CLIMATE SUMMARY FOR MAY 21 2015...

CLIMATE NORMAL PERIOD 1981 TO 2010
CLIMATE RECORD PERIOD 1951 TO 2015


WEATHER ITEM   OBSERVED TIME   RECORD YEAR NORMAL DEPARTURE LAST
                VALUE   (LST)  VALUE       VALUE  FROM      YEAR
                                                  NORMAL
..................................................................
TEMPERATURE (F)
 YESTERDAY
  MAXIMUM         63    148 PM  81    2012  66     -3       75
                                      2006
                                      1964
  MINIMUM         38    613 AM  19    2001  36      2       45
  AVERAGE         51                        51      0       60

PRECIPITATION (IN)
  YESTERDAY        0.48          0.51 1975   0.05   0.43     0.00
  MONTH TO DATE    2.60                      0.94   1.66     0.71
  SINCE JAN 1      4.50                      3.45   1.05     2.35

DEGREE DAYS
 HEATING
  YESTERDAY       14                        14      0        5
  MONTH TO DATE  378                       359     19      358
  SINCE MAR 1   1895                      2121   -226     2009
  SINCE JUL 1   7126                      8078   -952     7773

 COOLING
  YESTERDAY        0                         0      0        0
  MONTH TO DATE    0                         0      0        0
  SINCE MAR 1      0                         0      0        0
  SINCE JAN 1      0                         0      0        0
..................................................................


WIND (MPH)
  HIGHEST WIND SPEED    28   HIGHEST WIND DIRECTION    SE (150)
  HIGHEST GUST SPEED    35   HIGHEST GUST DIRECTION    SE (150)
  AVERAGE WIND SPEED    10.8


SKY COVER
  AVERAGE SKY COVER 0.6


WEATHER CONDITIONS
 THE FOLLOWING WEATHER WAS RECORDED YESTERDAY.
  THUNDERSTORM
  HEAVY RAIN
  RAIN
  LIGHT RAIN
  FOG


RELATIVE HUMIDITY (PERCENT)
 HIGHEST    92           200 AM
 LOWEST     36           200 PM
 AVERAGE    64

..........................................................


THE RAWLINS WY AIRPORT CLIMATE NORMALS FOR TODAY
                         NORMAL    RECORD    YEAR
 MAXIMUM TEMPERATURE (F)   66        82      2012
 MINIMUM TEMPERATURE (F)   37        29      1974


SUNRISE AND SUNSET
MAY 22 2015...........SUNRISE   543 AM MDT   SUNSET   829 PM MDT
MAY 23 2015...........SUNRISE   542 AM MDT   SUNSET   830 PM MDT


-  INDICATES NEGATIVE NUMBERS.
R  INDICATES RECORD WAS SET OR TIED.
MM INDICATES DATA IS MISSING.
T  INDICATES TRACE AMOUNT.




$$
