000
CDUS45 KCYS 010728
CLIRWL


CLIMATE REPORT
NATIONAL WEATHER SERVICE CHEYENNE WY
127 AM MDT FRI AUG 1 2014


...................................

...THE RAWLINS WY AIRPORT CLIMATE SUMMARY FOR JULY 31 2014...

CLIMATE NORMAL PERIOD 1981 TO 2010
CLIMATE RECORD PERIOD 1951 TO 2014


WEATHER ITEM   OBSERVED TIME   RECORD YEAR NORMAL DEPARTURE LAST
                VALUE   (LST)  VALUE       VALUE  FROM      YEAR
                                                  NORMAL
..................................................................
TEMPERATURE (F)
 YESTERDAY
  MAXIMUM         79    355 PM  95    2000  84     -5       86
  MINIMUM         45    528 AM  44    1990  51     -6       48
  AVERAGE         62                        68     -6       67

PRECIPITATION (IN)
  YESTERDAY        0.00          0.51 1999   0.03  -0.03     0.00
  MONTH TO DATE    0.50                      0.84  -0.34     1.11
  SINCE JAN 1      3.31                      5.79  -2.48     3.21

DEGREE DAYS
 HEATING
  YESTERDAY        3                         1      2        0
  MONTH TO DATE   26                        38    -12        0
  SINCE JUN 1    198                       225    -27      101
  SINCE JUL 1     26                        35     -9        0

 COOLING
  YESTERDAY        0                         3     -3        2
  MONTH TO DATE  164                        98     66      152
  SINCE JUN 1    175                       117     58      199
  SINCE JAN 1    177                       117     60      200
..................................................................


WIND (MPH)
  HIGHEST WIND SPEED    16   HIGHEST WIND DIRECTION    NE (50)
  HIGHEST GUST SPEED    24   HIGHEST GUST DIRECTION     E (110)
  AVERAGE WIND SPEED     7.2


SKY COVER
  AVERAGE SKY COVER 0.0


WEATHER CONDITIONS
 THE FOLLOWING WEATHER WAS RECORDED YESTERDAY.
  NO SIGNIFICANT WEATHER WAS OBSERVED.


RELATIVE HUMIDITY (PERCENT)
 HIGHEST    93           300 AM
 LOWEST     16           500 PM
 AVERAGE    55

..........................................................


THE RAWLINS WY AIRPORT CLIMATE NORMALS FOR TODAY
                         NORMAL    RECORD    YEAR
 MAXIMUM TEMPERATURE (F)   84        96      2000
 MINIMUM TEMPERATURE (F)   51        41      2009
                                             1995


SUNRISE AND SUNSET
AUGUST  1 2014........SUNRISE   603 AM MDT   SUNSET   827 PM MDT
AUGUST  2 2014........SUNRISE   604 AM MDT   SUNSET   826 PM MDT


-  INDICATES NEGATIVE NUMBERS.
R  INDICATES RECORD WAS SET OR TIED.
MM INDICATES DATA IS MISSING.
T  INDICATES TRACE AMOUNT.




$$
