000
CDUS45 KCYS 200731
CLIRWL


CLIMATE REPORT
NATIONAL WEATHER SERVICE CHEYENNE WY
1231 AM MST SAT DEC 20 2014


...................................

...THE RAWLINS WY AIRPORT CLIMATE SUMMARY FOR DECEMBER 19 2014...

CLIMATE NORMAL PERIOD 1981 TO 2010
CLIMATE RECORD PERIOD 1951 TO 2014


WEATHER ITEM   OBSERVED TIME   RECORD YEAR NORMAL DEPARTURE LAST
                VALUE   (LST)  VALUE       VALUE  FROM      YEAR
                                                  NORMAL
..................................................................
TEMPERATURE (F)
 YESTERDAY
  MAXIMUM         31    206 PM  47    1979  30      1       41
  MINIMUM         20    754 AM -16    1990  12      8        9
  AVERAGE         26                        21      5       25

PRECIPITATION (IN)
  YESTERDAY        0.00          0.24 2010   0.01  -0.01     0.10
  MONTH TO DATE    0.24                      0.26  -0.02     0.65
  SINCE JAN 1      6.90                      9.08  -2.18     8.47

DEGREE DAYS
 HEATING
  YESTERDAY       39                        44     -5       40
  MONTH TO DATE  617                       823   -206      888
  SINCE DEC 1    617                       823   -206      888
  SINCE JUL 1   2508                      2929   -421     2872

 COOLING
  YESTERDAY        0                         0      0        0
  MONTH TO DATE    0                         0      0        0
  SINCE DEC 1      0                         0      0        0
  SINCE JAN 1    211                       186     25      371
..................................................................


WIND (MPH)
  HIGHEST WIND SPEED    25   HIGHEST WIND DIRECTION     W (250)
  HIGHEST GUST SPEED    35   HIGHEST GUST DIRECTION    SW (240)
  AVERAGE WIND SPEED    15.1


SKY COVER
  AVERAGE SKY COVER 0.2


WEATHER CONDITIONS
 THE FOLLOWING WEATHER WAS RECORDED YESTERDAY.
  NO SIGNIFICANT WEATHER WAS OBSERVED.


RELATIVE HUMIDITY (PERCENT)
 HIGHEST    91           600 AM
 LOWEST     63           200 PM
 AVERAGE    77

..........................................................


THE RAWLINS WY AIRPORT CLIMATE NORMALS FOR TODAY
                         NORMAL    RECORD    YEAR
 MAXIMUM TEMPERATURE (F)   30        47      1955
 MINIMUM TEMPERATURE (F)   12       -35      1990


SUNRISE AND SUNSET
DECEMBER 20 2014......SUNRISE   732 AM MST   SUNSET   441 PM MST
DECEMBER 21 2014......SUNRISE   733 AM MST   SUNSET   441 PM MST


-  INDICATES NEGATIVE NUMBERS.
R  INDICATES RECORD WAS SET OR TIED.
MM INDICATES DATA IS MISSING.
T  INDICATES TRACE AMOUNT.




$$
