000
CDUS45 KCYS 280726
CLIRWL


CLIMATE REPORT
NATIONAL WEATHER SERVICE CHEYENNE WY
1226 AM MST SAT FEB 28 2015


...................................

...THE RAWLINS WY AIRPORT CLIMATE SUMMARY FOR FEBRUARY 27 2015...

CLIMATE NORMAL PERIOD 1981 TO 2010
CLIMATE RECORD PERIOD 1951 TO 2015


WEATHER ITEM   OBSERVED TIME   RECORD YEAR NORMAL DEPARTURE LAST
                VALUE   (LST)  VALUE       VALUE  FROM      YEAR
                                                  NORMAL
..................................................................
TEMPERATURE (F)
 YESTERDAY
  MAXIMUM         30    433 PM  52    2006  37     -7       48
  MINIMUM         -3    649 AM -19    1960  17    -20       32
  AVERAGE         14                        27    -13       40

PRECIPITATION (IN)
  YESTERDAY        0.00          0.14 1978   0.02  -0.02     0.02
  MONTH TO DATE    0.09                      0.40  -0.31     0.28
  SINCE JAN 1      0.28                      0.76  -0.48     0.46

DEGREE DAYS
 HEATING
  YESTERDAY       51                        38     13       25
  MONTH TO DATE  891                      1118   -227     1065
  SINCE DEC 1   3293                      3811   -518     3754
  SINCE JUL 1   5184                      5917   -733     5738

 COOLING
  YESTERDAY        0                         0      0        0
  MONTH TO DATE    0                         0      0        0
  SINCE DEC 1      0                         0      0        0
  SINCE JAN 1      0                         0      0        0
..................................................................


WIND (MPH)
  HIGHEST WIND SPEED    17   HIGHEST WIND DIRECTION     W (270)
  HIGHEST GUST SPEED    22   HIGHEST GUST DIRECTION     W (280)
  AVERAGE WIND SPEED     6.0


SKY COVER
  AVERAGE SKY COVER 0.1


WEATHER CONDITIONS
 THE FOLLOWING WEATHER WAS RECORDED YESTERDAY.
  NO SIGNIFICANT WEATHER WAS OBSERVED.


RELATIVE HUMIDITY (PERCENT)
 HIGHEST    87           200 AM
 LOWEST     36           400 PM
 AVERAGE    62

..........................................................


THE RAWLINS WY AIRPORT CLIMATE NORMALS FOR TODAY
                         NORMAL    RECORD    YEAR
 MAXIMUM TEMPERATURE (F)   38        53      1972
 MINIMUM TEMPERATURE (F)   17       -10      1962


SUNRISE AND SUNSET
FEBRUARY 28 2015......SUNRISE   645 AM MST   SUNSET   558 PM MST
MARCH  1 2015.........SUNRISE   644 AM MST   SUNSET   559 PM MST


-  INDICATES NEGATIVE NUMBERS.
R  INDICATES RECORD WAS SET OR TIED.
MM INDICATES DATA IS MISSING.
T  INDICATES TRACE AMOUNT.




$$
