000
CDUS45 KCYS 060757
CLIRWL


CLIMATE REPORT
NATIONAL WEATHER SERVICE CHEYENNE WY
1256 AM MST TUE DEC 6 2016


...................................

...THE RAWLINS WY AIRPORT CLIMATE SUMMARY FOR DECEMBER 5 2016...

CLIMATE NORMAL PERIOD 1981 TO 2010
CLIMATE RECORD PERIOD 1951 TO 2016


WEATHER ITEM   OBSERVED TIME   RECORD YEAR NORMAL DEPARTURE LAST
                VALUE   (LST)  VALUE       VALUE  FROM      YEAR
                                                  NORMAL
..................................................................
TEMPERATURE (F)
 YESTERDAY
  MAXIMUM         34   1221 AM  49    2012  32      2       34
                                      1965
  MINIMUM          1   1150 PM -28    1972  13    -12       19
  AVERAGE         18                        22     -4       27

PRECIPITATION (IN)
  YESTERDAY        0.03          0.27 1978   0.02   0.01     0.00
  MONTH TO DATE    0.03                      0.07  -0.04     0.00
  SINCE JAN 1      7.69                      8.89  -1.20    10.07

DEGREE DAYS
 HEATING
  YESTERDAY       47                        43      4       38
  MONTH TO DATE  226                       211     15      196
  SINCE DEC 1    226                       211     15      196
  SINCE JUL 1   1969                      2317   -348     1893

 COOLING
  YESTERDAY        0                         0      0        0
  MONTH TO DATE    0                         0      0        0
  SINCE DEC 1      0                         0      0        0
  SINCE JAN 1    235                       186     49      214
..................................................................


WIND (MPH)
  HIGHEST WIND SPEED    45   HIGHEST WIND DIRECTION     W (280)
  HIGHEST GUST SPEED    60   HIGHEST GUST DIRECTION    NW (300)
  AVERAGE WIND SPEED    23.7


SKY COVER
  AVERAGE SKY COVER 0.4


WEATHER CONDITIONS
 THE FOLLOWING WEATHER WAS RECORDED YESTERDAY.
  HEAVY SNOW
  SNOW
  LIGHT SNOW
  FOG
  HAZE
  BLOWING SNOW


RELATIVE HUMIDITY (PERCENT)
 HIGHEST    63           600 AM
 LOWEST     28           400 PM
 AVERAGE    46

..........................................................


THE RAWLINS WY AIRPORT CLIMATE NORMALS FOR TODAY
                         NORMAL    RECORD    YEAR
 MAXIMUM TEMPERATURE (F)   32        52      1965
 MINIMUM TEMPERATURE (F)   13       -22      1972


SUNRISE AND SUNSET
DECEMBER  6 2016......SUNRISE   722 AM MST   SUNSET   438 PM MST
DECEMBER  7 2016......SUNRISE   723 AM MST   SUNSET   438 PM MST


-  INDICATES NEGATIVE NUMBERS.
R  INDICATES RECORD WAS SET OR TIED.
MM INDICATES DATA IS MISSING.
T  INDICATES TRACE AMOUNT.




$$
