000
CDUS45 KCYS 280739
CLIRWL


CLIMATE REPORT
NATIONAL WEATHER SERVICE CHEYENNE WY
138 AM MDT FRI AUG 28 2015


...................................

...THE RAWLINS WY AIRPORT CLIMATE SUMMARY FOR AUGUST 27 2015...

CLIMATE NORMAL PERIOD 1981 TO 2010
CLIMATE RECORD PERIOD 1951 TO 2015


WEATHER ITEM   OBSERVED TIME   RECORD YEAR NORMAL DEPARTURE LAST
                VALUE   (LST)  VALUE       VALUE  FROM      YEAR
                                                  NORMAL
..................................................................
TEMPERATURE (F)
 YESTERDAY
  MAXIMUM         73    449 PM  90    2011  79     -6       63
                                      2001
  MINIMUM         56   1159 PM  34    1976  47      9       51
  AVERAGE         65                        63      2       57

PRECIPITATION (IN)
  YESTERDAY        0.14          0.37 2006   0.02   0.12     0.18
  MONTH TO DATE    0.48                      0.66  -0.18     0.93
  SINCE JAN 1      8.30                      6.45   1.85     4.24

DEGREE DAYS
 HEATING
  YESTERDAY        0                         3     -3        8
  MONTH TO DATE   42                        44     -2       62
  SINCE JUN 1    145                       269   -124      260
  SINCE JUL 1     79                        79      0       88

 COOLING
  YESTERDAY        0                         1     -1        0
  MONTH TO DATE   70                        60     10       32
  SINCE JUN 1    192                       177     15      207
  SINCE JAN 1    192                       177     15      209
..................................................................


WIND (MPH)
  HIGHEST WIND SPEED    28   HIGHEST WIND DIRECTION     N (340)
  HIGHEST GUST SPEED    36   HIGHEST GUST DIRECTION    NW (330)
  AVERAGE WIND SPEED     7.5


SKY COVER
  AVERAGE SKY COVER 0.8


WEATHER CONDITIONS
 THE FOLLOWING WEATHER WAS RECORDED YESTERDAY.
  THUNDERSTORM
  RAIN
  LIGHT RAIN
  FOG
  HAZE


RELATIVE HUMIDITY (PERCENT)
 HIGHEST   100           600 AM
 LOWEST     38           500 PM
 AVERAGE    69

..........................................................


THE RAWLINS WY AIRPORT CLIMATE NORMALS FOR TODAY
                         NORMAL    RECORD    YEAR
 MAXIMUM TEMPERATURE (F)   79        90      2012
                                             1996
 MINIMUM TEMPERATURE (F)   46        35      2004


SUNRISE AND SUNSET
AUGUST 28 2015........SUNRISE   630 AM MDT   SUNSET   749 PM MDT
AUGUST 29 2015........SUNRISE   631 AM MDT   SUNSET   747 PM MDT


-  INDICATES NEGATIVE NUMBERS.
R  INDICATES RECORD WAS SET OR TIED.
MM INDICATES DATA IS MISSING.
T  INDICATES TRACE AMOUNT.




$$
